141.98.6.199 - - [13/Jan/2026:09:45:36 +0100] "GET /wp-login.php HTTP/1.1" 200 13540 "https://www.google.com" "Mozilla/5.0 (X11; Linux x86_64) AppleWebKit/537.36 (KHTML, like Gecko) Chrome/119.0.0.0 Safari/537.36"
141.98.6.199 - - [13/Jan/2026:09:45:41 +0100] "GET /wp-login.php HTTP/1.1" 200 13540 "https://www.google.com" "Mozilla/5.0 (X11; Linux x86_64) AppleWebKit/537.36 (KHTML, like Gecko) Chrome/119.0.0.0 Safari/537.36"
158.94.209.8 - - [13/Jan/2026:09:45:54 +0100] "GET /wp-json/wp/v2/users HTTP/1.1" 406 9667 "https://www.google.com" "Mozilla/5.0 (X11; Linux x86_64) AppleWebKit/537.36 (KHTML, like Gecko) Chrome/119.0.0.0 Safari/537.36"
158.94.209.8 - - [13/Jan/2026:09:45:55 +0100] "GET /?author=1 HTTP/1.1" 301 - "https://www.google.com" "Mozilla/5.0 (X11; Linux x86_64) AppleWebKit/537.36 (KHTML, like Gecko) Chrome/119.0.0.0 Safari/537.36"
158.94.209.8 - - [13/Jan/2026:09:45:56 +0100] "GET /wp-login.php HTTP/1.1" 200 13540 "https://www.google.com" "Mozilla/5.0 (X11; Linux x86_64) AppleWebKit/537.36 (KHTML, like Gecko) Chrome/119.0.0.0 Safari/537.36"
158.94.209.8 - - [13/Jan/2026:09:45:57 +0100] "GET /wp-login.php HTTP/1.1" 200 13540 "https://www.google.com" "Mozilla/5.0 (X11; Linux x86_64) AppleWebKit/537.36 (KHTML, like Gecko) Chrome/119.0.0.0 Safari/537.36"
158.94.209.8 - - [13/Jan/2026:09:47:21 +0100] "GET /wp-json/wp/v2/users HTTP/1.1" 406 9667 "https://www.google.com" "Mozilla/5.0 (X11; Linux x86_64) AppleWebKit/537.36 (KHTML, like Gecko) Chrome/119.0.0.0 Safari/537.36"
158.94.209.8 - - [13/Jan/2026:09:47:22 +0100] "GET /?author=1 HTTP/1.1" 301 - "https://www.google.com" "Mozilla/5.0 (X11; Linux x86_64) AppleWebKit/537.36 (KHTML, like Gecko) Chrome/119.0.0.0 Safari/537.36"
158.94.209.8 - - [13/Jan/2026:09:47:23 +0100] "GET /wp-login.php HTTP/1.1" 200 13540 "https://www.google.com" "Mozilla/5.0 (X11; Linux x86_64) AppleWebKit/537.36 (KHTML, like Gecko) Chrome/119.0.0.0 Safari/537.36"
158.94.209.8 - - [13/Jan/2026:09:47:24 +0100] "GET /wp-login.php HTTP/1.1" 200 13540 "https://www.google.com" "Mozilla/5.0 (X11; Linux x86_64) AppleWebKit/537.36 (KHTML, like Gecko) Chrome/119.0.0.0 Safari/537.36"
158.94.209.8 - - [13/Jan/2026:09:48:47 +0100] "GET /wp-json/wp/v2/users HTTP/1.1" 406 9667 "https://www.google.com" "Mozilla/5.0 (X11; Linux x86_64) AppleWebKit/537.36 (KHTML, like Gecko) Chrome/119.0.0.0 Safari/537.36"
158.94.209.8 - - [13/Jan/2026:09:48:48 +0100] "GET /?author=1 HTTP/1.1" 301 - "https://www.google.com" "Mozilla/5.0 (X11; Linux x86_64) AppleWebKit/537.36 (KHTML, like Gecko) Chrome/119.0.0.0 Safari/537.36"
158.94.209.8 - - [13/Jan/2026:09:48:49 +0100] "GET /wp-login.php HTTP/1.1" 200 13540 "https://www.google.com" "Mozilla/5.0 (X11; Linux x86_64) AppleWebKit/537.36 (KHTML, like Gecko) Chrome/119.0.0.0 Safari/537.36"
158.94.209.8 - - [13/Jan/2026:09:48:50 +0100] "GET /wp-login.php HTTP/1.1" 200 13540 "https://www.google.com" "Mozilla/5.0 (X11; Linux x86_64) AppleWebKit/537.36 (KHTML, like Gecko) Chrome/119.0.0.0 Safari/537.36"
158.94.209.8 - - [13/Jan/2026:09:50:15 +0100] "GET /wp-json/wp/v2/users HTTP/1.1" 406 9667 "https://www.google.com" "Mozilla/5.0 (X11; Linux x86_64) AppleWebKit/537.36 (KHTML, like Gecko) Chrome/119.0.0.0 Safari/537.36"
158.94.209.8 - - [13/Jan/2026:09:50:16 +0100] "GET /?author=1 HTTP/1.1" 301 - "https://www.google.com" "Mozilla/5.0 (X11; Linux x86_64) AppleWebKit/537.36 (KHTML, like Gecko) Chrome/119.0.0.0 Safari/537.36"
158.94.209.8 - - [13/Jan/2026:09:50:17 +0100] "GET /wp-login.php HTTP/1.1" 200 13540 "https://www.google.com" "Mozilla/5.0 (X11; Linux x86_64) AppleWebKit/537.36 (KHTML, like Gecko) Chrome/119.0.0.0 Safari/537.36"
158.94.209.8 - - [13/Jan/2026:09:50:18 +0100] "GET /wp-login.php HTTP/1.1" 200 13540 "https://www.google.com" "Mozilla/5.0 (X11; Linux x86_64) AppleWebKit/537.36 (KHTML, like Gecko) Chrome/119.0.0.0 Safari/537.36"
109.234.161.42 - - [13/Jan/2026:09:51:20 +0100] "POST /wp-cron.php?doing_wp_cron=1768294280.5642709732055664062500 HTTP/1.1" 200 - "-" "WordPress/6.9; https://akoyahair.com"
66.249.75.202 - - [13/Jan/2026:09:51:19 +0100] "GET /?_g=567929 HTTP/1.1" 200 105843 "-" "Mozilla/5.0 (Linux; Android 6.0.1; Nexus 5X Build/MMB29P) AppleWebKit/537.36 (KHTML, like Gecko) Chrome/143.0.7499.192 Mobile Safari/537.36 (compatible; Googlebot/2.1; +http://www.google.com/bot.html)"
158.94.209.8 - - [13/Jan/2026:09:51:42 +0100] "GET /wp-json/wp/v2/users HTTP/1.1" 406 9667 "https://www.google.com" "Mozilla/5.0 (X11; Linux x86_64) AppleWebKit/537.36 (KHTML, like Gecko) Chrome/119.0.0.0 Safari/537.36"
158.94.209.8 - - [13/Jan/2026:09:51:43 +0100] "GET /?author=1 HTTP/1.1" 301 - "https://www.google.com" "Mozilla/5.0 (X11; Linux x86_64) AppleWebKit/537.36 (KHTML, like Gecko) Chrome/119.0.0.0 Safari/537.36"
158.94.209.8 - - [13/Jan/2026:09:51:44 +0100] "GET /wp-login.php HTTP/1.1" 200 13540 "https://www.google.com" "Mozilla/5.0 (X11; Linux x86_64) AppleWebKit/537.36 (KHTML, like Gecko) Chrome/119.0.0.0 Safari/537.36"
158.94.209.8 - - [13/Jan/2026:09:51:45 +0100] "GET /wp-login.php HTTP/1.1" 200 13540 "https://www.google.com" "Mozilla/5.0 (X11; Linux x86_64) AppleWebKit/537.36 (KHTML, like Gecko) Chrome/119.0.0.0 Safari/537.36"
66.249.75.201 - - [13/Jan/2026:09:51:53 +0100] "GET /wp-content/themes/Akoya/assets/css/woocommerce.min.css?ver=6.9 HTTP/1.1" 404 54698 "https://akoyahair.com/?_g=567929" "Mozilla/5.0 (Linux; Android 6.0.1; Nexus 5X Build/MMB29P) AppleWebKit/537.36 (KHTML, like Gecko) Chrome/143.0.7499.169 Mobile Safari/537.36 (compatible; Googlebot/2.1; +http://www.google.com/bot.html)"
66.249.75.201 - - [13/Jan/2026:09:51:53 +0100] "GET /wp-content/plugins/js_composer/assets/css/js_composer.min.css?ver=6.4.0 HTTP/1.1" 404 54698 "https://akoyahair.com/?_g=567929" "Mozilla/5.0 (Linux; Android 6.0.1; Nexus 5X Build/MMB29P) AppleWebKit/537.36 (KHTML, like Gecko) Chrome/143.0.7499.169 Mobile Safari/537.36 (compatible; Googlebot/2.1; +http://www.google.com/bot.html)"
66.249.75.201 - - [13/Jan/2026:09:51:53 +0100] "GET /wp-content/plugins/paytech_woocommerce/assets/js/checkout.js?ver=1.0.693 HTTP/1.1" 404 54698 "https://akoyahair.com/?_g=567929" "Mozilla/5.0 (Linux; Android 6.0.1; Nexus 5X Build/MMB29P) AppleWebKit/537.36 (KHTML, like Gecko) Chrome/143.0.7499.169 Mobile Safari/537.36 (compatible; Googlebot/2.1; +http://www.google.com/bot.html)"
66.249.75.201 - - [13/Jan/2026:09:51:54 +0100] "GET /wp-content/plugins/curly-core/shortcodes/counter/assets/js/plugins/absoluteCounter.min.js?ver=6.9 HTTP/1.1" 404 54698 "https://akoyahair.com/?_g=567929" "Mozilla/5.0 (Linux; Android 6.0.1; Nexus 5X Build/MMB29P) AppleWebKit/537.36 (KHTML, like Gecko) Chrome/143.0.7499.169 Mobile Safari/537.36 (compatible; Googlebot/2.1; +http://www.google.com/bot.html)"
66.249.75.201 - - [13/Jan/2026:09:51:54 +0100] "GET /wp-content/plugins/woocommerce/assets/js/js-cookie/js.cookie.min.js?ver=2.1.4-wc.10.1.3 HTTP/1.1" 404 54698 "https://akoyahair.com/?_g=567929" "Mozilla/5.0 (Linux; Android 6.0.1; Nexus 5X Build/MMB29P) AppleWebKit/537.36 (KHTML, like Gecko) Chrome/143.0.7499.169 Mobile Safari/537.36 (compatible; Googlebot/2.1; +http://www.google.com/bot.html)"
158.94.209.8 - - [13/Jan/2026:09:53:08 +0100] "GET /wp-json/wp/v2/users HTTP/1.1" 406 9667 "https://www.google.com" "Mozilla/5.0 (X11; Linux x86_64) AppleWebKit/537.36 (KHTML, like Gecko) Chrome/119.0.0.0 Safari/537.36"
158.94.209.8 - - [13/Jan/2026:09:53:08 +0100] "GET /?author=1 HTTP/1.1" 301 - "https://www.google.com" "Mozilla/5.0 (X11; Linux x86_64) AppleWebKit/537.36 (KHTML, like Gecko) Chrome/119.0.0.0 Safari/537.36"
158.94.209.8 - - [13/Jan/2026:09:53:10 +0100] "GET /wp-login.php HTTP/1.1" 200 13540 "https://www.google.com" "Mozilla/5.0 (X11; Linux x86_64) AppleWebKit/537.36 (KHTML, like Gecko) Chrome/119.0.0.0 Safari/537.36"
158.94.209.8 - - [13/Jan/2026:09:53:11 +0100] "GET /wp-login.php HTTP/1.1" 200 13540 "https://www.google.com" "Mozilla/5.0 (X11; Linux x86_64) AppleWebKit/537.36 (KHTML, like Gecko) Chrome/119.0.0.0 Safari/537.36"
158.94.209.8 - - [13/Jan/2026:09:54:34 +0100] "GET /wp-json/wp/v2/users HTTP/1.1" 406 9667 "https://www.google.com" "Mozilla/5.0 (X11; Linux x86_64) AppleWebKit/537.36 (KHTML, like Gecko) Chrome/119.0.0.0 Safari/537.36"
158.94.209.8 - - [13/Jan/2026:09:54:34 +0100] "GET /?author=1 HTTP/1.1" 301 - "https://www.google.com" "Mozilla/5.0 (X11; Linux x86_64) AppleWebKit/537.36 (KHTML, like Gecko) Chrome/119.0.0.0 Safari/537.36"
158.94.209.8 - - [13/Jan/2026:09:54:36 +0100] "GET /wp-login.php HTTP/1.1" 200 13540 "https://www.google.com" "Mozilla/5.0 (X11; Linux x86_64) AppleWebKit/537.36 (KHTML, like Gecko) Chrome/119.0.0.0 Safari/537.36"
158.94.209.8 - - [13/Jan/2026:09:54:37 +0100] "GET /wp-login.php HTTP/1.1" 200 13540 "https://www.google.com" "Mozilla/5.0 (X11; Linux x86_64) AppleWebKit/537.36 (KHTML, like Gecko) Chrome/119.0.0.0 Safari/537.36"
158.94.209.8 - - [13/Jan/2026:09:56:02 +0100] "GET /wp-json/wp/v2/users HTTP/1.1" 406 9667 "https://www.google.com" "Mozilla/5.0 (X11; Linux x86_64) AppleWebKit/537.36 (KHTML, like Gecko) Chrome/119.0.0.0 Safari/537.36"
158.94.209.8 - - [13/Jan/2026:09:56:03 +0100] "GET /?author=1 HTTP/1.1" 301 - "https://www.google.com" "Mozilla/5.0 (X11; Linux x86_64) AppleWebKit/537.36 (KHTML, like Gecko) Chrome/119.0.0.0 Safari/537.36"
158.94.209.8 - - [13/Jan/2026:09:56:04 +0100] "GET /wp-login.php HTTP/1.1" 200 13540 "https://www.google.com" "Mozilla/5.0 (X11; Linux x86_64) AppleWebKit/537.36 (KHTML, like Gecko) Chrome/119.0.0.0 Safari/537.36"
158.94.209.8 - - [13/Jan/2026:09:56:05 +0100] "GET /wp-login.php HTTP/1.1" 200 13540 "https://www.google.com" "Mozilla/5.0 (X11; Linux x86_64) AppleWebKit/537.36 (KHTML, like Gecko) Chrome/119.0.0.0 Safari/537.36"
109.234.161.42 - - [13/Jan/2026:09:56:44 +0100] "POST /wp-cron.php?doing_wp_cron=1768294604.5719370841979980468750 HTTP/1.1" 200 - "-" "WordPress/6.9; https://akoyahair.com"
106.252.202.226 - - [13/Jan/2026:09:56:44 +0100] "GET / HTTP/1.1" 301 - "-" "Python/3.12 aiohttp/3.11.7"
106.252.202.226 - - [13/Jan/2026:09:56:47 +0100] "POST / HTTP/1.1" 200 105832 "-" "Python/3.12 aiohttp/3.11.7"
158.94.209.8 - - [13/Jan/2026:09:57:29 +0100] "GET /wp-json/wp/v2/users HTTP/1.1" 406 9667 "https://www.google.com" "Mozilla/5.0 (X11; Linux x86_64) AppleWebKit/537.36 (KHTML, like Gecko) Chrome/119.0.0.0 Safari/537.36"
158.94.209.8 - - [13/Jan/2026:09:57:30 +0100] "GET /?author=1 HTTP/1.1" 301 - "https://www.google.com" "Mozilla/5.0 (X11; Linux x86_64) AppleWebKit/537.36 (KHTML, like Gecko) Chrome/119.0.0.0 Safari/537.36"
158.94.209.8 - - [13/Jan/2026:09:57:31 +0100] "GET /wp-login.php HTTP/1.1" 200 13540 "https://www.google.com" "Mozilla/5.0 (X11; Linux x86_64) AppleWebKit/537.36 (KHTML, like Gecko) Chrome/119.0.0.0 Safari/537.36"
158.94.209.8 - - [13/Jan/2026:09:57:32 +0100] "GET /wp-login.php HTTP/1.1" 200 13540 "https://www.google.com" "Mozilla/5.0 (X11; Linux x86_64) AppleWebKit/537.36 (KHTML, like Gecko) Chrome/119.0.0.0 Safari/537.36"
158.94.209.8 - - [13/Jan/2026:09:58:54 +0100] "GET /wp-json/wp/v2/users HTTP/1.1" 406 9667 "https://www.google.com" "Mozilla/5.0 (X11; Linux x86_64) AppleWebKit/537.36 (KHTML, like Gecko) Chrome/119.0.0.0 Safari/537.36"
158.94.209.8 - - [13/Jan/2026:09:58:55 +0100] "GET /?author=1 HTTP/1.1" 301 - "https://www.google.com" "Mozilla/5.0 (X11; Linux x86_64) AppleWebKit/537.36 (KHTML, like Gecko) Chrome/119.0.0.0 Safari/537.36"
158.94.209.8 - - [13/Jan/2026:09:58:56 +0100] "GET /wp-login.php HTTP/1.1" 200 13540 "https://www.google.com" "Mozilla/5.0 (X11; Linux x86_64) AppleWebKit/537.36 (KHTML, like Gecko) Chrome/119.0.0.0 Safari/537.36"
158.94.209.8 - - [13/Jan/2026:09:58:58 +0100] "GET /wp-login.php HTTP/1.1" 200 13540 "https://www.google.com" "Mozilla/5.0 (X11; Linux x86_64) AppleWebKit/537.36 (KHTML, like Gecko) Chrome/119.0.0.0 Safari/537.36"
141.98.6.199 - - [13/Jan/2026:09:59:23 +0100] "GET /wp-json/wp/v2/users HTTP/1.1" 406 9667 "https://www.google.com" "Mozilla/5.0 (X11; Linux x86_64) AppleWebKit/537.36 (KHTML, like Gecko) Chrome/119.0.0.0 Safari/537.36"
141.98.6.199 - - [13/Jan/2026:09:59:24 +0100] "GET /?author=1 HTTP/1.1" 301 - "https://www.google.com" "Mozilla/5.0 (X11; Linux x86_64) AppleWebKit/537.36 (KHTML, like Gecko) Chrome/119.0.0.0 Safari/537.36"
141.98.6.199 - - [13/Jan/2026:09:59:31 +0100] "GET /wp-login.php HTTP/1.1" 200 13540 "https://www.google.com" "Mozilla/5.0 (X11; Linux x86_64) AppleWebKit/537.36 (KHTML, like Gecko) Chrome/119.0.0.0 Safari/537.36"
141.98.6.199 - - [13/Jan/2026:09:59:39 +0100] "GET /wp-login.php HTTP/1.1" 200 13540 "https://www.google.com" "Mozilla/5.0 (X11; Linux x86_64) AppleWebKit/537.36 (KHTML, like Gecko) Chrome/119.0.0.0 Safari/537.36"
158.94.209.8 - - [13/Jan/2026:10:00:22 +0100] "GET /wp-json/wp/v2/users HTTP/1.1" 406 9667 "https://www.google.com" "Mozilla/5.0 (X11; Linux x86_64) AppleWebKit/537.36 (KHTML, like Gecko) Chrome/119.0.0.0 Safari/537.36"
158.94.209.8 - - [13/Jan/2026:10:00:23 +0100] "GET /?author=1 HTTP/1.1" 301 - "https://www.google.com" "Mozilla/5.0 (X11; Linux x86_64) AppleWebKit/537.36 (KHTML, like Gecko) Chrome/119.0.0.0 Safari/537.36"
158.94.209.8 - - [13/Jan/2026:10:00:24 +0100] "GET /wp-login.php HTTP/1.1" 200 13540 "https://www.google.com" "Mozilla/5.0 (X11; Linux x86_64) AppleWebKit/537.36 (KHTML, like Gecko) Chrome/119.0.0.0 Safari/537.36"
158.94.209.8 - - [13/Jan/2026:10:00:25 +0100] "GET /wp-login.php HTTP/1.1" 200 13540 "https://www.google.com" "Mozilla/5.0 (X11; Linux x86_64) AppleWebKit/537.36 (KHTML, like Gecko) Chrome/119.0.0.0 Safari/537.36"
158.94.209.8 - - [13/Jan/2026:10:01:51 +0100] "GET /wp-json/wp/v2/users HTTP/1.1" 406 9667 "https://www.google.com" "Mozilla/5.0 (X11; Linux x86_64) AppleWebKit/537.36 (KHTML, like Gecko) Chrome/119.0.0.0 Safari/537.36"
158.94.209.8 - - [13/Jan/2026:10:01:52 +0100] "GET /?author=1 HTTP/1.1" 301 - "https://www.google.com" "Mozilla/5.0 (X11; Linux x86_64) AppleWebKit/537.36 (KHTML, like Gecko) Chrome/119.0.0.0 Safari/537.36"
158.94.209.8 - - [13/Jan/2026:10:01:53 +0100] "GET /wp-login.php HTTP/1.1" 200 13540 "https://www.google.com" "Mozilla/5.0 (X11; Linux x86_64) AppleWebKit/537.36 (KHTML, like Gecko) Chrome/119.0.0.0 Safari/537.36"
158.94.209.8 - - [13/Jan/2026:10:01:54 +0100] "GET /wp-login.php HTTP/1.1" 200 13540 "https://www.google.com" "Mozilla/5.0 (X11; Linux x86_64) AppleWebKit/537.36 (KHTML, like Gecko) Chrome/119.0.0.0 Safari/537.36"
158.94.209.8 - - [13/Jan/2026:10:03:20 +0100] "GET /wp-json/wp/v2/users HTTP/1.1" 406 9667 "https://www.google.com" "Mozilla/5.0 (X11; Linux x86_64) AppleWebKit/537.36 (KHTML, like Gecko) Chrome/119.0.0.0 Safari/537.36"
158.94.209.8 - - [13/Jan/2026:10:03:20 +0100] "GET /?author=1 HTTP/1.1" 301 - "https://www.google.com" "Mozilla/5.0 (X11; Linux x86_64) AppleWebKit/537.36 (KHTML, like Gecko) Chrome/119.0.0.0 Safari/537.36"
158.94.209.8 - - [13/Jan/2026:10:03:22 +0100] "GET /wp-login.php HTTP/1.1" 200 13540 "https://www.google.com" "Mozilla/5.0 (X11; Linux x86_64) AppleWebKit/537.36 (KHTML, like Gecko) Chrome/119.0.0.0 Safari/537.36"
158.94.209.8 - - [13/Jan/2026:10:03:23 +0100] "GET /wp-login.php HTTP/1.1" 200 13540 "https://www.google.com" "Mozilla/5.0 (X11; Linux x86_64) AppleWebKit/537.36 (KHTML, like Gecko) Chrome/119.0.0.0 Safari/537.36"
158.94.209.8 - - [13/Jan/2026:10:04:48 +0100] "GET /wp-json/wp/v2/users HTTP/1.1" 406 9667 "https://www.google.com" "Mozilla/5.0 (X11; Linux x86_64) AppleWebKit/537.36 (KHTML, like Gecko) Chrome/119.0.0.0 Safari/537.36"
158.94.209.8 - - [13/Jan/2026:10:04:49 +0100] "GET /?author=1 HTTP/1.1" 301 - "https://www.google.com" "Mozilla/5.0 (X11; Linux x86_64) AppleWebKit/537.36 (KHTML, like Gecko) Chrome/119.0.0.0 Safari/537.36"
158.94.209.8 - - [13/Jan/2026:10:04:50 +0100] "GET /wp-login.php HTTP/1.1" 200 13540 "https://www.google.com" "Mozilla/5.0 (X11; Linux x86_64) AppleWebKit/537.36 (KHTML, like Gecko) Chrome/119.0.0.0 Safari/537.36"
158.94.209.8 - - [13/Jan/2026:10:04:51 +0100] "GET /wp-login.php HTTP/1.1" 200 13540 "https://www.google.com" "Mozilla/5.0 (X11; Linux x86_64) AppleWebKit/537.36 (KHTML, like Gecko) Chrome/119.0.0.0 Safari/537.36"
158.94.209.8 - - [13/Jan/2026:10:06:14 +0100] "GET /wp-json/wp/v2/users HTTP/1.1" 406 9667 "https://www.google.com" "Mozilla/5.0 (X11; Linux x86_64) AppleWebKit/537.36 (KHTML, like Gecko) Chrome/119.0.0.0 Safari/537.36"
158.94.209.8 - - [13/Jan/2026:10:06:14 +0100] "GET /?author=1 HTTP/1.1" 301 - "https://www.google.com" "Mozilla/5.0 (X11; Linux x86_64) AppleWebKit/537.36 (KHTML, like Gecko) Chrome/119.0.0.0 Safari/537.36"
158.94.209.8 - - [13/Jan/2026:10:06:16 +0100] "GET /wp-login.php HTTP/1.1" 200 13540 "https://www.google.com" "Mozilla/5.0 (X11; Linux x86_64) AppleWebKit/537.36 (KHTML, like Gecko) Chrome/119.0.0.0 Safari/537.36"
158.94.209.8 - - [13/Jan/2026:10:06:17 +0100] "GET /wp-login.php HTTP/1.1" 200 13540 "https://www.google.com" "Mozilla/5.0 (X11; Linux x86_64) AppleWebKit/537.36 (KHTML, like Gecko) Chrome/119.0.0.0 Safari/537.36"
158.94.209.8 - - [13/Jan/2026:10:07:40 +0100] "GET /wp-json/wp/v2/users HTTP/1.1" 406 9667 "https://www.google.com" "Mozilla/5.0 (X11; Linux x86_64) AppleWebKit/537.36 (KHTML, like Gecko) Chrome/119.0.0.0 Safari/537.36"
158.94.209.8 - - [13/Jan/2026:10:07:41 +0100] "GET /?author=1 HTTP/1.1" 301 - "https://www.google.com" "Mozilla/5.0 (X11; Linux x86_64) AppleWebKit/537.36 (KHTML, like Gecko) Chrome/119.0.0.0 Safari/537.36"
158.94.209.8 - - [13/Jan/2026:10:07:42 +0100] "GET /wp-login.php HTTP/1.1" 200 13540 "https://www.google.com" "Mozilla/5.0 (X11; Linux x86_64) AppleWebKit/537.36 (KHTML, like Gecko) Chrome/119.0.0.0 Safari/537.36"
158.94.209.8 - - [13/Jan/2026:10:07:43 +0100] "GET /wp-login.php HTTP/1.1" 200 13540 "https://www.google.com" "Mozilla/5.0 (X11; Linux x86_64) AppleWebKit/537.36 (KHTML, like Gecko) Chrome/119.0.0.0 Safari/537.36"
158.94.209.8 - - [13/Jan/2026:10:09:10 +0100] "GET /wp-json/wp/v2/users HTTP/1.1" 406 9667 "https://www.google.com" "Mozilla/5.0 (X11; Linux x86_64) AppleWebKit/537.36 (KHTML, like Gecko) Chrome/119.0.0.0 Safari/537.36"
158.94.209.8 - - [13/Jan/2026:10:09:11 +0100] "GET /?author=1 HTTP/1.1" 301 - "https://www.google.com" "Mozilla/5.0 (X11; Linux x86_64) AppleWebKit/537.36 (KHTML, like Gecko) Chrome/119.0.0.0 Safari/537.36"
158.94.209.8 - - [13/Jan/2026:10:09:12 +0100] "GET /wp-login.php HTTP/1.1" 200 13540 "https://www.google.com" "Mozilla/5.0 (X11; Linux x86_64) AppleWebKit/537.36 (KHTML, like Gecko) Chrome/119.0.0.0 Safari/537.36"
158.94.209.8 - - [13/Jan/2026:10:09:13 +0100] "GET /wp-login.php HTTP/1.1" 200 13540 "https://www.google.com" "Mozilla/5.0 (X11; Linux x86_64) AppleWebKit/537.36 (KHTML, like Gecko) Chrome/119.0.0.0 Safari/537.36"
158.94.209.8 - - [13/Jan/2026:10:10:39 +0100] "GET /wp-json/wp/v2/users HTTP/1.1" 406 9667 "https://www.google.com" "Mozilla/5.0 (X11; Linux x86_64) AppleWebKit/537.36 (KHTML, like Gecko) Chrome/119.0.0.0 Safari/537.36"
158.94.209.8 - - [13/Jan/2026:10:10:40 +0100] "GET /?author=1 HTTP/1.1" 301 - "https://www.google.com" "Mozilla/5.0 (X11; Linux x86_64) AppleWebKit/537.36 (KHTML, like Gecko) Chrome/119.0.0.0 Safari/537.36"
158.94.209.8 - - [13/Jan/2026:10:10:41 +0100] "GET /wp-login.php HTTP/1.1" 200 13540 "https://www.google.com" "Mozilla/5.0 (X11; Linux x86_64) AppleWebKit/537.36 (KHTML, like Gecko) Chrome/119.0.0.0 Safari/537.36"
158.94.209.8 - - [13/Jan/2026:10:10:42 +0100] "GET /wp-login.php HTTP/1.1" 200 13540 "https://www.google.com" "Mozilla/5.0 (X11; Linux x86_64) AppleWebKit/537.36 (KHTML, like Gecko) Chrome/119.0.0.0 Safari/537.36"
158.94.209.8 - - [13/Jan/2026:10:12:06 +0100] "GET /wp-json/wp/v2/users HTTP/1.1" 406 9667 "https://www.google.com" "Mozilla/5.0 (X11; Linux x86_64) AppleWebKit/537.36 (KHTML, like Gecko) Chrome/119.0.0.0 Safari/537.36"
158.94.209.8 - - [13/Jan/2026:10:12:07 +0100] "GET /?author=1 HTTP/1.1" 301 - "https://www.google.com" "Mozilla/5.0 (X11; Linux x86_64) AppleWebKit/537.36 (KHTML, like Gecko) Chrome/119.0.0.0 Safari/537.36"
158.94.209.8 - - [13/Jan/2026:10:12:08 +0100] "GET /wp-login.php HTTP/1.1" 200 13540 "https://www.google.com" "Mozilla/5.0 (X11; Linux x86_64) AppleWebKit/537.36 (KHTML, like Gecko) Chrome/119.0.0.0 Safari/537.36"
158.94.209.8 - - [13/Jan/2026:10:12:09 +0100] "GET /wp-login.php HTTP/1.1" 200 13540 "https://www.google.com" "Mozilla/5.0 (X11; Linux x86_64) AppleWebKit/537.36 (KHTML, like Gecko) Chrome/119.0.0.0 Safari/537.36"
109.234.161.42 - - [13/Jan/2026:10:13:23 +0100] "POST /wp-cron.php?doing_wp_cron=1768295603.2444610595703125000000 HTTP/1.1" 200 - "-" "WordPress/6.9; https://akoyahair.com"
66.249.75.202 - - [13/Jan/2026:10:13:22 +0100] "GET /?_g=2702369 HTTP/1.1" 200 105846 "-" "Mozilla/5.0 (Linux; Android 6.0.1; Nexus 5X Build/MMB29P) AppleWebKit/537.36 (KHTML, like Gecko) Chrome/143.0.7499.192 Mobile Safari/537.36 (compatible; Googlebot/2.1; +http://www.google.com/bot.html)"
158.94.209.8 - - [13/Jan/2026:10:13:34 +0100] "GET /wp-json/wp/v2/users HTTP/1.1" 406 9667 "https://www.google.com" "Mozilla/5.0 (X11; Linux x86_64) AppleWebKit/537.36 (KHTML, like Gecko) Chrome/119.0.0.0 Safari/537.36"
158.94.209.8 - - [13/Jan/2026:10:13:35 +0100] "GET /?author=1 HTTP/1.1" 301 - "https://www.google.com" "Mozilla/5.0 (X11; Linux x86_64) AppleWebKit/537.36 (KHTML, like Gecko) Chrome/119.0.0.0 Safari/537.36"
158.94.209.8 - - [13/Jan/2026:10:13:36 +0100] "GET /wp-login.php HTTP/1.1" 200 13540 "https://www.google.com" "Mozilla/5.0 (X11; Linux x86_64) AppleWebKit/537.36 (KHTML, like Gecko) Chrome/119.0.0.0 Safari/537.36"
158.94.209.8 - - [13/Jan/2026:10:13:37 +0100] "GET /wp-login.php HTTP/1.1" 200 13540 "https://www.google.com" "Mozilla/5.0 (X11; Linux x86_64) AppleWebKit/537.36 (KHTML, like Gecko) Chrome/119.0.0.0 Safari/537.36"
141.98.6.199 - - [13/Jan/2026:10:13:45 +0100] "GET /wp-json/wp/v2/users HTTP/1.1" 406 9667 "https://www.google.com" "Mozilla/5.0 (X11; Linux x86_64) AppleWebKit/537.36 (KHTML, like Gecko) Chrome/119.0.0.0 Safari/537.36"
141.98.6.199 - - [13/Jan/2026:10:13:46 +0100] "GET /?author=1 HTTP/1.1" 301 - "https://www.google.com" "Mozilla/5.0 (X11; Linux x86_64) AppleWebKit/537.36 (KHTML, like Gecko) Chrome/119.0.0.0 Safari/537.36"
141.98.6.199 - - [13/Jan/2026:10:13:47 +0100] "GET /wp-login.php HTTP/1.1" 200 13540 "https://www.google.com" "Mozilla/5.0 (X11; Linux x86_64) AppleWebKit/537.36 (KHTML, like Gecko) Chrome/119.0.0.0 Safari/537.36"
141.98.6.199 - - [13/Jan/2026:10:13:56 +0100] "GET /wp-login.php HTTP/1.1" 200 13540 "https://www.google.com" "Mozilla/5.0 (X11; Linux x86_64) AppleWebKit/537.36 (KHTML, like Gecko) Chrome/119.0.0.0 Safari/537.36"
109.234.161.42 - - [13/Jan/2026:10:14:47 +0100] "POST /wp-cron.php?doing_wp_cron=1768295687.3148961067199707031250 HTTP/1.1" 200 - "-" "WordPress/6.9; https://akoyahair.com"
66.249.75.201 - - [13/Jan/2026:10:14:46 +0100] "GET /?_g=1523310 HTTP/1.1" 200 105848 "-" "Mozilla/5.0 (Linux; Android 6.0.1; Nexus 5X Build/MMB29P) AppleWebKit/537.36 (KHTML, like Gecko) Chrome/143.0.7499.192 Mobile Safari/537.36 (compatible; Googlebot/2.1; +http://www.google.com/bot.html)"
158.94.209.8 - - [13/Jan/2026:10:15:03 +0100] "GET /wp-json/wp/v2/users HTTP/1.1" 406 9667 "https://www.google.com" "Mozilla/5.0 (X11; Linux x86_64) AppleWebKit/537.36 (KHTML, like Gecko) Chrome/119.0.0.0 Safari/537.36"
158.94.209.8 - - [13/Jan/2026:10:15:03 +0100] "GET /?author=1 HTTP/1.1" 301 - "https://www.google.com" "Mozilla/5.0 (X11; Linux x86_64) AppleWebKit/537.36 (KHTML, like Gecko) Chrome/119.0.0.0 Safari/537.36"
158.94.209.8 - - [13/Jan/2026:10:15:05 +0100] "GET /wp-login.php HTTP/1.1" 200 13540 "https://www.google.com" "Mozilla/5.0 (X11; Linux x86_64) AppleWebKit/537.36 (KHTML, like Gecko) Chrome/119.0.0.0 Safari/537.36"
158.94.209.8 - - [13/Jan/2026:10:15:06 +0100] "GET /wp-login.php HTTP/1.1" 200 13540 "https://www.google.com" "Mozilla/5.0 (X11; Linux x86_64) AppleWebKit/537.36 (KHTML, like Gecko) Chrome/119.0.0.0 Safari/537.36"
66.249.75.202 - - [13/Jan/2026:10:15:17 +0100] "GET /wp-content/plugins/paytech_woocommerce/assets/js/checkout.js?ver=1.0.9638 HTTP/1.1" 404 54698 "https://akoyahair.com/?_g=2702369" "Mozilla/5.0 (Linux; Android 6.0.1; Nexus 5X Build/MMB29P) AppleWebKit/537.36 (KHTML, like Gecko) Chrome/143.0.7499.169 Mobile Safari/537.36 (compatible; Googlebot/2.1; +http://www.google.com/bot.html)"
109.234.161.42 - - [13/Jan/2026:10:15:31 +0100] "POST /wp-cron.php?doing_wp_cron=1768295731.2645390033721923828125 HTTP/1.1" 200 - "-" "WordPress/6.9; https://akoyahair.com"
66.249.75.202 - - [13/Jan/2026:10:15:31 +0100] "GET /wp-content/plugins/paytech_woocommerce/assets/js/checkout.js?ver=1.0.2486 HTTP/1.1" 404 54698 "https://akoyahair.com/?_g=1523310" "Mozilla/5.0 (Linux; Android 6.0.1; Nexus 5X Build/MMB29P) AppleWebKit/537.36 (KHTML, like Gecko) Chrome/143.0.7499.169 Mobile Safari/537.36 (compatible; Googlebot/2.1; +http://www.google.com/bot.html)"
106.252.202.226 - - [13/Jan/2026:10:15:48 +0100] "GET / HTTP/1.1" 301 - "-" "Python/3.12 aiohttp/3.11.7"
106.252.202.226 - - [13/Jan/2026:10:15:51 +0100] "POST / HTTP/1.1" 200 105835 "-" "Python/3.12 aiohttp/3.11.7"
106.252.202.226 - - [13/Jan/2026:10:15:51 +0100] "POST / HTTP/1.1" 200 105835 "-" "Python/3.12 aiohttp/3.11.7"
66.249.75.201 - - [13/Jan/2026:10:15:57 +0100] "GET /?_g=479077 HTTP/1.1" 200 105844 "-" "Mozilla/5.0 (Linux; Android 6.0.1; Nexus 5X Build/MMB29P) AppleWebKit/537.36 (KHTML, like Gecko) Chrome/143.0.7499.192 Mobile Safari/537.36 (compatible; Googlebot/2.1; +http://www.google.com/bot.html)"
66.249.75.203 - - [13/Jan/2026:10:16:01 +0100] "GET /wp-content/plugins/paytech_woocommerce/assets/js/checkout.js?ver=1.0.8383 HTTP/1.1" 404 54698 "https://akoyahair.com/?_g=479077" "Mozilla/5.0 (Linux; Android 6.0.1; Nexus 5X Build/MMB29P) AppleWebKit/537.36 (KHTML, like Gecko) Chrome/143.0.7499.169 Mobile Safari/537.36 (compatible; Googlebot/2.1; +http://www.google.com/bot.html)"
109.234.161.42 - - [13/Jan/2026:10:16:19 +0100] "POST /wp-cron.php?doing_wp_cron=1768295779.6684880256652832031250 HTTP/1.1" 200 - "-" "WordPress/6.9; https://akoyahair.com"
146.174.160.69 - - [13/Jan/2026:10:16:19 +0100] "GET /portfolio-tag/kids/ HTTP/1.1" 200 59325 "-" "Mozilla/5.0 (Windows NT 6.1; WOW64) AppleWebKit/535.11 (KHTML, like Gecko) Chrome/17.0.963.66 Safari/535.11"
158.94.209.8 - - [13/Jan/2026:10:16:31 +0100] "GET /wp-json/wp/v2/users HTTP/1.1" 406 9667 "https://www.google.com" "Mozilla/5.0 (X11; Linux x86_64) AppleWebKit/537.36 (KHTML, like Gecko) Chrome/119.0.0.0 Safari/537.36"
158.94.209.8 - - [13/Jan/2026:10:16:32 +0100] "GET /?author=1 HTTP/1.1" 301 - "https://www.google.com" "Mozilla/5.0 (X11; Linux x86_64) AppleWebKit/537.36 (KHTML, like Gecko) Chrome/119.0.0.0 Safari/537.36"
158.94.209.8 - - [13/Jan/2026:10:16:33 +0100] "GET /wp-login.php HTTP/1.1" 200 13540 "https://www.google.com" "Mozilla/5.0 (X11; Linux x86_64) AppleWebKit/537.36 (KHTML, like Gecko) Chrome/119.0.0.0 Safari/537.36"
66.249.75.201 - - [13/Jan/2026:10:16:33 +0100] "GET /?_g=1162818 HTTP/1.1" 200 105848 "-" "Mozilla/5.0 (Linux; Android 6.0.1; Nexus 5X Build/MMB29P) AppleWebKit/537.36 (KHTML, like Gecko) Chrome/143.0.7499.192 Mobile Safari/537.36 (compatible; Googlebot/2.1; +http://www.google.com/bot.html)"
158.94.209.8 - - [13/Jan/2026:10:16:35 +0100] "GET /wp-login.php HTTP/1.1" 200 13540 "https://www.google.com" "Mozilla/5.0 (X11; Linux x86_64) AppleWebKit/537.36 (KHTML, like Gecko) Chrome/119.0.0.0 Safari/537.36"
66.249.75.201 - - [13/Jan/2026:10:16:52 +0100] "GET /?_g=2269980 HTTP/1.1" 200 105848 "-" "Mozilla/5.0 (Linux; Android 6.0.1; Nexus 5X Build/MMB29P) AppleWebKit/537.36 (KHTML, like Gecko) Chrome/143.0.7499.192 Mobile Safari/537.36 (compatible; Googlebot/2.1; +http://www.google.com/bot.html)"
109.234.161.42 - - [13/Jan/2026:10:17:45 +0100] "POST /wp-cron.php?doing_wp_cron=1768295865.0342750549316406250000 HTTP/1.1" 200 - "-" "WordPress/6.9; https://akoyahair.com"
66.249.75.202 - - [13/Jan/2026:10:17:44 +0100] "GET /wp-content/plugins/paytech_woocommerce/assets/js/checkout.js?ver=1.0.8538 HTTP/1.1" 404 54698 "https://akoyahair.com/?_g=2269980" "Mozilla/5.0 (Linux; Android 6.0.1; Nexus 5X Build/MMB29P) AppleWebKit/537.36 (KHTML, like Gecko) Chrome/143.0.7499.169 Mobile Safari/537.36 (compatible; Googlebot/2.1; +http://www.google.com/bot.html)"
158.94.209.8 - - [13/Jan/2026:10:17:58 +0100] "GET /wp-json/wp/v2/users HTTP/1.1" 406 9667 "https://www.google.com" "Mozilla/5.0 (X11; Linux x86_64) AppleWebKit/537.36 (KHTML, like Gecko) Chrome/119.0.0.0 Safari/537.36"
158.94.209.8 - - [13/Jan/2026:10:17:59 +0100] "GET /?author=1 HTTP/1.1" 301 - "https://www.google.com" "Mozilla/5.0 (X11; Linux x86_64) AppleWebKit/537.36 (KHTML, like Gecko) Chrome/119.0.0.0 Safari/537.36"
158.94.209.8 - - [13/Jan/2026:10:18:00 +0100] "GET /wp-login.php HTTP/1.1" 200 13540 "https://www.google.com" "Mozilla/5.0 (X11; Linux x86_64) AppleWebKit/537.36 (KHTML, like Gecko) Chrome/119.0.0.0 Safari/537.36"
158.94.209.8 - - [13/Jan/2026:10:18:01 +0100] "GET /wp-login.php HTTP/1.1" 200 13540 "https://www.google.com" "Mozilla/5.0 (X11; Linux x86_64) AppleWebKit/537.36 (KHTML, like Gecko) Chrome/119.0.0.0 Safari/537.36"
109.234.161.42 - - [13/Jan/2026:10:18:24 +0100] "POST /wp-cron.php?doing_wp_cron=1768295904.2293279170989990234375 HTTP/1.1" 200 - "-" "WordPress/6.9; https://akoyahair.com"
66.249.75.201 - - [13/Jan/2026:10:18:23 +0100] "GET /?_g=2233194 HTTP/1.1" 200 105848 "-" "Mozilla/5.0 (Linux; Android 6.0.1; Nexus 5X Build/MMB29P) AppleWebKit/537.36 (KHTML, like Gecko) Chrome/143.0.7499.192 Mobile Safari/537.36 (compatible; Googlebot/2.1; +http://www.google.com/bot.html)"
158.94.209.8 - - [13/Jan/2026:10:19:27 +0100] "GET /wp-json/wp/v2/users HTTP/1.1" 406 9667 "https://www.google.com" "Mozilla/5.0 (X11; Linux x86_64) AppleWebKit/537.36 (KHTML, like Gecko) Chrome/119.0.0.0 Safari/537.36"
158.94.209.8 - - [13/Jan/2026:10:19:27 +0100] "GET /?author=1 HTTP/1.1" 301 - "https://www.google.com" "Mozilla/5.0 (X11; Linux x86_64) AppleWebKit/537.36 (KHTML, like Gecko) Chrome/119.0.0.0 Safari/537.36"
158.94.209.8 - - [13/Jan/2026:10:19:29 +0100] "GET /wp-login.php HTTP/1.1" 200 13540 "https://www.google.com" "Mozilla/5.0 (X11; Linux x86_64) AppleWebKit/537.36 (KHTML, like Gecko) Chrome/119.0.0.0 Safari/537.36"
158.94.209.8 - - [13/Jan/2026:10:19:30 +0100] "GET /wp-login.php HTTP/1.1" 200 13540 "https://www.google.com" "Mozilla/5.0 (X11; Linux x86_64) AppleWebKit/537.36 (KHTML, like Gecko) Chrome/119.0.0.0 Safari/537.36"
66.249.75.203 - - [13/Jan/2026:10:20:00 +0100] "GET /?_g=1964583 HTTP/1.1" 200 105848 "-" "Mozilla/5.0 (Linux; Android 6.0.1; Nexus 5X Build/MMB29P) AppleWebKit/537.36 (KHTML, like Gecko) Chrome/143.0.7499.192 Mobile Safari/537.36 (compatible; Googlebot/2.1; +http://www.google.com/bot.html)"
66.249.75.201 - - [13/Jan/2026:10:20:04 +0100] "GET /wp-content/plugins/paytech_woocommerce/assets/js/checkout.js?ver=1.0.3814 HTTP/1.1" 404 54698 "https://akoyahair.com/?_g=1964583" "Mozilla/5.0 (Linux; Android 6.0.1; Nexus 5X Build/MMB29P) AppleWebKit/537.36 (KHTML, like Gecko) Chrome/143.0.7499.169 Mobile Safari/537.36 (compatible; Googlebot/2.1; +http://www.google.com/bot.html)"
158.94.209.8 - - [13/Jan/2026:10:20:53 +0100] "GET /wp-json/wp/v2/users HTTP/1.1" 406 9667 "https://www.google.com" "Mozilla/5.0 (X11; Linux x86_64) AppleWebKit/537.36 (KHTML, like Gecko) Chrome/119.0.0.0 Safari/537.36"
158.94.209.8 - - [13/Jan/2026:10:20:54 +0100] "GET /?author=1 HTTP/1.1" 301 - "https://www.google.com" "Mozilla/5.0 (X11; Linux x86_64) AppleWebKit/537.36 (KHTML, like Gecko) Chrome/119.0.0.0 Safari/537.36"
158.94.209.8 - - [13/Jan/2026:10:20:55 +0100] "GET /wp-login.php HTTP/1.1" 200 13540 "https://www.google.com" "Mozilla/5.0 (X11; Linux x86_64) AppleWebKit/537.36 (KHTML, like Gecko) Chrome/119.0.0.0 Safari/537.36"
158.94.209.8 - - [13/Jan/2026:10:20:57 +0100] "GET /wp-login.php HTTP/1.1" 200 13540 "https://www.google.com" "Mozilla/5.0 (X11; Linux x86_64) AppleWebKit/537.36 (KHTML, like Gecko) Chrome/119.0.0.0 Safari/537.36"
109.234.161.42 - - [13/Jan/2026:10:21:47 +0100] "POST /wp-cron.php?doing_wp_cron=1768296107.7459180355072021484375 HTTP/1.1" 200 - "-" "WordPress/6.9; https://akoyahair.com"
66.249.75.201 - - [13/Jan/2026:10:21:47 +0100] "GET /wp-content/themes/Akoya/assets/css/font-awesome/css/font-awesome.min.css?ver=6.9 HTTP/1.1" 404 54698 "https://akoyahair.com/?_g=2233194" "Mozilla/5.0 (Linux; Android 6.0.1; Nexus 5X Build/MMB29P) AppleWebKit/537.36 (KHTML, like Gecko) Chrome/143.0.7499.169 Mobile Safari/537.36 (compatible; Googlebot/2.1; +http://www.google.com/bot.html)"
66.249.75.202 - - [13/Jan/2026:10:21:47 +0100] "GET /wp-content/plugins/curly-business/assets/css/business-responsive.min.css?ver=6.9 HTTP/1.1" 404 54698 "https://akoyahair.com/?_g=2233194" "Mozilla/5.0 (Linux; Android 6.0.1; Nexus 5X Build/MMB29P) AppleWebKit/537.36 (KHTML, like Gecko) Chrome/143.0.7499.169 Mobile Safari/537.36 (compatible; Googlebot/2.1; +http://www.google.com/bot.html)"
66.249.75.203 - - [13/Jan/2026:10:21:47 +0100] "GET /wp-content/plugins/curly-business/assets/css/business.min.css?ver=6.9 HTTP/1.1" 404 54698 "https://akoyahair.com/?_g=2233194" "Mozilla/5.0 (Linux; Android 6.0.1; Nexus 5X Build/MMB29P) AppleWebKit/537.36 (KHTML, like Gecko) Chrome/143.0.7499.169 Mobile Safari/537.36 (compatible; Googlebot/2.1; +http://www.google.com/bot.html)"
66.249.75.203 - - [13/Jan/2026:10:21:47 +0100] "GET /wp-content/themes/Akoya/assets/css/modules-responsive.min.css?ver=6.9 HTTP/1.1" 404 54698 "https://akoyahair.com/?_g=2233194" "Mozilla/5.0 (Linux; Android 6.0.1; Nexus 5X Build/MMB29P) AppleWebKit/537.36 (KHTML, like Gecko) Chrome/143.0.7499.169 Mobile Safari/537.36 (compatible; Googlebot/2.1; +http://www.google.com/bot.html)"
66.249.75.202 - - [13/Jan/2026:10:21:47 +0100] "GET /wp-content/themes/Akoya/assets/css/modules.min.css?ver=6.9 HTTP/1.1" 404 54698 "https://akoyahair.com/?_g=2233194" "Mozilla/5.0 (Linux; Android 6.0.1; Nexus 5X Build/MMB29P) AppleWebKit/537.36 (KHTML, like Gecko) Chrome/143.0.7499.169 Mobile Safari/537.36 (compatible; Googlebot/2.1; +http://www.google.com/bot.html)"
66.249.75.202 - - [13/Jan/2026:10:21:48 +0100] "GET /wp-content/themes/Akoya/assets/css/woocommerce.min.css?ver=6.9 HTTP/1.1" 404 54698 "https://akoyahair.com/?_g=2233194" "Mozilla/5.0 (Linux; Android 6.0.1; Nexus 5X Build/MMB29P) AppleWebKit/537.36 (KHTML, like Gecko) Chrome/143.0.7499.169 Mobile Safari/537.36 (compatible; Googlebot/2.1; +http://www.google.com/bot.html)"
66.249.75.201 - - [13/Jan/2026:10:21:48 +0100] "GET /wp-content/themes/Akoya/assets/css/woocommerce-responsive.min.css?ver=6.9 HTTP/1.1" 404 54698 "https://akoyahair.com/?_g=2233194" "Mozilla/5.0 (Linux; Android 6.0.1; Nexus 5X Build/MMB29P) AppleWebKit/537.36 (KHTML, like Gecko) Chrome/143.0.7499.169 Mobile Safari/537.36 (compatible; Googlebot/2.1; +http://www.google.com/bot.html)"
66.249.75.202 - - [13/Jan/2026:10:21:48 +0100] "GET /wp-content/plugins/revslider/public/assets/js/rs6.min.js?ver=6.2.23 HTTP/1.1" 404 54698 "https://akoyahair.com/?_g=2233194" "Mozilla/5.0 (Linux; Android 6.0.1; Nexus 5X Build/MMB29P) AppleWebKit/537.36 (KHTML, like Gecko) Chrome/143.0.7499.169 Mobile Safari/537.36 (compatible; Googlebot/2.1; +http://www.google.com/bot.html)"
66.249.75.203 - - [13/Jan/2026:10:21:48 +0100] "GET /wp-content/plugins/js_composer/assets/js/vendors/woocommerce-add-to-cart.js?ver=6.4.0 HTTP/1.1" 404 54698 "https://akoyahair.com/?_g=2233194" "Mozilla/5.0 (Linux; Android 6.0.1; Nexus 5X Build/MMB29P) AppleWebKit/537.36 (KHTML, like Gecko) Chrome/143.0.7499.169 Mobile Safari/537.36 (compatible; Googlebot/2.1; +http://www.google.com/bot.html)"
66.249.75.203 - - [13/Jan/2026:10:21:48 +0100] "GET /wp-content/plugins/woocommerce/assets/js/frontend/add-to-cart.min.js?ver=10.1.3 HTTP/1.1" 404 54698 "https://akoyahair.com/?_g=2233194" "Mozilla/5.0 (Linux; Android 6.0.1; Nexus 5X Build/MMB29P) AppleWebKit/537.36 (KHTML, like Gecko) Chrome/143.0.7499.169 Mobile Safari/537.36 (compatible; Googlebot/2.1; +http://www.google.com/bot.html)"
66.249.75.202 - - [13/Jan/2026:10:21:48 +0100] "GET /wp-content/plugins/js_composer/assets/lib/bower/animate-css/animate.min.css?ver=6.4.0 HTTP/1.1" 404 54698 "https://akoyahair.com/?_g=2233194" "Mozilla/5.0 (Linux; Android 6.0.1; Nexus 5X Build/MMB29P) AppleWebKit/537.36 (KHTML, like Gecko) Chrome/143.0.7499.169 Mobile Safari/537.36 (compatible; Googlebot/2.1; +http://www.google.com/bot.html)"
66.249.75.201 - - [13/Jan/2026:10:21:48 +0100] "GET /wp-content/plugins/revslider/public/assets/js/rbtools.min.js?ver=6.2.23 HTTP/1.1" 404 54698 "https://akoyahair.com/?_g=2233194" "Mozilla/5.0 (Linux; Android 6.0.1; Nexus 5X Build/MMB29P) AppleWebKit/537.36 (KHTML, like Gecko) Chrome/143.0.7499.169 Mobile Safari/537.36 (compatible; Googlebot/2.1; +http://www.google.com/bot.html)"
66.249.75.202 - - [13/Jan/2026:10:21:48 +0100] "GET /wp-content/plugins/contact-form-7/includes/css/styles.css?ver=6.1.1 HTTP/1.1" 404 54697 "https://akoyahair.com/?_g=2233194" "Mozilla/5.0 (Linux; Android 6.0.1; Nexus 5X Build/MMB29P) AppleWebKit/537.36 (KHTML, like Gecko) Chrome/143.0.7499.169 Mobile Safari/537.36 (compatible; Googlebot/2.1; +http://www.google.com/bot.html)"
66.249.75.203 - - [13/Jan/2026:10:21:48 +0100] "GET /wp-content/plugins/revslider/public/assets/css/rs6.css?ver=6.2.23 HTTP/1.1" 404 54698 "https://akoyahair.com/?_g=2233194" "Mozilla/5.0 (Linux; Android 6.0.1; Nexus 5X Build/MMB29P) AppleWebKit/537.36 (KHTML, like Gecko) Chrome/143.0.7499.169 Mobile Safari/537.36 (compatible; Googlebot/2.1; +http://www.google.com/bot.html)"
66.249.75.201 - - [13/Jan/2026:10:21:48 +0100] "GET /wp-content/plugins/woocommerce/assets/js/jquery-blockui/jquery.blockUI.min.js?ver=2.7.0-wc.10.1.3 HTTP/1.1" 404 54698 "https://akoyahair.com/?_g=2233194" "Mozilla/5.0 (Linux; Android 6.0.1; Nexus 5X Build/MMB29P) AppleWebKit/537.36 (KHTML, like Gecko) Chrome/143.0.7499.169 Mobile Safari/537.36 (compatible; Googlebot/2.1; +http://www.google.com/bot.html)"
66.249.75.203 - - [13/Jan/2026:10:21:48 +0100] "GET /wp-content/plugins/contact-form-7/includes/js/index.js?ver=6.1.1 HTTP/1.1" 404 54698 "https://akoyahair.com/?_g=2233194" "Mozilla/5.0 (Linux; Android 6.0.1; Nexus 5X Build/MMB29P) AppleWebKit/537.36 (KHTML, like Gecko) Chrome/143.0.7499.169 Mobile Safari/537.36 (compatible; Googlebot/2.1; +http://www.google.com/bot.html)"
66.249.75.203 - - [13/Jan/2026:10:21:49 +0100] "GET /wp-content/plugins/contact-form-7/includes/swv/js/index.js?ver=6.1.1 HTTP/1.1" 404 54698 "https://akoyahair.com/?_g=2233194" "Mozilla/5.0 (Linux; Android 6.0.1; Nexus 5X Build/MMB29P) AppleWebKit/537.36 (KHTML, like Gecko) Chrome/143.0.7499.169 Mobile Safari/537.36 (compatible; Googlebot/2.1; +http://www.google.com/bot.html)"
66.249.75.201 - - [13/Jan/2026:10:21:49 +0100] "GET /wp-content/themes/Akoya/assets/css/style_dynamic.css?ver=1755533948 HTTP/1.1" 404 54698 "https://akoyahair.com/?_g=2233194" "Mozilla/5.0 (Linux; Android 6.0.1; Nexus 5X Build/MMB29P) AppleWebKit/537.36 (KHTML, like Gecko) Chrome/143.0.7499.169 Mobile Safari/537.36 (compatible; Googlebot/2.1; +http://www.google.com/bot.html)"
66.249.75.203 - - [13/Jan/2026:10:21:49 +0100] "GET /wp-content/plugins/woocommerce/assets/client/blocks/wc-blocks.css?ver=wc-10.1.3 HTTP/1.1" 404 54698 "https://akoyahair.com/?_g=2233194" "Mozilla/5.0 (Linux; Android 6.0.1; Nexus 5X Build/MMB29P) AppleWebKit/537.36 (KHTML, like Gecko) Chrome/143.0.7499.169 Mobile Safari/537.36 (compatible; Googlebot/2.1; +http://www.google.com/bot.html)"
66.249.75.202 - - [13/Jan/2026:10:21:49 +0100] "GET /wp-content/themes/Akoya/assets/css/style_dynamic_responsive.css?ver=1755533948 HTTP/1.1" 404 54698 "https://akoyahair.com/?_g=2233194" "Mozilla/5.0 (Linux; Android 6.0.1; Nexus 5X Build/MMB29P) AppleWebKit/537.36 (KHTML, like Gecko) Chrome/143.0.7499.169 Mobile Safari/537.36 (compatible; Googlebot/2.1; +http://www.google.com/bot.html)"
66.249.75.203 - - [13/Jan/2026:10:21:49 +0100] "GET /wp-content/plugins/curly-core/core-dashboard/assets/css/core-dashboard.min.css?ver=6.9 HTTP/1.1" 404 54698 "https://akoyahair.com/?_g=2233194" "Mozilla/5.0 (Linux; Android 6.0.1; Nexus 5X Build/MMB29P) AppleWebKit/537.36 (KHTML, like Gecko) Chrome/143.0.7499.169 Mobile Safari/537.36 (compatible; Googlebot/2.1; +http://www.google.com/bot.html)"
66.249.75.203 - - [13/Jan/2026:10:21:49 +0100] "GET /wp-content/plugins/woocommerce/assets/css/brands.css?ver=10.1.3 HTTP/1.1" 404 54698 "https://akoyahair.com/?_g=2233194" "Mozilla/5.0 (Linux; Android 6.0.1; Nexus 5X Build/MMB29P) AppleWebKit/537.36 (KHTML, like Gecko) Chrome/143.0.7499.169 Mobile Safari/537.36 (compatible; Googlebot/2.1; +http://www.google.com/bot.html)"
66.249.75.202 - - [13/Jan/2026:10:21:49 +0100] "GET /wp-content/themes/Akoya/style.css?ver=6.9 HTTP/1.1" 404 54698 "https://akoyahair.com/?_g=2233194" "Mozilla/5.0 (Linux; Android 6.0.1; Nexus 5X Build/MMB29P) AppleWebKit/537.36 (KHTML, like Gecko) Chrome/143.0.7499.169 Mobile Safari/537.36 (compatible; Googlebot/2.1; +http://www.google.com/bot.html)"
66.249.75.202 - - [13/Jan/2026:10:21:49 +0100] "GET /wp-content/plugins/js_composer/assets/css/js_composer.min.css?ver=6.4.0 HTTP/1.1" 404 54698 "https://akoyahair.com/?_g=2233194" "Mozilla/5.0 (Linux; Android 6.0.1; Nexus 5X Build/MMB29P) AppleWebKit/537.36 (KHTML, like Gecko) Chrome/143.0.7499.169 Mobile Safari/537.36 (compatible; Googlebot/2.1; +http://www.google.com/bot.html)"
66.249.75.201 - - [13/Jan/2026:10:21:49 +0100] "GET /wp-content/plugins/paytech_woocommerce/assets/js/checkout.js?ver=1.0.6052 HTTP/1.1" 404 54698 "https://akoyahair.com/?_g=2233194" "Mozilla/5.0 (Linux; Android 6.0.1; Nexus 5X Build/MMB29P) AppleWebKit/537.36 (KHTML, like Gecko) Chrome/143.0.7499.169 Mobile Safari/537.36 (compatible; Googlebot/2.1; +http://www.google.com/bot.html)"
66.249.75.201 - - [13/Jan/2026:10:21:49 +0100] "GET /wp-content/plugins/paytech_woocommerce/assets/js/open-mode-popup.js HTTP/1.1" 404 54697 "https://akoyahair.com/?_g=2233194" "Mozilla/5.0 (Linux; Android 6.0.1; Nexus 5X Build/MMB29P) AppleWebKit/537.36 (KHTML, like Gecko) Chrome/143.0.7499.169 Mobile Safari/537.36 (compatible; Googlebot/2.1; +http://www.google.com/bot.html)"
66.249.75.201 - - [13/Jan/2026:10:21:50 +0100] "GET /wp-content/themes/Akoya/assets/js/modules/plugins/ScrollToPlugin.min.js?ver=6.9 HTTP/1.1" 404 54698 "https://akoyahair.com/?_g=2233194" "Mozilla/5.0 (Linux; Android 6.0.1; Nexus 5X Build/MMB29P) AppleWebKit/537.36 (KHTML, like Gecko) Chrome/143.0.7499.169 Mobile Safari/537.36 (compatible; Googlebot/2.1; +http://www.google.com/bot.html)"
66.249.75.202 - - [13/Jan/2026:10:21:50 +0100] "GET /wp-content/themes/Akoya/assets/js/modules/plugins/parallax.min.js?ver=6.9 HTTP/1.1" 404 54698 "https://akoyahair.com/?_g=2233194" "Mozilla/5.0 (Linux; Android 6.0.1; Nexus 5X Build/MMB29P) AppleWebKit/537.36 (KHTML, like Gecko) Chrome/143.0.7499.169 Mobile Safari/537.36 (compatible; Googlebot/2.1; +http://www.google.com/bot.html)"
66.249.75.202 - - [13/Jan/2026:10:21:50 +0100] "GET /wp-content/plugins/woocommerce/assets/js/frontend/woocommerce.min.js?ver=10.1.3 HTTP/1.1" 404 54697 "https://akoyahair.com/?_g=2233194" "Mozilla/5.0 (Linux; Android 6.0.1; Nexus 5X Build/MMB29P) AppleWebKit/537.36 (KHTML, like Gecko) Chrome/143.0.7499.169 Mobile Safari/537.36 (compatible; Googlebot/2.1; +http://www.google.com/bot.html)"
66.249.75.202 - - [13/Jan/2026:10:21:50 +0100] "GET /wp-content/plugins/woocommerce/assets/js/sourcebuster/sourcebuster.min.js?ver=10.1.3 HTTP/1.1" 404 54698 "https://akoyahair.com/?_g=2233194" "Mozilla/5.0 (Linux; Android 6.0.1; Nexus 5X Build/MMB29P) AppleWebKit/537.36 (KHTML, like Gecko) Chrome/143.0.7499.169 Mobile Safari/537.36 (compatible; Googlebot/2.1; +http://www.google.com/bot.html)"
66.249.75.202 - - [13/Jan/2026:10:21:50 +0100] "GET /wp-content/plugins/curly-core/shortcodes/counter/assets/js/plugins/counter.js?ver=6.9 HTTP/1.1" 404 54698 "https://akoyahair.com/?_g=2233194" "Mozilla/5.0 (Linux; Android 6.0.1; Nexus 5X Build/MMB29P) AppleWebKit/537.36 (KHTML, like Gecko) Chrome/143.0.7499.169 Mobile Safari/537.36 (compatible; Googlebot/2.1; +http://www.google.com/bot.html)"
66.249.75.202 - - [13/Jan/2026:10:21:50 +0100] "GET /wp-content/plugins/curly-core/shortcodes/custom-font/assets/js/plugins/typed.js?ver=6.9 HTTP/1.1" 404 54698 "https://akoyahair.com/?_g=2233194" "Mozilla/5.0 (Linux; Android 6.0.1; Nexus 5X Build/MMB29P) AppleWebKit/537.36 (KHTML, like Gecko) Chrome/143.0.7499.169 Mobile Safari/537.36 (compatible; Googlebot/2.1; +http://www.google.com/bot.html)"
66.249.75.203 - - [13/Jan/2026:10:21:50 +0100] "GET /wp-content/plugins/js_composer/assets/lib/prettyphoto/js/jquery.prettyPhoto.min.js?ver=6.4.0 HTTP/1.1" 404 54698 "https://akoyahair.com/?_g=2233194" "Mozilla/5.0 (Linux; Android 6.0.1; Nexus 5X Build/MMB29P) AppleWebKit/537.36 (KHTML, like Gecko) Chrome/143.0.7499.169 Mobile Safari/537.36 (compatible; Googlebot/2.1; +http://www.google.com/bot.html)"
66.249.75.201 - - [13/Jan/2026:10:21:51 +0100] "GET /wp-content/plugins/curly-core/shortcodes/pie-chart/assets/js/plugins/easypiechart.js?ver=6.9 HTTP/1.1" 404 54698 "https://akoyahair.com/?_g=2233194" "Mozilla/5.0 (Linux; Android 6.0.1; Nexus 5X Build/MMB29P) AppleWebKit/537.36 (KHTML, like Gecko) Chrome/143.0.7499.169 Mobile Safari/537.36 (compatible; Googlebot/2.1; +http://www.google.com/bot.html)"
66.249.75.201 - - [13/Jan/2026:10:21:51 +0100] "GET /wp-content/plugins/js_composer/assets/lib/bower/isotope/dist/isotope.pkgd.min.js?ver=6.4.0 HTTP/1.1" 404 54698 "https://akoyahair.com/?_g=2233194" "Mozilla/5.0 (Linux; Android 6.0.1; Nexus 5X Build/MMB29P) AppleWebKit/537.36 (KHTML, like Gecko) Chrome/143.0.7499.169 Mobile Safari/537.36 (compatible; Googlebot/2.1; +http://www.google.com/bot.html)"
66.249.75.202 - - [13/Jan/2026:10:21:51 +0100] "GET /wp-content/plugins/js_composer/assets/js/dist/js_composer_front.min.js?ver=6.4.0 HTTP/1.1" 404 54698 "https://akoyahair.com/?_g=2233194" "Mozilla/5.0 (Linux; Android 6.0.1; Nexus 5X Build/MMB29P) AppleWebKit/537.36 (KHTML, like Gecko) Chrome/143.0.7499.169 Mobile Safari/537.36 (compatible; Googlebot/2.1; +http://www.google.com/bot.html)"
66.249.75.201 - - [13/Jan/2026:10:21:51 +0100] "GET /wp-content/themes/Akoya/assets/js/modules/plugins/perfect-scrollbar.jquery.min.js?ver=6.9 HTTP/1.1" 404 54698 "https://akoyahair.com/?_g=2233194" "Mozilla/5.0 (Linux; Android 6.0.1; Nexus 5X Build/MMB29P) AppleWebKit/537.36 (KHTML, like Gecko) Chrome/143.0.7499.169 Mobile Safari/537.36 (compatible; Googlebot/2.1; +http://www.google.com/bot.html)"
66.249.75.202 - - [13/Jan/2026:10:21:51 +0100] "GET /wp-content/plugins/woocommerce/assets/js/select2/select2.full.min.js?ver=4.0.3-wc.10.1.3 HTTP/1.1" 404 54698 "https://akoyahair.com/?_g=2233194" "Mozilla/5.0 (Linux; Android 6.0.1; Nexus 5X Build/MMB29P) AppleWebKit/537.36 (KHTML, like Gecko) Chrome/143.0.7499.169 Mobile Safari/537.36 (compatible; Googlebot/2.1; +http://www.google.com/bot.html)"
66.249.75.201 - - [13/Jan/2026:10:21:51 +0100] "GET /wp-content/themes/Akoya/assets/js/modules.min.js?ver=6.9 HTTP/1.1" 404 54698 "https://akoyahair.com/?_g=2233194" "Mozilla/5.0 (Linux; Android 6.0.1; Nexus 5X Build/MMB29P) AppleWebKit/537.36 (KHTML, like Gecko) Chrome/143.0.7499.169 Mobile Safari/537.36 (compatible; Googlebot/2.1; +http://www.google.com/bot.html)"
66.249.75.201 - - [13/Jan/2026:10:21:51 +0100] "GET /wp-content/themes/Akoya/assets/js/modules/plugins/jquery.geocomplete.min.js?ver=6.9 HTTP/1.1" 404 54698 "https://akoyahair.com/?_g=2233194" "Mozilla/5.0 (Linux; Android 6.0.1; Nexus 5X Build/MMB29P) AppleWebKit/537.36 (KHTML, like Gecko) Chrome/143.0.7499.169 Mobile Safari/537.36 (compatible; Googlebot/2.1; +http://www.google.com/bot.html)"
66.249.75.201 - - [13/Jan/2026:10:21:51 +0100] "GET /wp-content/plugins/js_composer/assets/lib/vc_waypoints/vc-waypoints.min.js?ver=6.4.0 HTTP/1.1" 404 54698 "https://akoyahair.com/?_g=2233194" "Mozilla/5.0 (Linux; Android 6.0.1; Nexus 5X Build/MMB29P) AppleWebKit/537.36 (KHTML, like Gecko) Chrome/143.0.7499.169 Mobile Safari/537.36 (compatible; Googlebot/2.1; +http://www.google.com/bot.html)"
66.249.75.202 - - [13/Jan/2026:10:21:51 +0100] "GET /wp-content/themes/Akoya/assets/js/modules/plugins/jquery.easing.1.3.js?ver=6.9 HTTP/1.1" 404 54698 "https://akoyahair.com/?_g=2233194" "Mozilla/5.0 (Linux; Android 6.0.1; Nexus 5X Build/MMB29P) AppleWebKit/537.36 (KHTML, like Gecko) Chrome/143.0.7499.169 Mobile Safari/537.36 (compatible; Googlebot/2.1; +http://www.google.com/bot.html)"
66.249.75.201 - - [13/Jan/2026:10:21:52 +0100] "GET /wp-content/plugins/curly-core/shortcodes/vertical-split-slider/assets/js/plugins/jquery.multiscroll.min.js?ver=6.9 HTTP/1.1" 404 54698 "https://akoyahair.com/?_g=2233194" "Mozilla/5.0 (Linux; Android 6.0.1; Nexus 5X Build/MMB29P) AppleWebKit/537.36 (KHTML, like Gecko) Chrome/143.0.7499.169 Mobile Safari/537.36 (compatible; Googlebot/2.1; +http://www.google.com/bot.html)"
66.249.75.201 - - [13/Jan/2026:10:21:52 +0100] "GET /wp-content/plugins/curly-core/shortcodes/counter/assets/js/plugins/absoluteCounter.min.js?ver=6.9 HTTP/1.1" 404 54698 "https://akoyahair.com/?_g=2233194" "Mozilla/5.0 (Linux; Android 6.0.1; Nexus 5X Build/MMB29P) AppleWebKit/537.36 (KHTML, like Gecko) Chrome/143.0.7499.169 Mobile Safari/537.36 (compatible; Googlebot/2.1; +http://www.google.com/bot.html)"
66.249.75.202 - - [13/Jan/2026:10:21:52 +0100] "GET /wp-content/themes/Akoya/assets/js/modules/plugins/jquery.plugin.js?ver=6.9 HTTP/1.1" 404 54698 "https://akoyahair.com/?_g=2233194" "Mozilla/5.0 (Linux; Android 6.0.1; Nexus 5X Build/MMB29P) AppleWebKit/537.36 (KHTML, like Gecko) Chrome/143.0.7499.169 Mobile Safari/537.36 (compatible; Googlebot/2.1; +http://www.google.com/bot.html)"
66.249.75.201 - - [13/Jan/2026:10:21:52 +0100] "GET /wp-content/themes/Akoya/assets/js/modules/plugins/jquery.appear.js?ver=6.9 HTTP/1.1" 404 54698 "https://akoyahair.com/?_g=2233194" "Mozilla/5.0 (Linux; Android 6.0.1; Nexus 5X Build/MMB29P) AppleWebKit/537.36 (KHTML, like Gecko) Chrome/143.0.7499.169 Mobile Safari/537.36 (compatible; Googlebot/2.1; +http://www.google.com/bot.html)"
