66.249.91.233 - - [13/Jan/2026:12:36:01 +0100] "GET /wp-content/themes/Akoya/assets/js/modules/plugins/ScrollToPlugin.min.js?ver=6.9 HTTP/1.1" 404 54698 "https://akoyahair.com/contact/" "AdsBot-Google (+http://www.google.com/adsbot.html)"
66.249.91.233 - - [13/Jan/2026:12:36:01 +0100] "GET /wp-content/plugins/curly-core/shortcodes/pie-chart/assets/js/plugins/easypiechart.js?ver=6.9 HTTP/1.1" 404 54698 "https://akoyahair.com/contact/" "AdsBot-Google (+http://www.google.com/adsbot.html)"
66.249.91.233 - - [13/Jan/2026:12:36:02 +0100] "GET /wp-content/plugins/woocommerce/assets/js/frontend/order-attribution.min.js?ver=10.1.3 HTTP/1.1" 404 54698 "https://akoyahair.com/contact/" "AdsBot-Google (+http://www.google.com/adsbot.html)"
66.249.91.233 - - [13/Jan/2026:12:36:02 +0100] "GET /wp-content/plugins/curly-core/shortcodes/custom-font/assets/js/plugins/typed.js?ver=6.9 HTTP/1.1" 404 54698 "https://akoyahair.com/contact/" "AdsBot-Google (+http://www.google.com/adsbot.html)"
66.249.91.233 - - [13/Jan/2026:12:36:02 +0100] "GET /wp-content/plugins/curly-core/shortcodes/counter/assets/js/plugins/counter.js?ver=6.9 HTTP/1.1" 404 54698 "https://akoyahair.com/contact/" "AdsBot-Google (+http://www.google.com/adsbot.html)"
66.249.91.233 - - [13/Jan/2026:12:36:02 +0100] "GET /wp-content/themes/Akoya/assets/js/modules/plugins/fluidvids.min.js?ver=6.9 HTTP/1.1" 404 54698 "https://akoyahair.com/contact/" "AdsBot-Google (+http://www.google.com/adsbot.html)"
66.249.91.233 - - [13/Jan/2026:12:36:02 +0100] "GET /wp-content/themes/Akoya/assets/js/modules/plugins/parallax.min.js?ver=6.9 HTTP/1.1" 404 54698 "https://akoyahair.com/contact/" "AdsBot-Google (+http://www.google.com/adsbot.html)"
66.249.91.233 - - [13/Jan/2026:12:36:02 +0100] "GET /wp-content/themes/Akoya/assets/js/modules/plugins/jquery.geocomplete.min.js?ver=6.9 HTTP/1.1" 404 54698 "https://akoyahair.com/contact/" "AdsBot-Google (+http://www.google.com/adsbot.html)"
66.249.91.233 - - [13/Jan/2026:12:36:02 +0100] "GET /wp-content/themes/Akoya/assets/js/modules.min.js?ver=6.9 HTTP/1.1" 404 54698 "https://akoyahair.com/contact/" "AdsBot-Google (+http://www.google.com/adsbot.html)"
66.249.91.233 - - [13/Jan/2026:12:36:02 +0100] "GET /wp-content/themes/Akoya/assets/js/modules/plugins/jquery.easing.1.3.js?ver=6.9 HTTP/1.1" 404 54698 "https://akoyahair.com/contact/" "AdsBot-Google (+http://www.google.com/adsbot.html)"
66.249.91.233 - - [13/Jan/2026:12:36:02 +0100] "GET /wp-content/plugins/js_composer/assets/lib/vc_waypoints/vc-waypoints.min.js?ver=6.4.0 HTTP/1.1" 404 54698 "https://akoyahair.com/contact/" "AdsBot-Google (+http://www.google.com/adsbot.html)"
66.249.91.233 - - [13/Jan/2026:12:36:03 +0100] "GET /wp-content/plugins/curly-core/shortcodes/counter/assets/js/plugins/absoluteCounter.min.js?ver=6.9 HTTP/1.1" 404 54698 "https://akoyahair.com/contact/" "AdsBot-Google (+http://www.google.com/adsbot.html)"
66.249.91.233 - - [13/Jan/2026:12:36:03 +0100] "GET /wp-content/plugins/woocommerce/assets/js/sourcebuster/sourcebuster.min.js?ver=10.1.3 HTTP/1.1" 404 54698 "https://akoyahair.com/contact/" "AdsBot-Google (+http://www.google.com/adsbot.html)"
66.249.91.234 - - [13/Jan/2026:12:36:03 +0100] "GET /wp-content/themes/Akoya/assets/js/modules/plugins/jquery.waitforimages.js?ver=6.9 HTTP/1.1" 404 54698 "https://akoyahair.com/contact/" "AdsBot-Google (+http://www.google.com/adsbot.html)"
66.249.91.233 - - [13/Jan/2026:12:36:03 +0100] "GET /wp-content/plugins/woocommerce/assets/js/js-cookie/js.cookie.min.js?ver=2.1.4-wc.10.1.3 HTTP/1.1" 404 54697 "https://akoyahair.com/contact/" "AdsBot-Google (+http://www.google.com/adsbot.html)"
66.249.91.234 - - [13/Jan/2026:12:36:03 +0100] "GET /wp-content/themes/Akoya/assets/js/modules/plugins/jquery.waypoints.min.js?ver=6.9 HTTP/1.1" 404 54697 "https://akoyahair.com/contact/" "AdsBot-Google (+http://www.google.com/adsbot.html)"
66.249.91.234 - - [13/Jan/2026:12:36:03 +0100] "GET /wp-content/plugins/js_composer/assets/js/dist/js_composer_front.min.js?ver=6.4.0 HTTP/1.1" 404 54698 "https://akoyahair.com/contact/" "AdsBot-Google (+http://www.google.com/adsbot.html)"
66.249.91.233 - - [13/Jan/2026:12:36:03 +0100] "GET /wp-includes/js/jquery/ui/datepicker.min.js?ver=1.13.3 HTTP/1.1" 200 36748 "https://akoyahair.com/contact/" "AdsBot-Google (+http://www.google.com/adsbot.html)"
66.249.91.233 - - [13/Jan/2026:12:36:03 +0100] "GET /wp-content/plugins/woocommerce/assets/js/frontend/woocommerce.min.js?ver=10.1.3 HTTP/1.1" 404 54698 "https://akoyahair.com/contact/" "AdsBot-Google (+http://www.google.com/adsbot.html)"
66.249.91.234 - - [13/Jan/2026:12:36:04 +0100] "GET /wp-content/plugins/woocommerce/assets/js/select2/select2.full.min.js?ver=4.0.3-wc.10.1.3 HTTP/1.1" 404 54698 "https://akoyahair.com/contact/" "AdsBot-Google (+http://www.google.com/adsbot.html)"
66.249.91.234 - - [13/Jan/2026:12:36:04 +0100] "GET /wp-content/plugins/curly-core/shortcodes/vertical-split-slider/assets/js/plugins/jquery.multiscroll.min.js?ver=6.9 HTTP/1.1" 404 54698 "https://akoyahair.com/contact/" "AdsBot-Google (+http://www.google.com/adsbot.html)"
66.249.91.233 - - [13/Jan/2026:12:36:04 +0100] "GET /wp-content/plugins/curly-business/assets/js/business.min.js?ver=6.9 HTTP/1.1" 404 54698 "https://akoyahair.com/contact/" "AdsBot-Google (+http://www.google.com/adsbot.html)"
66.249.91.234 - - [13/Jan/2026:12:36:04 +0100] "GET /wp-content/themes/Akoya/assets/js/modules/plugins/packery-mode.pkgd.min.js?ver=6.9 HTTP/1.1" 404 54698 "https://akoyahair.com/contact/" "AdsBot-Google (+http://www.google.com/adsbot.html)"
66.249.75.201 - - [13/Jan/2026:12:36:05 +0100] "GET /wp-content/plugins/paytech_woocommerce/assets/js/checkout.js?ver=1.0.4819 HTTP/1.1" 404 54698 "https://akoyahair.com/?_g=1946109" "Mozilla/5.0 (Linux; Android 6.0.1; Nexus 5X Build/MMB29P) AppleWebKit/537.36 (KHTML, like Gecko) Chrome/143.0.7499.169 Mobile Safari/537.36 (compatible; Googlebot/2.1; +http://www.google.com/bot.html)"
106.252.202.226 - - [13/Jan/2026:12:36:07 +0100] "GET / HTTP/1.1" 301 - "-" "Python/3.12 aiohttp/3.11.7"
106.252.202.226 - - [13/Jan/2026:12:36:11 +0100] "POST / HTTP/1.1" 200 105835 "-" "Python/3.12 aiohttp/3.11.7"
109.234.161.42 - - [13/Jan/2026:12:36:35 +0100] "POST /wp-cron.php?doing_wp_cron=1768304195.1328029632568359375000 HTTP/1.1" 200 - "-" "WordPress/6.9; https://akoyahair.com"
66.249.75.202 - - [13/Jan/2026:12:36:34 +0100] "GET /?_g=46164 HTTP/1.1" 200 105840 "-" "Mozilla/5.0 (Linux; Android 6.0.1; Nexus 5X Build/MMB29P) AppleWebKit/537.36 (KHTML, like Gecko) Chrome/143.0.7499.192 Mobile Safari/537.36 (compatible; Googlebot/2.1; +http://www.google.com/bot.html)"
66.249.75.201 - - [13/Jan/2026:12:37:10 +0100] "GET /?_g=894928 HTTP/1.1" 200 105843 "-" "Mozilla/5.0 (Linux; Android 6.0.1; Nexus 5X Build/MMB29P) AppleWebKit/537.36 (KHTML, like Gecko) Chrome/143.0.7499.192 Mobile Safari/537.36 (compatible; Googlebot/2.1; +http://www.google.com/bot.html)"
109.234.161.42 - - [13/Jan/2026:12:37:22 +0100] "POST /wp-cron.php?doing_wp_cron=1768304242.1514379978179931640625 HTTP/1.1" 200 - "-" "WordPress/6.9; https://akoyahair.com"
66.249.75.202 - - [13/Jan/2026:12:37:21 +0100] "GET /wp-content/plugins/paytech_woocommerce/assets/js/checkout.js?ver=1.0.5174 HTTP/1.1" 404 54698 "https://akoyahair.com/?_g=894928" "Mozilla/5.0 (Linux; Android 6.0.1; Nexus 5X Build/MMB29P) AppleWebKit/537.36 (KHTML, like Gecko) Chrome/143.0.7499.169 Mobile Safari/537.36 (compatible; Googlebot/2.1; +http://www.google.com/bot.html)"
54.37.118.73 - - [13/Jan/2026:12:37:29 +0100] "GET /wp-content/plugins/paytech_woocommerce/assets/js/checkout.js?ver=1.0.8560 HTTP/1.1" 404 54698 "-" "Mozilla/5.0 (compatible; AhrefsBot/7.0; +http://ahrefs.com/robot/)"
66.249.75.201 - - [13/Jan/2026:12:37:44 +0100] "GET /?_g=1910888 HTTP/1.1" 200 105848 "-" "Mozilla/5.0 (Linux; Android 6.0.1; Nexus 5X Build/MMB29P) AppleWebKit/537.36 (KHTML, like Gecko) Chrome/143.0.7499.192 Mobile Safari/537.36 (compatible; Googlebot/2.1; +http://www.google.com/bot.html)"
66.249.75.201 - - [13/Jan/2026:12:37:55 +0100] "GET /wp-content/plugins/paytech_woocommerce/assets/js/checkout.js?ver=1.0.8376 HTTP/1.1" 404 54698 "https://akoyahair.com/?_g=1910888" "Mozilla/5.0 (Linux; Android 6.0.1; Nexus 5X Build/MMB29P) AppleWebKit/537.36 (KHTML, like Gecko) Chrome/143.0.7499.169 Mobile Safari/537.36 (compatible; Googlebot/2.1; +http://www.google.com/bot.html)"
66.249.75.201 - - [13/Jan/2026:12:37:58 +0100] "GET /wp-content/plugins/paytech_woocommerce/assets/js/checkout.js?ver=1.0.7043 HTTP/1.1" 404 54698 "https://akoyahair.com/?_g=46164" "Mozilla/5.0 (Linux; Android 6.0.1; Nexus 5X Build/MMB29P) AppleWebKit/537.36 (KHTML, like Gecko) Chrome/143.0.7499.169 Mobile Safari/537.36 (compatible; Googlebot/2.1; +http://www.google.com/bot.html)"
109.234.161.42 - - [13/Jan/2026:12:38:19 +0100] "POST /wp-cron.php?doing_wp_cron=1768304299.4814939498901367187500 HTTP/1.1" 200 - "-" "WordPress/6.9; https://akoyahair.com"
66.249.75.203 - - [13/Jan/2026:12:38:19 +0100] "GET /?_g=1030592 HTTP/1.1" 200 105848 "-" "Mozilla/5.0 (Linux; Android 6.0.1; Nexus 5X Build/MMB29P) AppleWebKit/537.36 (KHTML, like Gecko) Chrome/143.0.7499.192 Mobile Safari/537.36 (compatible; Googlebot/2.1; +http://www.google.com/bot.html)"
66.249.75.203 - - [13/Jan/2026:12:38:22 +0100] "GET /wp-content/plugins/paytech_woocommerce/assets/js/checkout.js?ver=1.0.7817 HTTP/1.1" 404 54697 "https://akoyahair.com/?_g=1030592" "Mozilla/5.0 (Linux; Android 6.0.1; Nexus 5X Build/MMB29P) AppleWebKit/537.36 (KHTML, like Gecko) Chrome/143.0.7499.169 Mobile Safari/537.36 (compatible; Googlebot/2.1; +http://www.google.com/bot.html)"
66.249.75.202 - - [13/Jan/2026:12:38:23 +0100] "GET /wp-content/themes/Akoya/assets/js/modules/plugins/jquery.plugin.js?ver=6.9 HTTP/1.1" 404 54698 "https://akoyahair.com/?_g=1030592" "Mozilla/5.0 (Linux; Android 6.0.1; Nexus 5X Build/MMB29P) AppleWebKit/537.36 (KHTML, like Gecko) Chrome/143.0.7499.169 Mobile Safari/537.36 (compatible; Googlebot/2.1; +http://www.google.com/bot.html)"
66.249.75.201 - - [13/Jan/2026:12:38:54 +0100] "GET /?_g=1128728 HTTP/1.1" 200 105848 "-" "Mozilla/5.0 (Linux; Android 6.0.1; Nexus 5X Build/MMB29P) AppleWebKit/537.36 (KHTML, like Gecko) Chrome/143.0.7499.192 Mobile Safari/537.36 (compatible; Googlebot/2.1; +http://www.google.com/bot.html)"
66.249.75.201 - - [13/Jan/2026:12:38:57 +0100] "GET /wp-content/plugins/paytech_woocommerce/assets/js/checkout.js?ver=1.0.4039 HTTP/1.1" 404 54698 "https://akoyahair.com/?_g=1128728" "Mozilla/5.0 (Linux; Android 6.0.1; Nexus 5X Build/MMB29P) AppleWebKit/537.36 (KHTML, like Gecko) Chrome/143.0.7499.169 Mobile Safari/537.36 (compatible; Googlebot/2.1; +http://www.google.com/bot.html)"
66.249.75.202 - - [13/Jan/2026:12:39:09 +0100] "GET /?_g=2700117 HTTP/1.1" 200 105847 "-" "Mozilla/5.0 (Linux; Android 6.0.1; Nexus 5X Build/MMB29P) AppleWebKit/537.36 (KHTML, like Gecko) Chrome/143.0.7499.192 Mobile Safari/537.36 (compatible; Googlebot/2.1; +http://www.google.com/bot.html)"
66.249.75.201 - - [13/Jan/2026:12:39:14 +0100] "GET /wp-content/plugins/paytech_woocommerce/assets/js/checkout.js?ver=1.0.134 HTTP/1.1" 404 54698 "https://akoyahair.com/?_g=2700117" "Mozilla/5.0 (Linux; Android 6.0.1; Nexus 5X Build/MMB29P) AppleWebKit/537.36 (KHTML, like Gecko) Chrome/143.0.7499.169 Mobile Safari/537.36 (compatible; Googlebot/2.1; +http://www.google.com/bot.html)"
141.98.6.199 - - [13/Jan/2026:12:40:10 +0100] "GET /wp-json/wp/v2/users HTTP/1.1" 406 9667 "https://www.google.com" "Mozilla/5.0 (X11; Linux x86_64) AppleWebKit/537.36 (KHTML, like Gecko) Chrome/119.0.0.0 Safari/537.36"
141.98.6.199 - - [13/Jan/2026:12:40:12 +0100] "GET /?author=1 HTTP/1.1" 301 - "https://www.google.com" "Mozilla/5.0 (X11; Linux x86_64) AppleWebKit/537.36 (KHTML, like Gecko) Chrome/119.0.0.0 Safari/537.36"
141.98.6.199 - - [13/Jan/2026:12:40:13 +0100] "GET /wp-login.php HTTP/1.1" 200 13540 "https://www.google.com" "Mozilla/5.0 (X11; Linux x86_64) AppleWebKit/537.36 (KHTML, like Gecko) Chrome/119.0.0.0 Safari/537.36"
109.234.161.42 - - [13/Jan/2026:12:40:33 +0100] "POST /wp-cron.php?doing_wp_cron=1768304433.5735070705413818359375 HTTP/1.1" 200 - "-" "WordPress/6.9; https://akoyahair.com"
141.98.6.199 - - [13/Jan/2026:12:40:33 +0100] "GET /wp-login.php HTTP/1.1" 200 13540 "https://www.google.com" "Mozilla/5.0 (X11; Linux x86_64) AppleWebKit/537.36 (KHTML, like Gecko) Chrome/119.0.0.0 Safari/537.36"
109.234.161.42 - - [13/Jan/2026:12:42:46 +0100] "POST /wp-cron.php?doing_wp_cron=1768304566.3120529651641845703125 HTTP/1.1" 200 - "-" "WordPress/6.9; https://akoyahair.com"
66.249.75.201 - - [13/Jan/2026:12:42:45 +0100] "GET /?_g=301378 HTTP/1.1" 200 105842 "-" "Mozilla/5.0 (Linux; Android 6.0.1; Nexus 5X Build/MMB29P) AppleWebKit/537.36 (KHTML, like Gecko) Chrome/143.0.7499.192 Mobile Safari/537.36 (compatible; Googlebot/2.1; +http://www.google.com/bot.html)"
66.249.75.201 - - [13/Jan/2026:12:42:51 +0100] "GET /wp-content/plugins/paytech_woocommerce/assets/js/checkout.js?ver=1.0.8844 HTTP/1.1" 404 54698 "https://akoyahair.com/?_g=301378" "Mozilla/5.0 (Linux; Android 6.0.1; Nexus 5X Build/MMB29P) AppleWebKit/537.36 (KHTML, like Gecko) Chrome/143.0.7499.169 Mobile Safari/537.36 (compatible; Googlebot/2.1; +http://www.google.com/bot.html)"
109.234.161.42 - - [13/Jan/2026:12:43:17 +0100] "POST /wp-cron.php?doing_wp_cron=1768304597.1965599060058593750000 HTTP/1.1" 200 - "-" "WordPress/6.9; https://akoyahair.com"
66.249.75.201 - - [13/Jan/2026:12:43:16 +0100] "GET /?_g=1453509 HTTP/1.1" 200 105848 "-" "Mozilla/5.0 (Linux; Android 6.0.1; Nexus 5X Build/MMB29P) AppleWebKit/537.36 (KHTML, like Gecko) Chrome/143.0.7499.192 Mobile Safari/537.36 (compatible; Googlebot/2.1; +http://www.google.com/bot.html)"
109.234.161.42 - - [13/Jan/2026:12:43:22 +0100] "POST /wp-cron.php?doing_wp_cron=1768304602.6495211124420166015625 HTTP/1.1" 200 - "-" "WordPress/6.9; https://akoyahair.com"
66.249.75.202 - - [13/Jan/2026:12:43:22 +0100] "GET /wp-content/plugins/paytech_woocommerce/assets/js/checkout.js?ver=1.0.4068 HTTP/1.1" 404 54698 "https://akoyahair.com/?_g=1453509" "Mozilla/5.0 (Linux; Android 6.0.1; Nexus 5X Build/MMB29P) AppleWebKit/537.36 (KHTML, like Gecko) Chrome/143.0.7499.169 Mobile Safari/537.36 (compatible; Googlebot/2.1; +http://www.google.com/bot.html)"
66.249.75.201 - - [13/Jan/2026:12:43:47 +0100] "GET /?_g=1036838 HTTP/1.1" 200 105848 "-" "Mozilla/5.0 (Linux; Android 6.0.1; Nexus 5X Build/MMB29P) AppleWebKit/537.36 (KHTML, like Gecko) Chrome/143.0.7499.192 Mobile Safari/537.36 (compatible; Googlebot/2.1; +http://www.google.com/bot.html)"
109.234.161.42 - - [13/Jan/2026:12:44:19 +0100] "POST /wp-cron.php?doing_wp_cron=1768304659.1692969799041748046875 HTTP/1.1" 200 - "-" "WordPress/6.9; https://akoyahair.com"
66.249.75.203 - - [13/Jan/2026:12:44:18 +0100] "GET /?_g=2659890 HTTP/1.1" 200 105847 "-" "Mozilla/5.0 (Linux; Android 6.0.1; Nexus 5X Build/MMB29P) AppleWebKit/537.36 (KHTML, like Gecko) Chrome/143.0.7499.192 Mobile Safari/537.36 (compatible; Googlebot/2.1; +http://www.google.com/bot.html)"
66.249.75.201 - - [13/Jan/2026:12:44:24 +0100] "GET /wp-content/plugins/paytech_woocommerce/assets/js/checkout.js?ver=1.0.6130 HTTP/1.1" 404 54698 "https://akoyahair.com/?_g=2659890" "Mozilla/5.0 (Linux; Android 6.0.1; Nexus 5X Build/MMB29P) AppleWebKit/537.36 (KHTML, like Gecko) Chrome/143.0.7499.169 Mobile Safari/537.36 (compatible; Googlebot/2.1; +http://www.google.com/bot.html)"
66.249.75.202 - - [13/Jan/2026:12:44:26 +0100] "GET /wp-content/plugins/curly-core/shortcodes/counter/assets/js/plugins/counter.js?ver=6.9 HTTP/1.1" 404 54698 "https://akoyahair.com/?_g=2659890" "Mozilla/5.0 (Linux; Android 6.0.1; Nexus 5X Build/MMB29P) AppleWebKit/537.36 (KHTML, like Gecko) Chrome/143.0.7499.169 Mobile Safari/537.36 (compatible; Googlebot/2.1; +http://www.google.com/bot.html)"
66.249.75.201 - - [13/Jan/2026:12:44:58 +0100] "GET /wp-content/plugins/paytech_woocommerce/assets/js/checkout.js?ver=1.0.3856 HTTP/1.1" 404 54698 "https://akoyahair.com/?_g=1036838" "Mozilla/5.0 (Linux; Android 6.0.1; Nexus 5X Build/MMB29P) AppleWebKit/537.36 (KHTML, like Gecko) Chrome/143.0.7499.169 Mobile Safari/537.36 (compatible; Googlebot/2.1; +http://www.google.com/bot.html)"
109.234.161.42 - - [13/Jan/2026:12:45:21 +0100] "POST /wp-cron.php?doing_wp_cron=1768304721.1489140987396240234375 HTTP/1.1" 200 - "-" "WordPress/6.9; https://akoyahair.com"
66.249.75.201 - - [13/Jan/2026:12:45:20 +0100] "GET /?_g=1807407 HTTP/1.1" 200 105847 "-" "Mozilla/5.0 (Linux; Android 6.0.1; Nexus 5X Build/MMB29P) AppleWebKit/537.36 (KHTML, like Gecko) Chrome/143.0.7499.192 Mobile Safari/537.36 (compatible; Googlebot/2.1; +http://www.google.com/bot.html)"
66.249.75.201 - - [13/Jan/2026:12:45:26 +0100] "GET /wp-content/plugins/paytech_woocommerce/assets/js/checkout.js?ver=1.0.252 HTTP/1.1" 404 54698 "https://akoyahair.com/?_g=1807407" "Mozilla/5.0 (Linux; Android 6.0.1; Nexus 5X Build/MMB29P) AppleWebKit/537.36 (KHTML, like Gecko) Chrome/143.0.7499.169 Mobile Safari/537.36 (compatible; Googlebot/2.1; +http://www.google.com/bot.html)"
66.249.75.201 - - [13/Jan/2026:12:45:57 +0100] "GET /?_g=1615872 HTTP/1.1" 200 105848 "-" "Mozilla/5.0 (Linux; Android 6.0.1; Nexus 5X Build/MMB29P) AppleWebKit/537.36 (KHTML, like Gecko) Chrome/143.0.7499.192 Mobile Safari/537.36 (compatible; Googlebot/2.1; +http://www.google.com/bot.html)"
66.249.75.202 - - [13/Jan/2026:12:46:02 +0100] "GET /wp-content/plugins/paytech_woocommerce/assets/js/checkout.js?ver=1.0.3976 HTTP/1.1" 404 54697 "https://akoyahair.com/?_g=1615872" "Mozilla/5.0 (Linux; Android 6.0.1; Nexus 5X Build/MMB29P) AppleWebKit/537.36 (KHTML, like Gecko) Chrome/143.0.7499.169 Mobile Safari/537.36 (compatible; Googlebot/2.1; +http://www.google.com/bot.html)"
109.234.161.42 - - [13/Jan/2026:12:46:31 +0100] "POST /wp-cron.php?doing_wp_cron=1768304791.7923979759216308593750 HTTP/1.1" 200 - "-" "WordPress/6.9; https://akoyahair.com"
66.249.75.201 - - [13/Jan/2026:12:46:31 +0100] "GET /?_g=1126724 HTTP/1.1" 200 105848 "-" "Mozilla/5.0 (Linux; Android 6.0.1; Nexus 5X Build/MMB29P) AppleWebKit/537.36 (KHTML, like Gecko) Chrome/143.0.7499.192 Mobile Safari/537.36 (compatible; Googlebot/2.1; +http://www.google.com/bot.html)"
66.249.75.202 - - [13/Jan/2026:12:46:31 +0100] "GET /?_g=1779964 HTTP/1.1" 200 105846 "-" "Mozilla/5.0 (Linux; Android 6.0.1; Nexus 5X Build/MMB29P) AppleWebKit/537.36 (KHTML, like Gecko) Chrome/143.0.7499.192 Mobile Safari/537.36 (compatible; Googlebot/2.1; +http://www.google.com/bot.html)"
66.249.75.201 - - [13/Jan/2026:12:46:38 +0100] "GET /wp-content/plugins/paytech_woocommerce/assets/js/checkout.js?ver=1.0.3798 HTTP/1.1" 404 54698 "https://akoyahair.com/?_g=1126724" "Mozilla/5.0 (Linux; Android 6.0.1; Nexus 5X Build/MMB29P) AppleWebKit/537.36 (KHTML, like Gecko) Chrome/143.0.7499.169 Mobile Safari/537.36 (compatible; Googlebot/2.1; +http://www.google.com/bot.html)"
5.39.1.244 - - [13/Jan/2026:12:46:40 +0100] "GET /portfolio-category/kids/ HTTP/1.1" 200 59390 "-" "Mozilla/5.0 (compatible; AhrefsBot/7.0; +http://ahrefs.com/robot/)"
66.249.75.201 - - [13/Jan/2026:12:46:57 +0100] "GET /wp-content/plugins/paytech_woocommerce/assets/js/checkout.js?ver=1.0.315 HTTP/1.1" 404 54698 "https://akoyahair.com/?_g=1779964" "Mozilla/5.0 (Linux; Android 6.0.1; Nexus 5X Build/MMB29P) AppleWebKit/537.36 (KHTML, like Gecko) Chrome/143.0.7499.169 Mobile Safari/537.36 (compatible; Googlebot/2.1; +http://www.google.com/bot.html)"
109.234.161.42 - - [13/Jan/2026:12:48:04 +0100] "POST /wp-cron.php?doing_wp_cron=1768304884.0671570301055908203125 HTTP/1.1" 200 - "-" "WordPress/6.9; https://akoyahair.com"
66.249.75.202 - - [13/Jan/2026:12:48:03 +0100] "GET /?_g=1409956 HTTP/1.1" 200 105848 "-" "Mozilla/5.0 (Linux; Android 6.0.1; Nexus 5X Build/MMB29P) AppleWebKit/537.36 (KHTML, like Gecko) Chrome/143.0.7499.192 Mobile Safari/537.36 (compatible; Googlebot/2.1; +http://www.google.com/bot.html)"
5.39.1.230 - - [13/Jan/2026:12:48:04 +0100] "GET /wp-content/plugins/paytech_woocommerce/assets/js/checkout.js?ver=1.0.9182 HTTP/1.1" 404 54698 "-" "Mozilla/5.0 (compatible; AhrefsBot/7.0; +http://ahrefs.com/robot/)"
66.249.75.201 - - [13/Jan/2026:12:48:10 +0100] "GET /wp-content/plugins/paytech_woocommerce/assets/js/checkout.js?ver=1.0.8045 HTTP/1.1" 404 54698 "https://akoyahair.com/?_g=1409956" "Mozilla/5.0 (Linux; Android 6.0.1; Nexus 5X Build/MMB29P) AppleWebKit/537.36 (KHTML, like Gecko) Chrome/143.0.7499.169 Mobile Safari/537.36 (compatible; Googlebot/2.1; +http://www.google.com/bot.html)"
109.234.161.42 - - [13/Jan/2026:12:48:38 +0100] "POST /wp-cron.php?doing_wp_cron=1768304918.5345621109008789062500 HTTP/1.1" 200 - "-" "WordPress/6.9; https://akoyahair.com"
66.249.75.201 - - [13/Jan/2026:12:48:38 +0100] "GET /?_g=1286637 HTTP/1.1" 200 105848 "-" "Mozilla/5.0 (Linux; Android 6.0.1; Nexus 5X Build/MMB29P) AppleWebKit/537.36 (KHTML, like Gecko) Chrome/143.0.7499.192 Mobile Safari/537.36 (compatible; Googlebot/2.1; +http://www.google.com/bot.html)"
66.249.75.201 - - [13/Jan/2026:12:48:43 +0100] "GET /wp-content/plugins/paytech_woocommerce/assets/js/checkout.js?ver=1.0.6795 HTTP/1.1" 404 54697 "https://akoyahair.com/?_g=1286637" "Mozilla/5.0 (Linux; Android 6.0.1; Nexus 5X Build/MMB29P) AppleWebKit/537.36 (KHTML, like Gecko) Chrome/143.0.7499.169 Mobile Safari/537.36 (compatible; Googlebot/2.1; +http://www.google.com/bot.html)"
66.249.75.203 - - [13/Jan/2026:12:49:12 +0100] "GET /?_g=1322167 HTTP/1.1" 200 105847 "-" "Mozilla/5.0 (Linux; Android 6.0.1; Nexus 5X Build/MMB29P) AppleWebKit/537.36 (KHTML, like Gecko) Chrome/143.0.7499.192 Mobile Safari/537.36 (compatible; Googlebot/2.1; +http://www.google.com/bot.html)"
66.249.75.202 - - [13/Jan/2026:12:49:18 +0100] "GET /wp-content/plugins/paytech_woocommerce/assets/js/checkout.js?ver=1.0.2343 HTTP/1.1" 404 54698 "https://akoyahair.com/?_g=1322167" "Mozilla/5.0 (Linux; Android 6.0.1; Nexus 5X Build/MMB29P) AppleWebKit/537.36 (KHTML, like Gecko) Chrome/143.0.7499.169 Mobile Safari/537.36 (compatible; Googlebot/2.1; +http://www.google.com/bot.html)"
109.234.161.42 - - [13/Jan/2026:12:50:00 +0100] "POST /wp-cron.php?doing_wp_cron=1768305000.4743509292602539062500 HTTP/1.1" 200 - "-" "WordPress/6.9; https://akoyahair.com"
66.249.75.201 - - [13/Jan/2026:12:50:00 +0100] "GET /?_g=377297 HTTP/1.1" 200 105843 "-" "Mozilla/5.0 (Linux; Android 6.0.1; Nexus 5X Build/MMB29P) AppleWebKit/537.36 (KHTML, like Gecko) Chrome/143.0.7499.192 Mobile Safari/537.36 (compatible; Googlebot/2.1; +http://www.google.com/bot.html)"
66.249.75.202 - - [13/Jan/2026:12:50:08 +0100] "GET /wp-content/plugins/paytech_woocommerce/assets/js/checkout.js?ver=1.0.2705 HTTP/1.1" 404 54698 "https://akoyahair.com/?_g=377297" "Mozilla/5.0 (Linux; Android 6.0.1; Nexus 5X Build/MMB29P) AppleWebKit/537.36 (KHTML, like Gecko) Chrome/143.0.7499.169 Mobile Safari/537.36 (compatible; Googlebot/2.1; +http://www.google.com/bot.html)"
109.234.161.42 - - [13/Jan/2026:12:50:40 +0100] "POST /wp-cron.php?doing_wp_cron=1768305040.1070699691772460937500 HTTP/1.1" 200 - "-" "WordPress/6.9; https://akoyahair.com"
66.249.75.201 - - [13/Jan/2026:12:50:39 +0100] "GET /?_g=263347 HTTP/1.1" 200 105844 "-" "Mozilla/5.0 (Linux; Android 6.0.1; Nexus 5X Build/MMB29P) AppleWebKit/537.36 (KHTML, like Gecko) Chrome/143.0.7499.192 Mobile Safari/537.36 (compatible; Googlebot/2.1; +http://www.google.com/bot.html)"
66.249.75.201 - - [13/Jan/2026:12:50:45 +0100] "GET /wp-content/plugins/paytech_woocommerce/assets/js/checkout.js?ver=1.0.5187 HTTP/1.1" 404 54698 "https://akoyahair.com/?_g=263347" "Mozilla/5.0 (Linux; Android 6.0.1; Nexus 5X Build/MMB29P) AppleWebKit/537.36 (KHTML, like Gecko) Chrome/143.0.7499.169 Mobile Safari/537.36 (compatible; Googlebot/2.1; +http://www.google.com/bot.html)"
109.234.161.42 - - [13/Jan/2026:12:51:38 +0100] "POST /wp-cron.php?doing_wp_cron=1768305098.6703290939331054687500 HTTP/1.1" 200 - "-" "WordPress/6.9; https://akoyahair.com"
66.249.75.202 - - [13/Jan/2026:12:51:38 +0100] "GET /?_g=93715 HTTP/1.1" 200 105839 "-" "Mozilla/5.0 (Linux; Android 6.0.1; Nexus 5X Build/MMB29P) AppleWebKit/537.36 (KHTML, like Gecko) Chrome/143.0.7499.192 Mobile Safari/537.36 (compatible; Googlebot/2.1; +http://www.google.com/bot.html)"
109.234.161.42 - - [13/Jan/2026:12:52:43 +0100] "POST /wp-cron.php?doing_wp_cron=1768305163.9178369045257568359375 HTTP/1.1" 200 - "-" "WordPress/6.9; https://akoyahair.com"
66.249.75.201 - - [13/Jan/2026:12:52:43 +0100] "GET /?_g=1161804 HTTP/1.1" 200 105848 "-" "Mozilla/5.0 (Linux; Android 6.0.1; Nexus 5X Build/MMB29P) AppleWebKit/537.36 (KHTML, like Gecko) Chrome/143.0.7499.192 Mobile Safari/537.36 (compatible; Googlebot/2.1; +http://www.google.com/bot.html)"
66.249.75.202 - - [13/Jan/2026:12:52:46 +0100] "GET /wp-content/plugins/paytech_woocommerce/assets/js/checkout.js?ver=1.0.7981 HTTP/1.1" 404 54697 "https://akoyahair.com/?_g=1161804" "Mozilla/5.0 (Linux; Android 6.0.1; Nexus 5X Build/MMB29P) AppleWebKit/537.36 (KHTML, like Gecko) Chrome/143.0.7499.169 Mobile Safari/537.36 (compatible; Googlebot/2.1; +http://www.google.com/bot.html)"
141.98.6.199 - - [13/Jan/2026:12:56:16 +0100] "GET /wp-json/wp/v2/users HTTP/1.1" 406 9667 "https://www.google.com" "Mozilla/5.0 (X11; Linux x86_64) AppleWebKit/537.36 (KHTML, like Gecko) Chrome/119.0.0.0 Safari/537.36"
141.98.6.199 - - [13/Jan/2026:12:56:17 +0100] "GET /?author=1 HTTP/1.1" 301 - "https://www.google.com" "Mozilla/5.0 (X11; Linux x86_64) AppleWebKit/537.36 (KHTML, like Gecko) Chrome/119.0.0.0 Safari/537.36"
141.98.6.199 - - [13/Jan/2026:12:56:18 +0100] "GET /wp-login.php HTTP/1.1" 200 13540 "https://www.google.com" "Mozilla/5.0 (X11; Linux x86_64) AppleWebKit/537.36 (KHTML, like Gecko) Chrome/119.0.0.0 Safari/537.36"
109.234.161.42 - - [13/Jan/2026:12:56:24 +0100] "POST /wp-cron.php?doing_wp_cron=1768305384.4213469028472900390625 HTTP/1.1" 200 - "-" "WordPress/6.9; https://akoyahair.com"
141.98.6.199 - - [13/Jan/2026:12:56:24 +0100] "GET /wp-login.php HTTP/1.1" 200 13540 "https://www.google.com" "Mozilla/5.0 (X11; Linux x86_64) AppleWebKit/537.36 (KHTML, like Gecko) Chrome/119.0.0.0 Safari/537.36"
109.234.161.42 - - [13/Jan/2026:12:58:20 +0100] "POST /wp-cron.php?doing_wp_cron=1768305500.7474849224090576171875 HTTP/1.1" 200 - "-" "WordPress/6.9; https://akoyahair.com"
66.249.75.201 - - [13/Jan/2026:12:58:20 +0100] "GET /?_g=2201772 HTTP/1.1" 200 105848 "-" "Mozilla/5.0 (Linux; Android 6.0.1; Nexus 5X Build/MMB29P) AppleWebKit/537.36 (KHTML, like Gecko) Chrome/143.0.7499.192 Mobile Safari/537.36 (compatible; Googlebot/2.1; +http://www.google.com/bot.html)"
66.249.75.202 - - [13/Jan/2026:12:58:24 +0100] "GET /wp-content/plugins/paytech_woocommerce/assets/js/checkout.js?ver=1.0.1556 HTTP/1.1" 404 54698 "https://akoyahair.com/?_g=2201772" "Mozilla/5.0 (Linux; Android 6.0.1; Nexus 5X Build/MMB29P) AppleWebKit/537.36 (KHTML, like Gecko) Chrome/143.0.7499.169 Mobile Safari/537.36 (compatible; Googlebot/2.1; +http://www.google.com/bot.html)"
66.249.75.201 - - [13/Jan/2026:12:58:48 +0100] "GET /?_g=487720 HTTP/1.1" 200 105843 "-" "Mozilla/5.0 (Linux; Android 6.0.1; Nexus 5X Build/MMB29P) AppleWebKit/537.36 (KHTML, like Gecko) Chrome/143.0.7499.192 Mobile Safari/537.36 (compatible; Googlebot/2.1; +http://www.google.com/bot.html)"
66.249.75.201 - - [13/Jan/2026:12:58:51 +0100] "GET /wp-content/plugins/paytech_woocommerce/assets/js/checkout.js?ver=1.0.3924 HTTP/1.1" 404 54698 "https://akoyahair.com/?_g=487720" "Mozilla/5.0 (Linux; Android 6.0.1; Nexus 5X Build/MMB29P) AppleWebKit/537.36 (KHTML, like Gecko) Chrome/143.0.7499.169 Mobile Safari/537.36 (compatible; Googlebot/2.1; +http://www.google.com/bot.html)"
51.75.236.151 - - [13/Jan/2026:12:58:54 +0100] "GET /feed/ HTTP/1.1" 200 15129 "-" "Mozilla/5.0 (compatible; AhrefsBot/7.0; +http://ahrefs.com/robot/)"
109.234.161.42 - - [13/Jan/2026:12:59:23 +0100] "POST /wp-cron.php?doing_wp_cron=1768305563.5076169967651367187500 HTTP/1.1" 200 - "-" "WordPress/6.9; https://akoyahair.com"
66.249.75.201 - - [13/Jan/2026:12:59:23 +0100] "GET /?_g=2150808 HTTP/1.1" 200 105847 "-" "Mozilla/5.0 (Linux; Android 6.0.1; Nexus 5X Build/MMB29P) AppleWebKit/537.36 (KHTML, like Gecko) Chrome/143.0.7499.192 Mobile Safari/537.36 (compatible; Googlebot/2.1; +http://www.google.com/bot.html)"
66.249.75.201 - - [13/Jan/2026:12:59:26 +0100] "GET /wp-content/plugins/paytech_woocommerce/assets/js/checkout.js?ver=1.0.630 HTTP/1.1" 404 54698 "https://akoyahair.com/?_g=2150808" "Mozilla/5.0 (Linux; Android 6.0.1; Nexus 5X Build/MMB29P) AppleWebKit/537.36 (KHTML, like Gecko) Chrome/143.0.7499.169 Mobile Safari/537.36 (compatible; Googlebot/2.1; +http://www.google.com/bot.html)"
66.249.75.201 - - [13/Jan/2026:12:59:57 +0100] "GET /?_g=1973062 HTTP/1.1" 200 105846 "-" "Mozilla/5.0 (Linux; Android 6.0.1; Nexus 5X Build/MMB29P) AppleWebKit/537.36 (KHTML, like Gecko) Chrome/143.0.7499.192 Mobile Safari/537.36 (compatible; Googlebot/2.1; +http://www.google.com/bot.html)"
66.249.75.203 - - [13/Jan/2026:13:00:07 +0100] "GET /wp-content/plugins/paytech_woocommerce/assets/js/checkout.js?ver=1.0.190 HTTP/1.1" 404 54698 "https://akoyahair.com/?_g=1973062" "Mozilla/5.0 (Linux; Android 6.0.1; Nexus 5X Build/MMB29P) AppleWebKit/537.36 (KHTML, like Gecko) Chrome/143.0.7499.169 Mobile Safari/537.36 (compatible; Googlebot/2.1; +http://www.google.com/bot.html)"
109.234.161.42 - - [13/Jan/2026:13:00:23 +0100] "POST /wp-cron.php?doing_wp_cron=1768305623.4890329837799072265625 HTTP/1.1" 200 - "-" "WordPress/6.9; https://akoyahair.com"
66.249.75.202 - - [13/Jan/2026:13:00:23 +0100] "GET /?_g=1080100 HTTP/1.1" 200 105848 "-" "Mozilla/5.0 (Linux; Android 6.0.1; Nexus 5X Build/MMB29P) AppleWebKit/537.36 (KHTML, like Gecko) Chrome/143.0.7499.192 Mobile Safari/537.36 (compatible; Googlebot/2.1; +http://www.google.com/bot.html)"
66.249.75.201 - - [13/Jan/2026:13:00:28 +0100] "GET /wp-content/plugins/paytech_woocommerce/assets/js/checkout.js?ver=1.0.8676 HTTP/1.1" 404 54698 "https://akoyahair.com/?_g=1080100" "Mozilla/5.0 (Linux; Android 6.0.1; Nexus 5X Build/MMB29P) AppleWebKit/537.36 (KHTML, like Gecko) Chrome/143.0.7499.169 Mobile Safari/537.36 (compatible; Googlebot/2.1; +http://www.google.com/bot.html)"
109.234.161.42 - - [13/Jan/2026:13:01:58 +0100] "POST /wp-cron.php?doing_wp_cron=1768305718.4239199161529541015625 HTTP/1.1" 200 - "-" "WordPress/6.9; https://akoyahair.com"
66.249.75.203 - - [13/Jan/2026:13:01:58 +0100] "GET /?_g=1806541 HTTP/1.1" 200 105848 "-" "Mozilla/5.0 (Linux; Android 6.0.1; Nexus 5X Build/MMB29P) AppleWebKit/537.36 (KHTML, like Gecko) Chrome/143.0.7499.192 Mobile Safari/537.36 (compatible; Googlebot/2.1; +http://www.google.com/bot.html)"
66.249.75.202 - - [13/Jan/2026:13:02:04 +0100] "GET /wp-content/plugins/paytech_woocommerce/assets/js/checkout.js?ver=1.0.4712 HTTP/1.1" 404 54698 "https://akoyahair.com/?_g=1806541" "Mozilla/5.0 (Linux; Android 6.0.1; Nexus 5X Build/MMB29P) AppleWebKit/537.36 (KHTML, like Gecko) Chrome/143.0.7499.169 Mobile Safari/537.36 (compatible; Googlebot/2.1; +http://www.google.com/bot.html)"
109.234.161.42 - - [13/Jan/2026:13:02:32 +0100] "POST /wp-cron.php?doing_wp_cron=1768305752.7748229503631591796875 HTTP/1.1" 200 - "-" "WordPress/6.9; https://akoyahair.com"
66.249.75.201 - - [13/Jan/2026:13:02:32 +0100] "GET /?_g=425522 HTTP/1.1" 200 105842 "-" "Mozilla/5.0 (Linux; Android 6.0.1; Nexus 5X Build/MMB29P) AppleWebKit/537.36 (KHTML, like Gecko) Chrome/143.0.7499.192 Mobile Safari/537.36 (compatible; Googlebot/2.1; +http://www.google.com/bot.html)"
109.234.161.42 - - [13/Jan/2026:13:03:34 +0100] "POST /wp-cron.php?doing_wp_cron=1768305814.7005910873413085937500 HTTP/1.1" 200 - "-" "WordPress/6.9; https://akoyahair.com"
66.249.75.202 - - [13/Jan/2026:13:03:34 +0100] "GET /wp-content/plugins/paytech_woocommerce/assets/js/checkout.js?ver=1.0.2260 HTTP/1.1" 404 54698 "https://akoyahair.com/?_g=425522" "Mozilla/5.0 (Linux; Android 6.0.1; Nexus 5X Build/MMB29P) AppleWebKit/537.36 (KHTML, like Gecko) Chrome/143.0.7499.169 Mobile Safari/537.36 (compatible; Googlebot/2.1; +http://www.google.com/bot.html)"
66.249.75.201 - - [13/Jan/2026:13:03:42 +0100] "GET /?_g=1714377 HTTP/1.1" 200 105848 "-" "Mozilla/5.0 (Linux; Android 6.0.1; Nexus 5X Build/MMB29P) AppleWebKit/537.36 (KHTML, like Gecko) Chrome/143.0.7499.192 Mobile Safari/537.36 (compatible; Googlebot/2.1; +http://www.google.com/bot.html)"
66.249.75.201 - - [13/Jan/2026:13:03:47 +0100] "GET /wp-content/plugins/paytech_woocommerce/assets/js/checkout.js?ver=1.0.8071 HTTP/1.1" 404 54698 "https://akoyahair.com/?_g=1714377" "Mozilla/5.0 (Linux; Android 6.0.1; Nexus 5X Build/MMB29P) AppleWebKit/537.36 (KHTML, like Gecko) Chrome/143.0.7499.169 Mobile Safari/537.36 (compatible; Googlebot/2.1; +http://www.google.com/bot.html)"
109.234.161.42 - - [13/Jan/2026:13:04:35 +0100] "POST /wp-cron.php?doing_wp_cron=1768305875.9549789428710937500000 HTTP/1.1" 200 - "-" "WordPress/6.9; https://akoyahair.com"
66.249.75.202 - - [13/Jan/2026:13:04:35 +0100] "GET /?_g=294256 HTTP/1.1" 200 105844 "-" "Mozilla/5.0 (Linux; Android 6.0.1; Nexus 5X Build/MMB29P) AppleWebKit/537.36 (KHTML, like Gecko) Chrome/143.0.7499.192 Mobile Safari/537.36 (compatible; Googlebot/2.1; +http://www.google.com/bot.html)"
66.249.75.201 - - [13/Jan/2026:13:04:43 +0100] "GET /wp-content/plugins/paytech_woocommerce/assets/js/checkout.js?ver=1.0.1438 HTTP/1.1" 404 54698 "https://akoyahair.com/?_g=294256" "Mozilla/5.0 (Linux; Android 6.0.1; Nexus 5X Build/MMB29P) AppleWebKit/537.36 (KHTML, like Gecko) Chrome/143.0.7499.169 Mobile Safari/537.36 (compatible; Googlebot/2.1; +http://www.google.com/bot.html)"
109.234.161.42 - - [13/Jan/2026:13:10:40 +0100] "POST /wp-cron.php?doing_wp_cron=1768306240.1017360687255859375000 HTTP/1.1" 200 - "-" "WordPress/6.9; https://akoyahair.com"
66.249.75.202 - - [13/Jan/2026:13:10:39 +0100] "GET /robots.txt HTTP/1.1" 200 388 "-" "Mozilla/5.0 (compatible; Googlebot/2.1; +http://www.google.com/bot.html)"
66.249.75.203 - - [13/Jan/2026:13:10:39 +0100] "GET /?_g=1687540 HTTP/1.1" 200 105847 "-" "Mozilla/5.0 (Linux; Android 6.0.1; Nexus 5X Build/MMB29P) AppleWebKit/537.36 (KHTML, like Gecko) Chrome/143.0.7499.192 Mobile Safari/537.36 (compatible; Googlebot/2.1; +http://www.google.com/bot.html)"
66.249.75.202 - - [13/Jan/2026:13:10:44 +0100] "GET /wp-content/plugins/paytech_woocommerce/assets/js/checkout.js?ver=1.0.9605 HTTP/1.1" 404 54698 "https://akoyahair.com/?_g=1687540" "Mozilla/5.0 (Linux; Android 6.0.1; Nexus 5X Build/MMB29P) AppleWebKit/537.36 (KHTML, like Gecko) Chrome/143.0.7499.169 Mobile Safari/537.36 (compatible; Googlebot/2.1; +http://www.google.com/bot.html)"
66.249.75.203 - - [13/Jan/2026:13:11:41 +0100] "GET /robots.txt HTTP/1.1" 200 388 "-" "Mozilla/5.0 (compatible; Googlebot/2.1; +http://www.google.com/bot.html)"
141.98.6.199 - - [13/Jan/2026:13:11:41 +0100] "GET /wp-json/wp/v2/users HTTP/1.1" 406 9667 "https://www.google.com" "Mozilla/5.0 (X11; Linux x86_64) AppleWebKit/537.36 (KHTML, like Gecko) Chrome/119.0.0.0 Safari/537.36"
66.249.75.203 - - [13/Jan/2026:13:11:41 +0100] "GET /?_g=1177276 HTTP/1.1" 200 105847 "-" "Mozilla/5.0 (Linux; Android 6.0.1; Nexus 5X Build/MMB29P) AppleWebKit/537.36 (KHTML, like Gecko) Chrome/143.0.7499.192 Mobile Safari/537.36 (compatible; Googlebot/2.1; +http://www.google.com/bot.html)"
141.98.6.199 - - [13/Jan/2026:13:11:41 +0100] "GET /?author=1 HTTP/1.1" 301 - "https://www.google.com" "Mozilla/5.0 (X11; Linux x86_64) AppleWebKit/537.36 (KHTML, like Gecko) Chrome/119.0.0.0 Safari/537.36"
141.98.6.199 - - [13/Jan/2026:13:11:43 +0100] "GET /wp-login.php HTTP/1.1" 200 13540 "https://www.google.com" "Mozilla/5.0 (X11; Linux x86_64) AppleWebKit/537.36 (KHTML, like Gecko) Chrome/119.0.0.0 Safari/537.36"
66.249.75.202 - - [13/Jan/2026:13:11:45 +0100] "GET /wp-content/plugins/paytech_woocommerce/assets/js/checkout.js?ver=1.0.5437 HTTP/1.1" 404 54698 "https://akoyahair.com/?_g=1177276" "Mozilla/5.0 (Linux; Android 6.0.1; Nexus 5X Build/MMB29P) AppleWebKit/537.36 (KHTML, like Gecko) Chrome/143.0.7499.169 Mobile Safari/537.36 (compatible; Googlebot/2.1; +http://www.google.com/bot.html)"
66.249.75.201 - - [13/Jan/2026:13:11:45 +0100] "GET /wp-content/plugins/curly-core/shortcodes/custom-font/assets/js/plugins/typed.js?ver=6.9 HTTP/1.1" 404 54698 "https://akoyahair.com/?_g=1177276" "Mozilla/5.0 (Linux; Android 6.0.1; Nexus 5X Build/MMB29P) AppleWebKit/537.36 (KHTML, like Gecko) Chrome/143.0.7499.169 Mobile Safari/537.36 (compatible; Googlebot/2.1; +http://www.google.com/bot.html)"
66.249.75.202 - - [13/Jan/2026:13:11:45 +0100] "GET /wp-content/plugins/curly-core/shortcodes/countdown/assets/js/plugins/jquery.countdown.min.js?ver=6.9 HTTP/1.1" 404 54698 "https://akoyahair.com/?_g=1177276" "Mozilla/5.0 (Linux; Android 6.0.1; Nexus 5X Build/MMB29P) AppleWebKit/537.36 (KHTML, like Gecko) Chrome/143.0.7499.169 Mobile Safari/537.36 (compatible; Googlebot/2.1; +http://www.google.com/bot.html)"
51.75.236.157 - - [13/Jan/2026:13:11:48 +0100] "GET / HTTP/1.1" 200 105783 "-" "Mozilla/5.0 (compatible; AhrefsBot/7.0; +http://ahrefs.com/robot/)"
141.98.6.199 - - [13/Jan/2026:13:11:53 +0100] "GET /wp-login.php HTTP/1.1" 200 13540 "https://www.google.com" "Mozilla/5.0 (X11; Linux x86_64) AppleWebKit/537.36 (KHTML, like Gecko) Chrome/119.0.0.0 Safari/537.36"
41.82.118.21 - - [13/Jan/2026:13:12:06 +0100] "GET / HTTP/1.1" 200 105783 "https://www.google.com/" "Mozilla/5.0 (Windows NT 10.0; Win64; x64) AppleWebKit/537.36 (KHTML, like Gecko) Chrome/143.0.0.0 Safari/537.36"
41.82.118.21 - - [13/Jan/2026:13:12:07 +0100] "GET /wp-includes/js/mediaelement/mediaelementplayer-legacy.min.css?ver=4.2.17 HTTP/1.1" 200 11256 "https://akoyahair.com/" "Mozilla/5.0 (Windows NT 10.0; Win64; x64) AppleWebKit/537.36 (KHTML, like Gecko) Chrome/143.0.0.0 Safari/537.36"
41.82.118.21 - - [13/Jan/2026:13:12:07 +0100] "GET /wp-includes/js/mediaelement/wp-mediaelement.min.css?ver=6.9 HTTP/1.1" 200 4186 "https://akoyahair.com/" "Mozilla/5.0 (Windows NT 10.0; Win64; x64) AppleWebKit/537.36 (KHTML, like Gecko) Chrome/143.0.0.0 Safari/537.36"
41.82.118.21 - - [13/Jan/2026:13:12:07 +0100] "GET /wp-content/plugins/woocommerce/assets/client/blocks/wc-blocks.css?ver=wc-10.1.3 HTTP/1.1" 404 54698 "https://akoyahair.com/" "Mozilla/5.0 (Windows NT 10.0; Win64; x64) AppleWebKit/537.36 (KHTML, like Gecko) Chrome/143.0.0.0 Safari/537.36"
41.82.118.21 - - [13/Jan/2026:13:12:07 +0100] "GET /wp-content/plugins/contact-form-7/includes/css/styles.css?ver=6.1.1 HTTP/1.1" 404 54698 "https://akoyahair.com/" "Mozilla/5.0 (Windows NT 10.0; Win64; x64) AppleWebKit/537.36 (KHTML, like Gecko) Chrome/143.0.0.0 Safari/537.36"
41.82.118.21 - - [13/Jan/2026:13:12:07 +0100] "GET /wp-content/plugins/revslider/public/assets/css/rs6.css?ver=6.2.23 HTTP/1.1" 404 54698 "https://akoyahair.com/" "Mozilla/5.0 (Windows NT 10.0; Win64; x64) AppleWebKit/537.36 (KHTML, like Gecko) Chrome/143.0.0.0 Safari/537.36"
41.82.118.21 - - [13/Jan/2026:13:12:07 +0100] "GET /wp-content/plugins/woocommerce/assets/css/brands.css?ver=10.1.3 HTTP/1.1" 404 54698 "https://akoyahair.com/" "Mozilla/5.0 (Windows NT 10.0; Win64; x64) AppleWebKit/537.36 (KHTML, like Gecko) Chrome/143.0.0.0 Safari/537.36"
41.82.118.21 - - [13/Jan/2026:13:12:07 +0100] "GET /wp-content/themes/Akoya/style.css?ver=6.9 HTTP/1.1" 404 54698 "https://akoyahair.com/" "Mozilla/5.0 (Windows NT 10.0; Win64; x64) AppleWebKit/537.36 (KHTML, like Gecko) Chrome/143.0.0.0 Safari/537.36"
41.82.118.21 - - [13/Jan/2026:13:12:07 +0100] "GET /wp-content/themes/Akoya/assets/css/modules.min.css?ver=6.9 HTTP/1.1" 404 54698 "https://akoyahair.com/" "Mozilla/5.0 (Windows NT 10.0; Win64; x64) AppleWebKit/537.36 (KHTML, like Gecko) Chrome/143.0.0.0 Safari/537.36"
41.82.118.21 - - [13/Jan/2026:13:12:07 +0100] "GET /wp-content/themes/Akoya/assets/css/font-awesome/css/font-awesome.min.css?ver=6.9 HTTP/1.1" 404 54698 "https://akoyahair.com/" "Mozilla/5.0 (Windows NT 10.0; Win64; x64) AppleWebKit/537.36 (KHTML, like Gecko) Chrome/143.0.0.0 Safari/537.36"
41.82.118.21 - - [13/Jan/2026:13:12:07 +0100] "GET /wp-includes/js/jquery/jquery.min.js?ver=3.7.1 HTTP/1.1" 200 87553 "https://akoyahair.com/" "Mozilla/5.0 (Windows NT 10.0; Win64; x64) AppleWebKit/537.36 (KHTML, like Gecko) Chrome/143.0.0.0 Safari/537.36"
41.82.118.21 - - [13/Jan/2026:13:12:07 +0100] "GET /wp-includes/js/jquery/jquery-migrate.min.js?ver=3.4.1 HTTP/1.1" 200 13577 "https://akoyahair.com/" "Mozilla/5.0 (Windows NT 10.0; Win64; x64) AppleWebKit/537.36 (KHTML, like Gecko) Chrome/143.0.0.0 Safari/537.36"
41.82.118.21 - - [13/Jan/2026:13:12:07 +0100] "GET /wp-content/plugins/curly-business/assets/css/business.min.css?ver=6.9 HTTP/1.1" 404 54698 "https://akoyahair.com/" "Mozilla/5.0 (Windows NT 10.0; Win64; x64) AppleWebKit/537.36 (KHTML, like Gecko) Chrome/143.0.0.0 Safari/537.36"
41.82.118.21 - - [13/Jan/2026:13:12:07 +0100] "GET /wp-content/plugins/curly-business/assets/css/business-responsive.min.css?ver=6.9 HTTP/1.1" 404 54698 "https://akoyahair.com/" "Mozilla/5.0 (Windows NT 10.0; Win64; x64) AppleWebKit/537.36 (KHTML, like Gecko) Chrome/143.0.0.0 Safari/537.36"
41.82.118.21 - - [13/Jan/2026:13:12:07 +0100] "GET /wp-content/themes/Akoya/assets/css/style_dynamic.css?ver=1755533948 HTTP/1.1" 404 54698 "https://akoyahair.com/" "Mozilla/5.0 (Windows NT 10.0; Win64; x64) AppleWebKit/537.36 (KHTML, like Gecko) Chrome/143.0.0.0 Safari/537.36"
41.82.118.21 - - [13/Jan/2026:13:12:07 +0100] "GET /wp-content/themes/Akoya/assets/css/modules-responsive.min.css?ver=6.9 HTTP/1.1" 404 54698 "https://akoyahair.com/" "Mozilla/5.0 (Windows NT 10.0; Win64; x64) AppleWebKit/537.36 (KHTML, like Gecko) Chrome/143.0.0.0 Safari/537.36"
41.82.118.21 - - [13/Jan/2026:13:12:07 +0100] "GET /wp-content/themes/Akoya/assets/css/woocommerce-responsive.min.css?ver=6.9 HTTP/1.1" 404 54698 "https://akoyahair.com/" "Mozilla/5.0 (Windows NT 10.0; Win64; x64) AppleWebKit/537.36 (KHTML, like Gecko) Chrome/143.0.0.0 Safari/537.36"
41.82.118.21 - - [13/Jan/2026:13:12:07 +0100] "GET /wp-content/themes/Akoya/assets/css/woocommerce.min.css?ver=6.9 HTTP/1.1" 404 54698 "https://akoyahair.com/" "Mozilla/5.0 (Windows NT 10.0; Win64; x64) AppleWebKit/537.36 (KHTML, like Gecko) Chrome/143.0.0.0 Safari/537.36"
41.82.118.21 - - [13/Jan/2026:13:12:07 +0100] "GET /wp-content/plugins/curly-core/core-dashboard/assets/css/core-dashboard.min.css?ver=6.9 HTTP/1.1" 404 54698 "https://akoyahair.com/" "Mozilla/5.0 (Windows NT 10.0; Win64; x64) AppleWebKit/537.36 (KHTML, like Gecko) Chrome/143.0.0.0 Safari/537.36"
41.82.118.21 - - [13/Jan/2026:13:12:07 +0100] "GET /wp-content/plugins/js_composer/assets/css/js_composer.min.css?ver=6.4.0 HTTP/1.1" 404 54698 "https://akoyahair.com/" "Mozilla/5.0 (Windows NT 10.0; Win64; x64) AppleWebKit/537.36 (KHTML, like Gecko) Chrome/143.0.0.0 Safari/537.36"
41.82.118.21 - - [13/Jan/2026:13:12:07 +0100] "GET /wp-content/plugins/revslider/public/assets/js/rbtools.min.js?ver=6.2.23 HTTP/1.1" 404 54698 "https://akoyahair.com/" "Mozilla/5.0 (Windows NT 10.0; Win64; x64) AppleWebKit/537.36 (KHTML, like Gecko) Chrome/143.0.0.0 Safari/537.36"
41.82.118.21 - - [13/Jan/2026:13:12:07 +0100] "GET /wp-content/themes/Akoya/assets/css/style_dynamic_responsive.css?ver=1755533948 HTTP/1.1" 404 54698 "https://akoyahair.com/" "Mozilla/5.0 (Windows NT 10.0; Win64; x64) AppleWebKit/537.36 (KHTML, like Gecko) Chrome/143.0.0.0 Safari/537.36"
41.82.118.21 - - [13/Jan/2026:13:12:07 +0100] "GET /wp-content/plugins/woocommerce/assets/js/jquery-blockui/jquery.blockUI.min.js?ver=2.7.0-wc.10.1.3 HTTP/1.1" 404 54698 "https://akoyahair.com/" "Mozilla/5.0 (Windows NT 10.0; Win64; x64) AppleWebKit/537.36 (KHTML, like Gecko) Chrome/143.0.0.0 Safari/537.36"
41.82.118.21 - - [13/Jan/2026:13:12:07 +0100] "GET /wp-content/plugins/revslider/public/assets/js/rs6.min.js?ver=6.2.23 HTTP/1.1" 404 54698 "https://akoyahair.com/" "Mozilla/5.0 (Windows NT 10.0; Win64; x64) AppleWebKit/537.36 (KHTML, like Gecko) Chrome/143.0.0.0 Safari/537.36"
41.82.118.21 - - [13/Jan/2026:13:12:07 +0100] "GET /wp-content/uploads/2024/07/DSC08120-scaled.jpg HTTP/1.1" 404 54698 "https://akoyahair.com/" "Mozilla/5.0 (Windows NT 10.0; Win64; x64) AppleWebKit/537.36 (KHTML, like Gecko) Chrome/143.0.0.0 Safari/537.36"
41.82.118.21 - - [13/Jan/2026:13:12:07 +0100] "GET /wp-content/plugins/js_composer/assets/js/vendors/woocommerce-add-to-cart.js?ver=6.4.0 HTTP/1.1" 404 54698 "https://akoyahair.com/" "Mozilla/5.0 (Windows NT 10.0; Win64; x64) AppleWebKit/537.36 (KHTML, like Gecko) Chrome/143.0.0.0 Safari/537.36"
41.82.118.21 - - [13/Jan/2026:13:12:07 +0100] "GET /wp-content/plugins/woocommerce/assets/js/frontend/add-to-cart.min.js?ver=10.1.3 HTTP/1.1" 404 54698 "https://akoyahair.com/" "Mozilla/5.0 (Windows NT 10.0; Win64; x64) AppleWebKit/537.36 (KHTML, like Gecko) Chrome/143.0.0.0 Safari/537.36"
41.82.118.21 - - [13/Jan/2026:13:12:07 +0100] "GET /wp-content/uploads/2021/06/Webp.net-resizeimage.png HTTP/1.1" 404 54698 "https://akoyahair.com/" "Mozilla/5.0 (Windows NT 10.0; Win64; x64) AppleWebKit/537.36 (KHTML, like Gecko) Chrome/143.0.0.0 Safari/537.36"
41.82.118.21 - - [13/Jan/2026:13:12:07 +0100] "GET /wp-content/plugins/js_composer/assets/lib/bower/animate-css/animate.min.css?ver=6.4.0 HTTP/1.1" 404 54698 "https://akoyahair.com/" "Mozilla/5.0 (Windows NT 10.0; Win64; x64) AppleWebKit/537.36 (KHTML, like Gecko) Chrome/143.0.0.0 Safari/537.36"
41.82.118.21 - - [13/Jan/2026:13:12:07 +0100] "GET /wp-content/uploads/2021/06/cropped-Favicon-min-2.png HTTP/1.1" 404 54697 "https://akoyahair.com/" "Mozilla/5.0 (Windows NT 10.0; Win64; x64) AppleWebKit/537.36 (KHTML, like Gecko) Chrome/143.0.0.0 Safari/537.36"
41.82.118.21 - - [13/Jan/2026:13:12:08 +0100] "GET /wp-includes/js/dist/hooks.min.js?ver=dd5603f07f9220ed27f1 HTTP/1.1" 200 5661 "https://akoyahair.com/" "Mozilla/5.0 (Windows NT 10.0; Win64; x64) AppleWebKit/537.36 (KHTML, like Gecko) Chrome/143.0.0.0 Safari/537.36"
41.82.118.21 - - [13/Jan/2026:13:12:08 +0100] "GET /wp-includes/js/dist/i18n.min.js?ver=c26c3dc7bed366793375 HTTP/1.1" 200 5314 "https://akoyahair.com/" "Mozilla/5.0 (Windows NT 10.0; Win64; x64) AppleWebKit/537.36 (KHTML, like Gecko) Chrome/143.0.0.0 Safari/537.36"
41.82.118.21 - - [13/Jan/2026:13:12:08 +0100] "GET /wp-includes/js/jquery/ui/tabs.min.js?ver=1.13.3 HTTP/1.1" 200 12008 "https://akoyahair.com/" "Mozilla/5.0 (Windows NT 10.0; Win64; x64) AppleWebKit/537.36 (KHTML, like Gecko) Chrome/143.0.0.0 Safari/537.36"
41.82.118.21 - - [13/Jan/2026:13:12:08 +0100] "GET /wp-includes/js/jquery/ui/core.min.js?ver=1.13.3 HTTP/1.1" 200 21464 "https://akoyahair.com/" "Mozilla/5.0 (Windows NT 10.0; Win64; x64) AppleWebKit/537.36 (KHTML, like Gecko) Chrome/143.0.0.0 Safari/537.36"
41.82.118.21 - - [13/Jan/2026:13:12:08 +0100] "GET /wp-includes/js/jquery/ui/accordion.min.js?ver=1.13.3 HTTP/1.1" 200 8860 "https://akoyahair.com/" "Mozilla/5.0 (Windows NT 10.0; Win64; x64) AppleWebKit/537.36 (KHTML, like Gecko) Chrome/143.0.0.0 Safari/537.36"
41.82.118.21 - - [13/Jan/2026:13:12:07 +0100] "GET /wp-content/uploads/2021/04/Slider-min.jpg HTTP/1.1" 404 54698 "https://akoyahair.com/" "Mozilla/5.0 (Windows NT 10.0; Win64; x64) AppleWebKit/537.36 (KHTML, like Gecko) Chrome/143.0.0.0 Safari/537.36"
41.82.118.21 - - [13/Jan/2026:13:12:08 +0100] "GET /wp-includes/js/mediaelement/mediaelement-and-player.min.js?ver=4.2.17 HTTP/1.1" 200 158005 "https://akoyahair.com/" "Mozilla/5.0 (Windows NT 10.0; Win64; x64) AppleWebKit/537.36 (KHTML, like Gecko) Chrome/143.0.0.0 Safari/537.36"
41.82.118.21 - - [13/Jan/2026:13:12:08 +0100] "GET /wp-includes/js/mediaelement/mediaelement-migrate.min.js?ver=6.9 HTTP/1.1" 200 1191 "https://akoyahair.com/" "Mozilla/5.0 (Windows NT 10.0; Win64; x64) AppleWebKit/537.36 (KHTML, like Gecko) Chrome/143.0.0.0 Safari/537.36"
41.82.118.21 - - [13/Jan/2026:13:12:08 +0100] "GET /wp-includes/js/mediaelement/wp-mediaelement.min.js?ver=6.9 HTTP/1.1" 200 1107 "https://akoyahair.com/" "Mozilla/5.0 (Windows NT 10.0; Win64; x64) AppleWebKit/537.36 (KHTML, like Gecko) Chrome/143.0.0.0 Safari/537.36"
41.82.118.21 - - [13/Jan/2026:13:12:08 +0100] "GET /wp-content/plugins/contact-form-7/includes/swv/js/index.js?ver=6.1.1 HTTP/1.1" 404 54698 "https://akoyahair.com/" "Mozilla/5.0 (Windows NT 10.0; Win64; x64) AppleWebKit/537.36 (KHTML, like Gecko) Chrome/143.0.0.0 Safari/537.36"
41.82.118.21 - - [13/Jan/2026:13:12:08 +0100] "GET /wp-content/plugins/paytech_woocommerce/assets/js/checkout.js?ver=1.0.334 HTTP/1.1" 404 54698 "https://akoyahair.com/" "Mozilla/5.0 (Windows NT 10.0; Win64; x64) AppleWebKit/537.36 (KHTML, like Gecko) Chrome/143.0.0.0 Safari/537.36"
41.82.118.21 - - [13/Jan/2026:13:12:08 +0100] "GET /wp-content/plugins/contact-form-7/includes/js/index.js?ver=6.1.1 HTTP/1.1" 404 54698 "https://akoyahair.com/" "Mozilla/5.0 (Windows NT 10.0; Win64; x64) AppleWebKit/537.36 (KHTML, like Gecko) Chrome/143.0.0.0 Safari/537.36"
41.82.118.21 - - [13/Jan/2026:13:12:08 +0100] "GET /wp-content/plugins/paytech_woocommerce/assets/js/open-mode-popup.js HTTP/1.1" 404 54697 "https://akoyahair.com/" "Mozilla/5.0 (Windows NT 10.0; Win64; x64) AppleWebKit/537.36 (KHTML, like Gecko) Chrome/143.0.0.0 Safari/537.36"
41.82.118.21 - - [13/Jan/2026:13:12:08 +0100] "GET /wp-includes/js/hoverIntent.min.js?ver=1.10.2 HTTP/1.1" 200 1499 "https://akoyahair.com/" "Mozilla/5.0 (Windows NT 10.0; Win64; x64) AppleWebKit/537.36 (KHTML, like Gecko) Chrome/143.0.0.0 Safari/537.36"
41.82.118.21 - - [13/Jan/2026:13:12:08 +0100] "GET /wp-content/themes/Akoya/assets/js/modules/plugins/modernizr.min.js?ver=6.9 HTTP/1.1" 404 54696 "https://akoyahair.com/" "Mozilla/5.0 (Windows NT 10.0; Win64; x64) AppleWebKit/537.36 (KHTML, like Gecko) Chrome/143.0.0.0 Safari/537.36"
41.82.118.21 - - [13/Jan/2026:13:12:08 +0100] "GET /wp-content/themes/Akoya/assets/js/modules/plugins/jquery.appear.js?ver=6.9 HTTP/1.1" 404 54697 "https://akoyahair.com/" "Mozilla/5.0 (Windows NT 10.0; Win64; x64) AppleWebKit/537.36 (KHTML, like Gecko) Chrome/143.0.0.0 Safari/537.36"
