66.249.75.203 - - [13/Jan/2026:03:47:01 +0100] "GET /wp-content/plugins/curly-business/assets/css/business.min.css?ver=6.9 HTTP/1.1" 404 54698 "https://akoyahair.com/?_g=1916953" "Mozilla/5.0 (Linux; Android 6.0.1; Nexus 5X Build/MMB29P) AppleWebKit/537.36 (KHTML, like Gecko) Chrome/143.0.7499.169 Mobile Safari/537.36 (compatible; Googlebot/2.1; +http://www.google.com/bot.html)"
66.249.75.202 - - [13/Jan/2026:03:47:01 +0100] "GET /wp-content/themes/Akoya/assets/css/modules.min.css?ver=6.9 HTTP/1.1" 404 54696 "https://akoyahair.com/?_g=1916953" "Mozilla/5.0 (Linux; Android 6.0.1; Nexus 5X Build/MMB29P) AppleWebKit/537.36 (KHTML, like Gecko) Chrome/143.0.7499.169 Mobile Safari/537.36 (compatible; Googlebot/2.1; +http://www.google.com/bot.html)"
66.249.75.202 - - [13/Jan/2026:03:47:01 +0100] "GET /wp-content/themes/Akoya/assets/css/woocommerce-responsive.min.css?ver=6.9 HTTP/1.1" 404 54697 "https://akoyahair.com/?_g=1916953" "Mozilla/5.0 (Linux; Android 6.0.1; Nexus 5X Build/MMB29P) AppleWebKit/537.36 (KHTML, like Gecko) Chrome/143.0.7499.169 Mobile Safari/537.36 (compatible; Googlebot/2.1; +http://www.google.com/bot.html)"
66.249.75.203 - - [13/Jan/2026:03:47:01 +0100] "GET /wp-content/plugins/woocommerce/assets/js/frontend/add-to-cart.min.js?ver=10.1.3 HTTP/1.1" 404 54698 "https://akoyahair.com/?_g=1916953" "Mozilla/5.0 (Linux; Android 6.0.1; Nexus 5X Build/MMB29P) AppleWebKit/537.36 (KHTML, like Gecko) Chrome/143.0.7499.169 Mobile Safari/537.36 (compatible; Googlebot/2.1; +http://www.google.com/bot.html)"
66.249.75.203 - - [13/Jan/2026:03:47:01 +0100] "GET /wp-content/themes/Akoya/assets/css/style_dynamic_responsive.css?ver=1755533948 HTTP/1.1" 404 54698 "https://akoyahair.com/?_g=1916953" "Mozilla/5.0 (Linux; Android 6.0.1; Nexus 5X Build/MMB29P) AppleWebKit/537.36 (KHTML, like Gecko) Chrome/143.0.7499.169 Mobile Safari/537.36 (compatible; Googlebot/2.1; +http://www.google.com/bot.html)"
66.249.75.201 - - [13/Jan/2026:03:47:01 +0100] "GET /wp-content/plugins/revslider/public/assets/css/rs6.css?ver=6.2.23 HTTP/1.1" 404 54698 "https://akoyahair.com/?_g=1916953" "Mozilla/5.0 (Linux; Android 6.0.1; Nexus 5X Build/MMB29P) AppleWebKit/537.36 (KHTML, like Gecko) Chrome/143.0.7499.169 Mobile Safari/537.36 (compatible; Googlebot/2.1; +http://www.google.com/bot.html)"
66.249.75.203 - - [13/Jan/2026:03:47:01 +0100] "GET /wp-content/themes/Akoya/assets/css/modules-responsive.min.css?ver=6.9 HTTP/1.1" 404 54697 "https://akoyahair.com/?_g=1916953" "Mozilla/5.0 (Linux; Android 6.0.1; Nexus 5X Build/MMB29P) AppleWebKit/537.36 (KHTML, like Gecko) Chrome/143.0.7499.169 Mobile Safari/537.36 (compatible; Googlebot/2.1; +http://www.google.com/bot.html)"
66.249.75.201 - - [13/Jan/2026:03:47:02 +0100] "GET /wp-content/plugins/revslider/public/assets/js/rbtools.min.js?ver=6.2.23 HTTP/1.1" 404 54698 "https://akoyahair.com/?_g=1916953" "Mozilla/5.0 (Linux; Android 6.0.1; Nexus 5X Build/MMB29P) AppleWebKit/537.36 (KHTML, like Gecko) Chrome/143.0.7499.169 Mobile Safari/537.36 (compatible; Googlebot/2.1; +http://www.google.com/bot.html)"
66.249.75.202 - - [13/Jan/2026:03:47:02 +0100] "GET /wp-content/themes/Akoya/assets/css/font-awesome/css/font-awesome.min.css?ver=6.9 HTTP/1.1" 404 54697 "https://akoyahair.com/?_g=1916953" "Mozilla/5.0 (Linux; Android 6.0.1; Nexus 5X Build/MMB29P) AppleWebKit/537.36 (KHTML, like Gecko) Chrome/143.0.7499.169 Mobile Safari/537.36 (compatible; Googlebot/2.1; +http://www.google.com/bot.html)"
66.249.75.201 - - [13/Jan/2026:03:47:02 +0100] "GET /wp-content/themes/Akoya/assets/css/woocommerce.min.css?ver=6.9 HTTP/1.1" 404 54698 "https://akoyahair.com/?_g=1916953" "Mozilla/5.0 (Linux; Android 6.0.1; Nexus 5X Build/MMB29P) AppleWebKit/537.36 (KHTML, like Gecko) Chrome/143.0.7499.169 Mobile Safari/537.36 (compatible; Googlebot/2.1; +http://www.google.com/bot.html)"
66.249.75.202 - - [13/Jan/2026:03:47:02 +0100] "GET /wp-content/plugins/contact-form-7/includes/js/index.js?ver=6.1.1 HTTP/1.1" 404 54697 "https://akoyahair.com/?_g=1916953" "Mozilla/5.0 (Linux; Android 6.0.1; Nexus 5X Build/MMB29P) AppleWebKit/537.36 (KHTML, like Gecko) Chrome/143.0.7499.169 Mobile Safari/537.36 (compatible; Googlebot/2.1; +http://www.google.com/bot.html)"
66.249.75.201 - - [13/Jan/2026:03:47:02 +0100] "GET /wp-content/themes/Akoya/assets/css/style_dynamic.css?ver=1755533948 HTTP/1.1" 404 54698 "https://akoyahair.com/?_g=1916953" "Mozilla/5.0 (Linux; Android 6.0.1; Nexus 5X Build/MMB29P) AppleWebKit/537.36 (KHTML, like Gecko) Chrome/143.0.7499.169 Mobile Safari/537.36 (compatible; Googlebot/2.1; +http://www.google.com/bot.html)"
66.249.75.203 - - [13/Jan/2026:03:47:02 +0100] "GET /wp-content/plugins/contact-form-7/includes/swv/js/index.js?ver=6.1.1 HTTP/1.1" 404 54698 "https://akoyahair.com/?_g=1916953" "Mozilla/5.0 (Linux; Android 6.0.1; Nexus 5X Build/MMB29P) AppleWebKit/537.36 (KHTML, like Gecko) Chrome/143.0.7499.169 Mobile Safari/537.36 (compatible; Googlebot/2.1; +http://www.google.com/bot.html)"
66.249.75.201 - - [13/Jan/2026:03:47:02 +0100] "GET /wp-includes/js/jquery/ui/datepicker.min.js?ver=1.13.3 HTTP/1.1" 200 36748 "https://akoyahair.com/?_g=1916953" "Mozilla/5.0 (Linux; Android 6.0.1; Nexus 5X Build/MMB29P) AppleWebKit/537.36 (KHTML, like Gecko) Chrome/143.0.7499.169 Mobile Safari/537.36 (compatible; Googlebot/2.1; +http://www.google.com/bot.html)"
66.249.75.202 - - [13/Jan/2026:03:47:02 +0100] "GET /wp-content/plugins/paytech_woocommerce/assets/js/checkout.js?ver=1.0.2034 HTTP/1.1" 404 54698 "https://akoyahair.com/?_g=1916953" "Mozilla/5.0 (Linux; Android 6.0.1; Nexus 5X Build/MMB29P) AppleWebKit/537.36 (KHTML, like Gecko) Chrome/143.0.7499.169 Mobile Safari/537.36 (compatible; Googlebot/2.1; +http://www.google.com/bot.html)"
66.249.75.202 - - [13/Jan/2026:03:47:02 +0100] "GET /wp-content/themes/Akoya/assets/js/modules/plugins/jquery.waitforimages.js?ver=6.9 HTTP/1.1" 404 54698 "https://akoyahair.com/?_g=1916953" "Mozilla/5.0 (Linux; Android 6.0.1; Nexus 5X Build/MMB29P) AppleWebKit/537.36 (KHTML, like Gecko) Chrome/143.0.7499.169 Mobile Safari/537.36 (compatible; Googlebot/2.1; +http://www.google.com/bot.html)"
66.249.75.202 - - [13/Jan/2026:03:47:03 +0100] "GET /wp-content/plugins/curly-core/shortcodes/counter/assets/js/plugins/absoluteCounter.min.js?ver=6.9 HTTP/1.1" 404 54698 "https://akoyahair.com/?_g=1916953" "Mozilla/5.0 (Linux; Android 6.0.1; Nexus 5X Build/MMB29P) AppleWebKit/537.36 (KHTML, like Gecko) Chrome/143.0.7499.169 Mobile Safari/537.36 (compatible; Googlebot/2.1; +http://www.google.com/bot.html)"
66.249.75.201 - - [13/Jan/2026:03:47:03 +0100] "GET /wp-content/themes/Akoya/assets/js/modules/plugins/fluidvids.min.js?ver=6.9 HTTP/1.1" 404 54698 "https://akoyahair.com/?_g=1916953" "Mozilla/5.0 (Linux; Android 6.0.1; Nexus 5X Build/MMB29P) AppleWebKit/537.36 (KHTML, like Gecko) Chrome/143.0.7499.169 Mobile Safari/537.36 (compatible; Googlebot/2.1; +http://www.google.com/bot.html)"
66.249.75.202 - - [13/Jan/2026:03:47:03 +0100] "GET /wp-content/themes/Akoya/assets/js/modules/plugins/jquery.appear.js?ver=6.9 HTTP/1.1" 404 54698 "https://akoyahair.com/?_g=1916953" "Mozilla/5.0 (Linux; Android 6.0.1; Nexus 5X Build/MMB29P) AppleWebKit/537.36 (KHTML, like Gecko) Chrome/143.0.7499.169 Mobile Safari/537.36 (compatible; Googlebot/2.1; +http://www.google.com/bot.html)"
66.249.75.203 - - [13/Jan/2026:03:47:03 +0100] "GET /wp-content/plugins/paytech_woocommerce/assets/js/open-mode-popup.js HTTP/1.1" 404 54698 "https://akoyahair.com/?_g=1916953" "Mozilla/5.0 (Linux; Android 6.0.1; Nexus 5X Build/MMB29P) AppleWebKit/537.36 (KHTML, like Gecko) Chrome/143.0.7499.169 Mobile Safari/537.36 (compatible; Googlebot/2.1; +http://www.google.com/bot.html)"
66.249.75.203 - - [13/Jan/2026:03:47:03 +0100] "GET /wp-content/plugins/curly-core/shortcodes/pie-chart/assets/js/plugins/easypiechart.js?ver=6.9 HTTP/1.1" 404 54698 "https://akoyahair.com/?_g=1916953" "Mozilla/5.0 (Linux; Android 6.0.1; Nexus 5X Build/MMB29P) AppleWebKit/537.36 (KHTML, like Gecko) Chrome/143.0.7499.169 Mobile Safari/537.36 (compatible; Googlebot/2.1; +http://www.google.com/bot.html)"
66.249.75.203 - - [13/Jan/2026:03:47:03 +0100] "GET /wp-content/themes/Akoya/assets/js/modules.min.js?ver=6.9 HTTP/1.1" 404 54697 "https://akoyahair.com/?_g=1916953" "Mozilla/5.0 (Linux; Android 6.0.1; Nexus 5X Build/MMB29P) AppleWebKit/537.36 (KHTML, like Gecko) Chrome/143.0.7499.169 Mobile Safari/537.36 (compatible; Googlebot/2.1; +http://www.google.com/bot.html)"
66.249.75.201 - - [13/Jan/2026:03:47:03 +0100] "GET /wp-content/plugins/js_composer/assets/lib/bower/isotope/dist/isotope.pkgd.min.js?ver=6.4.0 HTTP/1.1" 404 54698 "https://akoyahair.com/?_g=1916953" "Mozilla/5.0 (Linux; Android 6.0.1; Nexus 5X Build/MMB29P) AppleWebKit/537.36 (KHTML, like Gecko) Chrome/143.0.7499.169 Mobile Safari/537.36 (compatible; Googlebot/2.1; +http://www.google.com/bot.html)"
66.249.75.203 - - [13/Jan/2026:03:47:03 +0100] "GET /wp-content/plugins/curly-business/assets/js/business.min.js?ver=6.9 HTTP/1.1" 404 54697 "https://akoyahair.com/?_g=1916953" "Mozilla/5.0 (Linux; Android 6.0.1; Nexus 5X Build/MMB29P) AppleWebKit/537.36 (KHTML, like Gecko) Chrome/143.0.7499.169 Mobile Safari/537.36 (compatible; Googlebot/2.1; +http://www.google.com/bot.html)"
66.249.75.203 - - [13/Jan/2026:03:47:03 +0100] "GET /wp-content/plugins/js_composer/assets/js/dist/js_composer_front.min.js?ver=6.4.0 HTTP/1.1" 404 54698 "https://akoyahair.com/?_g=1916953" "Mozilla/5.0 (Linux; Android 6.0.1; Nexus 5X Build/MMB29P) AppleWebKit/537.36 (KHTML, like Gecko) Chrome/143.0.7499.169 Mobile Safari/537.36 (compatible; Googlebot/2.1; +http://www.google.com/bot.html)"
66.249.75.202 - - [13/Jan/2026:03:47:04 +0100] "GET /wp-content/plugins/curly-core/shortcodes/vertical-split-slider/assets/js/plugins/jquery.multiscroll.min.js?ver=6.9 HTTP/1.1" 404 54698 "https://akoyahair.com/?_g=1916953" "Mozilla/5.0 (Linux; Android 6.0.1; Nexus 5X Build/MMB29P) AppleWebKit/537.36 (KHTML, like Gecko) Chrome/143.0.7499.169 Mobile Safari/537.36 (compatible; Googlebot/2.1; +http://www.google.com/bot.html)"
66.249.75.203 - - [13/Jan/2026:03:47:04 +0100] "GET /wp-content/themes/Akoya/assets/js/modules/plugins/parallax.min.js?ver=6.9 HTTP/1.1" 404 54698 "https://akoyahair.com/?_g=1916953" "Mozilla/5.0 (Linux; Android 6.0.1; Nexus 5X Build/MMB29P) AppleWebKit/537.36 (KHTML, like Gecko) Chrome/143.0.7499.169 Mobile Safari/537.36 (compatible; Googlebot/2.1; +http://www.google.com/bot.html)"
66.249.75.201 - - [13/Jan/2026:03:47:04 +0100] "GET /wp-content/themes/Akoya/assets/js/modules/plugins/packery-mode.pkgd.min.js?ver=6.9 HTTP/1.1" 404 54698 "https://akoyahair.com/?_g=1916953" "Mozilla/5.0 (Linux; Android 6.0.1; Nexus 5X Build/MMB29P) AppleWebKit/537.36 (KHTML, like Gecko) Chrome/143.0.7499.169 Mobile Safari/537.36 (compatible; Googlebot/2.1; +http://www.google.com/bot.html)"
66.249.75.202 - - [13/Jan/2026:03:47:04 +0100] "GET /wp-content/plugins/woocommerce/assets/js/frontend/order-attribution.min.js?ver=10.1.3 HTTP/1.1" 404 54698 "https://akoyahair.com/?_g=1916953" "Mozilla/5.0 (Linux; Android 6.0.1; Nexus 5X Build/MMB29P) AppleWebKit/537.36 (KHTML, like Gecko) Chrome/143.0.7499.169 Mobile Safari/537.36 (compatible; Googlebot/2.1; +http://www.google.com/bot.html)"
66.249.75.201 - - [13/Jan/2026:03:47:04 +0100] "GET /wp-content/plugins/js_composer/assets/lib/prettyphoto/js/jquery.prettyPhoto.min.js?ver=6.4.0 HTTP/1.1" 404 54698 "https://akoyahair.com/?_g=1916953" "Mozilla/5.0 (Linux; Android 6.0.1; Nexus 5X Build/MMB29P) AppleWebKit/537.36 (KHTML, like Gecko) Chrome/143.0.7499.169 Mobile Safari/537.36 (compatible; Googlebot/2.1; +http://www.google.com/bot.html)"
66.249.75.201 - - [13/Jan/2026:03:47:04 +0100] "GET /wp-content/themes/Akoya/assets/js/modules/plugins/modernizr.min.js?ver=6.9 HTTP/1.1" 404 54698 "https://akoyahair.com/?_g=1916953" "Mozilla/5.0 (Linux; Android 6.0.1; Nexus 5X Build/MMB29P) AppleWebKit/537.36 (KHTML, like Gecko) Chrome/143.0.7499.169 Mobile Safari/537.36 (compatible; Googlebot/2.1; +http://www.google.com/bot.html)"
66.249.75.202 - - [13/Jan/2026:03:47:04 +0100] "GET /wp-content/themes/Akoya/assets/js/modules/plugins/perfect-scrollbar.jquery.min.js?ver=6.9 HTTP/1.1" 404 54698 "https://akoyahair.com/?_g=1916953" "Mozilla/5.0 (Linux; Android 6.0.1; Nexus 5X Build/MMB29P) AppleWebKit/537.36 (KHTML, like Gecko) Chrome/143.0.7499.169 Mobile Safari/537.36 (compatible; Googlebot/2.1; +http://www.google.com/bot.html)"
66.249.75.201 - - [13/Jan/2026:03:47:04 +0100] "GET /wp-content/themes/Akoya/assets/js/modules/plugins/ScrollToPlugin.min.js?ver=6.9 HTTP/1.1" 404 54698 "https://akoyahair.com/?_g=1916953" "Mozilla/5.0 (Linux; Android 6.0.1; Nexus 5X Build/MMB29P) AppleWebKit/537.36 (KHTML, like Gecko) Chrome/143.0.7499.169 Mobile Safari/537.36 (compatible; Googlebot/2.1; +http://www.google.com/bot.html)"
66.249.75.201 - - [13/Jan/2026:03:47:04 +0100] "GET /wp-content/themes/Akoya/assets/js/modules/plugins/jquery.geocomplete.min.js?ver=6.9 HTTP/1.1" 404 54698 "https://akoyahair.com/?_g=1916953" "Mozilla/5.0 (Linux; Android 6.0.1; Nexus 5X Build/MMB29P) AppleWebKit/537.36 (KHTML, like Gecko) Chrome/143.0.7499.169 Mobile Safari/537.36 (compatible; Googlebot/2.1; +http://www.google.com/bot.html)"
66.249.75.202 - - [13/Jan/2026:03:47:04 +0100] "GET /wp-content/plugins/woocommerce/assets/js/js-cookie/js.cookie.min.js?ver=2.1.4-wc.10.1.3 HTTP/1.1" 404 54697 "https://akoyahair.com/?_g=1916953" "Mozilla/5.0 (Linux; Android 6.0.1; Nexus 5X Build/MMB29P) AppleWebKit/537.36 (KHTML, like Gecko) Chrome/143.0.7499.169 Mobile Safari/537.36 (compatible; Googlebot/2.1; +http://www.google.com/bot.html)"
66.249.75.201 - - [13/Jan/2026:03:47:05 +0100] "GET /wp-content/plugins/curly-core/shortcodes/counter/assets/js/plugins/counter.js?ver=6.9 HTTP/1.1" 404 54698 "https://akoyahair.com/?_g=1916953" "Mozilla/5.0 (Linux; Android 6.0.1; Nexus 5X Build/MMB29P) AppleWebKit/537.36 (KHTML, like Gecko) Chrome/143.0.7499.169 Mobile Safari/537.36 (compatible; Googlebot/2.1; +http://www.google.com/bot.html)"
66.249.75.201 - - [13/Jan/2026:03:47:05 +0100] "GET /wp-content/plugins/woocommerce/assets/js/select2/select2.full.min.js?ver=4.0.3-wc.10.1.3 HTTP/1.1" 404 54698 "https://akoyahair.com/?_g=1916953" "Mozilla/5.0 (Linux; Android 6.0.1; Nexus 5X Build/MMB29P) AppleWebKit/537.36 (KHTML, like Gecko) Chrome/143.0.7499.169 Mobile Safari/537.36 (compatible; Googlebot/2.1; +http://www.google.com/bot.html)"
66.249.75.202 - - [13/Jan/2026:03:47:05 +0100] "GET /wp-content/plugins/js_composer/assets/lib/vc_waypoints/vc-waypoints.min.js?ver=6.4.0 HTTP/1.1" 404 54698 "https://akoyahair.com/?_g=1916953" "Mozilla/5.0 (Linux; Android 6.0.1; Nexus 5X Build/MMB29P) AppleWebKit/537.36 (KHTML, like Gecko) Chrome/143.0.7499.169 Mobile Safari/537.36 (compatible; Googlebot/2.1; +http://www.google.com/bot.html)"
66.249.75.202 - - [13/Jan/2026:03:47:05 +0100] "GET /wp-content/themes/Akoya/assets/js/modules/plugins/owl.carousel.min.js?ver=6.9 HTTP/1.1" 404 54698 "https://akoyahair.com/?_g=1916953" "Mozilla/5.0 (Linux; Android 6.0.1; Nexus 5X Build/MMB29P) AppleWebKit/537.36 (KHTML, like Gecko) Chrome/143.0.7499.169 Mobile Safari/537.36 (compatible; Googlebot/2.1; +http://www.google.com/bot.html)"
66.249.75.201 - - [13/Jan/2026:03:47:05 +0100] "GET /wp-content/themes/Akoya/assets/js/modules/plugins/jquery.waypoints.min.js?ver=6.9 HTTP/1.1" 404 54698 "https://akoyahair.com/?_g=1916953" "Mozilla/5.0 (Linux; Android 6.0.1; Nexus 5X Build/MMB29P) AppleWebKit/537.36 (KHTML, like Gecko) Chrome/143.0.7499.169 Mobile Safari/537.36 (compatible; Googlebot/2.1; +http://www.google.com/bot.html)"
109.234.161.42 - - [13/Jan/2026:03:47:44 +0100] "POST /wp-cron.php?doing_wp_cron=1768272464.2074110507965087890625 HTTP/1.1" 200 - "-" "WordPress/6.9; https://akoyahair.com"
109.234.161.42 - - [13/Jan/2026:03:47:44 +0100] "POST /wp-cron.php?doing_wp_cron=1768272464.2074050903320312500000 HTTP/1.1" 200 - "-" "WordPress/6.9; https://akoyahair.com"
106.252.202.226 - - [13/Jan/2026:03:47:43 +0100] "POST / HTTP/1.1" 200 105834 "-" "Python/3.12 aiohttp/3.11.7"
106.252.202.226 - - [13/Jan/2026:03:47:43 +0100] "POST / HTTP/1.1" 200 105835 "-" "Python/3.12 aiohttp/3.11.7"
158.94.209.8 - - [13/Jan/2026:03:47:58 +0100] "GET /wp-json/wp/v2/users HTTP/1.1" 406 9667 "https://www.google.com" "Mozilla/5.0 (X11; Linux x86_64) AppleWebKit/537.36 (KHTML, like Gecko) Chrome/119.0.0.0 Safari/537.36"
158.94.209.8 - - [13/Jan/2026:03:47:59 +0100] "GET /?author=1 HTTP/1.1" 301 - "https://www.google.com" "Mozilla/5.0 (X11; Linux x86_64) AppleWebKit/537.36 (KHTML, like Gecko) Chrome/119.0.0.0 Safari/537.36"
158.94.209.8 - - [13/Jan/2026:03:48:00 +0100] "GET /wp-login.php HTTP/1.1" 200 13540 "https://www.google.com" "Mozilla/5.0 (X11; Linux x86_64) AppleWebKit/537.36 (KHTML, like Gecko) Chrome/119.0.0.0 Safari/537.36"
158.94.209.8 - - [13/Jan/2026:03:48:01 +0100] "GET /wp-login.php HTTP/1.1" 200 13540 "https://www.google.com" "Mozilla/5.0 (X11; Linux x86_64) AppleWebKit/537.36 (KHTML, like Gecko) Chrome/119.0.0.0 Safari/537.36"
158.94.209.8 - - [13/Jan/2026:03:49:26 +0100] "GET /wp-json/wp/v2/users HTTP/1.1" 406 9667 "https://www.google.com" "Mozilla/5.0 (X11; Linux x86_64) AppleWebKit/537.36 (KHTML, like Gecko) Chrome/119.0.0.0 Safari/537.36"
158.94.209.8 - - [13/Jan/2026:03:49:26 +0100] "GET /?author=1 HTTP/1.1" 301 - "https://www.google.com" "Mozilla/5.0 (X11; Linux x86_64) AppleWebKit/537.36 (KHTML, like Gecko) Chrome/119.0.0.0 Safari/537.36"
158.94.209.8 - - [13/Jan/2026:03:49:28 +0100] "GET /wp-login.php HTTP/1.1" 200 13540 "https://www.google.com" "Mozilla/5.0 (X11; Linux x86_64) AppleWebKit/537.36 (KHTML, like Gecko) Chrome/119.0.0.0 Safari/537.36"
158.94.209.8 - - [13/Jan/2026:03:49:29 +0100] "GET /wp-login.php HTTP/1.1" 200 13540 "https://www.google.com" "Mozilla/5.0 (X11; Linux x86_64) AppleWebKit/537.36 (KHTML, like Gecko) Chrome/119.0.0.0 Safari/537.36"
66.249.75.201 - - [13/Jan/2026:03:49:29 +0100] "GET /product-sitemap.xml HTTP/1.1" 200 5361 "-" "Mozilla/5.0 (compatible; Googlebot/2.1; +http://www.google.com/bot.html)"
158.94.209.8 - - [13/Jan/2026:03:50:54 +0100] "GET /wp-json/wp/v2/users HTTP/1.1" 406 9667 "https://www.google.com" "Mozilla/5.0 (X11; Linux x86_64) AppleWebKit/537.36 (KHTML, like Gecko) Chrome/119.0.0.0 Safari/537.36"
158.94.209.8 - - [13/Jan/2026:03:50:54 +0100] "GET /?author=1 HTTP/1.1" 301 - "https://www.google.com" "Mozilla/5.0 (X11; Linux x86_64) AppleWebKit/537.36 (KHTML, like Gecko) Chrome/119.0.0.0 Safari/537.36"
158.94.209.8 - - [13/Jan/2026:03:50:56 +0100] "GET /wp-login.php HTTP/1.1" 200 13540 "https://www.google.com" "Mozilla/5.0 (X11; Linux x86_64) AppleWebKit/537.36 (KHTML, like Gecko) Chrome/119.0.0.0 Safari/537.36"
158.94.209.8 - - [13/Jan/2026:03:50:57 +0100] "GET /wp-login.php HTTP/1.1" 200 13540 "https://www.google.com" "Mozilla/5.0 (X11; Linux x86_64) AppleWebKit/537.36 (KHTML, like Gecko) Chrome/119.0.0.0 Safari/537.36"
141.98.6.199 - - [13/Jan/2026:03:51:14 +0100] "GET /wp-json/wp/v2/users HTTP/1.1" 406 9667 "https://www.google.com" "Mozilla/5.0 (X11; Linux x86_64) AppleWebKit/537.36 (KHTML, like Gecko) Chrome/119.0.0.0 Safari/537.36"
141.98.6.199 - - [13/Jan/2026:03:51:14 +0100] "GET /?author=1 HTTP/1.1" 301 - "https://www.google.com" "Mozilla/5.0 (X11; Linux x86_64) AppleWebKit/537.36 (KHTML, like Gecko) Chrome/119.0.0.0 Safari/537.36"
109.234.161.42 - - [13/Jan/2026:03:51:23 +0100] "POST /wp-cron.php?doing_wp_cron=1768272683.0736920833587646484375 HTTP/1.1" 200 - "-" "WordPress/6.9; https://akoyahair.com"
141.98.6.199 - - [13/Jan/2026:03:51:22 +0100] "GET /wp-login.php HTTP/1.1" 200 13540 "https://www.google.com" "Mozilla/5.0 (X11; Linux x86_64) AppleWebKit/537.36 (KHTML, like Gecko) Chrome/119.0.0.0 Safari/537.36"
141.98.6.199 - - [13/Jan/2026:03:51:31 +0100] "GET /wp-login.php HTTP/1.1" 200 13540 "https://www.google.com" "Mozilla/5.0 (X11; Linux x86_64) AppleWebKit/537.36 (KHTML, like Gecko) Chrome/119.0.0.0 Safari/537.36"
158.94.209.8 - - [13/Jan/2026:03:52:21 +0100] "GET /wp-json/wp/v2/users HTTP/1.1" 406 9667 "https://www.google.com" "Mozilla/5.0 (X11; Linux x86_64) AppleWebKit/537.36 (KHTML, like Gecko) Chrome/119.0.0.0 Safari/537.36"
158.94.209.8 - - [13/Jan/2026:03:52:22 +0100] "GET /?author=1 HTTP/1.1" 301 - "https://www.google.com" "Mozilla/5.0 (X11; Linux x86_64) AppleWebKit/537.36 (KHTML, like Gecko) Chrome/119.0.0.0 Safari/537.36"
158.94.209.8 - - [13/Jan/2026:03:52:23 +0100] "GET /wp-login.php HTTP/1.1" 200 13540 "https://www.google.com" "Mozilla/5.0 (X11; Linux x86_64) AppleWebKit/537.36 (KHTML, like Gecko) Chrome/119.0.0.0 Safari/537.36"
158.94.209.8 - - [13/Jan/2026:03:52:24 +0100] "GET /wp-login.php HTTP/1.1" 200 13540 "https://www.google.com" "Mozilla/5.0 (X11; Linux x86_64) AppleWebKit/537.36 (KHTML, like Gecko) Chrome/119.0.0.0 Safari/537.36"
158.94.209.8 - - [13/Jan/2026:03:53:48 +0100] "GET /wp-json/wp/v2/users HTTP/1.1" 406 9667 "https://www.google.com" "Mozilla/5.0 (X11; Linux x86_64) AppleWebKit/537.36 (KHTML, like Gecko) Chrome/119.0.0.0 Safari/537.36"
158.94.209.8 - - [13/Jan/2026:03:53:49 +0100] "GET /?author=1 HTTP/1.1" 301 - "https://www.google.com" "Mozilla/5.0 (X11; Linux x86_64) AppleWebKit/537.36 (KHTML, like Gecko) Chrome/119.0.0.0 Safari/537.36"
158.94.209.8 - - [13/Jan/2026:03:53:50 +0100] "GET /wp-login.php HTTP/1.1" 200 13540 "https://www.google.com" "Mozilla/5.0 (X11; Linux x86_64) AppleWebKit/537.36 (KHTML, like Gecko) Chrome/119.0.0.0 Safari/537.36"
158.94.209.8 - - [13/Jan/2026:03:53:51 +0100] "GET /wp-login.php HTTP/1.1" 200 13540 "https://www.google.com" "Mozilla/5.0 (X11; Linux x86_64) AppleWebKit/537.36 (KHTML, like Gecko) Chrome/119.0.0.0 Safari/537.36"
158.94.209.8 - - [13/Jan/2026:03:55:16 +0100] "GET /wp-json/wp/v2/users HTTP/1.1" 406 9667 "https://www.google.com" "Mozilla/5.0 (X11; Linux x86_64) AppleWebKit/537.36 (KHTML, like Gecko) Chrome/119.0.0.0 Safari/537.36"
158.94.209.8 - - [13/Jan/2026:03:55:17 +0100] "GET /?author=1 HTTP/1.1" 301 - "https://www.google.com" "Mozilla/5.0 (X11; Linux x86_64) AppleWebKit/537.36 (KHTML, like Gecko) Chrome/119.0.0.0 Safari/537.36"
158.94.209.8 - - [13/Jan/2026:03:55:18 +0100] "GET /wp-login.php HTTP/1.1" 200 13540 "https://www.google.com" "Mozilla/5.0 (X11; Linux x86_64) AppleWebKit/537.36 (KHTML, like Gecko) Chrome/119.0.0.0 Safari/537.36"
109.234.161.42 - - [13/Jan/2026:03:55:20 +0100] "POST /wp-cron.php?doing_wp_cron=1768272920.0815939903259277343750 HTTP/1.1" 200 - "-" "WordPress/6.9; https://akoyahair.com"
158.94.209.8 - - [13/Jan/2026:03:55:19 +0100] "GET /wp-login.php HTTP/1.1" 200 13540 "https://www.google.com" "Mozilla/5.0 (X11; Linux x86_64) AppleWebKit/537.36 (KHTML, like Gecko) Chrome/119.0.0.0 Safari/537.36"
106.252.202.226 - - [13/Jan/2026:03:56:17 +0100] "GET / HTTP/1.1" 301 - "-" "Python/3.12 aiohttp/3.11.7"
109.234.161.42 - - [13/Jan/2026:03:56:20 +0100] "POST /wp-cron.php?doing_wp_cron=1768272980.8903100490570068359375 HTTP/1.1" 200 - "-" "WordPress/6.9; https://akoyahair.com"
106.252.202.226 - - [13/Jan/2026:03:56:20 +0100] "POST / HTTP/1.1" 200 105835 "-" "Python/3.12 aiohttp/3.11.7"
158.94.209.8 - - [13/Jan/2026:03:56:43 +0100] "GET /wp-json/wp/v2/users HTTP/1.1" 406 9667 "https://www.google.com" "Mozilla/5.0 (X11; Linux x86_64) AppleWebKit/537.36 (KHTML, like Gecko) Chrome/119.0.0.0 Safari/537.36"
158.94.209.8 - - [13/Jan/2026:03:56:44 +0100] "GET /?author=1 HTTP/1.1" 301 - "https://www.google.com" "Mozilla/5.0 (X11; Linux x86_64) AppleWebKit/537.36 (KHTML, like Gecko) Chrome/119.0.0.0 Safari/537.36"
158.94.209.8 - - [13/Jan/2026:03:56:45 +0100] "GET /wp-login.php HTTP/1.1" 200 13540 "https://www.google.com" "Mozilla/5.0 (X11; Linux x86_64) AppleWebKit/537.36 (KHTML, like Gecko) Chrome/119.0.0.0 Safari/537.36"
158.94.209.8 - - [13/Jan/2026:03:56:47 +0100] "GET /wp-login.php HTTP/1.1" 200 13540 "https://www.google.com" "Mozilla/5.0 (X11; Linux x86_64) AppleWebKit/537.36 (KHTML, like Gecko) Chrome/119.0.0.0 Safari/537.36"
158.94.209.8 - - [13/Jan/2026:03:58:10 +0100] "GET /wp-json/wp/v2/users HTTP/1.1" 406 9667 "https://www.google.com" "Mozilla/5.0 (X11; Linux x86_64) AppleWebKit/537.36 (KHTML, like Gecko) Chrome/119.0.0.0 Safari/537.36"
158.94.209.8 - - [13/Jan/2026:03:58:11 +0100] "GET /?author=1 HTTP/1.1" 301 - "https://www.google.com" "Mozilla/5.0 (X11; Linux x86_64) AppleWebKit/537.36 (KHTML, like Gecko) Chrome/119.0.0.0 Safari/537.36"
158.94.209.8 - - [13/Jan/2026:03:58:12 +0100] "GET /wp-login.php HTTP/1.1" 200 13540 "https://www.google.com" "Mozilla/5.0 (X11; Linux x86_64) AppleWebKit/537.36 (KHTML, like Gecko) Chrome/119.0.0.0 Safari/537.36"
158.94.209.8 - - [13/Jan/2026:03:58:14 +0100] "GET /wp-login.php HTTP/1.1" 200 13540 "https://www.google.com" "Mozilla/5.0 (X11; Linux x86_64) AppleWebKit/537.36 (KHTML, like Gecko) Chrome/119.0.0.0 Safari/537.36"
158.94.209.8 - - [13/Jan/2026:03:59:37 +0100] "GET /wp-json/wp/v2/users HTTP/1.1" 406 9667 "https://www.google.com" "Mozilla/5.0 (X11; Linux x86_64) AppleWebKit/537.36 (KHTML, like Gecko) Chrome/119.0.0.0 Safari/537.36"
158.94.209.8 - - [13/Jan/2026:03:59:37 +0100] "GET /?author=1 HTTP/1.1" 301 - "https://www.google.com" "Mozilla/5.0 (X11; Linux x86_64) AppleWebKit/537.36 (KHTML, like Gecko) Chrome/119.0.0.0 Safari/537.36"
158.94.209.8 - - [13/Jan/2026:03:59:39 +0100] "GET /wp-login.php HTTP/1.1" 200 13540 "https://www.google.com" "Mozilla/5.0 (X11; Linux x86_64) AppleWebKit/537.36 (KHTML, like Gecko) Chrome/119.0.0.0 Safari/537.36"
158.94.209.8 - - [13/Jan/2026:03:59:40 +0100] "GET /wp-login.php HTTP/1.1" 200 13540 "https://www.google.com" "Mozilla/5.0 (X11; Linux x86_64) AppleWebKit/537.36 (KHTML, like Gecko) Chrome/119.0.0.0 Safari/537.36"
158.94.209.8 - - [13/Jan/2026:04:01:06 +0100] "GET /wp-json/wp/v2/users HTTP/1.1" 406 9667 "https://www.google.com" "Mozilla/5.0 (X11; Linux x86_64) AppleWebKit/537.36 (KHTML, like Gecko) Chrome/119.0.0.0 Safari/537.36"
158.94.209.8 - - [13/Jan/2026:04:01:06 +0100] "GET /?author=1 HTTP/1.1" 301 - "https://www.google.com" "Mozilla/5.0 (X11; Linux x86_64) AppleWebKit/537.36 (KHTML, like Gecko) Chrome/119.0.0.0 Safari/537.36"
158.94.209.8 - - [13/Jan/2026:04:01:08 +0100] "GET /wp-login.php HTTP/1.1" 200 13540 "https://www.google.com" "Mozilla/5.0 (X11; Linux x86_64) AppleWebKit/537.36 (KHTML, like Gecko) Chrome/119.0.0.0 Safari/537.36"
158.94.209.8 - - [13/Jan/2026:04:01:09 +0100] "GET /wp-login.php HTTP/1.1" 200 13540 "https://www.google.com" "Mozilla/5.0 (X11; Linux x86_64) AppleWebKit/537.36 (KHTML, like Gecko) Chrome/119.0.0.0 Safari/537.36"
109.234.161.42 - - [13/Jan/2026:04:02:20 +0100] "POST /wp-cron.php?doing_wp_cron=1768273340.6353640556335449218750 HTTP/1.1" 200 - "-" "WordPress/6.9; https://akoyahair.com"
82.29.184.236 - - [13/Jan/2026:04:02:20 +0100] "POST /wp-login.php HTTP/1.1" 200 13977 "-" "Mozilla/5.0 (Windows NT 10.0; Win64; x64; rv:77.0) Gecko/20100101 Firefox/77.0"
158.94.209.8 - - [13/Jan/2026:04:02:33 +0100] "GET /wp-json/wp/v2/users HTTP/1.1" 406 9667 "https://www.google.com" "Mozilla/5.0 (X11; Linux x86_64) AppleWebKit/537.36 (KHTML, like Gecko) Chrome/119.0.0.0 Safari/537.36"
158.94.209.8 - - [13/Jan/2026:04:02:33 +0100] "GET /?author=1 HTTP/1.1" 301 - "https://www.google.com" "Mozilla/5.0 (X11; Linux x86_64) AppleWebKit/537.36 (KHTML, like Gecko) Chrome/119.0.0.0 Safari/537.36"
158.94.209.8 - - [13/Jan/2026:04:02:35 +0100] "GET /wp-login.php HTTP/1.1" 200 13540 "https://www.google.com" "Mozilla/5.0 (X11; Linux x86_64) AppleWebKit/537.36 (KHTML, like Gecko) Chrome/119.0.0.0 Safari/537.36"
158.94.209.8 - - [13/Jan/2026:04:02:36 +0100] "GET /wp-login.php HTTP/1.1" 200 13540 "https://www.google.com" "Mozilla/5.0 (X11; Linux x86_64) AppleWebKit/537.36 (KHTML, like Gecko) Chrome/119.0.0.0 Safari/537.36"
177.202.151.155 - - [13/Jan/2026:04:02:46 +0100] "GET /portfolio-item/braids-2-3 HTTP/1.1" 301 - "https://akoyahair.com/" "Mozilla/5.0 (Macintosh; Intel Mac OS X 10_15_7) AppleWebKit/605.1.15 (KHTML, like Gecko) Version/14.1.2 Safari/605.1.15"
190.107.84.83 - - [13/Jan/2026:04:02:48 +0100] "GET /portfolio-item/braids-2-3/ HTTP/1.1" 200 69103 "https://akoyahair.com/" "Mozilla/5.0 (Macintosh; Intel Mac OS X 10_15_7) AppleWebKit/605.1.15 (KHTML, like Gecko) Version/14.1.2 Safari/605.1.15"
141.98.6.199 - - [13/Jan/2026:04:03:51 +0100] "GET /wp-json/wp/v2/users HTTP/1.1" 406 9667 "https://www.google.com" "Mozilla/5.0 (X11; Linux x86_64) AppleWebKit/537.36 (KHTML, like Gecko) Chrome/119.0.0.0 Safari/537.36"
141.98.6.199 - - [13/Jan/2026:04:03:52 +0100] "GET /?author=1 HTTP/1.1" 301 - "https://www.google.com" "Mozilla/5.0 (X11; Linux x86_64) AppleWebKit/537.36 (KHTML, like Gecko) Chrome/119.0.0.0 Safari/537.36"
141.98.6.199 - - [13/Jan/2026:04:03:55 +0100] "GET /wp-login.php HTTP/1.1" 200 13540 "https://www.google.com" "Mozilla/5.0 (X11; Linux x86_64) AppleWebKit/537.36 (KHTML, like Gecko) Chrome/119.0.0.0 Safari/537.36"
66.249.75.202 - - [13/Jan/2026:04:03:55 +0100] "GET /?_g=1197479 HTTP/1.1" 200 105848 "-" "Mozilla/5.0 (Linux; Android 6.0.1; Nexus 5X Build/MMB29P) AppleWebKit/537.36 (KHTML, like Gecko) Chrome/143.0.7499.192 Mobile Safari/537.36 (compatible; Googlebot/2.1; +http://www.google.com/bot.html)"
158.94.209.8 - - [13/Jan/2026:04:04:00 +0100] "GET /wp-json/wp/v2/users HTTP/1.1" 406 9667 "https://www.google.com" "Mozilla/5.0 (X11; Linux x86_64) AppleWebKit/537.36 (KHTML, like Gecko) Chrome/119.0.0.0 Safari/537.36"
158.94.209.8 - - [13/Jan/2026:04:04:01 +0100] "GET /?author=1 HTTP/1.1" 301 - "https://www.google.com" "Mozilla/5.0 (X11; Linux x86_64) AppleWebKit/537.36 (KHTML, like Gecko) Chrome/119.0.0.0 Safari/537.36"
141.98.6.199 - - [13/Jan/2026:04:04:01 +0100] "GET /wp-login.php HTTP/1.1" 200 13540 "https://www.google.com" "Mozilla/5.0 (X11; Linux x86_64) AppleWebKit/537.36 (KHTML, like Gecko) Chrome/119.0.0.0 Safari/537.36"
66.249.75.201 - - [13/Jan/2026:04:04:02 +0100] "GET /wp-content/plugins/paytech_woocommerce/assets/js/checkout.js?ver=1.0.5060 HTTP/1.1" 404 54698 "https://akoyahair.com/?_g=1197479" "Mozilla/5.0 (Linux; Android 6.0.1; Nexus 5X Build/MMB29P) AppleWebKit/537.36 (KHTML, like Gecko) Chrome/143.0.7499.169 Mobile Safari/537.36 (compatible; Googlebot/2.1; +http://www.google.com/bot.html)"
158.94.209.8 - - [13/Jan/2026:04:04:02 +0100] "GET /wp-login.php HTTP/1.1" 200 13540 "https://www.google.com" "Mozilla/5.0 (X11; Linux x86_64) AppleWebKit/537.36 (KHTML, like Gecko) Chrome/119.0.0.0 Safari/537.36"
158.94.209.8 - - [13/Jan/2026:04:04:03 +0100] "GET /wp-login.php HTTP/1.1" 200 13540 "https://www.google.com" "Mozilla/5.0 (X11; Linux x86_64) AppleWebKit/537.36 (KHTML, like Gecko) Chrome/119.0.0.0 Safari/537.36"
158.94.209.8 - - [13/Jan/2026:04:05:28 +0100] "GET /wp-json/wp/v2/users HTTP/1.1" 406 9667 "https://www.google.com" "Mozilla/5.0 (X11; Linux x86_64) AppleWebKit/537.36 (KHTML, like Gecko) Chrome/119.0.0.0 Safari/537.36"
158.94.209.8 - - [13/Jan/2026:04:05:28 +0100] "GET /?author=1 HTTP/1.1" 301 - "https://www.google.com" "Mozilla/5.0 (X11; Linux x86_64) AppleWebKit/537.36 (KHTML, like Gecko) Chrome/119.0.0.0 Safari/537.36"
158.94.209.8 - - [13/Jan/2026:04:05:30 +0100] "GET /wp-login.php HTTP/1.1" 200 13540 "https://www.google.com" "Mozilla/5.0 (X11; Linux x86_64) AppleWebKit/537.36 (KHTML, like Gecko) Chrome/119.0.0.0 Safari/537.36"
158.94.209.8 - - [13/Jan/2026:04:05:31 +0100] "GET /wp-login.php HTTP/1.1" 200 13540 "https://www.google.com" "Mozilla/5.0 (X11; Linux x86_64) AppleWebKit/537.36 (KHTML, like Gecko) Chrome/119.0.0.0 Safari/537.36"
103.114.42.228 - - [13/Jan/2026:04:05:31 +0100] "GET /wp-content/uploads/2025/09/Magic-Combo-Gamme-capillaire-scaled.jpg HTTP/1.1" 404 54698 "-" "Mozilla/5.0 (Linux; Android 12; SM-T736B) AppleWebKit/537.36 (KHTML, like Gecko) Chrome/141.0.0.0 Mobile Safari/537.36"
157.55.39.200 - - [13/Jan/2026:04:05:34 +0100] "GET /c/47-45 HTTP/1.1" 404 54698 "-" "Mozilla/5.0 AppleWebKit/537.36 (KHTML, like Gecko; compatible; bingbot/2.0; +http://www.bing.com/bingbot.htm) Chrome/116.0.1938.76 Safari/537.36"
109.234.161.42 - - [13/Jan/2026:04:06:54 +0100] "POST /wp-cron.php?doing_wp_cron=1768273614.4636540412902832031250 HTTP/1.1" 200 - "-" "WordPress/6.9; https://akoyahair.com"
92.222.108.121 - - [13/Jan/2026:04:06:54 +0100] "GET /robots.txt HTTP/1.1" 200 388 "-" "Mozilla/5.0 (compatible; AhrefsBot/7.0; +http://ahrefs.com/robot/)"
158.94.209.8 - - [13/Jan/2026:04:06:56 +0100] "GET /wp-json/wp/v2/users HTTP/1.1" 406 9667 "https://www.google.com" "Mozilla/5.0 (X11; Linux x86_64) AppleWebKit/537.36 (KHTML, like Gecko) Chrome/119.0.0.0 Safari/537.36"
158.94.209.8 - - [13/Jan/2026:04:06:57 +0100] "GET /?author=1 HTTP/1.1" 301 - "https://www.google.com" "Mozilla/5.0 (X11; Linux x86_64) AppleWebKit/537.36 (KHTML, like Gecko) Chrome/119.0.0.0 Safari/537.36"
37.59.204.145 - - [13/Jan/2026:04:06:57 +0100] "GET /portfolio-tag/silkpress/ HTTP/1.1" 200 59461 "-" "Mozilla/5.0 (compatible; AhrefsBot/7.0; +http://ahrefs.com/robot/)"
158.94.209.8 - - [13/Jan/2026:04:06:58 +0100] "GET /wp-login.php HTTP/1.1" 200 13540 "https://www.google.com" "Mozilla/5.0 (X11; Linux x86_64) AppleWebKit/537.36 (KHTML, like Gecko) Chrome/119.0.0.0 Safari/537.36"
158.94.209.8 - - [13/Jan/2026:04:06:59 +0100] "GET /wp-login.php HTTP/1.1" 200 13540 "https://www.google.com" "Mozilla/5.0 (X11; Linux x86_64) AppleWebKit/537.36 (KHTML, like Gecko) Chrome/119.0.0.0 Safari/537.36"
109.234.161.42 - - [13/Jan/2026:04:07:47 +0100] "POST /wp-cron.php?doing_wp_cron=1768273667.8196010589599609375000 HTTP/1.1" 200 - "-" "WordPress/6.9; https://akoyahair.com"
37.59.204.139 - - [13/Jan/2026:04:07:47 +0100] "GET /wp-content/plugins/paytech_woocommerce/assets/js/checkout.js?ver=1.0.6030 HTTP/1.1" 404 54698 "-" "Mozilla/5.0 (compatible; AhrefsBot/7.0; +http://ahrefs.com/robot/)"
158.94.209.8 - - [13/Jan/2026:04:08:22 +0100] "GET /wp-json/wp/v2/users HTTP/1.1" 406 9667 "https://www.google.com" "Mozilla/5.0 (X11; Linux x86_64) AppleWebKit/537.36 (KHTML, like Gecko) Chrome/119.0.0.0 Safari/537.36"
158.94.209.8 - - [13/Jan/2026:04:08:23 +0100] "GET /?author=1 HTTP/1.1" 301 - "https://www.google.com" "Mozilla/5.0 (X11; Linux x86_64) AppleWebKit/537.36 (KHTML, like Gecko) Chrome/119.0.0.0 Safari/537.36"
158.94.209.8 - - [13/Jan/2026:04:08:24 +0100] "GET /wp-login.php HTTP/1.1" 200 13540 "https://www.google.com" "Mozilla/5.0 (X11; Linux x86_64) AppleWebKit/537.36 (KHTML, like Gecko) Chrome/119.0.0.0 Safari/537.36"
158.94.209.8 - - [13/Jan/2026:04:08:25 +0100] "GET /wp-login.php HTTP/1.1" 200 13540 "https://www.google.com" "Mozilla/5.0 (X11; Linux x86_64) AppleWebKit/537.36 (KHTML, like Gecko) Chrome/119.0.0.0 Safari/537.36"
158.94.209.8 - - [13/Jan/2026:04:09:49 +0100] "GET /wp-json/wp/v2/users HTTP/1.1" 406 9667 "https://www.google.com" "Mozilla/5.0 (X11; Linux x86_64) AppleWebKit/537.36 (KHTML, like Gecko) Chrome/119.0.0.0 Safari/537.36"
158.94.209.8 - - [13/Jan/2026:04:09:50 +0100] "GET /?author=1 HTTP/1.1" 301 - "https://www.google.com" "Mozilla/5.0 (X11; Linux x86_64) AppleWebKit/537.36 (KHTML, like Gecko) Chrome/119.0.0.0 Safari/537.36"
158.94.209.8 - - [13/Jan/2026:04:09:52 +0100] "GET /wp-login.php HTTP/1.1" 200 13540 "https://www.google.com" "Mozilla/5.0 (X11; Linux x86_64) AppleWebKit/537.36 (KHTML, like Gecko) Chrome/119.0.0.0 Safari/537.36"
158.94.209.8 - - [13/Jan/2026:04:09:53 +0100] "GET /wp-login.php HTTP/1.1" 200 13540 "https://www.google.com" "Mozilla/5.0 (X11; Linux x86_64) AppleWebKit/537.36 (KHTML, like Gecko) Chrome/119.0.0.0 Safari/537.36"
158.94.209.8 - - [13/Jan/2026:04:11:16 +0100] "GET /wp-json/wp/v2/users HTTP/1.1" 406 9667 "https://www.google.com" "Mozilla/5.0 (X11; Linux x86_64) AppleWebKit/537.36 (KHTML, like Gecko) Chrome/119.0.0.0 Safari/537.36"
158.94.209.8 - - [13/Jan/2026:04:11:16 +0100] "GET /?author=1 HTTP/1.1" 301 - "https://www.google.com" "Mozilla/5.0 (X11; Linux x86_64) AppleWebKit/537.36 (KHTML, like Gecko) Chrome/119.0.0.0 Safari/537.36"
158.94.209.8 - - [13/Jan/2026:04:11:18 +0100] "GET /wp-login.php HTTP/1.1" 200 13540 "https://www.google.com" "Mozilla/5.0 (X11; Linux x86_64) AppleWebKit/537.36 (KHTML, like Gecko) Chrome/119.0.0.0 Safari/537.36"
109.234.161.42 - - [13/Jan/2026:04:11:19 +0100] "POST /wp-cron.php?doing_wp_cron=1768273879.3229620456695556640625 HTTP/1.1" 200 - "-" "WordPress/6.9; https://akoyahair.com"
158.94.209.8 - - [13/Jan/2026:04:11:19 +0100] "GET /wp-login.php HTTP/1.1" 200 13540 "https://www.google.com" "Mozilla/5.0 (X11; Linux x86_64) AppleWebKit/537.36 (KHTML, like Gecko) Chrome/119.0.0.0 Safari/537.36"
185.191.171.16 - - [13/Jan/2026:04:11:22 +0100] "GET /robots.txt HTTP/1.1" 200 388 "-" "Mozilla/5.0 (compatible; SemrushBot/7~bl; +http://www.semrush.com/bot.html)"
185.191.171.12 - - [13/Jan/2026:04:11:24 +0100] "GET / HTTP/1.1" 200 105784 "-" "Mozilla/5.0 (compatible; SemrushBot/7~bl; +http://www.semrush.com/bot.html)"
85.208.96.202 - - [13/Jan/2026:04:11:35 +0100] "GET /sitemap_index.xml HTTP/1.1" 200 1706 "-" "Mozilla/5.0 (compatible; SemrushBot/7~bl; +http://www.semrush.com/bot.html)"
185.191.171.11 - - [13/Jan/2026:04:11:37 +0100] "GET /author-sitemap.xml HTTP/1.1" 200 726 "-" "Mozilla/5.0 (compatible; SemrushBot/7~bl; +http://www.semrush.com/bot.html)"
185.191.171.12 - - [13/Jan/2026:04:11:39 +0100] "GET /product_cat-sitemap.xml HTTP/1.1" 200 1013 "-" "Mozilla/5.0 (compatible; SemrushBot/7~bl; +http://www.semrush.com/bot.html)"
185.191.171.15 - - [13/Jan/2026:04:11:40 +0100] "GET /testimonials-category-sitemap.xml HTTP/1.1" 200 750 "-" "Mozilla/5.0 (compatible; SemrushBot/7~bl; +http://www.semrush.com/bot.html)"
85.208.96.203 - - [13/Jan/2026:04:11:42 +0100] "GET /portfolio-tag-sitemap.xml HTTP/1.1" 200 1817 "-" "Mozilla/5.0 (compatible; SemrushBot/7~bl; +http://www.semrush.com/bot.html)"
185.191.171.15 - - [13/Jan/2026:04:11:44 +0100] "GET /portfolio-category-sitemap.xml HTTP/1.1" 200 1289 "-" "Mozilla/5.0 (compatible; SemrushBot/7~bl; +http://www.semrush.com/bot.html)"
185.191.171.2 - - [13/Jan/2026:04:11:46 +0100] "GET /business-services-category-sitemap.xml HTTP/1.1" 200 751 "-" "Mozilla/5.0 (compatible; SemrushBot/7~bl; +http://www.semrush.com/bot.html)"
185.191.171.2 - - [13/Jan/2026:04:11:47 +0100] "GET /category-sitemap.xml HTTP/1.1" 200 727 "-" "Mozilla/5.0 (compatible; SemrushBot/7~bl; +http://www.semrush.com/bot.html)"
185.191.171.15 - - [13/Jan/2026:04:11:49 +0100] "GET /product-sitemap.xml HTTP/1.1" 200 5361 "-" "Mozilla/5.0 (compatible; SemrushBot/7~bl; +http://www.semrush.com/bot.html)"
185.191.171.2 - - [13/Jan/2026:04:11:53 +0100] "GET /page-sitemap.xml HTTP/1.1" 200 13208 "-" "Mozilla/5.0 (compatible; SemrushBot/7~bl; +http://www.semrush.com/bot.html)"
85.208.96.203 - - [13/Jan/2026:04:11:55 +0100] "GET /post-sitemap.xml HTTP/1.1" 200 1278 "-" "Mozilla/5.0 (compatible; SemrushBot/7~bl; +http://www.semrush.com/bot.html)"
109.234.161.42 - - [13/Jan/2026:04:12:39 +0100] "POST /wp-cron.php?doing_wp_cron=1768273959.9263069629669189453125 HTTP/1.1" 200 - "-" "WordPress/6.9; https://akoyahair.com"
106.252.202.226 - - [13/Jan/2026:04:12:39 +0100] "GET / HTTP/1.1" 301 - "-" "Python/3.12 aiohttp/3.11.7"
106.252.202.226 - - [13/Jan/2026:04:12:42 +0100] "POST / HTTP/1.1" 200 105834 "-" "Python/3.12 aiohttp/3.11.7"
106.252.202.226 - - [13/Jan/2026:04:12:42 +0100] "POST / HTTP/1.1" 200 105835 "-" "Python/3.12 aiohttp/3.11.7"
158.94.209.8 - - [13/Jan/2026:04:12:42 +0100] "GET /wp-json/wp/v2/users HTTP/1.1" 406 9667 "https://www.google.com" "Mozilla/5.0 (X11; Linux x86_64) AppleWebKit/537.36 (KHTML, like Gecko) Chrome/119.0.0.0 Safari/537.36"
158.94.209.8 - - [13/Jan/2026:04:12:43 +0100] "GET /?author=1 HTTP/1.1" 301 - "https://www.google.com" "Mozilla/5.0 (X11; Linux x86_64) AppleWebKit/537.36 (KHTML, like Gecko) Chrome/119.0.0.0 Safari/537.36"
158.94.209.8 - - [13/Jan/2026:04:12:44 +0100] "GET /wp-login.php HTTP/1.1" 200 13540 "https://www.google.com" "Mozilla/5.0 (X11; Linux x86_64) AppleWebKit/537.36 (KHTML, like Gecko) Chrome/119.0.0.0 Safari/537.36"
158.94.209.8 - - [13/Jan/2026:04:12:45 +0100] "GET /wp-login.php HTTP/1.1" 200 13540 "https://www.google.com" "Mozilla/5.0 (X11; Linux x86_64) AppleWebKit/537.36 (KHTML, like Gecko) Chrome/119.0.0.0 Safari/537.36"
158.94.209.8 - - [13/Jan/2026:04:14:08 +0100] "GET /wp-json/wp/v2/users HTTP/1.1" 406 9667 "https://www.google.com" "Mozilla/5.0 (X11; Linux x86_64) AppleWebKit/537.36 (KHTML, like Gecko) Chrome/119.0.0.0 Safari/537.36"
158.94.209.8 - - [13/Jan/2026:04:14:08 +0100] "GET /?author=1 HTTP/1.1" 301 - "https://www.google.com" "Mozilla/5.0 (X11; Linux x86_64) AppleWebKit/537.36 (KHTML, like Gecko) Chrome/119.0.0.0 Safari/537.36"
158.94.209.8 - - [13/Jan/2026:04:14:10 +0100] "GET /wp-login.php HTTP/1.1" 200 13540 "https://www.google.com" "Mozilla/5.0 (X11; Linux x86_64) AppleWebKit/537.36 (KHTML, like Gecko) Chrome/119.0.0.0 Safari/537.36"
158.94.209.8 - - [13/Jan/2026:04:14:11 +0100] "GET /wp-login.php HTTP/1.1" 200 13540 "https://www.google.com" "Mozilla/5.0 (X11; Linux x86_64) AppleWebKit/537.36 (KHTML, like Gecko) Chrome/119.0.0.0 Safari/537.36"
158.94.209.8 - - [13/Jan/2026:04:15:35 +0100] "GET /wp-json/wp/v2/users HTTP/1.1" 406 9667 "https://www.google.com" "Mozilla/5.0 (X11; Linux x86_64) AppleWebKit/537.36 (KHTML, like Gecko) Chrome/119.0.0.0 Safari/537.36"
158.94.209.8 - - [13/Jan/2026:04:15:35 +0100] "GET /?author=1 HTTP/1.1" 301 - "https://www.google.com" "Mozilla/5.0 (X11; Linux x86_64) AppleWebKit/537.36 (KHTML, like Gecko) Chrome/119.0.0.0 Safari/537.36"
158.94.209.8 - - [13/Jan/2026:04:15:37 +0100] "GET /wp-login.php HTTP/1.1" 200 13540 "https://www.google.com" "Mozilla/5.0 (X11; Linux x86_64) AppleWebKit/537.36 (KHTML, like Gecko) Chrome/119.0.0.0 Safari/537.36"
158.94.209.8 - - [13/Jan/2026:04:15:38 +0100] "GET /wp-login.php HTTP/1.1" 200 13540 "https://www.google.com" "Mozilla/5.0 (X11; Linux x86_64) AppleWebKit/537.36 (KHTML, like Gecko) Chrome/119.0.0.0 Safari/537.36"
158.94.209.8 - - [13/Jan/2026:04:17:02 +0100] "GET /wp-json/wp/v2/users HTTP/1.1" 406 9667 "https://www.google.com" "Mozilla/5.0 (X11; Linux x86_64) AppleWebKit/537.36 (KHTML, like Gecko) Chrome/119.0.0.0 Safari/537.36"
158.94.209.8 - - [13/Jan/2026:04:17:03 +0100] "GET /?author=1 HTTP/1.1" 301 - "https://www.google.com" "Mozilla/5.0 (X11; Linux x86_64) AppleWebKit/537.36 (KHTML, like Gecko) Chrome/119.0.0.0 Safari/537.36"
158.94.209.8 - - [13/Jan/2026:04:17:04 +0100] "GET /wp-login.php HTTP/1.1" 200 13540 "https://www.google.com" "Mozilla/5.0 (X11; Linux x86_64) AppleWebKit/537.36 (KHTML, like Gecko) Chrome/119.0.0.0 Safari/537.36"
158.94.209.8 - - [13/Jan/2026:04:17:05 +0100] "GET /wp-login.php HTTP/1.1" 200 13540 "https://www.google.com" "Mozilla/5.0 (X11; Linux x86_64) AppleWebKit/537.36 (KHTML, like Gecko) Chrome/119.0.0.0 Safari/537.36"
141.98.6.199 - - [13/Jan/2026:04:17:41 +0100] "GET /wp-json/wp/v2/users HTTP/1.1" 406 9667 "https://www.google.com" "Mozilla/5.0 (X11; Linux x86_64) AppleWebKit/537.36 (KHTML, like Gecko) Chrome/119.0.0.0 Safari/537.36"
141.98.6.199 - - [13/Jan/2026:04:17:41 +0100] "GET /?author=1 HTTP/1.1" 301 - "https://www.google.com" "Mozilla/5.0 (X11; Linux x86_64) AppleWebKit/537.36 (KHTML, like Gecko) Chrome/119.0.0.0 Safari/537.36"
141.98.6.199 - - [13/Jan/2026:04:17:43 +0100] "GET /wp-login.php HTTP/1.1" 200 13540 "https://www.google.com" "Mozilla/5.0 (X11; Linux x86_64) AppleWebKit/537.36 (KHTML, like Gecko) Chrome/119.0.0.0 Safari/537.36"
141.98.6.199 - - [13/Jan/2026:04:17:50 +0100] "GET /wp-login.php HTTP/1.1" 200 13540 "https://www.google.com" "Mozilla/5.0 (X11; Linux x86_64) AppleWebKit/537.36 (KHTML, like Gecko) Chrome/119.0.0.0 Safari/537.36"
158.94.209.8 - - [13/Jan/2026:04:18:29 +0100] "GET /wp-json/wp/v2/users HTTP/1.1" 406 9667 "https://www.google.com" "Mozilla/5.0 (X11; Linux x86_64) AppleWebKit/537.36 (KHTML, like Gecko) Chrome/119.0.0.0 Safari/537.36"
158.94.209.8 - - [13/Jan/2026:04:18:30 +0100] "GET /?author=1 HTTP/1.1" 301 - "https://www.google.com" "Mozilla/5.0 (X11; Linux x86_64) AppleWebKit/537.36 (KHTML, like Gecko) Chrome/119.0.0.0 Safari/537.36"
158.94.209.8 - - [13/Jan/2026:04:18:32 +0100] "GET /wp-login.php HTTP/1.1" 200 13540 "https://www.google.com" "Mozilla/5.0 (X11; Linux x86_64) AppleWebKit/537.36 (KHTML, like Gecko) Chrome/119.0.0.0 Safari/537.36"
158.94.209.8 - - [13/Jan/2026:04:18:33 +0100] "GET /wp-login.php HTTP/1.1" 200 13540 "https://www.google.com" "Mozilla/5.0 (X11; Linux x86_64) AppleWebKit/537.36 (KHTML, like Gecko) Chrome/119.0.0.0 Safari/537.36"
158.94.209.8 - - [13/Jan/2026:04:19:56 +0100] "GET /wp-json/wp/v2/users HTTP/1.1" 406 9667 "https://www.google.com" "Mozilla/5.0 (X11; Linux x86_64) AppleWebKit/537.36 (KHTML, like Gecko) Chrome/119.0.0.0 Safari/537.36"
158.94.209.8 - - [13/Jan/2026:04:19:57 +0100] "GET /?author=1 HTTP/1.1" 301 - "https://www.google.com" "Mozilla/5.0 (X11; Linux x86_64) AppleWebKit/537.36 (KHTML, like Gecko) Chrome/119.0.0.0 Safari/537.36"
158.94.209.8 - - [13/Jan/2026:04:19:58 +0100] "GET /wp-login.php HTTP/1.1" 200 13540 "https://www.google.com" "Mozilla/5.0 (X11; Linux x86_64) AppleWebKit/537.36 (KHTML, like Gecko) Chrome/119.0.0.0 Safari/537.36"
158.94.209.8 - - [13/Jan/2026:04:19:59 +0100] "GET /wp-login.php HTTP/1.1" 200 13540 "https://www.google.com" "Mozilla/5.0 (X11; Linux x86_64) AppleWebKit/537.36 (KHTML, like Gecko) Chrome/119.0.0.0 Safari/537.36"
109.234.161.42 - - [13/Jan/2026:04:21:09 +0100] "POST /wp-cron.php?doing_wp_cron=1768274469.3113880157470703125000 HTTP/1.1" 200 - "-" "WordPress/6.9; https://akoyahair.com"
185.3.147.128 - - [13/Jan/2026:04:21:09 +0100] "GET /2020/03 HTTP/1.1" 301 - "https://akoyahair.com/" "Mozilla/5.0 (X11; Linux x86_64) AppleWebKit/537.36 (KHTML, like Gecko) Chrome/114.0.0.0 Safari/537.36"
179.53.220.23 - - [13/Jan/2026:04:21:11 +0100] "GET /2020/03/ HTTP/1.1" 200 60711 "https://akoyahair.com/" "Mozilla/5.0 (X11; Linux x86_64) AppleWebKit/537.36 (KHTML, like Gecko) Chrome/114.0.0.0 Safari/537.36"
158.94.209.8 - - [13/Jan/2026:04:21:23 +0100] "GET /wp-json/wp/v2/users HTTP/1.1" 406 9667 "https://www.google.com" "Mozilla/5.0 (X11; Linux x86_64) AppleWebKit/537.36 (KHTML, like Gecko) Chrome/119.0.0.0 Safari/537.36"
158.94.209.8 - - [13/Jan/2026:04:21:24 +0100] "GET /?author=1 HTTP/1.1" 301 - "https://www.google.com" "Mozilla/5.0 (X11; Linux x86_64) AppleWebKit/537.36 (KHTML, like Gecko) Chrome/119.0.0.0 Safari/537.36"
158.94.209.8 - - [13/Jan/2026:04:21:25 +0100] "GET /wp-login.php HTTP/1.1" 200 13540 "https://www.google.com" "Mozilla/5.0 (X11; Linux x86_64) AppleWebKit/537.36 (KHTML, like Gecko) Chrome/119.0.0.0 Safari/537.36"
158.94.209.8 - - [13/Jan/2026:04:21:26 +0100] "GET /wp-login.php HTTP/1.1" 200 13540 "https://www.google.com" "Mozilla/5.0 (X11; Linux x86_64) AppleWebKit/537.36 (KHTML, like Gecko) Chrome/119.0.0.0 Safari/537.36"
158.94.209.8 - - [13/Jan/2026:04:22:50 +0100] "GET /wp-json/wp/v2/users HTTP/1.1" 406 9667 "https://www.google.com" "Mozilla/5.0 (X11; Linux x86_64) AppleWebKit/537.36 (KHTML, like Gecko) Chrome/119.0.0.0 Safari/537.36"
158.94.209.8 - - [13/Jan/2026:04:22:51 +0100] "GET /?author=1 HTTP/1.1" 301 - "https://www.google.com" "Mozilla/5.0 (X11; Linux x86_64) AppleWebKit/537.36 (KHTML, like Gecko) Chrome/119.0.0.0 Safari/537.36"
158.94.209.8 - - [13/Jan/2026:04:22:53 +0100] "GET /wp-login.php HTTP/1.1" 200 13540 "https://www.google.com" "Mozilla/5.0 (X11; Linux x86_64) AppleWebKit/537.36 (KHTML, like Gecko) Chrome/119.0.0.0 Safari/537.36"
158.94.209.8 - - [13/Jan/2026:04:22:54 +0100] "GET /wp-login.php HTTP/1.1" 200 13540 "https://www.google.com" "Mozilla/5.0 (X11; Linux x86_64) AppleWebKit/537.36 (KHTML, like Gecko) Chrome/119.0.0.0 Safari/537.36"
158.94.209.8 - - [13/Jan/2026:04:24:18 +0100] "GET /wp-json/wp/v2/users HTTP/1.1" 406 9667 "https://www.google.com" "Mozilla/5.0 (X11; Linux x86_64) AppleWebKit/537.36 (KHTML, like Gecko) Chrome/119.0.0.0 Safari/537.36"
158.94.209.8 - - [13/Jan/2026:04:24:18 +0100] "GET /?author=1 HTTP/1.1" 301 - "https://www.google.com" "Mozilla/5.0 (X11; Linux x86_64) AppleWebKit/537.36 (KHTML, like Gecko) Chrome/119.0.0.0 Safari/537.36"
158.94.209.8 - - [13/Jan/2026:04:24:20 +0100] "GET /wp-login.php HTTP/1.1" 200 13540 "https://www.google.com" "Mozilla/5.0 (X11; Linux x86_64) AppleWebKit/537.36 (KHTML, like Gecko) Chrome/119.0.0.0 Safari/537.36"
158.94.209.8 - - [13/Jan/2026:04:24:21 +0100] "GET /wp-login.php HTTP/1.1" 200 13540 "https://www.google.com" "Mozilla/5.0 (X11; Linux x86_64) AppleWebKit/537.36 (KHTML, like Gecko) Chrome/119.0.0.0 Safari/537.36"
158.94.209.8 - - [13/Jan/2026:04:25:44 +0100] "GET /wp-json/wp/v2/users HTTP/1.1" 406 9667 "https://www.google.com" "Mozilla/5.0 (X11; Linux x86_64) AppleWebKit/537.36 (KHTML, like Gecko) Chrome/119.0.0.0 Safari/537.36"
158.94.209.8 - - [13/Jan/2026:04:25:45 +0100] "GET /?author=1 HTTP/1.1" 301 - "https://www.google.com" "Mozilla/5.0 (X11; Linux x86_64) AppleWebKit/537.36 (KHTML, like Gecko) Chrome/119.0.0.0 Safari/537.36"
158.94.209.8 - - [13/Jan/2026:04:25:47 +0100] "GET /wp-login.php HTTP/1.1" 200 13540 "https://www.google.com" "Mozilla/5.0 (X11; Linux x86_64) AppleWebKit/537.36 (KHTML, like Gecko) Chrome/119.0.0.0 Safari/537.36"
158.94.209.8 - - [13/Jan/2026:04:25:48 +0100] "GET /wp-login.php HTTP/1.1" 200 13540 "https://www.google.com" "Mozilla/5.0 (X11; Linux x86_64) AppleWebKit/537.36 (KHTML, like Gecko) Chrome/119.0.0.0 Safari/537.36"
109.234.161.42 - - [13/Jan/2026:04:26:40 +0100] "POST /wp-cron.php?doing_wp_cron=1768274800.5440139770507812500000 HTTP/1.1" 200 - "-" "WordPress/6.9; https://akoyahair.com"
106.252.202.226 - - [13/Jan/2026:04:26:40 +0100] "GET / HTTP/1.1" 301 - "-" "Python/3.12 aiohttp/3.11.7"
106.252.202.226 - - [13/Jan/2026:04:26:43 +0100] "POST / HTTP/1.1" 200 105834 "-" "Python/3.12 aiohttp/3.11.7"
158.94.209.8 - - [13/Jan/2026:04:27:12 +0100] "GET /wp-json/wp/v2/users HTTP/1.1" 406 9667 "https://www.google.com" "Mozilla/5.0 (X11; Linux x86_64) AppleWebKit/537.36 (KHTML, like Gecko) Chrome/119.0.0.0 Safari/537.36"
