41.82.118.21 - - [13/Jan/2026:13:12:08 +0100] "GET /wp-content/themes/Akoya/assets/js/modules/plugins/owl.carousel.min.js?ver=6.9 HTTP/1.1" 404 54697 "https://akoyahair.com/" "Mozilla/5.0 (Windows NT 10.0; Win64; x64) AppleWebKit/537.36 (KHTML, like Gecko) Chrome/143.0.0.0 Safari/537.36"
41.82.118.21 - - [13/Jan/2026:13:12:08 +0100] "GET /wp-content/themes/Akoya/assets/js/modules/plugins/jquery.plugin.js?ver=6.9 HTTP/1.1" 404 54698 "https://akoyahair.com/" "Mozilla/5.0 (Windows NT 10.0; Win64; x64) AppleWebKit/537.36 (KHTML, like Gecko) Chrome/143.0.0.0 Safari/537.36"
41.82.118.21 - - [13/Jan/2026:13:12:08 +0100] "GET /wp-content/themes/Akoya/assets/js/modules/plugins/jquery.waypoints.min.js?ver=6.9 HTTP/1.1" 404 54697 "https://akoyahair.com/" "Mozilla/5.0 (Windows NT 10.0; Win64; x64) AppleWebKit/537.36 (KHTML, like Gecko) Chrome/143.0.0.0 Safari/537.36"
41.82.118.21 - - [13/Jan/2026:13:12:08 +0100] "GET /wp-content/themes/Akoya/assets/js/modules/plugins/fluidvids.min.js?ver=6.9 HTTP/1.1" 404 54698 "https://akoyahair.com/" "Mozilla/5.0 (Windows NT 10.0; Win64; x64) AppleWebKit/537.36 (KHTML, like Gecko) Chrome/143.0.0.0 Safari/537.36"
41.82.118.21 - - [13/Jan/2026:13:12:08 +0100] "GET /wp-content/plugins/js_composer/assets/lib/prettyphoto/js/jquery.prettyPhoto.min.js?ver=6.4.0 HTTP/1.1" 404 54698 "https://akoyahair.com/" "Mozilla/5.0 (Windows NT 10.0; Win64; x64) AppleWebKit/537.36 (KHTML, like Gecko) Chrome/143.0.0.0 Safari/537.36"
41.82.118.21 - - [13/Jan/2026:13:12:08 +0100] "GET /wp-content/themes/Akoya/assets/js/modules/plugins/ScrollToPlugin.min.js?ver=6.9 HTTP/1.1" 404 54698 "https://akoyahair.com/" "Mozilla/5.0 (Windows NT 10.0; Win64; x64) AppleWebKit/537.36 (KHTML, like Gecko) Chrome/143.0.0.0 Safari/537.36"
41.82.118.21 - - [13/Jan/2026:13:12:08 +0100] "GET /wp-content/themes/Akoya/assets/js/modules/plugins/parallax.min.js?ver=6.9 HTTP/1.1" 404 54698 "https://akoyahair.com/" "Mozilla/5.0 (Windows NT 10.0; Win64; x64) AppleWebKit/537.36 (KHTML, like Gecko) Chrome/143.0.0.0 Safari/537.36"
41.82.118.21 - - [13/Jan/2026:13:12:08 +0100] "GET /wp-content/themes/Akoya/assets/js/modules/plugins/perfect-scrollbar.jquery.min.js?ver=6.9 HTTP/1.1" 404 54698 "https://akoyahair.com/" "Mozilla/5.0 (Windows NT 10.0; Win64; x64) AppleWebKit/537.36 (KHTML, like Gecko) Chrome/143.0.0.0 Safari/537.36"
41.82.118.21 - - [13/Jan/2026:13:12:08 +0100] "GET /wp-includes/js/jquery/ui/datepicker.min.js?ver=1.13.3 HTTP/1.1" 200 36748 "https://akoyahair.com/" "Mozilla/5.0 (Windows NT 10.0; Win64; x64) AppleWebKit/537.36 (KHTML, like Gecko) Chrome/143.0.0.0 Safari/537.36"
41.82.118.21 - - [13/Jan/2026:13:12:08 +0100] "GET /wp-content/plugins/js_composer/assets/lib/bower/isotope/dist/isotope.pkgd.min.js?ver=6.4.0 HTTP/1.1" 404 54698 "https://akoyahair.com/" "Mozilla/5.0 (Windows NT 10.0; Win64; x64) AppleWebKit/537.36 (KHTML, like Gecko) Chrome/143.0.0.0 Safari/537.36"
41.82.118.21 - - [13/Jan/2026:13:12:08 +0100] "GET /wp-content/themes/Akoya/assets/js/modules/plugins/jquery.easing.1.3.js?ver=6.9 HTTP/1.1" 404 54698 "https://akoyahair.com/" "Mozilla/5.0 (Windows NT 10.0; Win64; x64) AppleWebKit/537.36 (KHTML, like Gecko) Chrome/143.0.0.0 Safari/537.36"
41.82.118.21 - - [13/Jan/2026:13:12:08 +0100] "GET /wp-content/themes/Akoya/assets/js/modules/plugins/jquery.waitforimages.js?ver=6.9 HTTP/1.1" 404 54698 "https://akoyahair.com/" "Mozilla/5.0 (Windows NT 10.0; Win64; x64) AppleWebKit/537.36 (KHTML, like Gecko) Chrome/143.0.0.0 Safari/537.36"
41.82.118.21 - - [13/Jan/2026:13:12:08 +0100] "GET /wp-content/plugins/curly-core/shortcodes/countdown/assets/js/plugins/jquery.countdown.min.js?ver=6.9 HTTP/1.1" 404 54698 "https://akoyahair.com/" "Mozilla/5.0 (Windows NT 10.0; Win64; x64) AppleWebKit/537.36 (KHTML, like Gecko) Chrome/143.0.0.0 Safari/537.36"
41.82.118.21 - - [13/Jan/2026:13:12:08 +0100] "GET /wp-content/themes/Akoya/assets/js/modules/plugins/jquery.geocomplete.min.js?ver=6.9 HTTP/1.1" 404 54698 "https://akoyahair.com/" "Mozilla/5.0 (Windows NT 10.0; Win64; x64) AppleWebKit/537.36 (KHTML, like Gecko) Chrome/143.0.0.0 Safari/537.36"
41.82.118.21 - - [13/Jan/2026:13:12:08 +0100] "GET /wp-content/themes/Akoya/assets/js/modules/plugins/packery-mode.pkgd.min.js?ver=6.9 HTTP/1.1" 404 54698 "https://akoyahair.com/" "Mozilla/5.0 (Windows NT 10.0; Win64; x64) AppleWebKit/537.36 (KHTML, like Gecko) Chrome/143.0.0.0 Safari/537.36"
41.82.118.21 - - [13/Jan/2026:13:12:08 +0100] "GET /wp-content/plugins/curly-core/shortcodes/pie-chart/assets/js/plugins/easypiechart.js?ver=6.9 HTTP/1.1" 404 54698 "https://akoyahair.com/" "Mozilla/5.0 (Windows NT 10.0; Win64; x64) AppleWebKit/537.36 (KHTML, like Gecko) Chrome/143.0.0.0 Safari/537.36"
41.82.118.21 - - [13/Jan/2026:13:12:08 +0100] "GET /wp-content/plugins/curly-core/shortcodes/counter/assets/js/plugins/counter.js?ver=6.9 HTTP/1.1" 404 54698 "https://akoyahair.com/" "Mozilla/5.0 (Windows NT 10.0; Win64; x64) AppleWebKit/537.36 (KHTML, like Gecko) Chrome/143.0.0.0 Safari/537.36"
41.82.118.21 - - [13/Jan/2026:13:12:08 +0100] "GET /wp-content/plugins/curly-core/shortcodes/counter/assets/js/plugins/absoluteCounter.min.js?ver=6.9 HTTP/1.1" 404 54698 "https://akoyahair.com/" "Mozilla/5.0 (Windows NT 10.0; Win64; x64) AppleWebKit/537.36 (KHTML, like Gecko) Chrome/143.0.0.0 Safari/537.36"
41.82.118.21 - - [13/Jan/2026:13:12:08 +0100] "GET /wp-content/themes/Akoya/assets/js/modules.min.js?ver=6.9 HTTP/1.1" 404 54698 "https://akoyahair.com/" "Mozilla/5.0 (Windows NT 10.0; Win64; x64) AppleWebKit/537.36 (KHTML, like Gecko) Chrome/143.0.0.0 Safari/537.36"
41.82.118.21 - - [13/Jan/2026:13:12:08 +0100] "GET /wp-content/plugins/curly-core/shortcodes/vertical-split-slider/assets/js/plugins/jquery.multiscroll.min.js?ver=6.9 HTTP/1.1" 404 54698 "https://akoyahair.com/" "Mozilla/5.0 (Windows NT 10.0; Win64; x64) AppleWebKit/537.36 (KHTML, like Gecko) Chrome/143.0.0.0 Safari/537.36"
41.82.118.21 - - [13/Jan/2026:13:12:08 +0100] "GET /wp-content/plugins/curly-core/shortcodes/custom-font/assets/js/plugins/typed.js?ver=6.9 HTTP/1.1" 404 54698 "https://akoyahair.com/" "Mozilla/5.0 (Windows NT 10.0; Win64; x64) AppleWebKit/537.36 (KHTML, like Gecko) Chrome/143.0.0.0 Safari/537.36"
41.82.118.21 - - [13/Jan/2026:13:12:08 +0100] "GET /wp-content/plugins/woocommerce/assets/js/frontend/order-attribution.min.js?ver=10.1.3 HTTP/1.1" 404 54698 "https://akoyahair.com/" "Mozilla/5.0 (Windows NT 10.0; Win64; x64) AppleWebKit/537.36 (KHTML, like Gecko) Chrome/143.0.0.0 Safari/537.36"
41.82.118.21 - - [13/Jan/2026:13:12:08 +0100] "GET /wp-content/plugins/curly-business/assets/js/business.min.js?ver=6.9 HTTP/1.1" 404 54698 "https://akoyahair.com/" "Mozilla/5.0 (Windows NT 10.0; Win64; x64) AppleWebKit/537.36 (KHTML, like Gecko) Chrome/143.0.0.0 Safari/537.36"
41.82.118.21 - - [13/Jan/2026:13:12:08 +0100] "GET /wp-content/plugins/js_composer/assets/lib/vc_waypoints/vc-waypoints.min.js?ver=6.4.0 HTTP/1.1" 404 54698 "https://akoyahair.com/" "Mozilla/5.0 (Windows NT 10.0; Win64; x64) AppleWebKit/537.36 (KHTML, like Gecko) Chrome/143.0.0.0 Safari/537.36"
41.82.118.21 - - [13/Jan/2026:13:12:08 +0100] "GET /wp-content/plugins/woocommerce/assets/js/frontend/woocommerce.min.js?ver=10.1.3 HTTP/1.1" 404 54698 "https://akoyahair.com/" "Mozilla/5.0 (Windows NT 10.0; Win64; x64) AppleWebKit/537.36 (KHTML, like Gecko) Chrome/143.0.0.0 Safari/537.36"
41.82.118.21 - - [13/Jan/2026:13:12:08 +0100] "GET /wp-content/uploads/2021/04/Slider-A-min.jpg HTTP/1.1" 404 54698 "https://akoyahair.com/" "Mozilla/5.0 (Windows NT 10.0; Win64; x64) AppleWebKit/537.36 (KHTML, like Gecko) Chrome/143.0.0.0 Safari/537.36"
41.82.118.21 - - [13/Jan/2026:13:12:08 +0100] "GET /wp-content/plugins/js_composer/assets/js/dist/js_composer_front.min.js?ver=6.4.0 HTTP/1.1" 404 54698 "https://akoyahair.com/" "Mozilla/5.0 (Windows NT 10.0; Win64; x64) AppleWebKit/537.36 (KHTML, like Gecko) Chrome/143.0.0.0 Safari/537.36"
41.82.118.21 - - [13/Jan/2026:13:12:08 +0100] "GET /wp-content/uploads/2024/07/DSC08096-1.jpg HTTP/1.1" 404 54697 "https://akoyahair.com/" "Mozilla/5.0 (Windows NT 10.0; Win64; x64) AppleWebKit/537.36 (KHTML, like Gecko) Chrome/143.0.0.0 Safari/537.36"
41.82.118.21 - - [13/Jan/2026:13:12:08 +0100] "GET /wp-content/plugins/woocommerce/assets/js/sourcebuster/sourcebuster.min.js?ver=10.1.3 HTTP/1.1" 404 54697 "https://akoyahair.com/" "Mozilla/5.0 (Windows NT 10.0; Win64; x64) AppleWebKit/537.36 (KHTML, like Gecko) Chrome/143.0.0.0 Safari/537.36"
41.82.118.21 - - [13/Jan/2026:13:12:08 +0100] "GET /wp-content/uploads/2021/04/A-propos-min.jpg HTTP/1.1" 404 54698 "https://akoyahair.com/" "Mozilla/5.0 (Windows NT 10.0; Win64; x64) AppleWebKit/537.36 (KHTML, like Gecko) Chrome/143.0.0.0 Safari/537.36"
41.82.118.21 - - [13/Jan/2026:13:12:08 +0100] "GET /wp-content/uploads/2024/07/DSC08066-scaled.jpg HTTP/1.1" 404 54698 "https://akoyahair.com/" "Mozilla/5.0 (Windows NT 10.0; Win64; x64) AppleWebKit/537.36 (KHTML, like Gecko) Chrome/143.0.0.0 Safari/537.36"
41.82.118.21 - - [13/Jan/2026:13:12:08 +0100] "GET /wp-content/plugins/woocommerce/assets/js/select2/select2.full.min.js?ver=4.0.3-wc.10.1.3 HTTP/1.1" 404 54697 "https://akoyahair.com/" "Mozilla/5.0 (Windows NT 10.0; Win64; x64) AppleWebKit/537.36 (KHTML, like Gecko) Chrome/143.0.0.0 Safari/537.36"
41.82.118.21 - - [13/Jan/2026:13:12:08 +0100] "GET /wp-content/plugins/woocommerce/assets/js/js-cookie/js.cookie.min.js?ver=2.1.4-wc.10.1.3 HTTP/1.1" 404 54698 "https://akoyahair.com/" "Mozilla/5.0 (Windows NT 10.0; Win64; x64) AppleWebKit/537.36 (KHTML, like Gecko) Chrome/143.0.0.0 Safari/537.36"
41.82.118.21 - - [13/Jan/2026:13:12:09 +0100] "GET /wp-content/uploads/2021/06/cropped-Favicon-min-2-32x32.png HTTP/1.1" 404 54698 "https://akoyahair.com/" "Mozilla/5.0 (Windows NT 10.0; Win64; x64) AppleWebKit/537.36 (KHTML, like Gecko) Chrome/143.0.0.0 Safari/537.36"
41.82.118.21 - - [13/Jan/2026:13:12:11 +0100] "GET /wp-includes/js/wp-emoji-release.min.js?ver=6.9 HTTP/1.1" 200 22762 "https://akoyahair.com/" "Mozilla/5.0 (Windows NT 10.0; Win64; x64) AppleWebKit/537.36 (KHTML, like Gecko) Chrome/143.0.0.0 Safari/537.36"
41.82.118.21 - - [13/Jan/2026:13:12:11 +0100] "GET /wp-content/uploads/2021/06/cropped-Favicon-min-2-192x192.png HTTP/1.1" 404 54698 "https://akoyahair.com/" "Mozilla/5.0 (Windows NT 10.0; Win64; x64) AppleWebKit/537.36 (KHTML, like Gecko) Chrome/143.0.0.0 Safari/537.36"
66.249.75.203 - - [13/Jan/2026:13:12:12 +0100] "GET /?_g=1194153 HTTP/1.1" 200 105848 "-" "Mozilla/5.0 (Linux; Android 6.0.1; Nexus 5X Build/MMB29P) AppleWebKit/537.36 (KHTML, like Gecko) Chrome/143.0.7499.192 Mobile Safari/537.36 (compatible; Googlebot/2.1; +http://www.google.com/bot.html)"
66.249.75.202 - - [13/Jan/2026:13:12:18 +0100] "GET /wp-content/plugins/paytech_woocommerce/assets/js/checkout.js?ver=1.0.6420 HTTP/1.1" 404 54698 "https://akoyahair.com/?_g=1194153" "Mozilla/5.0 (Linux; Android 6.0.1; Nexus 5X Build/MMB29P) AppleWebKit/537.36 (KHTML, like Gecko) Chrome/143.0.7499.169 Mobile Safari/537.36 (compatible; Googlebot/2.1; +http://www.google.com/bot.html)"
109.234.161.42 - - [13/Jan/2026:13:12:19 +0100] "POST /wp-cron.php?doing_wp_cron=1768306339.0090899467468261718750 HTTP/1.1" 200 - "-" "WordPress/6.9; https://akoyahair.com"
41.82.118.21 - - [13/Jan/2026:13:12:18 +0100] "GET /wp-content/uploads/2024/07/DSC08435-1.jpg HTTP/1.1" 404 54698 "https://akoyahair.com/" "Mozilla/5.0 (Windows NT 10.0; Win64; x64) AppleWebKit/537.36 (KHTML, like Gecko) Chrome/143.0.0.0 Safari/537.36"
41.82.118.21 - - [13/Jan/2026:13:12:20 +0100] "GET /wp-content/uploads/2024/02/shampoo.png HTTP/1.1" 404 54698 "https://akoyahair.com/" "Mozilla/5.0 (Windows NT 10.0; Win64; x64) AppleWebKit/537.36 (KHTML, like Gecko) Chrome/143.0.0.0 Safari/537.36"
41.82.118.21 - - [13/Jan/2026:13:12:20 +0100] "GET /wp-content/uploads/2024/02/hair-comb-1.png HTTP/1.1" 404 54698 "https://akoyahair.com/" "Mozilla/5.0 (Windows NT 10.0; Win64; x64) AppleWebKit/537.36 (KHTML, like Gecko) Chrome/143.0.0.0 Safari/537.36"
41.82.118.21 - - [13/Jan/2026:13:12:20 +0100] "GET /wp-content/uploads/2024/02/beauty.png HTTP/1.1" 404 54698 "https://akoyahair.com/" "Mozilla/5.0 (Windows NT 10.0; Win64; x64) AppleWebKit/537.36 (KHTML, like Gecko) Chrome/143.0.0.0 Safari/537.36"
41.82.118.21 - - [13/Jan/2026:13:12:20 +0100] "GET /wp-content/uploads/2023/12/DSC02382-NR.jpg HTTP/1.1" 404 54698 "https://akoyahair.com/" "Mozilla/5.0 (Windows NT 10.0; Win64; x64) AppleWebKit/537.36 (KHTML, like Gecko) Chrome/143.0.0.0 Safari/537.36"
41.82.118.21 - - [13/Jan/2026:13:12:20 +0100] "GET /wp-content/uploads/2023/12/DSC05001-scaled.jpg HTTP/1.1" 404 54698 "https://akoyahair.com/" "Mozilla/5.0 (Windows NT 10.0; Win64; x64) AppleWebKit/537.36 (KHTML, like Gecko) Chrome/143.0.0.0 Safari/537.36"
92.222.108.110 - - [13/Jan/2026:13:12:48 +0100] "GET /wp-content/plugins/paytech_woocommerce/assets/js/checkout.js?ver=1.0.8493 HTTP/1.1" 404 54697 "-" "Mozilla/5.0 (compatible; AhrefsBot/7.0; +http://ahrefs.com/robot/)"
66.249.75.201 - - [13/Jan/2026:13:12:59 +0100] "GET /robots.txt HTTP/1.1" 200 388 "-" "Mozilla/5.0 (compatible; Googlebot/2.1; +http://www.google.com/bot.html)"
66.249.75.202 - - [13/Jan/2026:13:12:59 +0100] "GET /?_g=63400 HTTP/1.1" 200 105839 "-" "Mozilla/5.0 (Linux; Android 6.0.1; Nexus 5X Build/MMB29P) AppleWebKit/537.36 (KHTML, like Gecko) Chrome/143.0.7499.192 Mobile Safari/537.36 (compatible; Googlebot/2.1; +http://www.google.com/bot.html)"
66.249.75.203 - - [13/Jan/2026:13:13:02 +0100] "GET /wp-content/plugins/paytech_woocommerce/assets/js/checkout.js?ver=1.0.428 HTTP/1.1" 404 54697 "https://akoyahair.com/?_g=63400" "Mozilla/5.0 (Linux; Android 6.0.1; Nexus 5X Build/MMB29P) AppleWebKit/537.36 (KHTML, like Gecko) Chrome/143.0.7499.169 Mobile Safari/537.36 (compatible; Googlebot/2.1; +http://www.google.com/bot.html)"
109.234.161.42 - - [13/Jan/2026:13:13:52 +0100] "POST /wp-cron.php?doing_wp_cron=1768306432.4826560020446777343750 HTTP/1.1" 200 - "-" "WordPress/6.9; https://akoyahair.com"
66.249.75.201 - - [13/Jan/2026:13:13:52 +0100] "GET /?_g=1876988 HTTP/1.1" 200 105848 "-" "Mozilla/5.0 (Linux; Android 6.0.1; Nexus 5X Build/MMB29P) AppleWebKit/537.36 (KHTML, like Gecko) Chrome/143.0.7499.192 Mobile Safari/537.36 (compatible; Googlebot/2.1; +http://www.google.com/bot.html)"
66.249.75.201 - - [13/Jan/2026:13:13:57 +0100] "GET /wp-content/plugins/paytech_woocommerce/assets/js/checkout.js?ver=1.0.2460 HTTP/1.1" 404 54698 "https://akoyahair.com/?_g=1876988" "Mozilla/5.0 (Linux; Android 6.0.1; Nexus 5X Build/MMB29P) AppleWebKit/537.36 (KHTML, like Gecko) Chrome/143.0.7499.169 Mobile Safari/537.36 (compatible; Googlebot/2.1; +http://www.google.com/bot.html)"
109.234.161.42 - - [13/Jan/2026:13:14:56 +0100] "POST /wp-cron.php?doing_wp_cron=1768306496.9611890316009521484375 HTTP/1.1" 200 - "-" "WordPress/6.9; https://akoyahair.com"
66.249.75.203 - - [13/Jan/2026:13:14:56 +0100] "GET /robots.txt HTTP/1.1" 200 388 "-" "Mozilla/5.0 (compatible; Googlebot/2.1; +http://www.google.com/bot.html)"
109.234.161.42 - - [13/Jan/2026:13:14:57 +0100] "POST /wp-cron.php?doing_wp_cron=1768306497.2813880443572998046875 HTTP/1.1" 200 - "-" "WordPress/6.9; https://akoyahair.com"
66.249.75.202 - - [13/Jan/2026:13:14:56 +0100] "GET /?_g=1792338 HTTP/1.1" 200 105848 "-" "Mozilla/5.0 (Linux; Android 6.0.1; Nexus 5X Build/MMB29P) AppleWebKit/537.36 (KHTML, like Gecko) Chrome/143.0.7499.192 Mobile Safari/537.36 (compatible; Googlebot/2.1; +http://www.google.com/bot.html)"
66.249.75.202 - - [13/Jan/2026:13:15:02 +0100] "GET /wp-content/plugins/paytech_woocommerce/assets/js/checkout.js?ver=1.0.3689 HTTP/1.1" 404 54698 "https://akoyahair.com/?_g=1792338" "Mozilla/5.0 (Linux; Android 6.0.1; Nexus 5X Build/MMB29P) AppleWebKit/537.36 (KHTML, like Gecko) Chrome/143.0.7499.169 Mobile Safari/537.36 (compatible; Googlebot/2.1; +http://www.google.com/bot.html)"
109.234.161.42 - - [13/Jan/2026:13:20:07 +0100] "POST /wp-cron.php?doing_wp_cron=1768306807.8685839176177978515625 HTTP/1.1" 200 - "-" "WordPress/6.9; https://akoyahair.com"
66.249.75.203 - - [13/Jan/2026:13:20:07 +0100] "GET /robots.txt HTTP/1.1" 200 388 "-" "Mozilla/5.0 (compatible; Googlebot/2.1; +http://www.google.com/bot.html)"
109.234.161.42 - - [13/Jan/2026:13:20:08 +0100] "POST /wp-cron.php?doing_wp_cron=1768306808.0663049221038818359375 HTTP/1.1" 200 - "-" "WordPress/6.9; https://akoyahair.com"
66.249.75.201 - - [13/Jan/2026:13:20:07 +0100] "GET /?_g=676358 HTTP/1.1" 200 105843 "-" "Mozilla/5.0 (Linux; Android 6.0.1; Nexus 5X Build/MMB29P) AppleWebKit/537.36 (KHTML, like Gecko) Chrome/143.0.7499.192 Mobile Safari/537.36 (compatible; Googlebot/2.1; +http://www.google.com/bot.html)"
66.249.75.201 - - [13/Jan/2026:13:20:12 +0100] "GET /wp-content/plugins/paytech_woocommerce/assets/js/checkout.js?ver=1.0.5274 HTTP/1.1" 404 54698 "https://akoyahair.com/?_g=676358" "Mozilla/5.0 (Linux; Android 6.0.1; Nexus 5X Build/MMB29P) AppleWebKit/537.36 (KHTML, like Gecko) Chrome/143.0.7499.169 Mobile Safari/537.36 (compatible; Googlebot/2.1; +http://www.google.com/bot.html)"
109.234.161.42 - - [13/Jan/2026:13:24:07 +0100] "POST /wp-cron.php?doing_wp_cron=1768307047.3806920051574707031250 HTTP/1.1" 200 - "-" "WordPress/6.9; https://akoyahair.com"
66.249.75.201 - - [13/Jan/2026:13:24:06 +0100] "GET /?_g=454500 HTTP/1.1" 200 105843 "-" "Mozilla/5.0 (Linux; Android 6.0.1; Nexus 5X Build/MMB29P) AppleWebKit/537.36 (KHTML, like Gecko) Chrome/143.0.7499.192 Mobile Safari/537.36 (compatible; Googlebot/2.1; +http://www.google.com/bot.html)"
109.234.161.42 - - [13/Jan/2026:13:24:36 +0100] "POST /wp-cron.php?doing_wp_cron=1768307076.4048380851745605468750 HTTP/1.1" 200 - "-" "WordPress/6.9; https://akoyahair.com"
66.249.75.201 - - [13/Jan/2026:13:24:36 +0100] "GET /?_g=463379 HTTP/1.1" 200 105843 "-" "Mozilla/5.0 (Linux; Android 6.0.1; Nexus 5X Build/MMB29P) AppleWebKit/537.36 (KHTML, like Gecko) Chrome/143.0.7499.192 Mobile Safari/537.36 (compatible; Googlebot/2.1; +http://www.google.com/bot.html)"
66.249.75.201 - - [13/Jan/2026:13:24:40 +0100] "GET /wp-content/plugins/paytech_woocommerce/assets/js/checkout.js?ver=1.0.6948 HTTP/1.1" 404 54697 "https://akoyahair.com/?_g=463379" "Mozilla/5.0 (Linux; Android 6.0.1; Nexus 5X Build/MMB29P) AppleWebKit/537.36 (KHTML, like Gecko) Chrome/143.0.7499.169 Mobile Safari/537.36 (compatible; Googlebot/2.1; +http://www.google.com/bot.html)"
66.249.75.201 - - [13/Jan/2026:13:24:50 +0100] "GET /?_g=2094712 HTTP/1.1" 200 105848 "-" "Mozilla/5.0 (Linux; Android 6.0.1; Nexus 5X Build/MMB29P) AppleWebKit/537.36 (KHTML, like Gecko) Chrome/143.0.7499.192 Mobile Safari/537.36 (compatible; Googlebot/2.1; +http://www.google.com/bot.html)"
66.249.75.201 - - [13/Jan/2026:13:24:54 +0100] "GET /wp-content/plugins/paytech_woocommerce/assets/js/checkout.js?ver=1.0.8876 HTTP/1.1" 404 54697 "https://akoyahair.com/?_g=2094712" "Mozilla/5.0 (Linux; Android 6.0.1; Nexus 5X Build/MMB29P) AppleWebKit/537.36 (KHTML, like Gecko) Chrome/143.0.7499.169 Mobile Safari/537.36 (compatible; Googlebot/2.1; +http://www.google.com/bot.html)"
109.234.161.42 - - [13/Jan/2026:13:25:33 +0100] "POST /wp-cron.php?doing_wp_cron=1768307133.9861259460449218750000 HTTP/1.1" 200 - "-" "WordPress/6.9; https://akoyahair.com"
66.249.75.201 - - [13/Jan/2026:13:25:33 +0100] "GET /?_g=331652 HTTP/1.1" 200 105842 "-" "Mozilla/5.0 (Linux; Android 6.0.1; Nexus 5X Build/MMB29P) AppleWebKit/537.36 (KHTML, like Gecko) Chrome/143.0.7499.192 Mobile Safari/537.36 (compatible; Googlebot/2.1; +http://www.google.com/bot.html)"
66.249.75.203 - - [13/Jan/2026:13:25:37 +0100] "GET /wp-content/plugins/paytech_woocommerce/assets/js/checkout.js?ver=1.0.5868 HTTP/1.1" 404 54698 "https://akoyahair.com/?_g=331652" "Mozilla/5.0 (Linux; Android 6.0.1; Nexus 5X Build/MMB29P) AppleWebKit/537.36 (KHTML, like Gecko) Chrome/143.0.7499.169 Mobile Safari/537.36 (compatible; Googlebot/2.1; +http://www.google.com/bot.html)"
141.98.6.199 - - [13/Jan/2026:13:26:09 +0100] "GET /wp-json/wp/v2/users HTTP/1.1" 406 9667 "https://www.google.com" "Mozilla/5.0 (X11; Linux x86_64) AppleWebKit/537.36 (KHTML, like Gecko) Chrome/119.0.0.0 Safari/537.36"
141.98.6.199 - - [13/Jan/2026:13:26:10 +0100] "GET /?author=1 HTTP/1.1" 301 - "https://www.google.com" "Mozilla/5.0 (X11; Linux x86_64) AppleWebKit/537.36 (KHTML, like Gecko) Chrome/119.0.0.0 Safari/537.36"
141.98.6.199 - - [13/Jan/2026:13:26:11 +0100] "GET /wp-login.php HTTP/1.1" 200 13540 "https://www.google.com" "Mozilla/5.0 (X11; Linux x86_64) AppleWebKit/537.36 (KHTML, like Gecko) Chrome/119.0.0.0 Safari/537.36"
66.249.75.203 - - [13/Jan/2026:13:26:13 +0100] "GET /?_g=2225048 HTTP/1.1" 200 105848 "-" "Mozilla/5.0 (Linux; Android 6.0.1; Nexus 5X Build/MMB29P) AppleWebKit/537.36 (KHTML, like Gecko) Chrome/143.0.7499.192 Mobile Safari/537.36 (compatible; Googlebot/2.1; +http://www.google.com/bot.html)"
141.98.6.199 - - [13/Jan/2026:13:26:16 +0100] "GET /wp-login.php HTTP/1.1" 200 13540 "https://www.google.com" "Mozilla/5.0 (X11; Linux x86_64) AppleWebKit/537.36 (KHTML, like Gecko) Chrome/119.0.0.0 Safari/537.36"
66.249.75.203 - - [13/Jan/2026:13:26:17 +0100] "GET /wp-content/plugins/paytech_woocommerce/assets/js/checkout.js?ver=1.0.3109 HTTP/1.1" 404 54698 "https://akoyahair.com/?_g=2225048" "Mozilla/5.0 (Linux; Android 6.0.1; Nexus 5X Build/MMB29P) AppleWebKit/537.36 (KHTML, like Gecko) Chrome/143.0.7499.169 Mobile Safari/537.36 (compatible; Googlebot/2.1; +http://www.google.com/bot.html)"
109.234.161.42 - - [13/Jan/2026:13:26:35 +0100] "POST /wp-cron.php?doing_wp_cron=1768307195.2444610595703125000000 HTTP/1.1" 200 - "-" "WordPress/6.9; https://akoyahair.com"
66.249.75.202 - - [13/Jan/2026:13:26:34 +0100] "GET /?_g=2609220 HTTP/1.1" 200 105847 "-" "Mozilla/5.0 (Linux; Android 6.0.1; Nexus 5X Build/MMB29P) AppleWebKit/537.36 (KHTML, like Gecko) Chrome/143.0.7499.192 Mobile Safari/537.36 (compatible; Googlebot/2.1; +http://www.google.com/bot.html)"
66.249.75.203 - - [13/Jan/2026:13:27:17 +0100] "GET /?_g=2500113 HTTP/1.1" 200 105847 "-" "Mozilla/5.0 (Linux; Android 6.0.1; Nexus 5X Build/MMB29P) AppleWebKit/537.36 (KHTML, like Gecko) Chrome/143.0.7499.192 Mobile Safari/537.36 (compatible; Googlebot/2.1; +http://www.google.com/bot.html)"
109.234.161.42 - - [13/Jan/2026:13:27:24 +0100] "POST /wp-cron.php?doing_wp_cron=1768307244.0580070018768310546875 HTTP/1.1" 200 - "-" "WordPress/6.9; https://akoyahair.com"
66.249.75.202 - - [13/Jan/2026:13:27:23 +0100] "GET /wp-content/plugins/paytech_woocommerce/assets/js/checkout.js?ver=1.0.2668 HTTP/1.1" 404 54698 "https://akoyahair.com/?_g=2500113" "Mozilla/5.0 (Linux; Android 6.0.1; Nexus 5X Build/MMB29P) AppleWebKit/537.36 (KHTML, like Gecko) Chrome/143.0.7499.169 Mobile Safari/537.36 (compatible; Googlebot/2.1; +http://www.google.com/bot.html)"
66.249.75.201 - - [13/Jan/2026:13:27:46 +0100] "GET /?_g=1294041 HTTP/1.1" 200 105848 "-" "Mozilla/5.0 (Linux; Android 6.0.1; Nexus 5X Build/MMB29P) AppleWebKit/537.36 (KHTML, like Gecko) Chrome/143.0.7499.192 Mobile Safari/537.36 (compatible; Googlebot/2.1; +http://www.google.com/bot.html)"
66.249.75.201 - - [13/Jan/2026:13:27:50 +0100] "GET /wp-content/plugins/paytech_woocommerce/assets/js/checkout.js?ver=1.0.6577 HTTP/1.1" 404 54698 "https://akoyahair.com/?_g=1294041" "Mozilla/5.0 (Linux; Android 6.0.1; Nexus 5X Build/MMB29P) AppleWebKit/537.36 (KHTML, like Gecko) Chrome/143.0.7499.169 Mobile Safari/537.36 (compatible; Googlebot/2.1; +http://www.google.com/bot.html)"
66.249.75.202 - - [13/Jan/2026:13:28:00 +0100] "GET /?_g=815179 HTTP/1.1" 200 105843 "-" "Mozilla/5.0 (Linux; Android 6.0.1; Nexus 5X Build/MMB29P) AppleWebKit/537.36 (KHTML, like Gecko) Chrome/143.0.7499.192 Mobile Safari/537.36 (compatible; Googlebot/2.1; +http://www.google.com/bot.html)"
66.249.75.201 - - [13/Jan/2026:13:28:06 +0100] "GET /wp-content/plugins/paytech_woocommerce/assets/js/checkout.js?ver=1.0.851 HTTP/1.1" 404 54698 "https://akoyahair.com/?_g=815179" "Mozilla/5.0 (Linux; Android 6.0.1; Nexus 5X Build/MMB29P) AppleWebKit/537.36 (KHTML, like Gecko) Chrome/143.0.7499.169 Mobile Safari/537.36 (compatible; Googlebot/2.1; +http://www.google.com/bot.html)"
109.234.161.42 - - [13/Jan/2026:13:28:21 +0100] "POST /wp-cron.php?doing_wp_cron=1768307301.1490709781646728515625 HTTP/1.1" 200 - "-" "WordPress/6.9; https://akoyahair.com"
66.249.75.201 - - [13/Jan/2026:13:28:20 +0100] "GET /?_g=1265804 HTTP/1.1" 200 105848 "-" "Mozilla/5.0 (Linux; Android 6.0.1; Nexus 5X Build/MMB29P) AppleWebKit/537.36 (KHTML, like Gecko) Chrome/143.0.7499.192 Mobile Safari/537.36 (compatible; Googlebot/2.1; +http://www.google.com/bot.html)"
66.249.75.201 - - [13/Jan/2026:13:28:27 +0100] "GET /wp-content/plugins/paytech_woocommerce/assets/js/checkout.js?ver=1.0.2502 HTTP/1.1" 404 54698 "https://akoyahair.com/?_g=1265804" "Mozilla/5.0 (Linux; Android 6.0.1; Nexus 5X Build/MMB29P) AppleWebKit/537.36 (KHTML, like Gecko) Chrome/143.0.7499.169 Mobile Safari/537.36 (compatible; Googlebot/2.1; +http://www.google.com/bot.html)"
66.249.75.201 - - [13/Jan/2026:13:28:45 +0100] "GET /?_g=1211740 HTTP/1.1" 200 105848 "-" "Mozilla/5.0 (Linux; Android 6.0.1; Nexus 5X Build/MMB29P) AppleWebKit/537.36 (KHTML, like Gecko) Chrome/143.0.7499.192 Mobile Safari/537.36 (compatible; Googlebot/2.1; +http://www.google.com/bot.html)"
66.249.75.201 - - [13/Jan/2026:13:28:48 +0100] "GET /wp-content/plugins/paytech_woocommerce/assets/js/checkout.js?ver=1.0.2344 HTTP/1.1" 404 54698 "https://akoyahair.com/?_g=1211740" "Mozilla/5.0 (Linux; Android 6.0.1; Nexus 5X Build/MMB29P) AppleWebKit/537.36 (KHTML, like Gecko) Chrome/143.0.7499.169 Mobile Safari/537.36 (compatible; Googlebot/2.1; +http://www.google.com/bot.html)"
66.249.75.201 - - [13/Jan/2026:13:29:14 +0100] "GET /?_g=1862883 HTTP/1.1" 200 105848 "-" "Mozilla/5.0 (Linux; Android 6.0.1; Nexus 5X Build/MMB29P) AppleWebKit/537.36 (KHTML, like Gecko) Chrome/143.0.7499.192 Mobile Safari/537.36 (compatible; Googlebot/2.1; +http://www.google.com/bot.html)"
109.234.161.42 - - [13/Jan/2026:13:29:19 +0100] "POST /wp-cron.php?doing_wp_cron=1768307359.1803801059722900390625 HTTP/1.1" 200 - "-" "WordPress/6.9; https://akoyahair.com"
66.249.75.202 - - [13/Jan/2026:13:29:18 +0100] "GET /wp-content/plugins/paytech_woocommerce/assets/js/checkout.js?ver=1.0.7666 HTTP/1.1" 404 54698 "https://akoyahair.com/?_g=1862883" "Mozilla/5.0 (Linux; Android 6.0.1; Nexus 5X Build/MMB29P) AppleWebKit/537.36 (KHTML, like Gecko) Chrome/143.0.7499.169 Mobile Safari/537.36 (compatible; Googlebot/2.1; +http://www.google.com/bot.html)"
66.249.75.201 - - [13/Jan/2026:13:29:29 +0100] "GET /?_g=1217298 HTTP/1.1" 200 105848 "-" "Mozilla/5.0 (Linux; Android 6.0.1; Nexus 5X Build/MMB29P) AppleWebKit/537.36 (KHTML, like Gecko) Chrome/143.0.7499.192 Mobile Safari/537.36 (compatible; Googlebot/2.1; +http://www.google.com/bot.html)"
66.249.75.201 - - [13/Jan/2026:13:29:33 +0100] "GET /wp-content/plugins/paytech_woocommerce/assets/js/checkout.js?ver=1.0.6567 HTTP/1.1" 404 54698 "https://akoyahair.com/?_g=1217298" "Mozilla/5.0 (Linux; Android 6.0.1; Nexus 5X Build/MMB29P) AppleWebKit/537.36 (KHTML, like Gecko) Chrome/143.0.7499.169 Mobile Safari/537.36 (compatible; Googlebot/2.1; +http://www.google.com/bot.html)"
66.249.75.201 - - [13/Jan/2026:13:29:58 +0100] "GET /?_g=915849 HTTP/1.1" 200 105844 "-" "Mozilla/5.0 (Linux; Android 6.0.1; Nexus 5X Build/MMB29P) AppleWebKit/537.36 (KHTML, like Gecko) Chrome/143.0.7499.192 Mobile Safari/537.36 (compatible; Googlebot/2.1; +http://www.google.com/bot.html)"
66.249.75.201 - - [13/Jan/2026:13:30:01 +0100] "GET /wp-content/plugins/paytech_woocommerce/assets/js/checkout.js?ver=1.0.2684 HTTP/1.1" 404 54698 "https://akoyahair.com/?_g=915849" "Mozilla/5.0 (Linux; Android 6.0.1; Nexus 5X Build/MMB29P) AppleWebKit/537.36 (KHTML, like Gecko) Chrome/143.0.7499.169 Mobile Safari/537.36 (compatible; Googlebot/2.1; +http://www.google.com/bot.html)"
66.249.75.201 - - [13/Jan/2026:13:30:13 +0100] "GET /?_g=65286 HTTP/1.1" 200 105840 "-" "Mozilla/5.0 (Linux; Android 6.0.1; Nexus 5X Build/MMB29P) AppleWebKit/537.36 (KHTML, like Gecko) Chrome/143.0.7499.192 Mobile Safari/537.36 (compatible; Googlebot/2.1; +http://www.google.com/bot.html)"
109.234.161.42 - - [13/Jan/2026:13:30:21 +0100] "POST /wp-cron.php?doing_wp_cron=1768307421.0707230567932128906250 HTTP/1.1" 200 - "-" "WordPress/6.9; https://akoyahair.com"
66.249.75.201 - - [13/Jan/2026:13:30:20 +0100] "GET /wp-content/plugins/paytech_woocommerce/assets/js/checkout.js?ver=1.0.4808 HTTP/1.1" 404 54698 "https://akoyahair.com/?_g=65286" "Mozilla/5.0 (Linux; Android 6.0.1; Nexus 5X Build/MMB29P) AppleWebKit/537.36 (KHTML, like Gecko) Chrome/143.0.7499.169 Mobile Safari/537.36 (compatible; Googlebot/2.1; +http://www.google.com/bot.html)"
66.249.75.201 - - [13/Jan/2026:13:30:23 +0100] "GET /wp-content/plugins/paytech_woocommerce/assets/js/checkout.js?ver=1.0.5643 HTTP/1.1" 404 54697 "https://akoyahair.com/?_g=2609220" "Mozilla/5.0 (Linux; Android 6.0.1; Nexus 5X Build/MMB29P) AppleWebKit/537.36 (KHTML, like Gecko) Chrome/143.0.7499.169 Mobile Safari/537.36 (compatible; Googlebot/2.1; +http://www.google.com/bot.html)"
66.249.75.201 - - [13/Jan/2026:13:30:58 +0100] "GET /?_g=774449 HTTP/1.1" 200 105843 "-" "Mozilla/5.0 (Linux; Android 6.0.1; Nexus 5X Build/MMB29P) AppleWebKit/537.36 (KHTML, like Gecko) Chrome/143.0.7499.192 Mobile Safari/537.36 (compatible; Googlebot/2.1; +http://www.google.com/bot.html)"
66.249.75.203 - - [13/Jan/2026:13:31:04 +0100] "GET /wp-content/plugins/paytech_woocommerce/assets/js/checkout.js?ver=1.0.7728 HTTP/1.1" 404 54698 "https://akoyahair.com/?_g=774449" "Mozilla/5.0 (Linux; Android 6.0.1; Nexus 5X Build/MMB29P) AppleWebKit/537.36 (KHTML, like Gecko) Chrome/143.0.7499.169 Mobile Safari/537.36 (compatible; Googlebot/2.1; +http://www.google.com/bot.html)"
66.249.75.201 - - [13/Jan/2026:13:31:15 +0100] "GET /?_g=435411 HTTP/1.1" 200 105844 "-" "Mozilla/5.0 (Linux; Android 6.0.1; Nexus 5X Build/MMB29P) AppleWebKit/537.36 (KHTML, like Gecko) Chrome/143.0.7499.192 Mobile Safari/537.36 (compatible; Googlebot/2.1; +http://www.google.com/bot.html)"
109.234.161.42 - - [13/Jan/2026:13:31:21 +0100] "POST /wp-cron.php?doing_wp_cron=1768307481.9681479930877685546875 HTTP/1.1" 200 - "-" "WordPress/6.9; https://akoyahair.com"
66.249.75.201 - - [13/Jan/2026:13:31:21 +0100] "GET /wp-content/plugins/paytech_woocommerce/assets/js/checkout.js?ver=1.0.6912 HTTP/1.1" 404 54698 "https://akoyahair.com/?_g=435411" "Mozilla/5.0 (Linux; Android 6.0.1; Nexus 5X Build/MMB29P) AppleWebKit/537.36 (KHTML, like Gecko) Chrome/143.0.7499.169 Mobile Safari/537.36 (compatible; Googlebot/2.1; +http://www.google.com/bot.html)"
109.234.161.42 - - [13/Jan/2026:13:31:45 +0100] "POST /wp-cron.php?doing_wp_cron=1768307505.1732380390167236328125 HTTP/1.1" 200 - "-" "WordPress/6.9; https://akoyahair.com"
66.249.75.201 - - [13/Jan/2026:13:31:44 +0100] "GET /?_g=2462760 HTTP/1.1" 200 105848 "-" "Mozilla/5.0 (Linux; Android 6.0.1; Nexus 5X Build/MMB29P) AppleWebKit/537.36 (KHTML, like Gecko) Chrome/143.0.7499.192 Mobile Safari/537.36 (compatible; Googlebot/2.1; +http://www.google.com/bot.html)"
66.249.75.201 - - [13/Jan/2026:13:31:48 +0100] "GET /wp-content/plugins/paytech_woocommerce/assets/js/checkout.js?ver=1.0.6676 HTTP/1.1" 404 54698 "https://akoyahair.com/?_g=2462760" "Mozilla/5.0 (Linux; Android 6.0.1; Nexus 5X Build/MMB29P) AppleWebKit/537.36 (KHTML, like Gecko) Chrome/143.0.7499.169 Mobile Safari/537.36 (compatible; Googlebot/2.1; +http://www.google.com/bot.html)"
66.249.75.202 - - [13/Jan/2026:13:32:14 +0100] "GET /?_g=1812294 HTTP/1.1" 200 105848 "-" "Mozilla/5.0 (Linux; Android 6.0.1; Nexus 5X Build/MMB29P) AppleWebKit/537.36 (KHTML, like Gecko) Chrome/143.0.7499.192 Mobile Safari/537.36 (compatible; Googlebot/2.1; +http://www.google.com/bot.html)"
109.234.161.42 - - [13/Jan/2026:13:32:20 +0100] "POST /wp-cron.php?doing_wp_cron=1768307540.8028330802917480468750 HTTP/1.1" 200 - "-" "WordPress/6.9; https://akoyahair.com"
66.249.75.202 - - [13/Jan/2026:13:32:20 +0100] "GET /wp-content/plugins/paytech_woocommerce/assets/js/checkout.js?ver=1.0.9825 HTTP/1.1" 404 54698 "https://akoyahair.com/?_g=1812294" "Mozilla/5.0 (Linux; Android 6.0.1; Nexus 5X Build/MMB29P) AppleWebKit/537.36 (KHTML, like Gecko) Chrome/143.0.7499.169 Mobile Safari/537.36 (compatible; Googlebot/2.1; +http://www.google.com/bot.html)"
66.249.75.201 - - [13/Jan/2026:13:32:34 +0100] "GET /?_g=326180 HTTP/1.1" 200 105843 "-" "Mozilla/5.0 (Linux; Android 6.0.1; Nexus 5X Build/MMB29P) AppleWebKit/537.36 (KHTML, like Gecko) Chrome/143.0.7499.192 Mobile Safari/537.36 (compatible; Googlebot/2.1; +http://www.google.com/bot.html)"
66.249.75.201 - - [13/Jan/2026:13:32:37 +0100] "GET /wp-content/plugins/paytech_woocommerce/assets/js/checkout.js?ver=1.0.8980 HTTP/1.1" 404 54698 "https://akoyahair.com/?_g=326180" "Mozilla/5.0 (Linux; Android 6.0.1; Nexus 5X Build/MMB29P) AppleWebKit/537.36 (KHTML, like Gecko) Chrome/143.0.7499.169 Mobile Safari/537.36 (compatible; Googlebot/2.1; +http://www.google.com/bot.html)"
66.249.75.201 - - [13/Jan/2026:13:32:55 +0100] "GET /?_g=703125 HTTP/1.1" 200 105844 "-" "Mozilla/5.0 (Linux; Android 6.0.1; Nexus 5X Build/MMB29P) AppleWebKit/537.36 (KHTML, like Gecko) Chrome/143.0.7499.192 Mobile Safari/537.36 (compatible; Googlebot/2.1; +http://www.google.com/bot.html)"
66.249.75.201 - - [13/Jan/2026:13:33:17 +0100] "GET /?_g=2375238 HTTP/1.1" 200 105848 "-" "Mozilla/5.0 (Linux; Android 6.0.1; Nexus 5X Build/MMB29P) AppleWebKit/537.36 (KHTML, like Gecko) Chrome/143.0.7499.192 Mobile Safari/537.36 (compatible; Googlebot/2.1; +http://www.google.com/bot.html)"
109.234.161.42 - - [13/Jan/2026:13:33:26 +0100] "POST /wp-cron.php?doing_wp_cron=1768307606.4251930713653564453125 HTTP/1.1" 200 - "-" "WordPress/6.9; https://akoyahair.com"
66.249.75.201 - - [13/Jan/2026:13:33:26 +0100] "GET /wp-content/plugins/paytech_woocommerce/assets/js/checkout.js?ver=1.0.9283 HTTP/1.1" 404 54698 "https://akoyahair.com/?_g=2375238" "Mozilla/5.0 (Linux; Android 6.0.1; Nexus 5X Build/MMB29P) AppleWebKit/537.36 (KHTML, like Gecko) Chrome/143.0.7499.169 Mobile Safari/537.36 (compatible; Googlebot/2.1; +http://www.google.com/bot.html)"
66.249.75.201 - - [13/Jan/2026:13:33:32 +0100] "GET /wp-content/plugins/paytech_woocommerce/assets/js/checkout.js?ver=1.0.3076 HTTP/1.1" 404 54698 "https://akoyahair.com/?_g=703125" "Mozilla/5.0 (Linux; Android 6.0.1; Nexus 5X Build/MMB29P) AppleWebKit/537.36 (KHTML, like Gecko) Chrome/143.0.7499.169 Mobile Safari/537.36 (compatible; Googlebot/2.1; +http://www.google.com/bot.html)"
109.234.161.42 - - [13/Jan/2026:13:37:05 +0100] "POST /wp-cron.php?doing_wp_cron=1768307825.2342000007629394531250 HTTP/1.1" 200 - "-" "WordPress/6.9; https://akoyahair.com"
66.249.75.203 - - [13/Jan/2026:13:37:04 +0100] "GET /?_g=1635427 HTTP/1.1" 200 105848 "-" "Mozilla/5.0 (Linux; Android 6.0.1; Nexus 5X Build/MMB29P) AppleWebKit/537.36 (KHTML, like Gecko) Chrome/143.0.7499.192 Mobile Safari/537.36 (compatible; Googlebot/2.1; +http://www.google.com/bot.html)"
66.249.75.202 - - [13/Jan/2026:13:37:09 +0100] "GET /wp-content/plugins/paytech_woocommerce/assets/js/checkout.js?ver=1.0.2550 HTTP/1.1" 404 54698 "https://akoyahair.com/?_g=1635427" "Mozilla/5.0 (Linux; Android 6.0.1; Nexus 5X Build/MMB29P) AppleWebKit/537.36 (KHTML, like Gecko) Chrome/143.0.7499.169 Mobile Safari/537.36 (compatible; Googlebot/2.1; +http://www.google.com/bot.html)"
141.98.6.199 - - [13/Jan/2026:13:41:42 +0100] "GET /wp-json/wp/v2/users HTTP/1.1" 406 9667 "https://www.google.com" "Mozilla/5.0 (X11; Linux x86_64) AppleWebKit/537.36 (KHTML, like Gecko) Chrome/119.0.0.0 Safari/537.36"
141.98.6.199 - - [13/Jan/2026:13:41:44 +0100] "GET /?author=1 HTTP/1.1" 301 - "https://www.google.com" "Mozilla/5.0 (X11; Linux x86_64) AppleWebKit/537.36 (KHTML, like Gecko) Chrome/119.0.0.0 Safari/537.36"
141.98.6.199 - - [13/Jan/2026:13:41:46 +0100] "GET /wp-login.php HTTP/1.1" 200 13540 "https://www.google.com" "Mozilla/5.0 (X11; Linux x86_64) AppleWebKit/537.36 (KHTML, like Gecko) Chrome/119.0.0.0 Safari/537.36"
141.98.6.199 - - [13/Jan/2026:13:41:47 +0100] "GET /wp-login.php HTTP/1.1" 200 13540 "https://www.google.com" "Mozilla/5.0 (X11; Linux x86_64) AppleWebKit/537.36 (KHTML, like Gecko) Chrome/119.0.0.0 Safari/537.36"
109.234.161.42 - - [13/Jan/2026:13:52:20 +0100] "POST /wp-cron.php?doing_wp_cron=1768308740.7128939628601074218750 HTTP/1.1" 200 - "-" "WordPress/6.9; https://akoyahair.com"
66.249.75.201 - - [13/Jan/2026:13:52:20 +0100] "GET /?_g=1265999 HTTP/1.1" 200 105848 "-" "Mozilla/5.0 (Linux; Android 6.0.1; Nexus 5X Build/MMB29P) AppleWebKit/537.36 (KHTML, like Gecko) Chrome/143.0.7499.192 Mobile Safari/537.36 (compatible; Googlebot/2.1; +http://www.google.com/bot.html)"
66.249.75.203 - - [13/Jan/2026:13:52:23 +0100] "GET /wp-content/plugins/paytech_woocommerce/assets/js/checkout.js?ver=1.0.9147 HTTP/1.1" 404 54698 "https://akoyahair.com/?_g=1265999" "Mozilla/5.0 (Linux; Android 6.0.1; Nexus 5X Build/MMB29P) AppleWebKit/537.36 (KHTML, like Gecko) Chrome/143.0.7499.169 Mobile Safari/537.36 (compatible; Googlebot/2.1; +http://www.google.com/bot.html)"
109.234.161.42 - - [13/Jan/2026:13:55:00 +0100] "POST /wp-cron.php?doing_wp_cron=1768308900.7857658863067626953125 HTTP/1.1" 200 - "-" "WordPress/6.9; https://akoyahair.com"
66.249.75.202 - - [13/Jan/2026:13:55:00 +0100] "GET /?_g=1232378 HTTP/1.1" 200 105848 "-" "Mozilla/5.0 (Linux; Android 6.0.1; Nexus 5X Build/MMB29P) AppleWebKit/537.36 (KHTML, like Gecko) Chrome/143.0.7499.192 Mobile Safari/537.36 (compatible; Googlebot/2.1; +http://www.google.com/bot.html)"
66.249.75.203 - - [13/Jan/2026:13:55:03 +0100] "GET /wp-content/plugins/paytech_woocommerce/assets/js/checkout.js?ver=1.0.3461 HTTP/1.1" 404 54698 "https://akoyahair.com/?_g=1232378" "Mozilla/5.0 (Linux; Android 6.0.1; Nexus 5X Build/MMB29P) AppleWebKit/537.36 (KHTML, like Gecko) Chrome/143.0.7499.169 Mobile Safari/537.36 (compatible; Googlebot/2.1; +http://www.google.com/bot.html)"
109.234.161.42 - - [13/Jan/2026:13:55:53 +0100] "POST /wp-cron.php?doing_wp_cron=1768308953.9077980518341064453125 HTTP/1.1" 200 - "-" "WordPress/6.9; https://akoyahair.com"
66.249.75.201 - - [13/Jan/2026:13:55:53 +0100] "GET /?_g=1320147 HTTP/1.1" 200 105848 "-" "Mozilla/5.0 (Linux; Android 6.0.1; Nexus 5X Build/MMB29P) AppleWebKit/537.36 (KHTML, like Gecko) Chrome/143.0.7499.192 Mobile Safari/537.36 (compatible; Googlebot/2.1; +http://www.google.com/bot.html)"
66.249.75.201 - - [13/Jan/2026:13:55:58 +0100] "GET /wp-content/plugins/paytech_woocommerce/assets/js/checkout.js?ver=1.0.7185 HTTP/1.1" 404 54698 "https://akoyahair.com/?_g=1320147" "Mozilla/5.0 (Linux; Android 6.0.1; Nexus 5X Build/MMB29P) AppleWebKit/537.36 (KHTML, like Gecko) Chrome/143.0.7499.169 Mobile Safari/537.36 (compatible; Googlebot/2.1; +http://www.google.com/bot.html)"
141.98.6.199 - - [13/Jan/2026:13:56:56 +0100] "GET /wp-json/wp/v2/users HTTP/1.1" 406 9667 "https://www.google.com" "Mozilla/5.0 (X11; Linux x86_64) AppleWebKit/537.36 (KHTML, like Gecko) Chrome/119.0.0.0 Safari/537.36"
141.98.6.199 - - [13/Jan/2026:13:56:58 +0100] "GET /?author=1 HTTP/1.1" 301 - "https://www.google.com" "Mozilla/5.0 (X11; Linux x86_64) AppleWebKit/537.36 (KHTML, like Gecko) Chrome/119.0.0.0 Safari/537.36"
141.98.6.199 - - [13/Jan/2026:13:57:07 +0100] "GET /wp-login.php HTTP/1.1" 200 13540 "https://www.google.com" "Mozilla/5.0 (X11; Linux x86_64) AppleWebKit/537.36 (KHTML, like Gecko) Chrome/119.0.0.0 Safari/537.36"
141.98.6.199 - - [13/Jan/2026:13:57:17 +0100] "GET /wp-login.php HTTP/1.1" 200 13540 "https://www.google.com" "Mozilla/5.0 (X11; Linux x86_64) AppleWebKit/537.36 (KHTML, like Gecko) Chrome/119.0.0.0 Safari/537.36"
66.249.75.202 - - [13/Jan/2026:13:57:17 +0100] "GET /?_g=2490401 HTTP/1.1" 200 105847 "-" "Mozilla/5.0 (Linux; Android 6.0.1; Nexus 5X Build/MMB29P) AppleWebKit/537.36 (KHTML, like Gecko) Chrome/143.0.7499.192 Mobile Safari/537.36 (compatible; Googlebot/2.1; +http://www.google.com/bot.html)"
109.234.161.42 - - [13/Jan/2026:13:57:20 +0100] "POST /wp-cron.php?doing_wp_cron=1768309040.8416590690612792968750 HTTP/1.1" 200 - "-" "WordPress/6.9; https://akoyahair.com"
66.249.75.203 - - [13/Jan/2026:13:57:20 +0100] "GET /wp-content/plugins/paytech_woocommerce/assets/js/checkout.js?ver=1.0.8535 HTTP/1.1" 404 54698 "https://akoyahair.com/?_g=2490401" "Mozilla/5.0 (Linux; Android 6.0.1; Nexus 5X Build/MMB29P) AppleWebKit/537.36 (KHTML, like Gecko) Chrome/143.0.7499.169 Mobile Safari/537.36 (compatible; Googlebot/2.1; +http://www.google.com/bot.html)"
66.249.75.202 - - [13/Jan/2026:13:57:37 +0100] "GET /?_g=2426507 HTTP/1.1" 200 105848 "-" "Mozilla/5.0 (Linux; Android 6.0.1; Nexus 5X Build/MMB29P) AppleWebKit/537.36 (KHTML, like Gecko) Chrome/143.0.7499.192 Mobile Safari/537.36 (compatible; Googlebot/2.1; +http://www.google.com/bot.html)"
66.249.75.201 - - [13/Jan/2026:13:57:58 +0100] "GET /?_g=2337619 HTTP/1.1" 200 105845 "-" "Mozilla/5.0 (Linux; Android 6.0.1; Nexus 5X Build/MMB29P) AppleWebKit/537.36 (KHTML, like Gecko) Chrome/143.0.7499.192 Mobile Safari/537.36 (compatible; Googlebot/2.1; +http://www.google.com/bot.html)"
66.249.75.201 - - [13/Jan/2026:13:58:02 +0100] "GET /wp-content/plugins/paytech_woocommerce/assets/js/checkout.js?ver=1.0.625 HTTP/1.1" 404 54698 "https://akoyahair.com/?_g=2337619" "Mozilla/5.0 (Linux; Android 6.0.1; Nexus 5X Build/MMB29P) AppleWebKit/537.36 (KHTML, like Gecko) Chrome/143.0.7499.169 Mobile Safari/537.36 (compatible; Googlebot/2.1; +http://www.google.com/bot.html)"
109.234.161.42 - - [13/Jan/2026:13:58:34 +0100] "POST /wp-cron.php?doing_wp_cron=1768309114.5135951042175292968750 HTTP/1.1" 200 - "-" "WordPress/6.9; https://akoyahair.com"
66.249.75.201 - - [13/Jan/2026:13:58:34 +0100] "GET /?_g=915651 HTTP/1.1" 200 105844 "-" "Mozilla/5.0 (Linux; Android 6.0.1; Nexus 5X Build/MMB29P) AppleWebKit/537.36 (KHTML, like Gecko) Chrome/143.0.7499.192 Mobile Safari/537.36 (compatible; Googlebot/2.1; +http://www.google.com/bot.html)"
66.249.75.201 - - [13/Jan/2026:13:58:36 +0100] "GET /wp-content/plugins/paytech_woocommerce/assets/js/checkout.js?ver=1.0.3659 HTTP/1.1" 404 54698 "https://akoyahair.com/?_g=915651" "Mozilla/5.0 (Linux; Android 6.0.1; Nexus 5X Build/MMB29P) AppleWebKit/537.36 (KHTML, like Gecko) Chrome/143.0.7499.169 Mobile Safari/537.36 (compatible; Googlebot/2.1; +http://www.google.com/bot.html)"
66.249.75.201 - - [13/Jan/2026:13:58:49 +0100] "GET /?_g=2434732 HTTP/1.1" 200 105848 "-" "Mozilla/5.0 (Linux; Android 6.0.1; Nexus 5X Build/MMB29P) AppleWebKit/537.36 (KHTML, like Gecko) Chrome/143.0.7499.192 Mobile Safari/537.36 (compatible; Googlebot/2.1; +http://www.google.com/bot.html)"
66.249.75.201 - - [13/Jan/2026:13:58:55 +0100] "GET /wp-content/plugins/paytech_woocommerce/assets/js/checkout.js?ver=1.0.7732 HTTP/1.1" 404 54698 "https://akoyahair.com/?_g=2426507" "Mozilla/5.0 (Linux; Android 6.0.1; Nexus 5X Build/MMB29P) AppleWebKit/537.36 (KHTML, like Gecko) Chrome/143.0.7499.169 Mobile Safari/537.36 (compatible; Googlebot/2.1; +http://www.google.com/bot.html)"
66.249.75.201 - - [13/Jan/2026:13:58:56 +0100] "GET /wp-content/plugins/paytech_woocommerce/assets/js/checkout.js?ver=1.0.6060 HTTP/1.1" 404 54698 "https://akoyahair.com/?_g=2434732" "Mozilla/5.0 (Linux; Android 6.0.1; Nexus 5X Build/MMB29P) AppleWebKit/537.36 (KHTML, like Gecko) Chrome/143.0.7499.169 Mobile Safari/537.36 (compatible; Googlebot/2.1; +http://www.google.com/bot.html)"
66.249.75.202 - - [13/Jan/2026:13:59:02 +0100] "GET /?_g=212872 HTTP/1.1" 200 105842 "-" "Mozilla/5.0 (Linux; Android 6.0.1; Nexus 5X Build/MMB29P) AppleWebKit/537.36 (KHTML, like Gecko) Chrome/143.0.7499.192 Mobile Safari/537.36 (compatible; Googlebot/2.1; +http://www.google.com/bot.html)"
66.249.75.201 - - [13/Jan/2026:13:59:06 +0100] "GET /wp-content/plugins/paytech_woocommerce/assets/js/checkout.js?ver=1.0.5008 HTTP/1.1" 404 54698 "https://akoyahair.com/?_g=212872" "Mozilla/5.0 (Linux; Android 6.0.1; Nexus 5X Build/MMB29P) AppleWebKit/537.36 (KHTML, like Gecko) Chrome/143.0.7499.169 Mobile Safari/537.36 (compatible; Googlebot/2.1; +http://www.google.com/bot.html)"
109.234.161.42 - - [13/Jan/2026:13:59:38 +0100] "POST /wp-cron.php?doing_wp_cron=1768309178.0040280818939208984375 HTTP/1.1" 200 - "-" "WordPress/6.9; https://akoyahair.com"
66.249.75.201 - - [13/Jan/2026:13:59:37 +0100] "GET /?_g=2469203 HTTP/1.1" 200 105847 "-" "Mozilla/5.0 (Linux; Android 6.0.1; Nexus 5X Build/MMB29P) AppleWebKit/537.36 (KHTML, like Gecko) Chrome/143.0.7499.192 Mobile Safari/537.36 (compatible; Googlebot/2.1; +http://www.google.com/bot.html)"
66.249.75.201 - - [13/Jan/2026:13:59:40 +0100] "GET /wp-content/plugins/paytech_woocommerce/assets/js/checkout.js?ver=1.0.8404 HTTP/1.1" 404 54698 "https://akoyahair.com/?_g=2469203" "Mozilla/5.0 (Linux; Android 6.0.1; Nexus 5X Build/MMB29P) AppleWebKit/537.36 (KHTML, like Gecko) Chrome/143.0.7499.169 Mobile Safari/537.36 (compatible; Googlebot/2.1; +http://www.google.com/bot.html)"
66.249.75.201 - - [13/Jan/2026:13:59:47 +0100] "GET /?_g=270206 HTTP/1.1" 200 105844 "-" "Mozilla/5.0 (Linux; Android 6.0.1; Nexus 5X Build/MMB29P) AppleWebKit/537.36 (KHTML, like Gecko) Chrome/143.0.7499.192 Mobile Safari/537.36 (compatible; Googlebot/2.1; +http://www.google.com/bot.html)"
66.249.75.201 - - [13/Jan/2026:14:00:06 +0100] "GET /?_g=964264 HTTP/1.1" 200 105844 "-" "Mozilla/5.0 (Linux; Android 6.0.1; Nexus 5X Build/MMB29P) AppleWebKit/537.36 (KHTML, like Gecko) Chrome/143.0.7499.192 Mobile Safari/537.36 (compatible; Googlebot/2.1; +http://www.google.com/bot.html)"
66.249.75.201 - - [13/Jan/2026:14:00:08 +0100] "GET /wp-content/plugins/paytech_woocommerce/assets/js/checkout.js?ver=1.0.1835 HTTP/1.1" 404 54698 "https://akoyahair.com/?_g=964264" "Mozilla/5.0 AppleWebKit/537.36 (KHTML, like Gecko; compatible; Googlebot/2.1; +http://www.google.com/bot.html) Chrome/143.0.7499.169 Safari/537.36"
66.249.75.201 - - [13/Jan/2026:14:00:13 +0100] "GET /wp-content/plugins/woocommerce/assets/js/frontend/add-to-cart.min.js?ver=10.1.3 HTTP/1.1" 404 54698 "https://akoyahair.com/?_g=964264" "Mozilla/5.0 AppleWebKit/537.36 (KHTML, like Gecko; compatible; Googlebot/2.1; +http://www.google.com/bot.html) Chrome/143.0.7499.169 Safari/537.36"
66.249.75.202 - - [13/Jan/2026:14:00:13 +0100] "GET /wp-content/plugins/woocommerce/assets/js/frontend/add-to-cart.min.js?ver=10.1.3 HTTP/1.1" 404 54698 "https://akoyahair.com/?_g=964264" "Mozilla/5.0 (Linux; Android 6.0.1; Nexus 5X Build/MMB29P) AppleWebKit/537.36 (KHTML, like Gecko) Chrome/143.0.7499.169 Mobile Safari/537.36 (compatible; Googlebot/2.1; +http://www.google.com/bot.html)"
109.234.161.42 - - [13/Jan/2026:14:00:28 +0100] "POST /wp-cron.php?doing_wp_cron=1768309228.2578980922698974609375 HTTP/1.1" 200 - "-" "WordPress/6.9; https://akoyahair.com"
66.249.75.201 - - [13/Jan/2026:14:00:27 +0100] "GET /?_g=1732726 HTTP/1.1" 200 105848 "-" "Mozilla/5.0 (Linux; Android 6.0.1; Nexus 5X Build/MMB29P) AppleWebKit/537.36 (KHTML, like Gecko) Chrome/143.0.7499.192 Mobile Safari/537.36 (compatible; Googlebot/2.1; +http://www.google.com/bot.html)"
66.249.75.201 - - [13/Jan/2026:14:00:32 +0100] "GET /wp-content/plugins/paytech_woocommerce/assets/js/checkout.js?ver=1.0.2893 HTTP/1.1" 404 54698 "https://akoyahair.com/?_g=1732726" "Mozilla/5.0 (Linux; Android 6.0.1; Nexus 5X Build/MMB29P) AppleWebKit/537.36 (KHTML, like Gecko) Chrome/143.0.7499.169 Mobile Safari/537.36 (compatible; Googlebot/2.1; +http://www.google.com/bot.html)"
66.249.75.201 - - [13/Jan/2026:14:00:49 +0100] "GET /?_g=1227261 HTTP/1.1" 200 105848 "-" "Mozilla/5.0 (Linux; Android 6.0.1; Nexus 5X Build/MMB29P) AppleWebKit/537.36 (KHTML, like Gecko) Chrome/143.0.7499.192 Mobile Safari/537.36 (compatible; Googlebot/2.1; +http://www.google.com/bot.html)"
66.249.75.201 - - [13/Jan/2026:14:00:51 +0100] "GET /wp-content/plugins/paytech_woocommerce/assets/js/checkout.js?ver=1.0.5395 HTTP/1.1" 404 54698 "https://akoyahair.com/?_g=1227261" "Mozilla/5.0 (Linux; Android 6.0.1; Nexus 5X Build/MMB29P) AppleWebKit/537.36 (KHTML, like Gecko) Chrome/143.0.7499.169 Mobile Safari/537.36 (compatible; Googlebot/2.1; +http://www.google.com/bot.html)"
66.249.75.201 - - [13/Jan/2026:14:00:51 +0100] "GET /wp-content/plugins/curly-core/shortcodes/countdown/assets/js/plugins/jquery.countdown.min.js?ver=6.9 HTTP/1.1" 404 54697 "https://akoyahair.com/?_g=1227261" "Mozilla/5.0 (Linux; Android 6.0.1; Nexus 5X Build/MMB29P) AppleWebKit/537.36 (KHTML, like Gecko) Chrome/143.0.7499.169 Mobile Safari/537.36 (compatible; Googlebot/2.1; +http://www.google.com/bot.html)"
66.249.75.203 - - [13/Jan/2026:14:01:16 +0100] "GET /?_g=341781 HTTP/1.1" 200 105843 "-" "Mozilla/5.0 (Linux; Android 6.0.1; Nexus 5X Build/MMB29P) AppleWebKit/537.36 (KHTML, like Gecko) Chrome/143.0.7499.192 Mobile Safari/537.36 (compatible; Googlebot/2.1; +http://www.google.com/bot.html)"
109.234.161.42 - - [13/Jan/2026:14:01:20 +0100] "POST /wp-cron.php?doing_wp_cron=1768309280.6817889213562011718750 HTTP/1.1" 200 - "-" "WordPress/6.9; https://akoyahair.com"
66.249.75.201 - - [13/Jan/2026:14:01:20 +0100] "GET /wp-content/plugins/paytech_woocommerce/assets/js/checkout.js?ver=1.0.2794 HTTP/1.1" 404 54698 "https://akoyahair.com/?_g=341781" "Mozilla/5.0 (Linux; Android 6.0.1; Nexus 5X Build/MMB29P) AppleWebKit/537.36 (KHTML, like Gecko) Chrome/143.0.7499.169 Mobile Safari/537.36 (compatible; Googlebot/2.1; +http://www.google.com/bot.html)"
66.249.75.202 - - [13/Jan/2026:14:01:31 +0100] "GET /?_g=824745 HTTP/1.1" 200 105842 "-" "Mozilla/5.0 (Linux; Android 6.0.1; Nexus 5X Build/MMB29P) AppleWebKit/537.36 (KHTML, like Gecko) Chrome/143.0.7499.192 Mobile Safari/537.36 (compatible; Googlebot/2.1; +http://www.google.com/bot.html)"
66.249.75.202 - - [13/Jan/2026:14:01:34 +0100] "GET /wp-content/plugins/paytech_woocommerce/assets/js/checkout.js?ver=1.0.809 HTTP/1.1" 404 54698 "https://akoyahair.com/?_g=824745" "Mozilla/5.0 (Linux; Android 6.0.1; Nexus 5X Build/MMB29P) AppleWebKit/537.36 (KHTML, like Gecko) Chrome/143.0.7499.169 Mobile Safari/537.36 (compatible; Googlebot/2.1; +http://www.google.com/bot.html)"
