66.249.75.201 - - [13/Jan/2026:14:34:46 +0100] "GET /?_g=2456872 HTTP/1.1" 200 105848 "-" "Mozilla/5.0 (Linux; Android 6.0.1; Nexus 5X Build/MMB29P) AppleWebKit/537.36 (KHTML, like Gecko) Chrome/143.0.7499.192 Mobile Safari/537.36 (compatible; Googlebot/2.1; +http://www.google.com/bot.html)"
66.249.75.201 - - [13/Jan/2026:14:34:48 +0100] "GET /wp-content/plugins/paytech_woocommerce/assets/js/checkout.js?ver=1.0.5511 HTTP/1.1" 404 54698 "https://akoyahair.com/?_g=2456872" "Mozilla/5.0 (Linux; Android 6.0.1; Nexus 5X Build/MMB29P) AppleWebKit/537.36 (KHTML, like Gecko) Chrome/143.0.7499.169 Mobile Safari/537.36 (compatible; Googlebot/2.1; +http://www.google.com/bot.html)"
66.249.75.203 - - [13/Jan/2026:14:35:01 +0100] "GET /?_g=1784356 HTTP/1.1" 200 105846 "-" "Mozilla/5.0 (Linux; Android 6.0.1; Nexus 5X Build/MMB29P) AppleWebKit/537.36 (KHTML, like Gecko) Chrome/143.0.7499.192 Mobile Safari/537.36 (compatible; Googlebot/2.1; +http://www.google.com/bot.html)"
66.249.75.202 - - [13/Jan/2026:14:35:07 +0100] "GET /wp-content/plugins/paytech_woocommerce/assets/js/checkout.js?ver=1.0.4854 HTTP/1.1" 404 54698 "https://akoyahair.com/?_g=1784356" "Mozilla/5.0 (Linux; Android 6.0.1; Nexus 5X Build/MMB29P) AppleWebKit/537.36 (KHTML, like Gecko) Chrome/143.0.7499.169 Mobile Safari/537.36 (compatible; Googlebot/2.1; +http://www.google.com/bot.html)"
109.234.161.42 - - [13/Jan/2026:14:35:32 +0100] "POST /wp-cron.php?doing_wp_cron=1768311332.1776890754699707031250 HTTP/1.1" 200 - "-" "WordPress/6.9; https://akoyahair.com"
66.249.75.201 - - [13/Jan/2026:14:35:31 +0100] "GET /?_g=656399 HTTP/1.1" 200 105843 "-" "Mozilla/5.0 (Linux; Android 6.0.1; Nexus 5X Build/MMB29P) AppleWebKit/537.36 (KHTML, like Gecko) Chrome/143.0.7499.192 Mobile Safari/537.36 (compatible; Googlebot/2.1; +http://www.google.com/bot.html)"
66.249.75.201 - - [13/Jan/2026:14:35:37 +0100] "GET /wp-content/plugins/paytech_woocommerce/assets/js/checkout.js?ver=1.0.1751 HTTP/1.1" 404 54698 "https://akoyahair.com/?_g=656399" "Mozilla/5.0 (Linux; Android 6.0.1; Nexus 5X Build/MMB29P) AppleWebKit/537.36 (KHTML, like Gecko) Chrome/143.0.7499.169 Mobile Safari/537.36 (compatible; Googlebot/2.1; +http://www.google.com/bot.html)"
66.249.75.201 - - [13/Jan/2026:14:35:43 +0100] "GET /?_g=1913560 HTTP/1.1" 200 105847 "-" "Mozilla/5.0 (Linux; Android 6.0.1; Nexus 5X Build/MMB29P) AppleWebKit/537.36 (KHTML, like Gecko) Chrome/143.0.7499.192 Mobile Safari/537.36 (compatible; Googlebot/2.1; +http://www.google.com/bot.html)"
66.249.75.201 - - [13/Jan/2026:14:35:55 +0100] "GET /wp-content/plugins/paytech_woocommerce/assets/js/checkout.js?ver=1.0.4520 HTTP/1.1" 404 54698 "https://akoyahair.com/?_g=1913560" "Mozilla/5.0 (Linux; Android 6.0.1; Nexus 5X Build/MMB29P) AppleWebKit/537.36 (KHTML, like Gecko) Chrome/143.0.7499.169 Mobile Safari/537.36 (compatible; Googlebot/2.1; +http://www.google.com/bot.html)"
109.234.161.42 - - [13/Jan/2026:14:37:33 +0100] "POST /wp-cron.php?doing_wp_cron=1768311453.6711680889129638671875 HTTP/1.1" 200 - "-" "WordPress/6.9; https://akoyahair.com"
47.84.202.108 - - [13/Jan/2026:14:37:33 +0100] "GET / HTTP/1.1" 200 105783 "-" "Mozilla/5.0 (Macintosh; Intel Mac OS X 10_15_7) AppleWebKit/537.36 (KHTML, like Gecko) Chrome/121.0.0.0 Safari/537.36"
109.234.161.42 - - [13/Jan/2026:14:38:52 +0100] "POST /wp-cron.php?doing_wp_cron=1768311532.9246270656585693359375 HTTP/1.1" 200 - "-" "WordPress/6.9; https://akoyahair.com"
102.254.178.26 - - [13/Jan/2026:14:38:52 +0100] "GET /business-services-category/treatments HTTP/1.1" 301 - "https://akoyahair.com/" "Mozilla/5.0 (Windows NT 10.0; Win64; x64) AppleWebKit/537.36 (KHTML, like Gecko) Chrome/135.0.0.0 Safari/537.36"
46.239.0.178 - - [13/Jan/2026:14:38:54 +0100] "GET /business-services-category/treatments/ HTTP/1.1" 200 57922 "https://akoyahair.com/" "Mozilla/5.0 (Windows NT 10.0; Win64; x64) AppleWebKit/537.36 (KHTML, like Gecko) Chrome/135.0.0.0 Safari/537.36"
141.98.6.199 - - [13/Jan/2026:14:42:10 +0100] "GET /wp-json/wp/v2/users HTTP/1.1" 406 9667 "https://www.google.com" "Mozilla/5.0 (X11; Linux x86_64) AppleWebKit/537.36 (KHTML, like Gecko) Chrome/119.0.0.0 Safari/537.36"
141.98.6.199 - - [13/Jan/2026:14:42:11 +0100] "GET /?author=1 HTTP/1.1" 301 - "https://www.google.com" "Mozilla/5.0 (X11; Linux x86_64) AppleWebKit/537.36 (KHTML, like Gecko) Chrome/119.0.0.0 Safari/537.36"
109.234.161.42 - - [13/Jan/2026:14:42:19 +0100] "POST /wp-cron.php?doing_wp_cron=1768311739.7080171108245849609375 HTTP/1.1" 200 - "-" "WordPress/6.9; https://akoyahair.com"
141.98.6.199 - - [13/Jan/2026:14:42:19 +0100] "GET /wp-login.php HTTP/1.1" 200 13540 "https://www.google.com" "Mozilla/5.0 (X11; Linux x86_64) AppleWebKit/537.36 (KHTML, like Gecko) Chrome/119.0.0.0 Safari/537.36"
141.98.6.199 - - [13/Jan/2026:14:42:20 +0100] "GET /wp-login.php HTTP/1.1" 200 13540 "https://www.google.com" "Mozilla/5.0 (X11; Linux x86_64) AppleWebKit/537.36 (KHTML, like Gecko) Chrome/119.0.0.0 Safari/537.36"
109.234.161.42 - - [13/Jan/2026:14:43:58 +0100] "POST /wp-cron.php?doing_wp_cron=1768311838.6838209629058837890625 HTTP/1.1" 200 - "-" "WordPress/6.9; https://akoyahair.com"
66.249.75.203 - - [13/Jan/2026:14:43:58 +0100] "GET /?_g=1744659 HTTP/1.1" 200 105848 "-" "Mozilla/5.0 (Linux; Android 6.0.1; Nexus 5X Build/MMB29P) AppleWebKit/537.36 (KHTML, like Gecko) Chrome/143.0.7499.192 Mobile Safari/537.36 (compatible; Googlebot/2.1; +http://www.google.com/bot.html)"
66.249.75.201 - - [13/Jan/2026:14:44:11 +0100] "GET /wp-content/plugins/paytech_woocommerce/assets/js/checkout.js?ver=1.0.6567 HTTP/1.1" 404 54698 "https://akoyahair.com/?_g=1744659" "Mozilla/5.0 (Linux; Android 6.0.1; Nexus 5X Build/MMB29P) AppleWebKit/537.36 (KHTML, like Gecko) Chrome/143.0.7499.169 Mobile Safari/537.36 (compatible; Googlebot/2.1; +http://www.google.com/bot.html)"
13.219.121.241 - - [13/Jan/2026:14:47:07 +0100] "GET / HTTP/1.1" 401 36 "-" "RecordedFuture Global Inventory Crawler"
109.234.161.42 - - [13/Jan/2026:14:53:49 +0100] "POST /wp-cron.php?doing_wp_cron=1768312429.0203769207000732421875 HTTP/1.1" 200 - "-" "WordPress/6.9; https://akoyahair.com"
106.252.202.226 - - [13/Jan/2026:14:53:48 +0100] "GET / HTTP/1.1" 301 - "-" "Python/3.12 aiohttp/3.11.7"
106.252.202.226 - - [13/Jan/2026:14:53:52 +0100] "POST / HTTP/1.1" 200 105835 "-" "Python/3.12 aiohttp/3.11.7"
106.252.202.226 - - [13/Jan/2026:14:53:52 +0100] "POST / HTTP/1.1" 200 105834 "-" "Python/3.12 aiohttp/3.11.7"
141.98.6.199 - - [13/Jan/2026:14:57:58 +0100] "GET /wp-json/wp/v2/users HTTP/1.1" 406 9667 "https://www.google.com" "Mozilla/5.0 (X11; Linux x86_64) AppleWebKit/537.36 (KHTML, like Gecko) Chrome/119.0.0.0 Safari/537.36"
141.98.6.199 - - [13/Jan/2026:14:57:58 +0100] "GET /?author=1 HTTP/1.1" 301 - "https://www.google.com" "Mozilla/5.0 (X11; Linux x86_64) AppleWebKit/537.36 (KHTML, like Gecko) Chrome/119.0.0.0 Safari/537.36"
141.98.6.199 - - [13/Jan/2026:14:58:00 +0100] "GET /wp-login.php HTTP/1.1" 200 13540 "https://www.google.com" "Mozilla/5.0 (X11; Linux x86_64) AppleWebKit/537.36 (KHTML, like Gecko) Chrome/119.0.0.0 Safari/537.36"
141.98.6.199 - - [13/Jan/2026:14:58:10 +0100] "GET /wp-login.php HTTP/1.1" 200 13540 "https://www.google.com" "Mozilla/5.0 (X11; Linux x86_64) AppleWebKit/537.36 (KHTML, like Gecko) Chrome/119.0.0.0 Safari/537.36"
109.234.161.42 - - [13/Jan/2026:15:00:19 +0100] "POST /wp-cron.php?doing_wp_cron=1768312819.6542720794677734375000 HTTP/1.1" 200 - "-" "WordPress/6.9; https://akoyahair.com"
66.249.75.202 - - [13/Jan/2026:15:00:19 +0100] "GET /author-sitemap.xml HTTP/1.1" 200 726 "-" "Mozilla/5.0 (compatible; Googlebot/2.1; +http://www.google.com/bot.html)"
109.234.161.42 - - [13/Jan/2026:15:07:01 +0100] "POST /wp-cron.php?doing_wp_cron=1768313221.7179999351501464843750 HTTP/1.1" 200 - "-" "WordPress/6.9; https://akoyahair.com"
37.59.204.132 - - [13/Jan/2026:15:07:01 +0100] "GET /product/shampoing-doux-2-en-1-gombo-okra-moringa-250ml/ HTTP/1.1" 200 82004 "-" "Mozilla/5.0 (compatible; AhrefsBot/7.0; +http://ahrefs.com/robot/)"
109.234.161.42 - - [13/Jan/2026:15:07:43 +0100] "POST /wp-cron.php?doing_wp_cron=1768313263.2510468959808349609375 HTTP/1.1" 200 - "-" "WordPress/6.9; https://akoyahair.com"
37.59.204.132 - - [13/Jan/2026:15:07:43 +0100] "GET /wp-content/plugins/paytech_woocommerce/assets/js/checkout.js?ver=1.0.8724 HTTP/1.1" 404 54698 "-" "Mozilla/5.0 (compatible; AhrefsBot/7.0; +http://ahrefs.com/robot/)"
109.234.161.42 - - [13/Jan/2026:15:08:23 +0100] "POST /wp-cron.php?doing_wp_cron=1768313303.3342568874359130859375 HTTP/1.1" 200 - "-" "WordPress/6.9; https://akoyahair.com"
66.249.75.201 - - [13/Jan/2026:15:08:23 +0100] "GET /sitemap93.xml HTTP/1.1" 404 54698 "-" "Mozilla/5.0 (compatible; Googlebot/2.1; +http://www.google.com/bot.html)"
109.234.161.42 - - [13/Jan/2026:15:09:22 +0100] "POST /wp-cron.php?doing_wp_cron=1768313362.7294640541076660156250 HTTP/1.1" 200 - "-" "WordPress/6.9; https://akoyahair.com"
106.252.202.226 - - [13/Jan/2026:15:09:22 +0100] "GET / HTTP/1.1" 301 - "-" "Python/3.12 aiohttp/3.11.7"
106.252.202.226 - - [13/Jan/2026:15:09:26 +0100] "POST / HTTP/1.1" 200 105835 "-" "Python/3.12 aiohttp/3.11.7"
109.234.161.42 - - [13/Jan/2026:15:10:57 +0100] "POST /wp-cron.php?doing_wp_cron=1768313457.6941630840301513671875 HTTP/1.1" 200 - "-" "WordPress/6.9; https://akoyahair.com"
168.196.172.22 - - [13/Jan/2026:15:10:57 +0100] "GET /privacy-policy HTTP/1.1" 301 - "https://akoyahair.com/" "Mozilla/5.0 (X11; CrOS x86_64 14541.0.0) AppleWebKit/537.36 (KHTML, like Gecko) Chrome/132.0.0.0 Safari/537.36"
103.74.11.118 - - [13/Jan/2026:15:10:59 +0100] "GET /privacy-policy/ HTTP/1.1" 200 62575 "https://akoyahair.com/" "Mozilla/5.0 (X11; CrOS x86_64 14541.0.0) AppleWebKit/537.36 (KHTML, like Gecko) Chrome/132.0.0.0 Safari/537.36"
109.234.161.42 - - [13/Jan/2026:15:14:25 +0100] "POST /wp-cron.php?doing_wp_cron=1768313665.8876938819885253906250 HTTP/1.1" 200 - "-" "WordPress/6.9; https://akoyahair.com"
141.98.6.199 - - [13/Jan/2026:15:14:25 +0100] "GET /wp-json/wp/v2/users HTTP/1.1" 406 9667 "https://www.google.com" "Mozilla/5.0 (X11; Linux x86_64) AppleWebKit/537.36 (KHTML, like Gecko) Chrome/119.0.0.0 Safari/537.36"
141.98.6.199 - - [13/Jan/2026:15:14:30 +0100] "GET /?author=1 HTTP/1.1" 301 - "https://www.google.com" "Mozilla/5.0 (X11; Linux x86_64) AppleWebKit/537.36 (KHTML, like Gecko) Chrome/119.0.0.0 Safari/537.36"
141.98.6.199 - - [13/Jan/2026:15:14:36 +0100] "GET /wp-login.php HTTP/1.1" 200 13540 "https://www.google.com" "Mozilla/5.0 (X11; Linux x86_64) AppleWebKit/537.36 (KHTML, like Gecko) Chrome/119.0.0.0 Safari/537.36"
141.98.6.199 - - [13/Jan/2026:15:14:37 +0100] "GET /wp-login.php HTTP/1.1" 200 13540 "https://www.google.com" "Mozilla/5.0 (X11; Linux x86_64) AppleWebKit/537.36 (KHTML, like Gecko) Chrome/119.0.0.0 Safari/537.36"
109.234.161.42 - - [13/Jan/2026:15:24:41 +0100] "POST /wp-cron.php?doing_wp_cron=1768314281.6280910968780517578125 HTTP/1.1" 200 - "-" "WordPress/6.9; https://akoyahair.com"
109.234.161.42 - - [13/Jan/2026:15:24:41 +0100] "POST /wp-cron.php?doing_wp_cron=1768314281.6280910968780517578125 HTTP/1.1" 200 - "-" "WordPress/6.9; https://akoyahair.com"
106.252.202.226 - - [13/Jan/2026:15:24:41 +0100] "GET / HTTP/1.1" 301 - "-" "Python/3.12 aiohttp/3.11.7"
106.252.202.226 - - [13/Jan/2026:15:24:41 +0100] "GET / HTTP/1.1" 301 - "-" "Python/3.12 aiohttp/3.11.7"
106.252.202.226 - - [13/Jan/2026:15:24:44 +0100] "POST / HTTP/1.1" 200 105835 "-" "Python/3.12 aiohttp/3.11.7"
109.234.161.42 - - [13/Jan/2026:15:24:45 +0100] "POST /wp-cron.php?doing_wp_cron=1768314285.0301909446716308593750 HTTP/1.1" 200 - "-" "WordPress/6.9; https://akoyahair.com"
106.252.202.226 - - [13/Jan/2026:15:24:44 +0100] "POST / HTTP/1.1" 200 105835 "-" "Python/3.12 aiohttp/3.11.7"
141.98.6.199 - - [13/Jan/2026:15:31:17 +0100] "GET /wp-json/wp/v2/users HTTP/1.1" 406 9667 "https://www.google.com" "Mozilla/5.0 (X11; Linux x86_64) AppleWebKit/537.36 (KHTML, like Gecko) Chrome/119.0.0.0 Safari/537.36"
141.98.6.199 - - [13/Jan/2026:15:31:17 +0100] "GET /?author=1 HTTP/1.1" 301 - "https://www.google.com" "Mozilla/5.0 (X11; Linux x86_64) AppleWebKit/537.36 (KHTML, like Gecko) Chrome/119.0.0.0 Safari/537.36"
141.98.6.199 - - [13/Jan/2026:15:31:22 +0100] "GET /wp-login.php HTTP/1.1" 200 13540 "https://www.google.com" "Mozilla/5.0 (X11; Linux x86_64) AppleWebKit/537.36 (KHTML, like Gecko) Chrome/119.0.0.0 Safari/537.36"
141.98.6.199 - - [13/Jan/2026:15:31:23 +0100] "GET /wp-login.php HTTP/1.1" 200 13540 "https://www.google.com" "Mozilla/5.0 (X11; Linux x86_64) AppleWebKit/537.36 (KHTML, like Gecko) Chrome/119.0.0.0 Safari/537.36"
109.234.161.42 - - [13/Jan/2026:15:38:57 +0100] "POST /wp-cron.php?doing_wp_cron=1768315137.7318339347839355468750 HTTP/1.1" 200 - "-" "WordPress/6.9; https://akoyahair.com"
202.76.134.244 - - [13/Jan/2026:15:38:57 +0100] "GET /product/lotion-tonique-magique-annie-250ml/ HTTP/1.1" 200 81819 "-" "Mozilla/5.0 (X11; Linux i686) AppleWebKit/535.11 (KHTML, like Gecko) Chrome/17.0.963.56 Safari/535.11"
109.234.161.42 - - [13/Jan/2026:15:43:15 +0100] "POST /wp-cron.php?doing_wp_cron=1768315395.6985430717468261718750 HTTP/1.1" 200 - "-" "WordPress/6.9; https://akoyahair.com"
106.252.202.226 - - [13/Jan/2026:15:43:14 +0100] "POST / HTTP/1.1" 200 105835 "-" "Python/3.12 aiohttp/3.11.7"
158.94.209.8 - - [13/Jan/2026:15:43:26 +0100] "GET /wp-json/wp/v2/users HTTP/1.1" 406 9667 "https://www.google.com" "Mozilla/5.0 (X11; Linux x86_64) AppleWebKit/537.36 (KHTML, like Gecko) Chrome/119.0.0.0 Safari/537.36"
158.94.209.8 - - [13/Jan/2026:15:43:26 +0100] "GET /?author=1 HTTP/1.1" 301 - "https://www.google.com" "Mozilla/5.0 (X11; Linux x86_64) AppleWebKit/537.36 (KHTML, like Gecko) Chrome/119.0.0.0 Safari/537.36"
158.94.209.8 - - [13/Jan/2026:15:43:27 +0100] "GET /wp-login.php HTTP/1.1" 200 13540 "https://www.google.com" "Mozilla/5.0 (X11; Linux x86_64) AppleWebKit/537.36 (KHTML, like Gecko) Chrome/119.0.0.0 Safari/537.36"
158.94.209.8 - - [13/Jan/2026:15:43:29 +0100] "GET /wp-login.php HTTP/1.1" 200 13540 "https://www.google.com" "Mozilla/5.0 (X11; Linux x86_64) AppleWebKit/537.36 (KHTML, like Gecko) Chrome/119.0.0.0 Safari/537.36"
109.234.161.42 - - [13/Jan/2026:15:44:28 +0100] "POST /wp-cron.php?doing_wp_cron=1768315468.6694259643554687500000 HTTP/1.1" 200 - "-" "WordPress/6.9; https://akoyahair.com"
83.217.208.127 - - [13/Jan/2026:15:44:28 +0100] "GET /wp-login.php HTTP/1.1" 200 13540 "-" "Mozilla/5.0 (X11; Ubuntu; Linux x86_64; rv:31.0) Gecko/20100101 Firefox/31.0"
141.98.6.199 - - [13/Jan/2026:15:47:09 +0100] "GET /wp-json/wp/v2/users HTTP/1.1" 406 9667 "https://www.google.com" "Mozilla/5.0 (X11; Linux x86_64) AppleWebKit/537.36 (KHTML, like Gecko) Chrome/119.0.0.0 Safari/537.36"
141.98.6.199 - - [13/Jan/2026:15:47:15 +0100] "GET /?author=1 HTTP/1.1" 301 - "https://www.google.com" "Mozilla/5.0 (X11; Linux x86_64) AppleWebKit/537.36 (KHTML, like Gecko) Chrome/119.0.0.0 Safari/537.36"
141.98.6.199 - - [13/Jan/2026:15:47:16 +0100] "GET /wp-login.php HTTP/1.1" 200 13540 "https://www.google.com" "Mozilla/5.0 (X11; Linux x86_64) AppleWebKit/537.36 (KHTML, like Gecko) Chrome/119.0.0.0 Safari/537.36"
141.98.6.199 - - [13/Jan/2026:15:47:25 +0100] "GET /wp-login.php HTTP/1.1" 200 13540 "https://www.google.com" "Mozilla/5.0 (X11; Linux x86_64) AppleWebKit/537.36 (KHTML, like Gecko) Chrome/119.0.0.0 Safari/537.36"
141.98.6.199 - - [13/Jan/2026:16:02:33 +0100] "GET /wp-json/wp/v2/users HTTP/1.1" 406 9667 "https://www.google.com" "Mozilla/5.0 (X11; Linux x86_64) AppleWebKit/537.36 (KHTML, like Gecko) Chrome/119.0.0.0 Safari/537.36"
109.234.161.42 - - [13/Jan/2026:16:02:45 +0100] "POST /wp-cron.php?doing_wp_cron=1768316565.2383959293365478515625 HTTP/1.1" 200 - "-" "WordPress/6.9; https://akoyahair.com"
141.98.6.199 - - [13/Jan/2026:16:02:45 +0100] "GET /?author=1 HTTP/1.1" 301 - "https://www.google.com" "Mozilla/5.0 (X11; Linux x86_64) AppleWebKit/537.36 (KHTML, like Gecko) Chrome/119.0.0.0 Safari/537.36"
141.98.6.199 - - [13/Jan/2026:16:02:46 +0100] "GET /wp-login.php HTTP/1.1" 200 13540 "https://www.google.com" "Mozilla/5.0 (X11; Linux x86_64) AppleWebKit/537.36 (KHTML, like Gecko) Chrome/119.0.0.0 Safari/537.36"
141.98.6.199 - - [13/Jan/2026:16:02:47 +0100] "GET /wp-login.php HTTP/1.1" 200 13540 "https://www.google.com" "Mozilla/5.0 (X11; Linux x86_64) AppleWebKit/537.36 (KHTML, like Gecko) Chrome/119.0.0.0 Safari/537.36"
54.37.118.77 - - [13/Jan/2026:16:03:00 +0100] "GET /?_g=2094006 HTTP/1.1" 200 105847 "-" "Mozilla/5.0 (compatible; AhrefsBot/7.0; +http://ahrefs.com/robot/)"
109.234.161.42 - - [13/Jan/2026:16:07:28 +0100] "POST /wp-cron.php?doing_wp_cron=1768316848.1614699363708496093750 HTTP/1.1" 200 - "-" "WordPress/6.9; https://akoyahair.com"
51.75.236.148 - - [13/Jan/2026:16:07:27 +0100] "GET /wp-content/plugins/paytech_woocommerce/assets/js/checkout.js?ver=1.0.535 HTTP/1.1" 404 54698 "-" "Mozilla/5.0 (compatible; AhrefsBot/7.0; +http://ahrefs.com/robot/)"
141.98.6.199 - - [13/Jan/2026:16:19:01 +0100] "GET /wp-json/wp/v2/users HTTP/1.1" 406 9667 "https://www.google.com" "Mozilla/5.0 (X11; Linux x86_64) AppleWebKit/537.36 (KHTML, like Gecko) Chrome/119.0.0.0 Safari/537.36"
141.98.6.199 - - [13/Jan/2026:16:19:02 +0100] "GET /?author=1 HTTP/1.1" 301 - "https://www.google.com" "Mozilla/5.0 (X11; Linux x86_64) AppleWebKit/537.36 (KHTML, like Gecko) Chrome/119.0.0.0 Safari/537.36"
141.98.6.199 - - [13/Jan/2026:16:19:03 +0100] "GET /wp-login.php HTTP/1.1" 200 13540 "https://www.google.com" "Mozilla/5.0 (X11; Linux x86_64) AppleWebKit/537.36 (KHTML, like Gecko) Chrome/119.0.0.0 Safari/537.36"
141.98.6.199 - - [13/Jan/2026:16:19:04 +0100] "GET /wp-login.php HTTP/1.1" 200 13540 "https://www.google.com" "Mozilla/5.0 (X11; Linux x86_64) AppleWebKit/537.36 (KHTML, like Gecko) Chrome/119.0.0.0 Safari/537.36"
109.234.161.42 - - [13/Jan/2026:16:24:29 +0100] "POST /wp-cron.php?doing_wp_cron=1768317869.6542580127716064453125 HTTP/1.1" 200 - "-" "WordPress/6.9; https://akoyahair.com"
106.252.202.226 - - [13/Jan/2026:16:24:29 +0100] "POST / HTTP/1.1" 200 105835 "-" "Python/3.12 aiohttp/3.11.7"
109.234.161.42 - - [13/Jan/2026:16:28:30 +0100] "POST /wp-cron.php?doing_wp_cron=1768318110.8991100788116455078125 HTTP/1.1" 200 - "-" "WordPress/6.9; https://akoyahair.com"
66.249.75.201 - - [13/Jan/2026:16:28:30 +0100] "GET /?_g=1434960&add-to-cart=5154 HTTP/1.1" 200 105847 "-" "Mozilla/5.0 (Linux; Android 6.0.1; Nexus 5X Build/MMB29P) AppleWebKit/537.36 (KHTML, like Gecko) Chrome/143.0.7499.192 Mobile Safari/537.36 (compatible; Googlebot/2.1; +http://www.google.com/bot.html)"
109.234.161.42 - - [13/Jan/2026:16:30:57 +0100] "POST /wp-cron.php?doing_wp_cron=1768318257.1904890537261962890625 HTTP/1.1" 200 - "-" "WordPress/6.9; https://akoyahair.com"
141.140.11.93 - - [13/Jan/2026:16:30:57 +0100] "GET / HTTP/1.1" 301 - "-" "Mozilla/5.0 (Macintosh; Intel Mac OS X 10_15_7) AppleWebKit/537.36 (KHTML, like Gecko) Chrome/131.0.0.0 Safari/537.36"
141.140.11.93 - - [13/Jan/2026:16:30:57 +0100] "GET / HTTP/1.1" 200 105783 "https://www.akoyahair.com" "Mozilla/5.0 (Macintosh; Intel Mac OS X 10_15_7) AppleWebKit/537.36 (KHTML, like Gecko) Chrome/131.0.0.0 Safari/537.36"
109.234.161.42 - - [13/Jan/2026:16:34:45 +0100] "POST /wp-cron.php?doing_wp_cron=1768318485.1925060749053955078125 HTTP/1.1" 200 - "-" "WordPress/6.9; https://akoyahair.com"
54.153.134.220 - - [13/Jan/2026:16:34:45 +0100] "POST /wp-login.php HTTP/1.1" 200 13974 "-" "Mozilla/5.0 (Windows NT 10.0; Win64; x64; rv:47.0) Gecko/20100101 Firefox/47.0"
141.98.6.199 - - [13/Jan/2026:16:34:50 +0100] "GET /wp-json/wp/v2/users HTTP/1.1" 406 9667 "https://www.google.com" "Mozilla/5.0 (X11; Linux x86_64) AppleWebKit/537.36 (KHTML, like Gecko) Chrome/119.0.0.0 Safari/537.36"
141.98.6.199 - - [13/Jan/2026:16:34:51 +0100] "GET /?author=1 HTTP/1.1" 301 - "https://www.google.com" "Mozilla/5.0 (X11; Linux x86_64) AppleWebKit/537.36 (KHTML, like Gecko) Chrome/119.0.0.0 Safari/537.36"
141.98.6.199 - - [13/Jan/2026:16:35:01 +0100] "GET /wp-login.php HTTP/1.1" 200 13540 "https://www.google.com" "Mozilla/5.0 (X11; Linux x86_64) AppleWebKit/537.36 (KHTML, like Gecko) Chrome/119.0.0.0 Safari/537.36"
141.98.6.199 - - [13/Jan/2026:16:35:04 +0100] "GET /wp-login.php HTTP/1.1" 200 13540 "https://www.google.com" "Mozilla/5.0 (X11; Linux x86_64) AppleWebKit/537.36 (KHTML, like Gecko) Chrome/119.0.0.0 Safari/537.36"
109.234.161.42 - - [13/Jan/2026:16:37:34 +0100] "POST /wp-cron.php?doing_wp_cron=1768318654.3156449794769287109375 HTTP/1.1" 200 - "-" "WordPress/6.9; https://akoyahair.com"
66.249.75.203 - - [13/Jan/2026:16:37:33 +0100] "GET /?_g=2441738&add-to-cart=5154 HTTP/1.1" 200 105848 "-" "Mozilla/5.0 (Linux; Android 6.0.1; Nexus 5X Build/MMB29P) AppleWebKit/537.36 (KHTML, like Gecko) Chrome/143.0.7499.192 Mobile Safari/537.36 (compatible; Googlebot/2.1; +http://www.google.com/bot.html)"
109.234.161.42 - - [13/Jan/2026:16:49:57 +0100] "POST /wp-cron.php?doing_wp_cron=1768319397.5069539546966552734375 HTTP/1.1" 200 - "-" "WordPress/6.9; https://akoyahair.com"
66.249.75.201 - - [13/Jan/2026:16:49:57 +0100] "GET /?_g=810048&add-to-cart=5156 HTTP/1.1" 200 105842 "-" "Mozilla/5.0 (Linux; Android 6.0.1; Nexus 5X Build/MMB29P) AppleWebKit/537.36 (KHTML, like Gecko) Chrome/143.0.7499.192 Mobile Safari/537.36 (compatible; Googlebot/2.1; +http://www.google.com/bot.html)"
141.98.6.199 - - [13/Jan/2026:16:50:39 +0100] "GET /wp-json/wp/v2/users HTTP/1.1" 406 9667 "https://www.google.com" "Mozilla/5.0 (X11; Linux x86_64) AppleWebKit/537.36 (KHTML, like Gecko) Chrome/119.0.0.0 Safari/537.36"
141.98.6.199 - - [13/Jan/2026:16:50:40 +0100] "GET /?author=1 HTTP/1.1" 301 - "https://www.google.com" "Mozilla/5.0 (X11; Linux x86_64) AppleWebKit/537.36 (KHTML, like Gecko) Chrome/119.0.0.0 Safari/537.36"
141.98.6.199 - - [13/Jan/2026:16:50:41 +0100] "GET /wp-login.php HTTP/1.1" 200 13540 "https://www.google.com" "Mozilla/5.0 (X11; Linux x86_64) AppleWebKit/537.36 (KHTML, like Gecko) Chrome/119.0.0.0 Safari/537.36"
141.98.6.199 - - [13/Jan/2026:16:50:42 +0100] "GET /wp-login.php HTTP/1.1" 200 13540 "https://www.google.com" "Mozilla/5.0 (X11; Linux x86_64) AppleWebKit/537.36 (KHTML, like Gecko) Chrome/119.0.0.0 Safari/537.36"
109.234.161.42 - - [13/Jan/2026:16:51:23 +0100] "POST /wp-cron.php?doing_wp_cron=1768319483.5180358886718750000000 HTTP/1.1" 200 - "-" "WordPress/6.9; https://akoyahair.com"
202.76.172.12 - - [13/Jan/2026:16:51:23 +0100] "GET /product/shampooing-doux-nayil-gombo-avocat-250ml/ HTTP/1.1" 200 80862 "-" "Mozilla/5.0 (X11; U; Linux i686; en-US; rv:1.9.2.9) Gecko/20100827 Red Hat/3.6.9-2.el6 Firefox/3.6.9"
109.234.161.42 - - [13/Jan/2026:16:59:08 +0100] "POST /wp-cron.php?doing_wp_cron=1768319948.6237509250640869140625 HTTP/1.1" 200 - "-" "WordPress/6.9; https://akoyahair.com"
5.39.109.180 - - [13/Jan/2026:16:59:08 +0100] "GET /product/masque-proteine-anti-chute-100ml/ HTTP/1.1" 200 82487 "-" "Mozilla/5.0 (compatible; AhrefsBot/7.0; +http://ahrefs.com/robot/)"
109.234.161.42 - - [13/Jan/2026:17:03:00 +0100] "POST /wp-cron.php?doing_wp_cron=1768320180.1969320774078369140625 HTTP/1.1" 200 - "-" "WordPress/6.9; https://akoyahair.com"
5.39.109.178 - - [13/Jan/2026:17:02:59 +0100] "GET /wp-content/plugins/paytech_woocommerce/assets/js/checkout.js?ver=1.0.8478 HTTP/1.1" 404 54698 "-" "Mozilla/5.0 (compatible; AhrefsBot/7.0; +http://ahrefs.com/robot/)"
109.234.161.42 - - [13/Jan/2026:17:04:20 +0100] "POST /wp-cron.php?doing_wp_cron=1768320260.0550210475921630859375 HTTP/1.1" 200 - "-" "WordPress/6.9; https://akoyahair.com"
109.234.161.42 - - [13/Jan/2026:17:04:20 +0100] "POST /wp-cron.php?doing_wp_cron=1768320260.0550210475921630859375 HTTP/1.1" 200 - "-" "WordPress/6.9; https://akoyahair.com"
106.252.202.226 - - [13/Jan/2026:17:04:19 +0100] "POST / HTTP/1.1" 200 105835 "-" "Python/3.12 aiohttp/3.11.7"
106.252.202.226 - - [13/Jan/2026:17:04:19 +0100] "POST / HTTP/1.1" 200 105834 "-" "Python/3.12 aiohttp/3.11.7"
141.98.6.199 - - [13/Jan/2026:17:06:33 +0100] "GET /wp-json/wp/v2/users HTTP/1.1" 406 9667 "https://www.google.com" "Mozilla/5.0 (X11; Linux x86_64) AppleWebKit/537.36 (KHTML, like Gecko) Chrome/119.0.0.0 Safari/537.36"
109.234.161.42 - - [13/Jan/2026:17:06:45 +0100] "POST /wp-cron.php?doing_wp_cron=1768320405.4141700267791748046875 HTTP/1.1" 200 - "-" "WordPress/6.9; https://akoyahair.com"
141.98.6.199 - - [13/Jan/2026:17:06:45 +0100] "GET /?author=1 HTTP/1.1" 301 - "https://www.google.com" "Mozilla/5.0 (X11; Linux x86_64) AppleWebKit/537.36 (KHTML, like Gecko) Chrome/119.0.0.0 Safari/537.36"
141.98.6.199 - - [13/Jan/2026:17:06:46 +0100] "GET /wp-login.php HTTP/1.1" 200 13540 "https://www.google.com" "Mozilla/5.0 (X11; Linux x86_64) AppleWebKit/537.36 (KHTML, like Gecko) Chrome/119.0.0.0 Safari/537.36"
141.98.6.199 - - [13/Jan/2026:17:06:56 +0100] "GET /wp-login.php HTTP/1.1" 200 13540 "https://www.google.com" "Mozilla/5.0 (X11; Linux x86_64) AppleWebKit/537.36 (KHTML, like Gecko) Chrome/119.0.0.0 Safari/537.36"
109.234.161.42 - - [13/Jan/2026:17:09:55 +0100] "POST /wp-cron.php?doing_wp_cron=1768320595.9201490879058837890625 HTTP/1.1" 200 - "-" "WordPress/6.9; https://akoyahair.com"
66.249.75.203 - - [13/Jan/2026:17:09:55 +0100] "GET /index.php/?_g=2271075 HTTP/1.1" 301 - "-" "Mozilla/5.0 (Linux; Android 6.0.1; Nexus 5X Build/MMB29P) AppleWebKit/537.36 (KHTML, like Gecko) Chrome/143.0.7499.192 Mobile Safari/537.36 (compatible; Googlebot/2.1; +http://www.google.com/bot.html)"
66.249.75.203 - - [13/Jan/2026:17:09:56 +0100] "GET /?_g=2271075 HTTP/1.1" 200 105847 "-" "Mozilla/5.0 (Linux; Android 6.0.1; Nexus 5X Build/MMB29P) AppleWebKit/537.36 (KHTML, like Gecko) Chrome/143.0.7499.192 Mobile Safari/537.36 (compatible; Googlebot/2.1; +http://www.google.com/bot.html)"
66.249.75.202 - - [13/Jan/2026:17:09:59 +0100] "GET /wp-content/plugins/paytech_woocommerce/assets/js/checkout.js?ver=1.0.2748 HTTP/1.1" 404 54698 "https://akoyahair.com/?_g=2271075" "Mozilla/5.0 (Linux; Android 6.0.1; Nexus 5X Build/MMB29P) AppleWebKit/537.36 (KHTML, like Gecko) Chrome/143.0.7499.169 Mobile Safari/537.36 (compatible; Googlebot/2.1; +http://www.google.com/bot.html)"
109.234.161.42 - - [13/Jan/2026:17:16:23 +0100] "POST /wp-cron.php?doing_wp_cron=1768320983.5487229824066162109375 HTTP/1.1" 200 - "-" "WordPress/6.9; https://akoyahair.com"
106.252.202.226 - - [13/Jan/2026:17:16:23 +0100] "GET / HTTP/1.1" 301 - "-" "Python/3.12 aiohttp/3.11.7"
106.252.202.226 - - [13/Jan/2026:17:16:27 +0100] "POST / HTTP/1.1" 200 105834 "-" "Python/3.12 aiohttp/3.11.7"
106.252.202.226 - - [13/Jan/2026:17:16:27 +0100] "POST / HTTP/1.1" 200 105834 "-" "Python/3.12 aiohttp/3.11.7"
141.98.6.199 - - [13/Jan/2026:17:21:41 +0100] "GET /wp-json/wp/v2/users HTTP/1.1" 406 9667 "https://www.google.com" "Mozilla/5.0 (X11; Linux x86_64) AppleWebKit/537.36 (KHTML, like Gecko) Chrome/119.0.0.0 Safari/537.36"
109.234.161.42 - - [13/Jan/2026:17:21:52 +0100] "POST /wp-cron.php?doing_wp_cron=1768321312.9825649261474609375000 HTTP/1.1" 200 - "-" "WordPress/6.9; https://akoyahair.com"
141.98.6.199 - - [13/Jan/2026:17:21:52 +0100] "GET /?author=1 HTTP/1.1" 301 - "https://www.google.com" "Mozilla/5.0 (X11; Linux x86_64) AppleWebKit/537.36 (KHTML, like Gecko) Chrome/119.0.0.0 Safari/537.36"
141.98.6.199 - - [13/Jan/2026:17:21:54 +0100] "GET /wp-login.php HTTP/1.1" 200 13540 "https://www.google.com" "Mozilla/5.0 (X11; Linux x86_64) AppleWebKit/537.36 (KHTML, like Gecko) Chrome/119.0.0.0 Safari/537.36"
141.98.6.199 - - [13/Jan/2026:17:21:59 +0100] "GET /wp-login.php HTTP/1.1" 200 13540 "https://www.google.com" "Mozilla/5.0 (X11; Linux x86_64) AppleWebKit/537.36 (KHTML, like Gecko) Chrome/119.0.0.0 Safari/537.36"
109.234.161.42 - - [13/Jan/2026:17:23:34 +0100] "POST /wp-cron.php?doing_wp_cron=1768321414.0978870391845703125000 HTTP/1.1" 200 - "-" "WordPress/6.9; https://akoyahair.com"
44.244.205.163 - - [13/Jan/2026:17:23:33 +0100] "GET / HTTP/1.1" 301 - "-" "Mozilla/5.0 (Windows NT 10.0; Win64; x64; rv:109.0) Gecko/20100101 Firefox/109.0"
44.244.205.163 - - [13/Jan/2026:17:23:34 +0100] "GET / HTTP/1.1" 200 105784 "-" "Mozilla/5.0 (Windows NT 10.0; Win64; x64; rv:109.0) Gecko/20100101 Firefox/109.0"
44.244.205.163 - - [13/Jan/2026:17:23:35 +0100] "GET /wp-includes/js/mediaelement/wp-mediaelement.min.css?ver=6.9 HTTP/1.1" 200 4186 "https://akoyahair.com/" "Mozilla/5.0 (Windows NT 10.0; Win64; x64; rv:109.0) Gecko/20100101 Firefox/109.0"
44.244.205.163 - - [13/Jan/2026:17:23:35 +0100] "GET /wp-includes/js/mediaelement/mediaelementplayer-legacy.min.css?ver=4.2.17 HTTP/1.1" 200 11256 "https://akoyahair.com/" "Mozilla/5.0 (Windows NT 10.0; Win64; x64; rv:109.0) Gecko/20100101 Firefox/109.0"
44.244.205.163 - - [13/Jan/2026:17:23:35 +0100] "GET /wp-content/plugins/woocommerce/assets/client/blocks/wc-blocks.css?ver=wc-10.1.3 HTTP/1.1" 404 54698 "https://akoyahair.com/" "Mozilla/5.0 (Windows NT 10.0; Win64; x64; rv:109.0) Gecko/20100101 Firefox/109.0"
44.244.205.163 - - [13/Jan/2026:17:23:35 +0100] "GET /wp-content/plugins/contact-form-7/includes/css/styles.css?ver=6.1.1 HTTP/1.1" 404 54698 "https://akoyahair.com/" "Mozilla/5.0 (Windows NT 10.0; Win64; x64; rv:109.0) Gecko/20100101 Firefox/109.0"
44.244.205.163 - - [13/Jan/2026:17:23:35 +0100] "GET /wp-includes/js/jquery/jquery-migrate.min.js?ver=3.4.1 HTTP/1.1" 200 13577 "https://akoyahair.com/" "Mozilla/5.0 (Windows NT 10.0; Win64; x64; rv:109.0) Gecko/20100101 Firefox/109.0"
44.244.205.163 - - [13/Jan/2026:17:23:35 +0100] "GET /wp-includes/js/jquery/jquery.min.js?ver=3.7.1 HTTP/1.1" 200 87553 "https://akoyahair.com/" "Mozilla/5.0 (Windows NT 10.0; Win64; x64; rv:109.0) Gecko/20100101 Firefox/109.0"
44.244.205.163 - - [13/Jan/2026:17:23:35 +0100] "GET /wp-content/plugins/woocommerce/assets/css/brands.css?ver=10.1.3 HTTP/1.1" 404 54698 "https://akoyahair.com/" "Mozilla/5.0 (Windows NT 10.0; Win64; x64; rv:109.0) Gecko/20100101 Firefox/109.0"
44.244.205.163 - - [13/Jan/2026:17:23:35 +0100] "GET /wp-content/plugins/revslider/public/assets/css/rs6.css?ver=6.2.23 HTTP/1.1" 404 54698 "https://akoyahair.com/" "Mozilla/5.0 (Windows NT 10.0; Win64; x64; rv:109.0) Gecko/20100101 Firefox/109.0"
44.244.205.163 - - [13/Jan/2026:17:23:35 +0100] "GET /wp-content/themes/Akoya/style.css?ver=6.9 HTTP/1.1" 404 54697 "https://akoyahair.com/" "Mozilla/5.0 (Windows NT 10.0; Win64; x64; rv:109.0) Gecko/20100101 Firefox/109.0"
44.244.205.163 - - [13/Jan/2026:17:23:35 +0100] "GET /wp-content/themes/Akoya/assets/css/modules.min.css?ver=6.9 HTTP/1.1" 404 54698 "https://akoyahair.com/" "Mozilla/5.0 (Windows NT 10.0; Win64; x64; rv:109.0) Gecko/20100101 Firefox/109.0"
44.244.205.163 - - [13/Jan/2026:17:23:35 +0100] "GET /wp-content/themes/Akoya/assets/css/font-awesome/css/font-awesome.min.css?ver=6.9 HTTP/1.1" 404 54698 "https://akoyahair.com/" "Mozilla/5.0 (Windows NT 10.0; Win64; x64; rv:109.0) Gecko/20100101 Firefox/109.0"
44.244.205.163 - - [13/Jan/2026:17:23:35 +0100] "GET /wp-content/themes/Akoya/assets/css/woocommerce.min.css?ver=6.9 HTTP/1.1" 404 54698 "https://akoyahair.com/" "Mozilla/5.0 (Windows NT 10.0; Win64; x64; rv:109.0) Gecko/20100101 Firefox/109.0"
44.244.205.163 - - [13/Jan/2026:17:23:35 +0100] "GET /wp-content/plugins/curly-business/assets/css/business.min.css?ver=6.9 HTTP/1.1" 404 54698 "https://akoyahair.com/" "Mozilla/5.0 (Windows NT 10.0; Win64; x64; rv:109.0) Gecko/20100101 Firefox/109.0"
44.244.205.163 - - [13/Jan/2026:17:23:35 +0100] "GET /wp-content/themes/Akoya/assets/css/modules-responsive.min.css?ver=6.9 HTTP/1.1" 404 54698 "https://akoyahair.com/" "Mozilla/5.0 (Windows NT 10.0; Win64; x64; rv:109.0) Gecko/20100101 Firefox/109.0"
44.244.205.163 - - [13/Jan/2026:17:23:35 +0100] "GET /wp-content/plugins/curly-business/assets/css/business-responsive.min.css?ver=6.9 HTTP/1.1" 404 54698 "https://akoyahair.com/" "Mozilla/5.0 (Windows NT 10.0; Win64; x64; rv:109.0) Gecko/20100101 Firefox/109.0"
44.244.205.163 - - [13/Jan/2026:17:23:35 +0100] "GET /wp-content/themes/Akoya/assets/css/woocommerce-responsive.min.css?ver=6.9 HTTP/1.1" 404 54698 "https://akoyahair.com/" "Mozilla/5.0 (Windows NT 10.0; Win64; x64; rv:109.0) Gecko/20100101 Firefox/109.0"
44.244.205.163 - - [13/Jan/2026:17:23:35 +0100] "GET /wp-content/themes/Akoya/assets/css/style_dynamic_responsive.css?ver=1755533948 HTTP/1.1" 404 54698 "https://akoyahair.com/" "Mozilla/5.0 (Windows NT 10.0; Win64; x64; rv:109.0) Gecko/20100101 Firefox/109.0"
44.244.205.163 - - [13/Jan/2026:17:23:35 +0100] "GET /wp-content/plugins/js_composer/assets/lib/bower/animate-css/animate.min.css?ver=6.4.0 HTTP/1.1" 404 54698 "https://akoyahair.com/" "Mozilla/5.0 (Windows NT 10.0; Win64; x64; rv:109.0) Gecko/20100101 Firefox/109.0"
44.244.205.163 - - [13/Jan/2026:17:23:35 +0100] "GET /wp-content/themes/Akoya/assets/css/style_dynamic.css?ver=1755533948 HTTP/1.1" 404 54698 "https://akoyahair.com/" "Mozilla/5.0 (Windows NT 10.0; Win64; x64; rv:109.0) Gecko/20100101 Firefox/109.0"
44.244.205.163 - - [13/Jan/2026:17:23:35 +0100] "GET /wp-content/uploads/2021/06/cropped-Favicon-min-2.png HTTP/1.1" 404 54698 "https://akoyahair.com/" "Mozilla/5.0 (Windows NT 10.0; Win64; x64; rv:109.0) Gecko/20100101 Firefox/109.0"
44.244.205.163 - - [13/Jan/2026:17:23:35 +0100] "GET /wp-content/plugins/curly-core/core-dashboard/assets/css/core-dashboard.min.css?ver=6.9 HTTP/1.1" 404 54698 "https://akoyahair.com/" "Mozilla/5.0 (Windows NT 10.0; Win64; x64; rv:109.0) Gecko/20100101 Firefox/109.0"
44.244.205.163 - - [13/Jan/2026:17:23:35 +0100] "GET /wp-content/plugins/js_composer/assets/css/js_composer.min.css?ver=6.4.0 HTTP/1.1" 404 54698 "https://akoyahair.com/" "Mozilla/5.0 (Windows NT 10.0; Win64; x64; rv:109.0) Gecko/20100101 Firefox/109.0"
44.244.205.163 - - [13/Jan/2026:17:23:35 +0100] "GET /wp-content/uploads/2024/07/DSC08120-scaled.jpg HTTP/1.1" 404 54698 "https://akoyahair.com/" "Mozilla/5.0 (Windows NT 10.0; Win64; x64; rv:109.0) Gecko/20100101 Firefox/109.0"
44.244.205.163 - - [13/Jan/2026:17:23:35 +0100] "GET /wp-content/plugins/revslider/public/assets/js/rs6.min.js?ver=6.2.23 HTTP/1.1" 404 54698 "https://akoyahair.com/" "Mozilla/5.0 (Windows NT 10.0; Win64; x64; rv:109.0) Gecko/20100101 Firefox/109.0"
44.244.205.163 - - [13/Jan/2026:17:23:35 +0100] "GET /wp-content/plugins/js_composer/assets/js/vendors/woocommerce-add-to-cart.js?ver=6.4.0 HTTP/1.1" 404 54698 "https://akoyahair.com/" "Mozilla/5.0 (Windows NT 10.0; Win64; x64; rv:109.0) Gecko/20100101 Firefox/109.0"
44.244.205.163 - - [13/Jan/2026:17:23:35 +0100] "GET /wp-content/plugins/woocommerce/assets/js/frontend/add-to-cart.min.js?ver=10.1.3 HTTP/1.1" 404 54696 "https://akoyahair.com/" "Mozilla/5.0 (Windows NT 10.0; Win64; x64; rv:109.0) Gecko/20100101 Firefox/109.0"
44.244.205.163 - - [13/Jan/2026:17:23:35 +0100] "GET /wp-content/plugins/revslider/public/assets/js/rbtools.min.js?ver=6.2.23 HTTP/1.1" 404 54698 "https://akoyahair.com/" "Mozilla/5.0 (Windows NT 10.0; Win64; x64; rv:109.0) Gecko/20100101 Firefox/109.0"
44.244.205.163 - - [13/Jan/2026:17:23:35 +0100] "GET /wp-content/plugins/woocommerce/assets/js/jquery-blockui/jquery.blockUI.min.js?ver=2.7.0-wc.10.1.3 HTTP/1.1" 404 54697 "https://akoyahair.com/" "Mozilla/5.0 (Windows NT 10.0; Win64; x64; rv:109.0) Gecko/20100101 Firefox/109.0"
44.244.205.163 - - [13/Jan/2026:17:23:35 +0100] "GET /wp-content/uploads/2021/06/Webp.net-resizeimage.png HTTP/1.1" 404 54697 "https://akoyahair.com/" "Mozilla/5.0 (Windows NT 10.0; Win64; x64; rv:109.0) Gecko/20100101 Firefox/109.0"
44.244.205.163 - - [13/Jan/2026:17:23:36 +0100] "GET /wp-content/uploads/2021/04/Slider-min.jpg HTTP/1.1" 404 54698 "https://akoyahair.com/" "Mozilla/5.0 (Windows NT 10.0; Win64; x64; rv:109.0) Gecko/20100101 Firefox/109.0"
44.244.205.163 - - [13/Jan/2026:17:23:36 +0100] "GET /wp-includes/js/dist/hooks.min.js?ver=dd5603f07f9220ed27f1 HTTP/1.1" 200 5661 "https://akoyahair.com/" "Mozilla/5.0 (Windows NT 10.0; Win64; x64; rv:109.0) Gecko/20100101 Firefox/109.0"
44.244.205.163 - - [13/Jan/2026:17:23:36 +0100] "GET /wp-includes/js/dist/i18n.min.js?ver=c26c3dc7bed366793375 HTTP/1.1" 200 5314 "https://akoyahair.com/" "Mozilla/5.0 (Windows NT 10.0; Win64; x64; rv:109.0) Gecko/20100101 Firefox/109.0"
44.244.205.163 - - [13/Jan/2026:17:23:36 +0100] "GET /wp-includes/js/jquery/ui/core.min.js?ver=1.13.3 HTTP/1.1" 200 21464 "https://akoyahair.com/" "Mozilla/5.0 (Windows NT 10.0; Win64; x64; rv:109.0) Gecko/20100101 Firefox/109.0"
44.244.205.163 - - [13/Jan/2026:17:23:36 +0100] "GET /wp-includes/js/jquery/ui/accordion.min.js?ver=1.13.3 HTTP/1.1" 200 8860 "https://akoyahair.com/" "Mozilla/5.0 (Windows NT 10.0; Win64; x64; rv:109.0) Gecko/20100101 Firefox/109.0"
44.244.205.163 - - [13/Jan/2026:17:23:36 +0100] "GET /wp-includes/js/jquery/ui/tabs.min.js?ver=1.13.3 HTTP/1.1" 200 12008 "https://akoyahair.com/" "Mozilla/5.0 (Windows NT 10.0; Win64; x64; rv:109.0) Gecko/20100101 Firefox/109.0"
44.244.205.163 - - [13/Jan/2026:17:23:36 +0100] "GET /wp-includes/js/mediaelement/mediaelement-migrate.min.js?ver=6.9 HTTP/1.1" 200 1191 "https://akoyahair.com/" "Mozilla/5.0 (Windows NT 10.0; Win64; x64; rv:109.0) Gecko/20100101 Firefox/109.0"
44.244.205.163 - - [13/Jan/2026:17:23:36 +0100] "GET /wp-content/plugins/contact-form-7/includes/swv/js/index.js?ver=6.1.1 HTTP/1.1" 404 54697 "https://akoyahair.com/" "Mozilla/5.0 (Windows NT 10.0; Win64; x64; rv:109.0) Gecko/20100101 Firefox/109.0"
44.244.205.163 - - [13/Jan/2026:17:23:36 +0100] "GET /wp-includes/js/mediaelement/wp-mediaelement.min.js?ver=6.9 HTTP/1.1" 200 1107 "https://akoyahair.com/" "Mozilla/5.0 (Windows NT 10.0; Win64; x64; rv:109.0) Gecko/20100101 Firefox/109.0"
44.244.205.163 - - [13/Jan/2026:17:23:36 +0100] "GET /wp-includes/js/mediaelement/mediaelement-and-player.min.js?ver=4.2.17 HTTP/1.1" 200 158005 "https://akoyahair.com/" "Mozilla/5.0 (Windows NT 10.0; Win64; x64; rv:109.0) Gecko/20100101 Firefox/109.0"
44.244.205.163 - - [13/Jan/2026:17:23:36 +0100] "GET /wp-content/plugins/paytech_woocommerce/assets/js/checkout.js?ver=1.0.7731 HTTP/1.1" 404 54698 "https://akoyahair.com/" "Mozilla/5.0 (Windows NT 10.0; Win64; x64; rv:109.0) Gecko/20100101 Firefox/109.0"
44.244.205.163 - - [13/Jan/2026:17:23:36 +0100] "GET /wp-content/plugins/contact-form-7/includes/js/index.js?ver=6.1.1 HTTP/1.1" 404 54698 "https://akoyahair.com/" "Mozilla/5.0 (Windows NT 10.0; Win64; x64; rv:109.0) Gecko/20100101 Firefox/109.0"
44.244.205.163 - - [13/Jan/2026:17:23:36 +0100] "GET /wp-includes/js/hoverIntent.min.js?ver=1.10.2 HTTP/1.1" 200 1499 "https://akoyahair.com/" "Mozilla/5.0 (Windows NT 10.0; Win64; x64; rv:109.0) Gecko/20100101 Firefox/109.0"
44.244.205.163 - - [13/Jan/2026:17:23:36 +0100] "GET /wp-content/plugins/paytech_woocommerce/assets/js/open-mode-popup.js HTTP/1.1" 404 54698 "https://akoyahair.com/" "Mozilla/5.0 (Windows NT 10.0; Win64; x64; rv:109.0) Gecko/20100101 Firefox/109.0"
44.244.205.163 - - [13/Jan/2026:17:23:36 +0100] "GET /wp-content/themes/Akoya/assets/js/modules/plugins/jquery.appear.js?ver=6.9 HTTP/1.1" 404 54698 "https://akoyahair.com/" "Mozilla/5.0 (Windows NT 10.0; Win64; x64; rv:109.0) Gecko/20100101 Firefox/109.0"
44.244.205.163 - - [13/Jan/2026:17:23:36 +0100] "GET /wp-content/themes/Akoya/assets/js/modules/plugins/jquery.plugin.js?ver=6.9 HTTP/1.1" 404 54698 "https://akoyahair.com/" "Mozilla/5.0 (Windows NT 10.0; Win64; x64; rv:109.0) Gecko/20100101 Firefox/109.0"
44.244.205.163 - - [13/Jan/2026:17:23:36 +0100] "GET /wp-content/themes/Akoya/assets/js/modules/plugins/fluidvids.min.js?ver=6.9 HTTP/1.1" 404 54698 "https://akoyahair.com/" "Mozilla/5.0 (Windows NT 10.0; Win64; x64; rv:109.0) Gecko/20100101 Firefox/109.0"
44.244.205.163 - - [13/Jan/2026:17:23:36 +0100] "GET /wp-content/themes/Akoya/assets/js/modules/plugins/jquery.waypoints.min.js?ver=6.9 HTTP/1.1" 404 54698 "https://akoyahair.com/" "Mozilla/5.0 (Windows NT 10.0; Win64; x64; rv:109.0) Gecko/20100101 Firefox/109.0"
44.244.205.163 - - [13/Jan/2026:17:23:36 +0100] "GET /wp-content/plugins/js_composer/assets/lib/prettyphoto/js/jquery.prettyPhoto.min.js?ver=6.4.0 HTTP/1.1" 404 54698 "https://akoyahair.com/" "Mozilla/5.0 (Windows NT 10.0; Win64; x64; rv:109.0) Gecko/20100101 Firefox/109.0"
44.244.205.163 - - [13/Jan/2026:17:23:36 +0100] "GET /wp-content/themes/Akoya/assets/js/modules/plugins/owl.carousel.min.js?ver=6.9 HTTP/1.1" 404 54698 "https://akoyahair.com/" "Mozilla/5.0 (Windows NT 10.0; Win64; x64; rv:109.0) Gecko/20100101 Firefox/109.0"
44.244.205.163 - - [13/Jan/2026:17:23:36 +0100] "GET /wp-content/themes/Akoya/assets/js/modules/plugins/modernizr.min.js?ver=6.9 HTTP/1.1" 404 54698 "https://akoyahair.com/" "Mozilla/5.0 (Windows NT 10.0; Win64; x64; rv:109.0) Gecko/20100101 Firefox/109.0"
44.244.205.163 - - [13/Jan/2026:17:23:36 +0100] "GET /wp-content/themes/Akoya/assets/js/modules/plugins/ScrollToPlugin.min.js?ver=6.9 HTTP/1.1" 404 54698 "https://akoyahair.com/" "Mozilla/5.0 (Windows NT 10.0; Win64; x64; rv:109.0) Gecko/20100101 Firefox/109.0"
44.244.205.163 - - [13/Jan/2026:17:23:36 +0100] "GET /wp-includes/js/jquery/ui/datepicker.min.js?ver=1.13.3 HTTP/1.1" 200 36748 "https://akoyahair.com/" "Mozilla/5.0 (Windows NT 10.0; Win64; x64; rv:109.0) Gecko/20100101 Firefox/109.0"
44.244.205.163 - - [13/Jan/2026:17:23:36 +0100] "GET /wp-content/themes/Akoya/assets/js/modules/plugins/perfect-scrollbar.jquery.min.js?ver=6.9 HTTP/1.1" 404 54698 "https://akoyahair.com/" "Mozilla/5.0 (Windows NT 10.0; Win64; x64; rv:109.0) Gecko/20100101 Firefox/109.0"
44.244.205.163 - - [13/Jan/2026:17:23:36 +0100] "GET /wp-content/themes/Akoya/assets/js/modules/plugins/jquery.waitforimages.js?ver=6.9 HTTP/1.1" 404 54698 "https://akoyahair.com/" "Mozilla/5.0 (Windows NT 10.0; Win64; x64; rv:109.0) Gecko/20100101 Firefox/109.0"
44.244.205.163 - - [13/Jan/2026:17:23:36 +0100] "GET /wp-content/themes/Akoya/assets/js/modules/plugins/parallax.min.js?ver=6.9 HTTP/1.1" 404 54698 "https://akoyahair.com/" "Mozilla/5.0 (Windows NT 10.0; Win64; x64; rv:109.0) Gecko/20100101 Firefox/109.0"
44.244.205.163 - - [13/Jan/2026:17:23:36 +0100] "GET /wp-content/themes/Akoya/assets/js/modules/plugins/jquery.easing.1.3.js?ver=6.9 HTTP/1.1" 404 54698 "https://akoyahair.com/" "Mozilla/5.0 (Windows NT 10.0; Win64; x64; rv:109.0) Gecko/20100101 Firefox/109.0"
44.244.205.163 - - [13/Jan/2026:17:23:36 +0100] "GET /wp-content/plugins/js_composer/assets/lib/bower/isotope/dist/isotope.pkgd.min.js?ver=6.4.0 HTTP/1.1" 404 54698 "https://akoyahair.com/" "Mozilla/5.0 (Windows NT 10.0; Win64; x64; rv:109.0) Gecko/20100101 Firefox/109.0"
44.244.205.163 - - [13/Jan/2026:17:23:36 +0100] "GET /wp-content/themes/Akoya/assets/js/modules/plugins/packery-mode.pkgd.min.js?ver=6.9 HTTP/1.1" 404 54698 "https://akoyahair.com/" "Mozilla/5.0 (Windows NT 10.0; Win64; x64; rv:109.0) Gecko/20100101 Firefox/109.0"
44.244.205.163 - - [13/Jan/2026:17:23:36 +0100] "GET /wp-content/themes/Akoya/assets/js/modules/plugins/jquery.geocomplete.min.js?ver=6.9 HTTP/1.1" 404 54698 "https://akoyahair.com/" "Mozilla/5.0 (Windows NT 10.0; Win64; x64; rv:109.0) Gecko/20100101 Firefox/109.0"
44.244.205.163 - - [13/Jan/2026:17:23:36 +0100] "GET /wp-content/plugins/curly-core/shortcodes/counter/assets/js/plugins/absoluteCounter.min.js?ver=6.9 HTTP/1.1" 404 54697 "https://akoyahair.com/" "Mozilla/5.0 (Windows NT 10.0; Win64; x64; rv:109.0) Gecko/20100101 Firefox/109.0"
44.244.205.163 - - [13/Jan/2026:17:23:36 +0100] "GET /wp-content/plugins/curly-core/shortcodes/pie-chart/assets/js/plugins/easypiechart.js?ver=6.9 HTTP/1.1" 404 54698 "https://akoyahair.com/" "Mozilla/5.0 (Windows NT 10.0; Win64; x64; rv:109.0) Gecko/20100101 Firefox/109.0"
44.244.205.163 - - [13/Jan/2026:17:23:36 +0100] "GET /wp-content/plugins/curly-core/shortcodes/countdown/assets/js/plugins/jquery.countdown.min.js?ver=6.9 HTTP/1.1" 404 54698 "https://akoyahair.com/" "Mozilla/5.0 (Windows NT 10.0; Win64; x64; rv:109.0) Gecko/20100101 Firefox/109.0"
44.244.205.163 - - [13/Jan/2026:17:23:36 +0100] "GET /wp-content/plugins/curly-core/shortcodes/custom-font/assets/js/plugins/typed.js?ver=6.9 HTTP/1.1" 404 54698 "https://akoyahair.com/" "Mozilla/5.0 (Windows NT 10.0; Win64; x64; rv:109.0) Gecko/20100101 Firefox/109.0"
44.244.205.163 - - [13/Jan/2026:17:23:36 +0100] "GET /wp-content/plugins/curly-core/shortcodes/counter/assets/js/plugins/counter.js?ver=6.9 HTTP/1.1" 404 54698 "https://akoyahair.com/" "Mozilla/5.0 (Windows NT 10.0; Win64; x64; rv:109.0) Gecko/20100101 Firefox/109.0"
44.244.205.163 - - [13/Jan/2026:17:23:36 +0100] "GET /wp-content/plugins/woocommerce/assets/js/sourcebuster/sourcebuster.min.js?ver=10.1.3 HTTP/1.1" 404 54697 "https://akoyahair.com/" "Mozilla/5.0 (Windows NT 10.0; Win64; x64; rv:109.0) Gecko/20100101 Firefox/109.0"
44.244.205.163 - - [13/Jan/2026:17:23:36 +0100] "GET /wp-content/themes/Akoya/assets/js/modules.min.js?ver=6.9 HTTP/1.1" 404 54698 "https://akoyahair.com/" "Mozilla/5.0 (Windows NT 10.0; Win64; x64; rv:109.0) Gecko/20100101 Firefox/109.0"
44.244.205.163 - - [13/Jan/2026:17:23:36 +0100] "GET /wp-content/plugins/woocommerce/assets/js/frontend/order-attribution.min.js?ver=10.1.3 HTTP/1.1" 404 54698 "https://akoyahair.com/" "Mozilla/5.0 (Windows NT 10.0; Win64; x64; rv:109.0) Gecko/20100101 Firefox/109.0"
44.244.205.163 - - [13/Jan/2026:17:23:37 +0100] "GET /wp-content/plugins/js_composer/assets/js/dist/js_composer_front.min.js?ver=6.4.0 HTTP/1.1" 404 54698 "https://akoyahair.com/" "Mozilla/5.0 (Windows NT 10.0; Win64; x64; rv:109.0) Gecko/20100101 Firefox/109.0"
44.244.205.163 - - [13/Jan/2026:17:23:37 +0100] "GET /wp-content/plugins/woocommerce/assets/js/frontend/woocommerce.min.js?ver=10.1.3 HTTP/1.1" 404 54698 "https://akoyahair.com/" "Mozilla/5.0 (Windows NT 10.0; Win64; x64; rv:109.0) Gecko/20100101 Firefox/109.0"
44.244.205.163 - - [13/Jan/2026:17:23:37 +0100] "GET /wp-content/plugins/curly-business/assets/js/business.min.js?ver=6.9 HTTP/1.1" 404 54698 "https://akoyahair.com/" "Mozilla/5.0 (Windows NT 10.0; Win64; x64; rv:109.0) Gecko/20100101 Firefox/109.0"
44.244.205.163 - - [13/Jan/2026:17:23:36 +0100] "GET /wp-content/plugins/curly-core/shortcodes/vertical-split-slider/assets/js/plugins/jquery.multiscroll.min.js?ver=6.9 HTTP/1.1" 404 54698 "https://akoyahair.com/" "Mozilla/5.0 (Windows NT 10.0; Win64; x64; rv:109.0) Gecko/20100101 Firefox/109.0"
44.244.205.163 - - [13/Jan/2026:17:23:37 +0100] "GET /wp-content/uploads/2024/07/DSC08066-scaled.jpg HTTP/1.1" 404 54698 "https://akoyahair.com/" "Mozilla/5.0 (Windows NT 10.0; Win64; x64; rv:109.0) Gecko/20100101 Firefox/109.0"
44.244.205.163 - - [13/Jan/2026:17:23:37 +0100] "GET /wp-content/uploads/2021/06/cropped-Favicon-min-2.png HTTP/1.1" 404 54698 "https://akoyahair.com/" "Mozilla/5.0 (Windows NT 10.0; Win64; x64; rv:109.0) Gecko/20100101 Firefox/109.0"
44.244.205.163 - - [13/Jan/2026:17:23:37 +0100] "GET /wp-content/uploads/2024/07/DSC08096-1.jpg HTTP/1.1" 404 54697 "https://akoyahair.com/" "Mozilla/5.0 (Windows NT 10.0; Win64; x64; rv:109.0) Gecko/20100101 Firefox/109.0"
44.244.205.163 - - [13/Jan/2026:17:23:37 +0100] "GET /wp-content/plugins/js_composer/assets/lib/vc_waypoints/vc-waypoints.min.js?ver=6.4.0 HTTP/1.1" 404 54698 "https://akoyahair.com/" "Mozilla/5.0 (Windows NT 10.0; Win64; x64; rv:109.0) Gecko/20100101 Firefox/109.0"
44.244.205.163 - - [13/Jan/2026:17:23:37 +0100] "GET /wp-content/plugins/woocommerce/assets/js/js-cookie/js.cookie.min.js?ver=2.1.4-wc.10.1.3 HTTP/1.1" 404 54698 "https://akoyahair.com/" "Mozilla/5.0 (Windows NT 10.0; Win64; x64; rv:109.0) Gecko/20100101 Firefox/109.0"
44.244.205.163 - - [13/Jan/2026:17:23:37 +0100] "GET /wp-content/uploads/2021/04/Slider-A-min.jpg HTTP/1.1" 404 54698 "https://akoyahair.com/" "Mozilla/5.0 (Windows NT 10.0; Win64; x64; rv:109.0) Gecko/20100101 Firefox/109.0"
44.244.205.163 - - [13/Jan/2026:17:23:37 +0100] "GET /wp-content/plugins/woocommerce/assets/js/select2/select2.full.min.js?ver=4.0.3-wc.10.1.3 HTTP/1.1" 404 54698 "https://akoyahair.com/" "Mozilla/5.0 (Windows NT 10.0; Win64; x64; rv:109.0) Gecko/20100101 Firefox/109.0"
44.244.205.163 - - [13/Jan/2026:17:23:37 +0100] "GET /wp-content/uploads/2021/04/A-propos-min.jpg HTTP/1.1" 404 54698 "https://akoyahair.com/" "Mozilla/5.0 (Windows NT 10.0; Win64; x64; rv:109.0) Gecko/20100101 Firefox/109.0"
44.244.205.163 - - [13/Jan/2026:17:23:37 +0100] "GET /wp-includes/js/wp-emoji-release.min.js?ver=6.9 HTTP/1.1" 200 22762 "https://akoyahair.com/" "Mozilla/5.0 (Windows NT 10.0; Win64; x64; rv:109.0) Gecko/20100101 Firefox/109.0"
44.244.205.163 - - [13/Jan/2026:17:23:37 +0100] "GET /wp-content/uploads/2021/06/cropped-Favicon-min-2-32x32.png HTTP/1.1" 404 54698 "https://akoyahair.com/" "Mozilla/5.0 (Windows NT 10.0; Win64; x64; rv:109.0) Gecko/20100101 Firefox/109.0"
44.244.205.163 - - [13/Jan/2026:17:23:38 +0100] "GET /wp-content/uploads/2021/06/cropped-Favicon-min-2-192x192.png HTTP/1.1" 404 54698 "https://akoyahair.com/" "Mozilla/5.0 (Windows NT 10.0; Win64; x64; rv:109.0) Gecko/20100101 Firefox/109.0"
109.234.161.42 - - [13/Jan/2026:17:24:06 +0100] "POST /wp-cron.php?doing_wp_cron=1768321446.0944180488586425781250 HTTP/1.1" 200 - "-" "WordPress/6.9; https://akoyahair.com"
66.249.75.201 - - [13/Jan/2026:17:24:05 +0100] "GET /sitemap29.xml HTTP/1.1" 404 54698 "-" "Mozilla/5.0 (compatible; Googlebot/2.1; +http://www.google.com/bot.html)"
154.125.141.44 - - [13/Jan/2026:17:24:08 +0100] "GET / HTTP/1.1" 200 105783 "https://www.google.com/" "Mozilla/5.0 (Linux; Android 10; K) AppleWebKit/537.36 (KHTML, like Gecko) Chrome/143.0.0.0 Mobile Safari/537.36"
154.125.141.44 - - [13/Jan/2026:17:24:09 +0100] "GET /wp-includes/js/mediaelement/mediaelementplayer-legacy.min.css?ver=4.2.17 HTTP/1.1" 200 11256 "https://akoyahair.com/" "Mozilla/5.0 (Linux; Android 10; K) AppleWebKit/537.36 (KHTML, like Gecko) Chrome/143.0.0.0 Mobile Safari/537.36"
154.125.141.44 - - [13/Jan/2026:17:24:09 +0100] "GET /wp-includes/js/mediaelement/wp-mediaelement.min.css?ver=6.9 HTTP/1.1" 200 4186 "https://akoyahair.com/" "Mozilla/5.0 (Linux; Android 10; K) AppleWebKit/537.36 (KHTML, like Gecko) Chrome/143.0.0.0 Mobile Safari/537.36"
