57.141.20.6 - - [26/May/2026:01:47:47 +0200] "GET /items/I110355789/ HTTP/1.1" 301 - "-" "meta-externalagent/1.1 (+https://developers.facebook.com/docs/sharing/webmasters/crawler)"
57.141.20.8 - - [26/May/2026:01:47:53 +0200] "GET /items/I209532648/ HTTP/1.1" 301 - "-" "meta-externalagent/1.1 (+https://developers.facebook.com/docs/sharing/webmasters/crawler)"
192.178.6.41 - - [26/May/2026:01:47:53 +0200] "GET /header.php?items/A312876830/ HTTP/1.1" 200 202243 "-" "Mozilla/5.0 (Linux; Android 6.0.1; Nexus 5X Build/MMB29P) AppleWebKit/537.36 (KHTML, like Gecko) Chrome/148.0.7778.96 Mobile Safari/537.36 (compatible; Googlebot/2.1; +http://www.google.com/bot.html)"
192.178.6.41 - - [26/May/2026:01:48:01 +0200] "GET /wp-includes/revisions.php?items/B313035456/ HTTP/1.1" 200 184188 "-" "Mozilla/5.0 (Linux; Android 6.0.1; Nexus 5X Build/MMB29P) AppleWebKit/537.36 (KHTML, like Gecko) Chrome/148.0.7778.96 Mobile Safari/537.36 (compatible; Googlebot/2.1; +http://www.google.com/bot.html)"
192.178.6.41 - - [26/May/2026:01:48:03 +0200] "GET /header.php?shop/badge/leading58522220018.phtml HTTP/1.1" 200 183440 "-" "Mozilla/5.0 (Linux; Android 6.0.1; Nexus 5X Build/MMB29P) AppleWebKit/537.36 (KHTML, like Gecko) Chrome/148.0.7778.96 Mobile Safari/537.36 (compatible; Googlebot/2.1; +http://www.google.com/bot.html)"
192.178.6.32 - - [26/May/2026:01:48:06 +0200] "GET /header.php?items/J268631143/ HTTP/1.1" 200 194196 "-" "Mozilla/5.0 (Linux; Android 6.0.1; Nexus 5X Build/MMB29P) AppleWebKit/537.36 (KHTML, like Gecko) Chrome/148.0.7778.96 Mobile Safari/537.36 (compatible; Googlebot/2.1; +http://www.google.com/bot.html)"
192.178.6.32 - - [26/May/2026:01:48:09 +0200] "GET /header.php?items/T302092133/ HTTP/1.1" 200 180882 "-" "Mozilla/5.0 (Linux; Android 6.0.1; Nexus 5X Build/MMB29P) AppleWebKit/537.36 (KHTML, like Gecko) Chrome/148.0.7778.96 Mobile Safari/537.36 (compatible; Googlebot/2.1; +http://www.google.com/bot.html)"
109.234.161.42 - - [26/May/2026:01:48:12 +0200] "POST /wp-cron.php?doing_wp_cron=1779752892.7336049079895019531250 HTTP/1.1" 200 - "https://diprotecsn.com/wp-cron.php?doing_wp_cron=1779752892.7336049079895019531250" "WordPress/6.1.10; https://diprotecsn.com"
57.141.20.69 - - [26/May/2026:01:48:12 +0200] "GET /items/I145190850/ HTTP/1.1" 301 - "-" "meta-externalagent/1.1 (+https://developers.facebook.com/docs/sharing/webmasters/crawler)"
192.178.6.41 - - [26/May/2026:01:48:16 +0200] "GET /header.php?items/U185746103/ HTTP/1.1" 200 183245 "-" "Mozilla/5.0 (Linux; Android 6.0.1; Nexus 5X Build/MMB29P) AppleWebKit/537.36 (KHTML, like Gecko) Chrome/148.0.7778.96 Mobile Safari/537.36 (compatible; Googlebot/2.1; +http://www.google.com/bot.html)"
192.178.6.41 - - [26/May/2026:01:48:19 +0200] "GET /header.php?items/U70118365/ HTTP/1.1" 200 186024 "-" "Mozilla/5.0 (Linux; Android 6.0.1; Nexus 5X Build/MMB29P) AppleWebKit/537.36 (KHTML, like Gecko) Chrome/148.0.7778.96 Mobile Safari/537.36 (compatible; Googlebot/2.1; +http://www.google.com/bot.html)"
57.141.20.9 - - [26/May/2026:01:48:24 +0200] "GET /items/I59632810/ HTTP/1.1" 301 - "-" "meta-externalagent/1.1 (+https://developers.facebook.com/docs/sharing/webmasters/crawler)"
192.178.6.41 - - [26/May/2026:01:48:28 +0200] "GET /header.php?items/F208470971/ HTTP/1.1" 200 200293 "-" "Mozilla/5.0 (Linux; Android 6.0.1; Nexus 5X Build/MMB29P) AppleWebKit/537.36 (KHTML, like Gecko) Chrome/148.0.7778.96 Mobile Safari/537.36 (compatible; Googlebot/2.1; +http://www.google.com/bot.html)"
192.178.6.41 - - [26/May/2026:01:48:32 +0200] "GET /header.php?shop/diets/trash1852387695.phtml HTTP/1.1" 200 185590 "-" "Mozilla/5.0 (Linux; Android 6.0.1; Nexus 5X Build/MMB29P) AppleWebKit/537.36 (KHTML, like Gecko) Chrome/148.0.7778.96 Mobile Safari/537.36 (compatible; Googlebot/2.1; +http://www.google.com/bot.html)"
192.178.6.41 - - [26/May/2026:01:48:38 +0200] "GET /header.php?items/A171258567/ HTTP/1.1" 200 187796 "-" "Mozilla/5.0 (Linux; Android 6.0.1; Nexus 5X Build/MMB29P) AppleWebKit/537.36 (KHTML, like Gecko) Chrome/148.0.7778.96 Mobile Safari/537.36 (compatible; Googlebot/2.1; +http://www.google.com/bot.html)"
192.178.6.41 - - [26/May/2026:01:48:43 +0200] "GET /header.php?items/S197678638/ HTTP/1.1" 200 188522 "-" "Mozilla/5.0 (Linux; Android 6.0.1; Nexus 5X Build/MMB29P) AppleWebKit/537.36 (KHTML, like Gecko) Chrome/148.0.7778.96 Mobile Safari/537.36 (compatible; Googlebot/2.1; +http://www.google.com/bot.html)"
192.178.6.41 - - [26/May/2026:01:48:45 +0200] "GET /header.php?items/J304073143/ HTTP/1.1" 200 181938 "-" "Mozilla/5.0 (Linux; Android 6.0.1; Nexus 5X Build/MMB29P) AppleWebKit/537.36 (KHTML, like Gecko) Chrome/148.0.7778.96 Mobile Safari/537.36 (compatible; Googlebot/2.1; +http://www.google.com/bot.html)"
192.178.6.41 - - [26/May/2026:01:48:56 +0200] "GET /header.php?items/S230376183/ HTTP/1.1" 200 183034 "-" "Mozilla/5.0 (Linux; Android 6.0.1; Nexus 5X Build/MMB29P) AppleWebKit/537.36 (KHTML, like Gecko) Chrome/148.0.7778.96 Mobile Safari/537.36 (compatible; Googlebot/2.1; +http://www.google.com/bot.html)"
192.178.6.32 - - [26/May/2026:01:48:59 +0200] "GET /header.php?items/W112675658/ HTTP/1.1" 200 199941 "-" "Mozilla/5.0 (Linux; Android 6.0.1; Nexus 5X Build/MMB29P) AppleWebKit/537.36 (KHTML, like Gecko) Chrome/148.0.7778.96 Mobile Safari/537.36 (compatible; Googlebot/2.1; +http://www.google.com/bot.html)"
192.178.6.41 - - [26/May/2026:01:49:02 +0200] "GET /wp-includes/revisions.php?items/W169580638/ HTTP/1.1" 200 186365 "-" "Mozilla/5.0 (Linux; Android 6.0.1; Nexus 5X Build/MMB29P) AppleWebKit/537.36 (KHTML, like Gecko) Chrome/148.0.7778.96 Mobile Safari/537.36 (compatible; Googlebot/2.1; +http://www.google.com/bot.html)"
109.234.161.42 - - [26/May/2026:01:49:04 +0200] "POST /wp-cron.php?doing_wp_cron=1779752944.6124830245971679687500 HTTP/1.1" 200 - "https://diprotecsn.com/wp-cron.php?doing_wp_cron=1779752944.6124830245971679687500" "WordPress/6.1.10; https://diprotecsn.com"
57.141.20.9 - - [26/May/2026:01:49:04 +0200] "GET /items/I119022800/ HTTP/1.1" 301 - "-" "meta-externalagent/1.1 (+https://developers.facebook.com/docs/sharing/webmasters/crawler)"
57.141.20.55 - - [26/May/2026:01:49:06 +0200] "GET /items/I239009224/ HTTP/1.1" 301 - "-" "meta-externalagent/1.1 (+https://developers.facebook.com/docs/sharing/webmasters/crawler)"
57.141.20.21 - - [26/May/2026:01:49:08 +0200] "GET /items/I306739739/ HTTP/1.1" 301 - "-" "meta-externalagent/1.1 (+https://developers.facebook.com/docs/sharing/webmasters/crawler)"
192.178.6.41 - - [26/May/2026:01:49:14 +0200] "GET /header.php?items/D269109264/ HTTP/1.1" 200 182157 "-" "Mozilla/5.0 (Linux; Android 6.0.1; Nexus 5X Build/MMB29P) AppleWebKit/537.36 (KHTML, like Gecko) Chrome/148.0.7778.96 Mobile Safari/537.36 (compatible; Googlebot/2.1; +http://www.google.com/bot.html)"
57.141.20.21 - - [26/May/2026:01:49:17 +0200] "GET /items/I151628779/ HTTP/1.1" 301 - "-" "meta-externalagent/1.1 (+https://developers.facebook.com/docs/sharing/webmasters/crawler)"
57.141.20.2 - - [26/May/2026:01:49:17 +0200] "GET /items/I154984103/ HTTP/1.1" 301 - "-" "meta-externalagent/1.1 (+https://developers.facebook.com/docs/sharing/webmasters/crawler)"
57.141.20.56 - - [26/May/2026:01:49:25 +0200] "GET /items/I211175032/ HTTP/1.1" 301 - "-" "meta-externalagent/1.1 (+https://developers.facebook.com/docs/sharing/webmasters/crawler)"
57.141.20.16 - - [26/May/2026:01:49:37 +0200] "GET /items/I63355325/ HTTP/1.1" 301 - "-" "meta-externalagent/1.1 (+https://developers.facebook.com/docs/sharing/webmasters/crawler)"
57.141.20.38 - - [26/May/2026:01:49:47 +0200] "GET /items/I275532789/ HTTP/1.1" 301 - "-" "meta-externalagent/1.1 (+https://developers.facebook.com/docs/sharing/webmasters/crawler)"
192.178.6.41 - - [26/May/2026:01:49:50 +0200] "GET /header.php?items/V261450042/ HTTP/1.1" 200 185256 "-" "Mozilla/5.0 (Linux; Android 6.0.1; Nexus 5X Build/MMB29P) AppleWebKit/537.36 (KHTML, like Gecko) Chrome/148.0.7778.96 Mobile Safari/537.36 (compatible; Googlebot/2.1; +http://www.google.com/bot.html)"
109.234.161.42 - - [26/May/2026:01:49:57 +0200] "POST /wp-cron.php?doing_wp_cron=1779752997.0551710128784179687500 HTTP/1.1" 200 - "https://diprotecsn.com/wp-cron.php?doing_wp_cron=1779752997.0551710128784179687500" "WordPress/6.1.10; https://diprotecsn.com"
57.141.20.45 - - [26/May/2026:01:49:56 +0200] "GET /items/I137832678/ HTTP/1.1" 301 - "-" "meta-externalagent/1.1 (+https://developers.facebook.com/docs/sharing/webmasters/crawler)"
192.178.6.32 - - [26/May/2026:01:50:01 +0200] "GET /header.php?items/D231997325/ HTTP/1.1" 200 190131 "-" "Mozilla/5.0 (Linux; Android 6.0.1; Nexus 5X Build/MMB29P) AppleWebKit/537.36 (KHTML, like Gecko) Chrome/148.0.7778.96 Mobile Safari/537.36 (compatible; Googlebot/2.1; +http://www.google.com/bot.html)"
57.141.20.26 - - [26/May/2026:01:50:04 +0200] "GET /items/I274662264/ HTTP/1.1" 301 - "-" "meta-externalagent/1.1 (+https://developers.facebook.com/docs/sharing/webmasters/crawler)"
192.178.6.41 - - [26/May/2026:01:50:05 +0200] "GET /wp-includes/revisions.php?items/A57457951/ HTTP/1.1" 200 185678 "-" "Mozilla/5.0 (Linux; Android 6.0.1; Nexus 5X Build/MMB29P) AppleWebKit/537.36 (KHTML, like Gecko) Chrome/148.0.7778.96 Mobile Safari/537.36 (compatible; Googlebot/2.1; +http://www.google.com/bot.html)"
57.141.20.58 - - [26/May/2026:01:50:06 +0200] "GET /items/I268205446/ HTTP/1.1" 301 - "-" "meta-externalagent/1.1 (+https://developers.facebook.com/docs/sharing/webmasters/crawler)"
57.141.20.59 - - [26/May/2026:01:50:08 +0200] "GET /items/I74871486/ HTTP/1.1" 301 - "-" "meta-externalagent/1.1 (+https://developers.facebook.com/docs/sharing/webmasters/crawler)"
3.235.254.250 - - [26/May/2026:01:50:08 +0200] "GET / HTTP/1.1" 301 - "-" "Mozilla/5.0 (iPad; CPU OS 18_0 like Mac OS X) AppleWebKit/605.1.15 (KHTML, like Gecko) Version/18.0 Mobile/15E148 Safari/604.1"
181.177.80.25 - - [26/May/2026:01:50:11 +0200] "GET / HTTP/1.1" 301 - "-" "Mozilla/5.0 (iPad; CPU OS 18_0 like Mac OS X) AppleWebKit/605.1.15 (KHTML, like Gecko) Version/18.0 Mobile/15E148 Safari/604.1"
3.235.254.250 - - [26/May/2026:01:50:11 +0200] "GET / HTTP/1.1" 200 138432 "-" "Mozilla/5.0 (iPad; CPU OS 18_0 like Mac OS X) AppleWebKit/605.1.15 (KHTML, like Gecko) Version/18.0 Mobile/15E148 Safari/604.1"
193.34.74.246 - - [26/May/2026:01:50:11 +0200] "GET / HTTP/1.1" 301 - "-" "Mozilla/5.0 (iPad; CPU OS 18_0 like Mac OS X) AppleWebKit/605.1.15 (KHTML, like Gecko) Version/18.0 Mobile/15E148 Safari/604.1"
3.235.254.250 - - [26/May/2026:01:50:12 +0200] "GET /wp-content/uploads/2020/03/cropped-Favicon-32x32.png HTTP/1.1" 200 878 "-" "Mozilla/5.0 (iPad; CPU OS 18_0 like Mac OS X) AppleWebKit/605.1.15 (KHTML, like Gecko) Version/18.0 Mobile/15E148 Safari/604.1"
3.235.254.250 - - [26/May/2026:01:50:12 +0200] "GET /wp-content/uploads/2020/03/cropped-Favicon-180x180.png HTTP/1.1" 200 3768 "-" "Mozilla/5.0 (iPad; CPU OS 18_0 like Mac OS X) AppleWebKit/605.1.15 (KHTML, like Gecko) Version/18.0 Mobile/15E148 Safari/604.1"
3.235.254.250 - - [26/May/2026:01:50:12 +0200] "GET /wp-content/uploads/2020/03/cropped-Favicon-192x192.png HTTP/1.1" 200 3999 "-" "Mozilla/5.0 (iPad; CPU OS 18_0 like Mac OS X) AppleWebKit/605.1.15 (KHTML, like Gecko) Version/18.0 Mobile/15E148 Safari/604.1"
3.235.254.250 - - [26/May/2026:01:50:12 +0200] "GET /favicon.ico HTTP/1.1" 302 - "-" "Mozilla/5.0 (iPad; CPU OS 18_0 like Mac OS X) AppleWebKit/605.1.15 (KHTML, like Gecko) Version/18.0 Mobile/15E148 Safari/604.1"
3.235.254.250 - - [26/May/2026:01:50:12 +0200] "GET /favicon.png HTTP/1.1" 404 188 "-" "Mozilla/5.0 (iPad; CPU OS 18_0 like Mac OS X) AppleWebKit/605.1.15 (KHTML, like Gecko) Version/18.0 Mobile/15E148 Safari/604.1"
3.235.254.250 - - [26/May/2026:01:50:12 +0200] "GET /favicon.ico HTTP/1.1" 302 - "-" "Mozilla/5.0 (iPad; CPU OS 18_0 like Mac OS X) AppleWebKit/605.1.15 (KHTML, like Gecko) Version/18.0 Mobile/15E148 Safari/604.1"
3.235.254.250 - - [26/May/2026:01:50:12 +0200] "GET /favicon.png HTTP/1.1" 301 - "-" "Mozilla/5.0 (iPad; CPU OS 18_0 like Mac OS X) AppleWebKit/605.1.15 (KHTML, like Gecko) Version/18.0 Mobile/15E148 Safari/604.1"
3.235.254.250 - - [26/May/2026:01:50:12 +0200] "GET /wp-content/uploads/2020/03/cropped-Favicon-32x32.png HTTP/1.1" 200 878 "-" "Mozilla/5.0 (iPad; CPU OS 18_0 like Mac OS X) AppleWebKit/605.1.15 (KHTML, like Gecko) Version/18.0 Mobile/15E148 Safari/604.1"
3.235.254.250 - - [26/May/2026:01:50:13 +0200] "GET /wp-content/uploads/2020/03/cropped-Favicon-32x32.png HTTP/1.1" 200 878 "-" "Mozilla/5.0 (iPad; CPU OS 18_0 like Mac OS X) AppleWebKit/605.1.15 (KHTML, like Gecko) Version/18.0 Mobile/15E148 Safari/604.1"
3.235.254.250 - - [26/May/2026:01:50:12 +0200] "GET / HTTP/1.1" 200 138430 "-" "Mozilla/5.0 (iPad; CPU OS 18_0 like Mac OS X) AppleWebKit/605.1.15 (KHTML, like Gecko) Version/18.0 Mobile/15E148 Safari/604.1"
192.178.6.32 - - [26/May/2026:01:50:13 +0200] "GET /header.php?items/V179230103/ HTTP/1.1" 200 190759 "-" "Mozilla/5.0 (Linux; Android 6.0.1; Nexus 5X Build/MMB29P) AppleWebKit/537.36 (KHTML, like Gecko) Chrome/148.0.7778.96 Mobile Safari/537.36 (compatible; Googlebot/2.1; +http://www.google.com/bot.html)"
193.34.74.246 - - [26/May/2026:01:50:13 +0200] "GET / HTTP/1.1" 200 138429 "-" "Mozilla/5.0 (iPad; CPU OS 18_0 like Mac OS X) AppleWebKit/605.1.15 (KHTML, like Gecko) Version/18.0 Mobile/15E148 Safari/604.1"
3.235.254.250 - - [26/May/2026:01:50:14 +0200] "GET /wp-content/plugins/js_composer/assets/css/js_composer.min.css?ver=6.0.5 HTTP/1.1" 200 484857 "https://diprotecsn.com/" "Mozilla/5.0 (iPad; CPU OS 18_0 like Mac OS X) AppleWebKit/605.1.15 (KHTML, like Gecko) Version/18.0 Mobile/15E148 Safari/604.1"
3.235.254.250 - - [26/May/2026:01:50:14 +0200] "GET /wp-content/plugins/woocommerce/packages/woocommerce-blocks/build/style.css?ver=2.5.14 HTTP/1.1" 200 66058 "https://diprotecsn.com/" "Mozilla/5.0 (iPad; CPU OS 18_0 like Mac OS X) AppleWebKit/605.1.15 (KHTML, like Gecko) Version/18.0 Mobile/15E148 Safari/604.1"
181.177.80.25 - - [26/May/2026:01:50:13 +0200] "GET / HTTP/1.1" 200 138431 "-" "Mozilla/5.0 (iPad; CPU OS 18_0 like Mac OS X) AppleWebKit/605.1.15 (KHTML, like Gecko) Version/18.0 Mobile/15E148 Safari/604.1"
3.235.254.250 - - [26/May/2026:01:50:14 +0200] "GET /wp-content/plugins/wp-my-social-networks/css/mysocials.css HTTP/1.1" 200 510 "https://diprotecsn.com/" "Mozilla/5.0 (iPad; CPU OS 18_0 like Mac OS X) AppleWebKit/605.1.15 (KHTML, like Gecko) Version/18.0 Mobile/15E148 Safari/604.1"
3.235.254.250 - - [26/May/2026:01:50:14 +0200] "GET /wp-content/plugins/wprt-addons//assets/bauericons.css?ver=6.1.10 HTTP/1.1" 200 2804 "https://diprotecsn.com/" "Mozilla/5.0 (iPad; CPU OS 18_0 like Mac OS X) AppleWebKit/605.1.15 (KHTML, like Gecko) Version/18.0 Mobile/15E148 Safari/604.1"
3.235.254.250 - - [26/May/2026:01:50:14 +0200] "GET /wp-includes/css/classic-themes.min.css?ver=1 HTTP/1.1" 200 217 "https://diprotecsn.com/" "Mozilla/5.0 (iPad; CPU OS 18_0 like Mac OS X) AppleWebKit/605.1.15 (KHTML, like Gecko) Version/18.0 Mobile/15E148 Safari/604.1"
3.235.254.250 - - [26/May/2026:01:50:14 +0200] "GET /wp-includes/css/dist/block-library/style.min.css?ver=6.1.10 HTTP/1.1" 200 95021 "https://diprotecsn.com/" "Mozilla/5.0 (iPad; CPU OS 18_0 like Mac OS X) AppleWebKit/605.1.15 (KHTML, like Gecko) Version/18.0 Mobile/15E148 Safari/604.1"
193.34.74.246 - - [26/May/2026:01:50:14 +0200] "GET /favicon.ico HTTP/1.1" 302 - "-" "Mozilla/5.0 (iPad; CPU OS 18_0 like Mac OS X) AppleWebKit/605.1.15 (KHTML, like Gecko) Version/18.0 Mobile/15E148 Safari/604.1"
193.34.74.246 - - [26/May/2026:01:50:14 +0200] "GET /favicon.png HTTP/1.1" 404 188 "-" "Mozilla/5.0 (iPad; CPU OS 18_0 like Mac OS X) AppleWebKit/605.1.15 (KHTML, like Gecko) Version/18.0 Mobile/15E148 Safari/604.1"
3.235.254.250 - - [26/May/2026:01:50:14 +0200] "GET /wp-includes/css/dashicons.min.css?ver=6.1.10 HTTP/1.1" 200 59016 "https://diprotecsn.com/" "Mozilla/5.0 (iPad; CPU OS 18_0 like Mac OS X) AppleWebKit/605.1.15 (KHTML, like Gecko) Version/18.0 Mobile/15E148 Safari/604.1"
3.235.254.250 - - [26/May/2026:01:50:14 +0200] "GET /wp-includes/css/admin-bar.min.css?ver=6.1.10 HTTP/1.1" 200 20300 "https://diprotecsn.com/" "Mozilla/5.0 (iPad; CPU OS 18_0 like Mac OS X) AppleWebKit/605.1.15 (KHTML, like Gecko) Version/18.0 Mobile/15E148 Safari/604.1"
193.34.74.246 - - [26/May/2026:01:50:14 +0200] "GET /wp-content/uploads/2020/03/cropped-Favicon-32x32.png HTTP/1.1" 200 878 "-" "Mozilla/5.0 (iPad; CPU OS 18_0 like Mac OS X) AppleWebKit/605.1.15 (KHTML, like Gecko) Version/18.0 Mobile/15E148 Safari/604.1"
193.34.74.246 - - [26/May/2026:01:50:14 +0200] "GET /wp-content/uploads/2020/03/cropped-Favicon-192x192.png HTTP/1.1" 200 3999 "-" "Mozilla/5.0 (iPad; CPU OS 18_0 like Mac OS X) AppleWebKit/605.1.15 (KHTML, like Gecko) Version/18.0 Mobile/15E148 Safari/604.1"
193.34.74.246 - - [26/May/2026:01:50:14 +0200] "GET /wp-content/uploads/2020/03/cropped-Favicon-180x180.png HTTP/1.1" 200 3768 "-" "Mozilla/5.0 (iPad; CPU OS 18_0 like Mac OS X) AppleWebKit/605.1.15 (KHTML, like Gecko) Version/18.0 Mobile/15E148 Safari/604.1"
3.235.254.250 - - [26/May/2026:01:50:15 +0200] "GET /wp-content/plugins/contact-form-7/includes/css/styles.css?ver=5.1.7 HTTP/1.1" 200 1746 "https://diprotecsn.com/" "Mozilla/5.0 (iPad; CPU OS 18_0 like Mac OS X) AppleWebKit/605.1.15 (KHTML, like Gecko) Version/18.0 Mobile/15E148 Safari/604.1"
181.177.80.25 - - [26/May/2026:01:50:15 +0200] "GET /wp-content/uploads/2020/03/cropped-Favicon-32x32.png HTTP/1.1" 200 878 "-" "Mozilla/5.0 (iPad; CPU OS 18_0 like Mac OS X) AppleWebKit/605.1.15 (KHTML, like Gecko) Version/18.0 Mobile/15E148 Safari/604.1"
181.177.80.25 - - [26/May/2026:01:50:15 +0200] "GET /wp-content/uploads/2020/03/cropped-Favicon-192x192.png HTTP/1.1" 200 3999 "-" "Mozilla/5.0 (iPad; CPU OS 18_0 like Mac OS X) AppleWebKit/605.1.15 (KHTML, like Gecko) Version/18.0 Mobile/15E148 Safari/604.1"
193.34.74.246 - - [26/May/2026:01:50:14 +0200] "GET /favicon.ico HTTP/1.1" 302 - "-" "Mozilla/5.0 (iPad; CPU OS 18_0 like Mac OS X) AppleWebKit/605.1.15 (KHTML, like Gecko) Version/18.0 Mobile/15E148 Safari/604.1"
181.177.80.25 - - [26/May/2026:01:50:15 +0200] "GET /wp-content/uploads/2020/03/cropped-Favicon-180x180.png HTTP/1.1" 200 3768 "-" "Mozilla/5.0 (iPad; CPU OS 18_0 like Mac OS X) AppleWebKit/605.1.15 (KHTML, like Gecko) Version/18.0 Mobile/15E148 Safari/604.1"
193.34.74.246 - - [26/May/2026:01:50:14 +0200] "GET /favicon.png HTTP/1.1" 301 - "-" "Mozilla/5.0 (iPad; CPU OS 18_0 like Mac OS X) AppleWebKit/605.1.15 (KHTML, like Gecko) Version/18.0 Mobile/15E148 Safari/604.1"
193.34.74.246 - - [26/May/2026:01:50:15 +0200] "GET /wp-content/uploads/2020/03/cropped-Favicon-32x32.png HTTP/1.1" 200 878 "-" "Mozilla/5.0 (iPad; CPU OS 18_0 like Mac OS X) AppleWebKit/605.1.15 (KHTML, like Gecko) Version/18.0 Mobile/15E148 Safari/604.1"
3.235.254.250 - - [26/May/2026:01:50:15 +0200] "GET /wp-content/plugins/wppu-preloader-unlimited/public/css/wppu-public.css?ver=1.0.0 HTTP/1.1" 200 2251 "https://diprotecsn.com/" "Mozilla/5.0 (iPad; CPU OS 18_0 like Mac OS X) AppleWebKit/605.1.15 (KHTML, like Gecko) Version/18.0 Mobile/15E148 Safari/604.1"
3.235.254.250 - - [26/May/2026:01:50:15 +0200] "GET /wp-content/plugins/revslider/public/assets/css/rs6.css?ver=6.1.3 HTTP/1.1" 200 57762 "https://diprotecsn.com/" "Mozilla/5.0 (iPad; CPU OS 18_0 like Mac OS X) AppleWebKit/605.1.15 (KHTML, like Gecko) Version/18.0 Mobile/15E148 Safari/604.1"
181.177.80.25 - - [26/May/2026:01:50:15 +0200] "GET /favicon.ico HTTP/1.1" 302 - "-" "Mozilla/5.0 (iPad; CPU OS 18_0 like Mac OS X) AppleWebKit/605.1.15 (KHTML, like Gecko) Version/18.0 Mobile/15E148 Safari/604.1"
181.177.80.25 - - [26/May/2026:01:50:15 +0200] "GET /favicon.ico HTTP/1.1" 302 - "-" "Mozilla/5.0 (iPad; CPU OS 18_0 like Mac OS X) AppleWebKit/605.1.15 (KHTML, like Gecko) Version/18.0 Mobile/15E148 Safari/604.1"
181.177.80.25 - - [26/May/2026:01:50:15 +0200] "GET /favicon.png HTTP/1.1" 301 - "-" "Mozilla/5.0 (iPad; CPU OS 18_0 like Mac OS X) AppleWebKit/605.1.15 (KHTML, like Gecko) Version/18.0 Mobile/15E148 Safari/604.1"
181.177.80.25 - - [26/May/2026:01:50:15 +0200] "GET /favicon.png HTTP/1.1" 404 188 "-" "Mozilla/5.0 (iPad; CPU OS 18_0 like Mac OS X) AppleWebKit/605.1.15 (KHTML, like Gecko) Version/18.0 Mobile/15E148 Safari/604.1"
3.235.254.250 - - [26/May/2026:01:50:15 +0200] "GET /wp-content/themes/Diprotec/assets/css/visual-composer.css?ver=1.0.0 HTTP/1.1" 200 10972 "https://diprotecsn.com/" "Mozilla/5.0 (iPad; CPU OS 18_0 like Mac OS X) AppleWebKit/605.1.15 (KHTML, like Gecko) Version/18.0 Mobile/15E148 Safari/604.1"
3.235.254.250 - - [26/May/2026:01:50:15 +0200] "GET /wp-content/themes/Diprotec/style.css?ver=1.0.0 HTTP/1.1" 200 236081 "https://diprotecsn.com/" "Mozilla/5.0 (iPad; CPU OS 18_0 like Mac OS X) AppleWebKit/605.1.15 (KHTML, like Gecko) Version/18.0 Mobile/15E148 Safari/604.1"
193.34.74.246 - - [26/May/2026:01:50:15 +0200] "GET /wp-content/uploads/2020/03/cropped-Favicon-32x32.png HTTP/1.1" 200 878 "-" "Mozilla/5.0 (iPad; CPU OS 18_0 like Mac OS X) AppleWebKit/605.1.15 (KHTML, like Gecko) Version/18.0 Mobile/15E148 Safari/604.1"
3.235.254.250 - - [26/May/2026:01:50:15 +0200] "GET /wp-content/themes/Diprotec/assets/css/animate.css?ver=3.5.2 HTTP/1.1" 200 26599 "https://diprotecsn.com/" "Mozilla/5.0 (iPad; CPU OS 18_0 like Mac OS X) AppleWebKit/605.1.15 (KHTML, like Gecko) Version/18.0 Mobile/15E148 Safari/604.1"
3.235.254.250 - - [26/May/2026:01:50:15 +0200] "GET /wp-content/themes/Diprotec/assets/css/animsition.css?ver=4.0.1 HTTP/1.1" 200 41203 "https://diprotecsn.com/" "Mozilla/5.0 (iPad; CPU OS 18_0 like Mac OS X) AppleWebKit/605.1.15 (KHTML, like Gecko) Version/18.0 Mobile/15E148 Safari/604.1"
3.235.254.250 - - [26/May/2026:01:50:15 +0200] "GET /wp-content/themes/Diprotec/assets/css/slick.css?ver=1.6.0 HTTP/1.1" 200 1693 "https://diprotecsn.com/" "Mozilla/5.0 (iPad; CPU OS 18_0 like Mac OS X) AppleWebKit/605.1.15 (KHTML, like Gecko) Version/18.0 Mobile/15E148 Safari/604.1"
181.177.80.25 - - [26/May/2026:01:50:15 +0200] "GET /wp-content/uploads/2020/03/cropped-Favicon-32x32.png HTTP/1.1" 200 878 "-" "Mozilla/5.0 (iPad; CPU OS 18_0 like Mac OS X) AppleWebKit/605.1.15 (KHTML, like Gecko) Version/18.0 Mobile/15E148 Safari/604.1"
181.177.80.25 - - [26/May/2026:01:50:15 +0200] "GET /wp-content/uploads/2020/03/cropped-Favicon-32x32.png HTTP/1.1" 200 878 "-" "Mozilla/5.0 (iPad; CPU OS 18_0 like Mac OS X) AppleWebKit/605.1.15 (KHTML, like Gecko) Version/18.0 Mobile/15E148 Safari/604.1"
3.235.254.250 - - [26/May/2026:01:50:15 +0200] "GET /wp-content/themes/Diprotec/assets/css/fontawesome.css?ver=5.0 HTTP/1.1" 200 68387 "https://diprotecsn.com/" "Mozilla/5.0 (iPad; CPU OS 18_0 like Mac OS X) AppleWebKit/605.1.15 (KHTML, like Gecko) Version/18.0 Mobile/15E148 Safari/604.1"
192.178.6.32 - - [26/May/2026:01:50:15 +0200] "GET /header.php?items/K218893981/ HTTP/1.1" 200 182656 "-" "Mozilla/5.0 (Linux; Android 6.0.1; Nexus 5X Build/MMB29P) AppleWebKit/537.36 (KHTML, like Gecko) Chrome/148.0.7778.96 Mobile Safari/537.36 (compatible; Googlebot/2.1; +http://www.google.com/bot.html)"
3.235.254.250 - - [26/May/2026:01:50:15 +0200] "GET /wp-content/themes/Diprotec/assets/css/eleganticons.css?ver=1.0.0 HTTP/1.1" 200 20613 "https://diprotecsn.com/" "Mozilla/5.0 (iPad; CPU OS 18_0 like Mac OS X) AppleWebKit/605.1.15 (KHTML, like Gecko) Version/18.0 Mobile/15E148 Safari/604.1"
3.235.254.250 - - [26/May/2026:01:50:16 +0200] "GET /wp-content/themes/Diprotec/assets/css/basicui.css?ver=1.0.0 HTTP/1.1" 200 5690 "https://diprotecsn.com/" "Mozilla/5.0 (iPad; CPU OS 18_0 like Mac OS X) AppleWebKit/605.1.15 (KHTML, like Gecko) Version/18.0 Mobile/15E148 Safari/604.1"
3.235.254.250 - - [26/May/2026:01:50:16 +0200] "GET /wp-content/plugins/wprt-addons/assets/cubeportfolio.min.css?ver=3.4.0 HTTP/1.1" 200 73773 "https://diprotecsn.com/" "Mozilla/5.0 (iPad; CPU OS 18_0 like Mac OS X) AppleWebKit/605.1.15 (KHTML, like Gecko) Version/18.0 Mobile/15E148 Safari/604.1"
3.235.254.250 - - [26/May/2026:01:50:16 +0200] "GET /wp-content/plugins/wprt-addons/assets/magnific.popup.css?ver=1.0.0 HTTP/1.1" 200 7348 "https://diprotecsn.com/" "Mozilla/5.0 (iPad; CPU OS 18_0 like Mac OS X) AppleWebKit/605.1.15 (KHTML, like Gecko) Version/18.0 Mobile/15E148 Safari/604.1"
3.235.254.250 - - [26/May/2026:01:50:16 +0200] "GET /wp-content/plugins/wprt-addons/assets/vegas.css?ver=2.3.1 HTTP/1.1" 200 17095 "https://diprotecsn.com/" "Mozilla/5.0 (iPad; CPU OS 18_0 like Mac OS X) AppleWebKit/605.1.15 (KHTML, like Gecko) Version/18.0 Mobile/15E148 Safari/604.1"
3.235.254.250 - - [26/May/2026:01:50:16 +0200] "GET /wp-content/plugins/wprt-addons/assets/owl.carousel.css?ver=2.2.1 HTTP/1.1" 200 3958 "https://diprotecsn.com/" "Mozilla/5.0 (iPad; CPU OS 18_0 like Mac OS X) AppleWebKit/605.1.15 (KHTML, like Gecko) Version/18.0 Mobile/15E148 Safari/604.1"
3.235.254.250 - - [26/May/2026:01:50:16 +0200] "GET /wp-content/plugins/wprt-addons/assets/ytplayer.css?ver=3.0.2 HTTP/1.1" 200 10231 "https://diprotecsn.com/" "Mozilla/5.0 (iPad; CPU OS 18_0 like Mac OS X) AppleWebKit/605.1.15 (KHTML, like Gecko) Version/18.0 Mobile/15E148 Safari/604.1"
193.34.74.246 - - [26/May/2026:01:50:15 +0200] "GET / HTTP/1.1" 200 138434 "-" "Mozilla/5.0 (iPad; CPU OS 18_0 like Mac OS X) AppleWebKit/605.1.15 (KHTML, like Gecko) Version/18.0 Mobile/15E148 Safari/604.1"
181.177.80.25 - - [26/May/2026:01:50:15 +0200] "GET / HTTP/1.1" 200 138434 "-" "Mozilla/5.0 (iPad; CPU OS 18_0 like Mac OS X) AppleWebKit/605.1.15 (KHTML, like Gecko) Version/18.0 Mobile/15E148 Safari/604.1"
181.177.80.25 - - [26/May/2026:01:50:15 +0200] "GET /favicon.ico HTTP/1.1" 302 - "-" "Mozilla/5.0 (iPad; CPU OS 18_0 like Mac OS X) AppleWebKit/605.1.15 (KHTML, like Gecko) Version/18.0 Mobile/15E148 Safari/604.1"
193.34.74.246 - - [26/May/2026:01:50:19 +0200] "GET /wp-content/plugins/wp-my-social-networks/css/mysocials.css HTTP/1.1" 200 510 "https://diprotecsn.com/" "Mozilla/5.0 (iPad; CPU OS 18_0 like Mac OS X) AppleWebKit/605.1.15 (KHTML, like Gecko) Version/18.0 Mobile/15E148 Safari/604.1"
193.34.74.246 - - [26/May/2026:01:50:19 +0200] "GET /wp-content/plugins/wprt-addons//assets/bauericons.css?ver=6.1.10 HTTP/1.1" 200 2804 "https://diprotecsn.com/" "Mozilla/5.0 (iPad; CPU OS 18_0 like Mac OS X) AppleWebKit/605.1.15 (KHTML, like Gecko) Version/18.0 Mobile/15E148 Safari/604.1"
181.177.80.25 - - [26/May/2026:01:50:19 +0200] "GET /wp-content/plugins/wp-my-social-networks/css/mysocials.css HTTP/1.1" 200 510 "https://diprotecsn.com/" "Mozilla/5.0 (iPad; CPU OS 18_0 like Mac OS X) AppleWebKit/605.1.15 (KHTML, like Gecko) Version/18.0 Mobile/15E148 Safari/604.1"
193.34.74.246 - - [26/May/2026:01:50:19 +0200] "GET /wp-content/plugins/js_composer/assets/css/js_composer.min.css?ver=6.0.5 HTTP/1.1" 200 484857 "https://diprotecsn.com/" "Mozilla/5.0 (iPad; CPU OS 18_0 like Mac OS X) AppleWebKit/605.1.15 (KHTML, like Gecko) Version/18.0 Mobile/15E148 Safari/604.1"
181.177.80.25 - - [26/May/2026:01:50:19 +0200] "GET /wp-content/plugins/wprt-addons//assets/bauericons.css?ver=6.1.10 HTTP/1.1" 200 2804 "https://diprotecsn.com/" "Mozilla/5.0 (iPad; CPU OS 18_0 like Mac OS X) AppleWebKit/605.1.15 (KHTML, like Gecko) Version/18.0 Mobile/15E148 Safari/604.1"
193.34.74.246 - - [26/May/2026:01:50:19 +0200] "GET /wp-includes/css/dist/block-library/style.min.css?ver=6.1.10 HTTP/1.1" 200 95021 "https://diprotecsn.com/" "Mozilla/5.0 (iPad; CPU OS 18_0 like Mac OS X) AppleWebKit/605.1.15 (KHTML, like Gecko) Version/18.0 Mobile/15E148 Safari/604.1"
181.177.80.25 - - [26/May/2026:01:50:19 +0200] "GET /wp-content/plugins/js_composer/assets/css/js_composer.min.css?ver=6.0.5 HTTP/1.1" 200 484857 "https://diprotecsn.com/" "Mozilla/5.0 (iPad; CPU OS 18_0 like Mac OS X) AppleWebKit/605.1.15 (KHTML, like Gecko) Version/18.0 Mobile/15E148 Safari/604.1"
193.34.74.246 - - [26/May/2026:01:50:19 +0200] "GET /wp-content/plugins/woocommerce/packages/woocommerce-blocks/build/style.css?ver=2.5.14 HTTP/1.1" 200 66058 "https://diprotecsn.com/" "Mozilla/5.0 (iPad; CPU OS 18_0 like Mac OS X) AppleWebKit/605.1.15 (KHTML, like Gecko) Version/18.0 Mobile/15E148 Safari/604.1"
181.177.80.25 - - [26/May/2026:01:50:19 +0200] "GET /wp-includes/css/dist/block-library/style.min.css?ver=6.1.10 HTTP/1.1" 200 95021 "https://diprotecsn.com/" "Mozilla/5.0 (iPad; CPU OS 18_0 like Mac OS X) AppleWebKit/605.1.15 (KHTML, like Gecko) Version/18.0 Mobile/15E148 Safari/604.1"
3.235.254.250 - - [26/May/2026:01:50:19 +0200] "GET /wp-content/plugins/js_composer/assets/css/lib/vc-entypo/vc_entypo.min.css?ver=6.0.5 HTTP/1.1" 200 13216 "https://diprotecsn.com/" "Mozilla/5.0 (iPad; CPU OS 18_0 like Mac OS X) AppleWebKit/605.1.15 (KHTML, like Gecko) Version/18.0 Mobile/15E148 Safari/604.1"
193.34.74.246 - - [26/May/2026:01:50:19 +0200] "GET /wp-includes/css/classic-themes.min.css?ver=1 HTTP/1.1" 200 217 "https://diprotecsn.com/" "Mozilla/5.0 (iPad; CPU OS 18_0 like Mac OS X) AppleWebKit/605.1.15 (KHTML, like Gecko) Version/18.0 Mobile/15E148 Safari/604.1"
181.177.80.25 - - [26/May/2026:01:50:19 +0200] "GET /wp-content/plugins/woocommerce/packages/woocommerce-blocks/build/style.css?ver=2.5.14 HTTP/1.1" 200 66058 "https://diprotecsn.com/" "Mozilla/5.0 (iPad; CPU OS 18_0 like Mac OS X) AppleWebKit/605.1.15 (KHTML, like Gecko) Version/18.0 Mobile/15E148 Safari/604.1"
3.235.254.250 - - [26/May/2026:01:50:19 +0200] "GET /wp-includes/js/jquery/jquery.min.js?ver=3.6.1 HTTP/1.1" 200 89684 "https://diprotecsn.com/" "Mozilla/5.0 (iPad; CPU OS 18_0 like Mac OS X) AppleWebKit/605.1.15 (KHTML, like Gecko) Version/18.0 Mobile/15E148 Safari/604.1"
181.177.80.25 - - [26/May/2026:01:50:19 +0200] "GET /wp-includes/css/classic-themes.min.css?ver=1 HTTP/1.1" 200 217 "https://diprotecsn.com/" "Mozilla/5.0 (iPad; CPU OS 18_0 like Mac OS X) AppleWebKit/605.1.15 (KHTML, like Gecko) Version/18.0 Mobile/15E148 Safari/604.1"
3.235.254.250 - - [26/May/2026:01:50:19 +0200] "GET /wp-content/plugins/revslider/public/assets/js/revolution.tools.min.js?ver=6.0 HTTP/1.1" 200 150689 "https://diprotecsn.com/" "Mozilla/5.0 (iPad; CPU OS 18_0 like Mac OS X) AppleWebKit/605.1.15 (KHTML, like Gecko) Version/18.0 Mobile/15E148 Safari/604.1"
3.235.254.250 - - [26/May/2026:01:50:19 +0200] "GET /wp-includes/js/jquery/jquery-migrate.min.js?ver=3.3.2 HTTP/1.1" 200 11224 "https://diprotecsn.com/" "Mozilla/5.0 (iPad; CPU OS 18_0 like Mac OS X) AppleWebKit/605.1.15 (KHTML, like Gecko) Version/18.0 Mobile/15E148 Safari/604.1"
3.235.254.250 - - [26/May/2026:01:50:19 +0200] "GET /wp-content/plugins/js_composer/assets/lib/bower/animate-css/animate.min.css?ver=6.0.5 HTTP/1.1" 200 53987 "https://diprotecsn.com/" "Mozilla/5.0 (iPad; CPU OS 18_0 like Mac OS X) AppleWebKit/605.1.15 (KHTML, like Gecko) Version/18.0 Mobile/15E148 Safari/604.1"
3.235.254.250 - - [26/May/2026:01:50:19 +0200] "GET /wp-content/plugins/js_composer/assets/css/lib/typicons/src/font/typicons.min.css?ver=6.0.5 HTTP/1.1" 200 14965 "https://diprotecsn.com/" "Mozilla/5.0 (iPad; CPU OS 18_0 like Mac OS X) AppleWebKit/605.1.15 (KHTML, like Gecko) Version/18.0 Mobile/15E148 Safari/604.1"
181.177.80.25 - - [26/May/2026:01:50:19 +0200] "GET /wp-includes/css/dashicons.min.css?ver=6.1.10 HTTP/1.1" 200 59016 "https://diprotecsn.com/" "Mozilla/5.0 (iPad; CPU OS 18_0 like Mac OS X) AppleWebKit/605.1.15 (KHTML, like Gecko) Version/18.0 Mobile/15E148 Safari/604.1"
181.177.80.25 - - [26/May/2026:01:50:19 +0200] "GET /wp-includes/css/admin-bar.min.css?ver=6.1.10 HTTP/1.1" 200 20300 "https://diprotecsn.com/" "Mozilla/5.0 (iPad; CPU OS 18_0 like Mac OS X) AppleWebKit/605.1.15 (KHTML, like Gecko) Version/18.0 Mobile/15E148 Safari/604.1"
3.235.254.250 - - [26/May/2026:01:50:19 +0200] "GET /wp-content/plugins/revslider/public/assets/js/rs6.min.js?ver=6.1.3 HTTP/1.1" 200 274558 "https://diprotecsn.com/" "Mozilla/5.0 (iPad; CPU OS 18_0 like Mac OS X) AppleWebKit/605.1.15 (KHTML, like Gecko) Version/18.0 Mobile/15E148 Safari/604.1"
193.34.74.246 - - [26/May/2026:01:50:19 +0200] "GET /wp-includes/css/dashicons.min.css?ver=6.1.10 HTTP/1.1" 200 59016 "https://diprotecsn.com/" "Mozilla/5.0 (iPad; CPU OS 18_0 like Mac OS X) AppleWebKit/605.1.15 (KHTML, like Gecko) Version/18.0 Mobile/15E148 Safari/604.1"
181.177.80.25 - - [26/May/2026:01:50:19 +0200] "GET /wp-content/plugins/contact-form-7/includes/css/styles.css?ver=5.1.7 HTTP/1.1" 200 1746 "https://diprotecsn.com/" "Mozilla/5.0 (iPad; CPU OS 18_0 like Mac OS X) AppleWebKit/605.1.15 (KHTML, like Gecko) Version/18.0 Mobile/15E148 Safari/604.1"
3.235.254.250 - - [26/May/2026:01:50:19 +0200] "GET /wp-content/plugins/woocommerce/assets/js/jquery-blockui/jquery.blockUI.min.js?ver=2.70 HTTP/1.1" 200 9566 "https://diprotecsn.com/" "Mozilla/5.0 (iPad; CPU OS 18_0 like Mac OS X) AppleWebKit/605.1.15 (KHTML, like Gecko) Version/18.0 Mobile/15E148 Safari/604.1"
193.34.74.246 - - [26/May/2026:01:50:19 +0200] "GET /wp-includes/css/admin-bar.min.css?ver=6.1.10 HTTP/1.1" 200 20300 "https://diprotecsn.com/" "Mozilla/5.0 (iPad; CPU OS 18_0 like Mac OS X) AppleWebKit/605.1.15 (KHTML, like Gecko) Version/18.0 Mobile/15E148 Safari/604.1"
181.177.80.25 - - [26/May/2026:01:50:19 +0200] "GET /wp-content/plugins/revslider/public/assets/css/rs6.css?ver=6.1.3 HTTP/1.1" 200 57762 "https://diprotecsn.com/" "Mozilla/5.0 (iPad; CPU OS 18_0 like Mac OS X) AppleWebKit/605.1.15 (KHTML, like Gecko) Version/18.0 Mobile/15E148 Safari/604.1"
193.34.74.246 - - [26/May/2026:01:50:19 +0200] "GET /wp-content/plugins/contact-form-7/includes/css/styles.css?ver=5.1.7 HTTP/1.1" 200 1746 "https://diprotecsn.com/" "Mozilla/5.0 (iPad; CPU OS 18_0 like Mac OS X) AppleWebKit/605.1.15 (KHTML, like Gecko) Version/18.0 Mobile/15E148 Safari/604.1"
181.177.80.25 - - [26/May/2026:01:50:19 +0200] "GET /wp-content/plugins/wppu-preloader-unlimited/public/css/wppu-public.css?ver=1.0.0 HTTP/1.1" 200 2251 "https://diprotecsn.com/" "Mozilla/5.0 (iPad; CPU OS 18_0 like Mac OS X) AppleWebKit/605.1.15 (KHTML, like Gecko) Version/18.0 Mobile/15E148 Safari/604.1"
193.34.74.246 - - [26/May/2026:01:50:19 +0200] "GET /wp-content/plugins/revslider/public/assets/css/rs6.css?ver=6.1.3 HTTP/1.1" 200 57762 "https://diprotecsn.com/" "Mozilla/5.0 (iPad; CPU OS 18_0 like Mac OS X) AppleWebKit/605.1.15 (KHTML, like Gecko) Version/18.0 Mobile/15E148 Safari/604.1"
193.34.74.246 - - [26/May/2026:01:50:19 +0200] "GET /wp-content/plugins/wppu-preloader-unlimited/public/css/wppu-public.css?ver=1.0.0 HTTP/1.1" 200 2251 "https://diprotecsn.com/" "Mozilla/5.0 (iPad; CPU OS 18_0 like Mac OS X) AppleWebKit/605.1.15 (KHTML, like Gecko) Version/18.0 Mobile/15E148 Safari/604.1"
181.177.80.25 - - [26/May/2026:01:50:20 +0200] "GET /wp-content/themes/Diprotec/style.css?ver=1.0.0 HTTP/1.1" 200 236081 "https://diprotecsn.com/" "Mozilla/5.0 (iPad; CPU OS 18_0 like Mac OS X) AppleWebKit/605.1.15 (KHTML, like Gecko) Version/18.0 Mobile/15E148 Safari/604.1"
181.177.80.25 - - [26/May/2026:01:50:20 +0200] "GET /wp-content/themes/Diprotec/assets/css/visual-composer.css?ver=1.0.0 HTTP/1.1" 200 10972 "https://diprotecsn.com/" "Mozilla/5.0 (iPad; CPU OS 18_0 like Mac OS X) AppleWebKit/605.1.15 (KHTML, like Gecko) Version/18.0 Mobile/15E148 Safari/604.1"
3.235.254.250 - - [26/May/2026:01:50:21 +0200] "GET /wp-content/plugins/woocommerce/assets/js/frontend/add-to-cart.min.js?ver=4.0.4 HTTP/1.1" 200 2793 "https://diprotecsn.com/" "Mozilla/5.0 (iPad; CPU OS 18_0 like Mac OS X) AppleWebKit/605.1.15 (KHTML, like Gecko) Version/18.0 Mobile/15E148 Safari/604.1"
3.235.254.250 - - [26/May/2026:01:50:21 +0200] "GET /wp-content/plugins/js_composer/assets/js/vendors/woocommerce-add-to-cart.js?ver=6.0.5 HTTP/1.1" 200 992 "https://diprotecsn.com/" "Mozilla/5.0 (iPad; CPU OS 18_0 like Mac OS X) AppleWebKit/605.1.15 (KHTML, like Gecko) Version/18.0 Mobile/15E148 Safari/604.1"
181.177.80.25 - - [26/May/2026:01:50:21 +0200] "GET /wp-content/themes/Diprotec/assets/css/animate.css?ver=3.5.2 HTTP/1.1" 200 26599 "https://diprotecsn.com/" "Mozilla/5.0 (iPad; CPU OS 18_0 like Mac OS X) AppleWebKit/605.1.15 (KHTML, like Gecko) Version/18.0 Mobile/15E148 Safari/604.1"
193.34.74.246 - - [26/May/2026:01:50:21 +0200] "GET /wp-content/themes/Diprotec/style.css?ver=1.0.0 HTTP/1.1" 200 236081 "https://diprotecsn.com/" "Mozilla/5.0 (iPad; CPU OS 18_0 like Mac OS X) AppleWebKit/605.1.15 (KHTML, like Gecko) Version/18.0 Mobile/15E148 Safari/604.1"
181.177.80.25 - - [26/May/2026:01:50:21 +0200] "GET /wp-content/themes/Diprotec/assets/css/animsition.css?ver=4.0.1 HTTP/1.1" 200 41203 "https://diprotecsn.com/" "Mozilla/5.0 (iPad; CPU OS 18_0 like Mac OS X) AppleWebKit/605.1.15 (KHTML, like Gecko) Version/18.0 Mobile/15E148 Safari/604.1"
193.34.74.246 - - [26/May/2026:01:50:21 +0200] "GET /wp-content/themes/Diprotec/assets/css/visual-composer.css?ver=1.0.0 HTTP/1.1" 200 10972 "https://diprotecsn.com/" "Mozilla/5.0 (iPad; CPU OS 18_0 like Mac OS X) AppleWebKit/605.1.15 (KHTML, like Gecko) Version/18.0 Mobile/15E148 Safari/604.1"
181.177.80.25 - - [26/May/2026:01:50:21 +0200] "GET /wp-content/themes/Diprotec/assets/css/slick.css?ver=1.6.0 HTTP/1.1" 200 1693 "https://diprotecsn.com/" "Mozilla/5.0 (iPad; CPU OS 18_0 like Mac OS X) AppleWebKit/605.1.15 (KHTML, like Gecko) Version/18.0 Mobile/15E148 Safari/604.1"
193.34.74.246 - - [26/May/2026:01:50:21 +0200] "GET /wp-content/themes/Diprotec/assets/css/animate.css?ver=3.5.2 HTTP/1.1" 200 26599 "https://diprotecsn.com/" "Mozilla/5.0 (iPad; CPU OS 18_0 like Mac OS X) AppleWebKit/605.1.15 (KHTML, like Gecko) Version/18.0 Mobile/15E148 Safari/604.1"
3.235.254.250 - - [26/May/2026:01:50:21 +0200] "GET /wp-content/plugins/contact-form-7/includes/js/scripts.js?ver=5.1.7 HTTP/1.1" 200 14440 "https://diprotecsn.com/" "Mozilla/5.0 (iPad; CPU OS 18_0 like Mac OS X) AppleWebKit/605.1.15 (KHTML, like Gecko) Version/18.0 Mobile/15E148 Safari/604.1"
3.235.254.250 - - [26/May/2026:01:50:21 +0200] "GET /wp-content/plugins/woocommerce/assets/js/js-cookie/js.cookie.min.js?ver=2.1.4 HTTP/1.1" 200 1846 "https://diprotecsn.com/" "Mozilla/5.0 (iPad; CPU OS 18_0 like Mac OS X) AppleWebKit/605.1.15 (KHTML, like Gecko) Version/18.0 Mobile/15E148 Safari/604.1"
193.34.74.246 - - [26/May/2026:01:50:21 +0200] "GET /wp-content/themes/Diprotec/assets/css/animsition.css?ver=4.0.1 HTTP/1.1" 200 41203 "https://diprotecsn.com/" "Mozilla/5.0 (iPad; CPU OS 18_0 like Mac OS X) AppleWebKit/605.1.15 (KHTML, like Gecko) Version/18.0 Mobile/15E148 Safari/604.1"
181.177.80.25 - - [26/May/2026:01:50:21 +0200] "GET /wp-content/themes/Diprotec/assets/css/fontawesome.css?ver=5.0 HTTP/1.1" 200 68387 "https://diprotecsn.com/" "Mozilla/5.0 (iPad; CPU OS 18_0 like Mac OS X) AppleWebKit/605.1.15 (KHTML, like Gecko) Version/18.0 Mobile/15E148 Safari/604.1"
193.34.74.246 - - [26/May/2026:01:50:21 +0200] "GET /wp-content/themes/Diprotec/assets/css/slick.css?ver=1.6.0 HTTP/1.1" 200 1693 "https://diprotecsn.com/" "Mozilla/5.0 (iPad; CPU OS 18_0 like Mac OS X) AppleWebKit/605.1.15 (KHTML, like Gecko) Version/18.0 Mobile/15E148 Safari/604.1"
193.34.74.246 - - [26/May/2026:01:50:21 +0200] "GET /wp-content/themes/Diprotec/assets/css/fontawesome.css?ver=5.0 HTTP/1.1" 200 68387 "https://diprotecsn.com/" "Mozilla/5.0 (iPad; CPU OS 18_0 like Mac OS X) AppleWebKit/605.1.15 (KHTML, like Gecko) Version/18.0 Mobile/15E148 Safari/604.1"
181.177.80.25 - - [26/May/2026:01:50:21 +0200] "GET /wp-content/themes/Diprotec/assets/css/eleganticons.css?ver=1.0.0 HTTP/1.1" 200 20613 "https://diprotecsn.com/" "Mozilla/5.0 (iPad; CPU OS 18_0 like Mac OS X) AppleWebKit/605.1.15 (KHTML, like Gecko) Version/18.0 Mobile/15E148 Safari/604.1"
181.177.80.25 - - [26/May/2026:01:50:21 +0200] "GET /wp-content/themes/Diprotec/assets/css/basicui.css?ver=1.0.0 HTTP/1.1" 200 5690 "https://diprotecsn.com/" "Mozilla/5.0 (iPad; CPU OS 18_0 like Mac OS X) AppleWebKit/605.1.15 (KHTML, like Gecko) Version/18.0 Mobile/15E148 Safari/604.1"
3.235.254.250 - - [26/May/2026:01:50:21 +0200] "GET /wp-content/plugins/woocommerce/assets/js/frontend/woocommerce.min.js?ver=4.0.4 HTTP/1.1" 200 1985 "https://diprotecsn.com/" "Mozilla/5.0 (iPad; CPU OS 18_0 like Mac OS X) AppleWebKit/605.1.15 (KHTML, like Gecko) Version/18.0 Mobile/15E148 Safari/604.1"
181.177.80.25 - - [26/May/2026:01:50:21 +0200] "GET /wp-content/plugins/wprt-addons/assets/owl.carousel.css?ver=2.2.1 HTTP/1.1" 200 3958 "https://diprotecsn.com/" "Mozilla/5.0 (iPad; CPU OS 18_0 like Mac OS X) AppleWebKit/605.1.15 (KHTML, like Gecko) Version/18.0 Mobile/15E148 Safari/604.1"
193.34.74.246 - - [26/May/2026:01:50:21 +0200] "GET /wp-content/themes/Diprotec/assets/css/eleganticons.css?ver=1.0.0 HTTP/1.1" 200 20613 "https://diprotecsn.com/" "Mozilla/5.0 (iPad; CPU OS 18_0 like Mac OS X) AppleWebKit/605.1.15 (KHTML, like Gecko) Version/18.0 Mobile/15E148 Safari/604.1"
3.235.254.250 - - [26/May/2026:01:50:22 +0200] "GET /wp-content/plugins/woocommerce/assets/js/frontend/cart-fragments.min.js?ver=4.0.4 HTTP/1.1" 200 2940 "https://diprotecsn.com/" "Mozilla/5.0 (iPad; CPU OS 18_0 like Mac OS X) AppleWebKit/605.1.15 (KHTML, like Gecko) Version/18.0 Mobile/15E148 Safari/604.1"
181.177.80.25 - - [26/May/2026:01:50:22 +0200] "GET /wp-content/plugins/wprt-addons/assets/cubeportfolio.min.css?ver=3.4.0 HTTP/1.1" 200 73773 "https://diprotecsn.com/" "Mozilla/5.0 (iPad; CPU OS 18_0 like Mac OS X) AppleWebKit/605.1.15 (KHTML, like Gecko) Version/18.0 Mobile/15E148 Safari/604.1"
3.235.254.250 - - [26/May/2026:01:50:22 +0200] "GET /wp-content/plugins/wppu-preloader-unlimited/public/js/fill/fill-fadeOut.js?ver=6.1.10 HTTP/1.1" 200 4271 "https://diprotecsn.com/" "Mozilla/5.0 (iPad; CPU OS 18_0 like Mac OS X) AppleWebKit/605.1.15 (KHTML, like Gecko) Version/18.0 Mobile/15E148 Safari/604.1"
193.34.74.246 - - [26/May/2026:01:50:22 +0200] "GET /wp-content/themes/Diprotec/assets/css/basicui.css?ver=1.0.0 HTTP/1.1" 200 5690 "https://diprotecsn.com/" "Mozilla/5.0 (iPad; CPU OS 18_0 like Mac OS X) AppleWebKit/605.1.15 (KHTML, like Gecko) Version/18.0 Mobile/15E148 Safari/604.1"
3.235.254.250 - - [26/May/2026:01:50:22 +0200] "GET /wp-content/themes/Diprotec/assets/js/html5shiv.js?ver=3.7.3 HTTP/1.1" 200 2735 "https://diprotecsn.com/" "Mozilla/5.0 (iPad; CPU OS 18_0 like Mac OS X) AppleWebKit/605.1.15 (KHTML, like Gecko) Version/18.0 Mobile/15E148 Safari/604.1"
193.34.74.246 - - [26/May/2026:01:50:22 +0200] "GET /wp-content/plugins/wprt-addons/assets/owl.carousel.css?ver=2.2.1 HTTP/1.1" 200 3958 "https://diprotecsn.com/" "Mozilla/5.0 (iPad; CPU OS 18_0 like Mac OS X) AppleWebKit/605.1.15 (KHTML, like Gecko) Version/18.0 Mobile/15E148 Safari/604.1"
193.34.74.246 - - [26/May/2026:01:50:22 +0200] "GET /wp-content/plugins/wprt-addons/assets/cubeportfolio.min.css?ver=3.4.0 HTTP/1.1" 200 73773 "https://diprotecsn.com/" "Mozilla/5.0 (iPad; CPU OS 18_0 like Mac OS X) AppleWebKit/605.1.15 (KHTML, like Gecko) Version/18.0 Mobile/15E148 Safari/604.1"
3.235.254.250 - - [26/May/2026:01:50:22 +0200] "GET /wp-content/themes/Diprotec/assets/js/matchmedia.js?ver=1.0.0 HTTP/1.1" 200 768 "https://diprotecsn.com/" "Mozilla/5.0 (iPad; CPU OS 18_0 like Mac OS X) AppleWebKit/605.1.15 (KHTML, like Gecko) Version/18.0 Mobile/15E148 Safari/604.1"
3.235.254.250 - - [26/May/2026:01:50:22 +0200] "GET /wp-content/themes/Diprotec/assets/js/respond.js?ver=1.3.0 HTTP/1.1" 200 3260 "https://diprotecsn.com/" "Mozilla/5.0 (iPad; CPU OS 18_0 like Mac OS X) AppleWebKit/605.1.15 (KHTML, like Gecko) Version/18.0 Mobile/15E148 Safari/604.1"
181.177.80.25 - - [26/May/2026:01:50:22 +0200] "GET /wp-content/plugins/wprt-addons/assets/magnific.popup.css?ver=1.0.0 HTTP/1.1" 200 7348 "https://diprotecsn.com/" "Mozilla/5.0 (iPad; CPU OS 18_0 like Mac OS X) AppleWebKit/605.1.15 (KHTML, like Gecko) Version/18.0 Mobile/15E148 Safari/604.1"
181.177.80.25 - - [26/May/2026:01:50:22 +0200] "GET /wp-content/plugins/wprt-addons/assets/vegas.css?ver=2.3.1 HTTP/1.1" 200 17095 "https://diprotecsn.com/" "Mozilla/5.0 (iPad; CPU OS 18_0 like Mac OS X) AppleWebKit/605.1.15 (KHTML, like Gecko) Version/18.0 Mobile/15E148 Safari/604.1"
181.177.80.25 - - [26/May/2026:01:50:22 +0200] "GET /wp-content/plugins/wprt-addons/assets/ytplayer.css?ver=3.0.2 HTTP/1.1" 200 10231 "https://diprotecsn.com/" "Mozilla/5.0 (iPad; CPU OS 18_0 like Mac OS X) AppleWebKit/605.1.15 (KHTML, like Gecko) Version/18.0 Mobile/15E148 Safari/604.1"
181.177.80.25 - - [26/May/2026:01:50:22 +0200] "GET /wp-content/plugins/js_composer/assets/css/lib/vc-entypo/vc_entypo.min.css?ver=6.0.5 HTTP/1.1" 200 13216 "https://diprotecsn.com/" "Mozilla/5.0 (iPad; CPU OS 18_0 like Mac OS X) AppleWebKit/605.1.15 (KHTML, like Gecko) Version/18.0 Mobile/15E148 Safari/604.1"
193.34.74.246 - - [26/May/2026:01:50:23 +0200] "GET /wp-content/plugins/wprt-addons/assets/magnific.popup.css?ver=1.0.0 HTTP/1.1" 200 7348 "https://diprotecsn.com/" "Mozilla/5.0 (iPad; CPU OS 18_0 like Mac OS X) AppleWebKit/605.1.15 (KHTML, like Gecko) Version/18.0 Mobile/15E148 Safari/604.1"
193.34.74.246 - - [26/May/2026:01:50:23 +0200] "GET /wp-content/plugins/wprt-addons/assets/vegas.css?ver=2.3.1 HTTP/1.1" 200 17095 "https://diprotecsn.com/" "Mozilla/5.0 (iPad; CPU OS 18_0 like Mac OS X) AppleWebKit/605.1.15 (KHTML, like Gecko) Version/18.0 Mobile/15E148 Safari/604.1"
3.235.254.250 - - [26/May/2026:01:50:23 +0200] "GET /wp-content/themes/Diprotec/assets/js/easing.js?ver=1.3.0 HTTP/1.1" 200 3414 "https://diprotecsn.com/" "Mozilla/5.0 (iPad; CPU OS 18_0 like Mac OS X) AppleWebKit/605.1.15 (KHTML, like Gecko) Version/18.0 Mobile/15E148 Safari/604.1"
193.34.74.246 - - [26/May/2026:01:50:23 +0200] "GET /wp-content/plugins/wprt-addons/assets/ytplayer.css?ver=3.0.2 HTTP/1.1" 200 10231 "https://diprotecsn.com/" "Mozilla/5.0 (iPad; CPU OS 18_0 like Mac OS X) AppleWebKit/605.1.15 (KHTML, like Gecko) Version/18.0 Mobile/15E148 Safari/604.1"
181.177.80.25 - - [26/May/2026:01:50:23 +0200] "GET /wp-content/plugins/js_composer/assets/css/lib/typicons/src/font/typicons.min.css?ver=6.0.5 HTTP/1.1" 200 14965 "https://diprotecsn.com/" "Mozilla/5.0 (iPad; CPU OS 18_0 like Mac OS X) AppleWebKit/605.1.15 (KHTML, like Gecko) Version/18.0 Mobile/15E148 Safari/604.1"
3.235.254.250 - - [26/May/2026:01:50:23 +0200] "GET /wp-content/themes/Diprotec/assets/js/fitvids.js?ver=1.1.0 HTTP/1.1" 200 2164 "https://diprotecsn.com/" "Mozilla/5.0 (iPad; CPU OS 18_0 like Mac OS X) AppleWebKit/605.1.15 (KHTML, like Gecko) Version/18.0 Mobile/15E148 Safari/604.1"
3.235.254.250 - - [26/May/2026:01:50:23 +0200] "GET /wp-content/themes/Diprotec/assets/js/animsition.js?ver=4.0.1 HTTP/1.1" 200 5558 "https://diprotecsn.com/" "Mozilla/5.0 (iPad; CPU OS 18_0 like Mac OS X) AppleWebKit/605.1.15 (KHTML, like Gecko) Version/18.0 Mobile/15E148 Safari/604.1"
193.34.74.246 - - [26/May/2026:01:50:23 +0200] "GET /wp-content/plugins/js_composer/assets/css/lib/vc-entypo/vc_entypo.min.css?ver=6.0.5 HTTP/1.1" 200 13216 "https://diprotecsn.com/" "Mozilla/5.0 (iPad; CPU OS 18_0 like Mac OS X) AppleWebKit/605.1.15 (KHTML, like Gecko) Version/18.0 Mobile/15E148 Safari/604.1"
3.235.254.250 - - [26/May/2026:01:50:23 +0200] "GET /wp-content/themes/Diprotec/assets/js/main.js?ver=1.0.0 HTTP/1.1" 200 15411 "https://diprotecsn.com/" "Mozilla/5.0 (iPad; CPU OS 18_0 like Mac OS X) AppleWebKit/605.1.15 (KHTML, like Gecko) Version/18.0 Mobile/15E148 Safari/604.1"
181.177.80.25 - - [26/May/2026:01:50:23 +0200] "GET /wp-content/plugins/js_composer/assets/lib/bower/animate-css/animate.min.css?ver=6.0.5 HTTP/1.1" 200 53987 "https://diprotecsn.com/" "Mozilla/5.0 (iPad; CPU OS 18_0 like Mac OS X) AppleWebKit/605.1.15 (KHTML, like Gecko) Version/18.0 Mobile/15E148 Safari/604.1"
193.34.74.246 - - [26/May/2026:01:50:23 +0200] "GET /wp-content/plugins/js_composer/assets/css/lib/typicons/src/font/typicons.min.css?ver=6.0.5 HTTP/1.1" 200 14965 "https://diprotecsn.com/" "Mozilla/5.0 (iPad; CPU OS 18_0 like Mac OS X) AppleWebKit/605.1.15 (KHTML, like Gecko) Version/18.0 Mobile/15E148 Safari/604.1"
3.235.254.250 - - [26/May/2026:01:50:23 +0200] "GET /wp-content/plugins/wprt-addons/assets/imagesloaded.js?ver=4.1.3 HTTP/1.1" 200 5567 "https://diprotecsn.com/" "Mozilla/5.0 (iPad; CPU OS 18_0 like Mac OS X) AppleWebKit/605.1.15 (KHTML, like Gecko) Version/18.0 Mobile/15E148 Safari/604.1"
181.177.80.25 - - [26/May/2026:01:50:23 +0200] "GET /wp-includes/js/jquery/jquery.min.js?ver=3.6.1 HTTP/1.1" 200 89684 "https://diprotecsn.com/" "Mozilla/5.0 (iPad; CPU OS 18_0 like Mac OS X) AppleWebKit/605.1.15 (KHTML, like Gecko) Version/18.0 Mobile/15E148 Safari/604.1"
181.177.80.25 - - [26/May/2026:01:50:23 +0200] "GET /wp-includes/js/jquery/jquery-migrate.min.js?ver=3.3.2 HTTP/1.1" 200 11224 "https://diprotecsn.com/" "Mozilla/5.0 (iPad; CPU OS 18_0 like Mac OS X) AppleWebKit/605.1.15 (KHTML, like Gecko) Version/18.0 Mobile/15E148 Safari/604.1"
181.177.80.25 - - [26/May/2026:01:50:23 +0200] "GET /wp-content/plugins/revslider/public/assets/js/revolution.tools.min.js?ver=6.0 HTTP/1.1" 200 150689 "https://diprotecsn.com/" "Mozilla/5.0 (iPad; CPU OS 18_0 like Mac OS X) AppleWebKit/605.1.15 (KHTML, like Gecko) Version/18.0 Mobile/15E148 Safari/604.1"
3.235.254.250 - - [26/May/2026:01:50:23 +0200] "GET /wp-content/plugins/wprt-addons/assets/equalize.min.js?ver=1.0.0 HTTP/1.1" 200 579 "https://diprotecsn.com/" "Mozilla/5.0 (iPad; CPU OS 18_0 like Mac OS X) AppleWebKit/605.1.15 (KHTML, like Gecko) Version/18.0 Mobile/15E148 Safari/604.1"
181.177.80.25 - - [26/May/2026:01:50:23 +0200] "GET /wp-content/plugins/revslider/public/assets/js/rs6.min.js?ver=6.1.3 HTTP/1.1" 200 274558 "https://diprotecsn.com/" "Mozilla/5.0 (iPad; CPU OS 18_0 like Mac OS X) AppleWebKit/605.1.15 (KHTML, like Gecko) Version/18.0 Mobile/15E148 Safari/604.1"
3.235.254.250 - - [26/May/2026:01:50:23 +0200] "GET /wp-content/plugins/wprt-addons/assets/magnific.popup.min.js?ver=1.0.0 HTTP/1.1" 200 21143 "https://diprotecsn.com/" "Mozilla/5.0 (iPad; CPU OS 18_0 like Mac OS X) AppleWebKit/605.1.15 (KHTML, like Gecko) Version/18.0 Mobile/15E148 Safari/604.1"
