57.141.20.27 - - [26/May/2026:01:36:21 +0200] "GET /items/B446017067/ HTTP/1.1" 404 - "-" "meta-externalagent/1.1 (+https://developers.facebook.com/docs/sharing/webmasters/crawler)"
216.73.216.103 - - [26/May/2026:01:36:22 +0200] "GET /sitemap-8.xml HTTP/1.1" 404 - "-" "Mozilla/5.0 AppleWebKit/537.36 (KHTML, like Gecko; compatible; ClaudeBot/1.0; +claudebot@anthropic.com)"
57.141.20.30 - - [26/May/2026:01:36:24 +0200] "GET /items/B443204525/ HTTP/1.1" 404 - "-" "meta-externalagent/1.1 (+https://developers.facebook.com/docs/sharing/webmasters/crawler)"
57.141.20.67 - - [26/May/2026:01:36:27 +0200] "GET /items/B442063878/ HTTP/1.1" 404 - "-" "meta-externalagent/1.1 (+https://developers.facebook.com/docs/sharing/webmasters/crawler)"
216.73.216.103 - - [26/May/2026:01:36:31 +0200] "GET /wp-includes/js/dist/script-modules/block-library/accordion/?C=S&O=A HTTP/1.1" 200 1330 "-" "Mozilla/5.0 AppleWebKit/537.36 (KHTML, like Gecko; compatible; ClaudeBot/1.0; +claudebot@anthropic.com)"
216.73.216.103 - - [26/May/2026:01:36:31 +0200] "GET /wp-includes/js/dist/script-modules/block-library/navigation/?C=D&O=D HTTP/1.1" 200 1332 "-" "Mozilla/5.0 AppleWebKit/537.36 (KHTML, like Gecko; compatible; ClaudeBot/1.0; +claudebot@anthropic.com)"
216.73.216.103 - - [26/May/2026:01:36:31 +0200] "GET /wp-includes/js/dist/script-modules/block-library/navigation/?C=M&O=D HTTP/1.1" 200 1332 "-" "Mozilla/5.0 AppleWebKit/537.36 (KHTML, like Gecko; compatible; ClaudeBot/1.0; +claudebot@anthropic.com)"
57.141.20.59 - - [26/May/2026:01:36:34 +0200] "GET /items/B448249120/ HTTP/1.1" 404 - "-" "meta-externalagent/1.1 (+https://developers.facebook.com/docs/sharing/webmasters/crawler)"
57.141.20.52 - - [26/May/2026:01:36:35 +0200] "GET /items/B443814957/ HTTP/1.1" 404 - "-" "meta-externalagent/1.1 (+https://developers.facebook.com/docs/sharing/webmasters/crawler)"
57.141.20.7 - - [26/May/2026:01:36:39 +0200] "GET /?n=36686803001230 HTTP/1.1" 200 3208 "-" "meta-externalagent/1.1 (+https://developers.facebook.com/docs/sharing/webmasters/crawler)"
57.141.20.69 - - [26/May/2026:01:36:42 +0200] "GET /items/B442481266/ HTTP/1.1" 404 - "-" "meta-externalagent/1.1 (+https://developers.facebook.com/docs/sharing/webmasters/crawler)"
57.141.20.12 - - [26/May/2026:01:36:46 +0200] "GET /?n=34332533081230 HTTP/1.1" 200 3208 "-" "meta-externalagent/1.1 (+https://developers.facebook.com/docs/sharing/webmasters/crawler)"
57.141.20.25 - - [26/May/2026:01:36:53 +0200] "GET /items/B444838868/ HTTP/1.1" 404 - "-" "meta-externalagent/1.1 (+https://developers.facebook.com/docs/sharing/webmasters/crawler)"
57.141.20.6 - - [26/May/2026:01:36:53 +0200] "GET /items/B441737525/ HTTP/1.1" 404 - "-" "meta-externalagent/1.1 (+https://developers.facebook.com/docs/sharing/webmasters/crawler)"
57.141.20.51 - - [26/May/2026:01:36:56 +0200] "GET /items/B445935979/ HTTP/1.1" 404 - "-" "meta-externalagent/1.1 (+https://developers.facebook.com/docs/sharing/webmasters/crawler)"
66.249.77.75 - - [26/May/2026:01:36:58 +0200] "GET /items/U694966013/ HTTP/1.1" 404 - "-" "Mozilla/5.0 (Linux; Android 6.0.1; Nexus 5X Build/MMB29P) AppleWebKit/537.36 (KHTML, like Gecko) Chrome/148.0.7778.96 Mobile Safari/537.36 (compatible; GoogleOther)"
57.141.20.30 - - [26/May/2026:01:37:01 +0200] "GET /items/B444315842/ HTTP/1.1" 404 - "-" "meta-externalagent/1.1 (+https://developers.facebook.com/docs/sharing/webmasters/crawler)"
216.73.216.103 - - [26/May/2026:01:37:01 +0200] "GET /wp-content/webp-express/webp-images/themes/mouno/inc/admin/assets/img/plugins/ HTTP/1.1" 200 4035 "-" "Mozilla/5.0 AppleWebKit/537.36 (KHTML, like Gecko; compatible; ClaudeBot/1.0; +claudebot@anthropic.com)"
216.73.216.103 - - [26/May/2026:01:37:01 +0200] "GET /wp-includes/images/smilies/icon_rolleyes.gif HTTP/1.1" 200 471 "-" "Mozilla/5.0 AppleWebKit/537.36 (KHTML, like Gecko; compatible; ClaudeBot/1.0; +claudebot@anthropic.com)"
216.73.216.103 - - [26/May/2026:01:37:01 +0200] "GET /wp-includes/SimplePie/src/Parse/v2/archive/includes/?C=N&O=A HTTP/1.1" 200 942 "-" "Mozilla/5.0 AppleWebKit/537.36 (KHTML, like Gecko; compatible; ClaudeBot/1.0; +claudebot@anthropic.com)"
57.141.20.67 - - [26/May/2026:01:37:08 +0200] "GET /items/B446992530/ HTTP/1.1" 404 - "-" "meta-externalagent/1.1 (+https://developers.facebook.com/docs/sharing/webmasters/crawler)"
57.141.20.67 - - [26/May/2026:01:37:08 +0200] "GET /items/B442369044/ HTTP/1.1" 404 - "-" "meta-externalagent/1.1 (+https://developers.facebook.com/docs/sharing/webmasters/crawler)"
216.73.216.103 - - [26/May/2026:01:37:10 +0200] "GET /wp-content/webp-express/webp-images/themes/mouno/inc/admin/assets/img/import-start.png.webp HTTP/1.1" 200 2718 "-" "Mozilla/5.0 AppleWebKit/537.36 (KHTML, like Gecko; compatible; ClaudeBot/1.0; +claudebot@anthropic.com)"
216.73.216.103 - - [26/May/2026:01:37:10 +0200] "GET /wp-content/webp-express/webp-images/themes/mouno/inc/admin/assets/img/check.png.webp HTTP/1.1" 200 200 "-" "Mozilla/5.0 AppleWebKit/537.36 (KHTML, like Gecko; compatible; ClaudeBot/1.0; +claudebot@anthropic.com)"
216.73.216.103 - - [26/May/2026:01:37:11 +0200] "GET /wp-includes/images/smilies/simple-smile.png HTTP/1.1" 200 1008 "-" "Mozilla/5.0 AppleWebKit/537.36 (KHTML, like Gecko; compatible; ClaudeBot/1.0; +claudebot@anthropic.com)"
57.141.20.65 - - [26/May/2026:01:37:13 +0200] "GET /items/B441911388/ HTTP/1.1" 404 - "-" "meta-externalagent/1.1 (+https://developers.facebook.com/docs/sharing/webmasters/crawler)"
57.141.20.49 - - [26/May/2026:01:37:17 +0200] "GET /items/B443047187/ HTTP/1.1" 404 - "-" "meta-externalagent/1.1 (+https://developers.facebook.com/docs/sharing/webmasters/crawler)"
57.141.20.31 - - [26/May/2026:01:37:21 +0200] "GET /items/B446977949/ HTTP/1.1" 404 - "-" "meta-externalagent/1.1 (+https://developers.facebook.com/docs/sharing/webmasters/crawler)"
216.73.216.103 - - [26/May/2026:01:37:26 +0200] "GET /wp-content/webp-express/webp-images/themes/mouno/inc/theme-options/instruct/?C=M&O=D HTTP/1.1" 200 1030 "-" "Mozilla/5.0 AppleWebKit/537.36 (KHTML, like Gecko; compatible; ClaudeBot/1.0; +claudebot@anthropic.com)"
216.73.216.103 - - [26/May/2026:01:37:27 +0200] "GET /wp-content/webp-express/webp-images/themes/mouno/inc/admin/assets/img/import-done.png.webp HTTP/1.1" 200 1396 "-" "Mozilla/5.0 AppleWebKit/537.36 (KHTML, like Gecko; compatible; ClaudeBot/1.0; +claudebot@anthropic.com)"
216.73.216.103 - - [26/May/2026:01:37:27 +0200] "GET /wp-content/webp-express/webp-images/themes/mouno/inc/admin/assets/img/arrow-steps.png.webp HTTP/1.1" 200 328 "-" "Mozilla/5.0 AppleWebKit/537.36 (KHTML, like Gecko; compatible; ClaudeBot/1.0; +claudebot@anthropic.com)"
57.141.20.44 - - [26/May/2026:01:37:29 +0200] "GET /items/B446080234/ HTTP/1.1" 404 - "-" "meta-externalagent/1.1 (+https://developers.facebook.com/docs/sharing/webmasters/crawler)"
57.141.20.20 - - [26/May/2026:01:37:30 +0200] "GET /items/B447835451/ HTTP/1.1" 404 - "-" "meta-externalagent/1.1 (+https://developers.facebook.com/docs/sharing/webmasters/crawler)"
57.141.20.12 - - [26/May/2026:01:37:35 +0200] "GET /items/B447419590/ HTTP/1.1" 404 - "-" "meta-externalagent/1.1 (+https://developers.facebook.com/docs/sharing/webmasters/crawler)"
57.141.20.57 - - [26/May/2026:01:37:39 +0200] "GET /items/B444185313/ HTTP/1.1" 404 - "-" "meta-externalagent/1.1 (+https://developers.facebook.com/docs/sharing/webmasters/crawler)"
57.141.20.21 - - [26/May/2026:01:37:49 +0200] "GET /items/B447002099/ HTTP/1.1" 404 - "-" "meta-externalagent/1.1 (+https://developers.facebook.com/docs/sharing/webmasters/crawler)"
57.141.20.45 - - [26/May/2026:01:37:49 +0200] "GET /items/B441737352/ HTTP/1.1" 404 - "-" "meta-externalagent/1.1 (+https://developers.facebook.com/docs/sharing/webmasters/crawler)"
216.73.216.103 - - [26/May/2026:01:37:51 +0200] "GET /wp-content/webp-express/webp-images/themes/mouno/inc/admin/assets/img/logo.png.webp HTTP/1.1" 200 628 "-" "Mozilla/5.0 AppleWebKit/537.36 (KHTML, like Gecko; compatible; ClaudeBot/1.0; +claudebot@anthropic.com)"
216.73.216.103 - - [26/May/2026:01:37:51 +0200] "GET /wp-content/webp-express/webp-images/themes/mouno/inc/theme-options/instruct/?C=S&O=D HTTP/1.1" 200 1030 "-" "Mozilla/5.0 AppleWebKit/537.36 (KHTML, like Gecko; compatible; ClaudeBot/1.0; +claudebot@anthropic.com)"
216.73.216.103 - - [26/May/2026:01:37:52 +0200] "GET /wp-content/webp-express/webp-images/themes/mouno/inc/theme-options/instruct/?C=D&O=D HTTP/1.1" 200 1030 "-" "Mozilla/5.0 AppleWebKit/537.36 (KHTML, like Gecko; compatible; ClaudeBot/1.0; +claudebot@anthropic.com)"
57.141.20.6 - - [26/May/2026:01:37:55 +0200] "GET /items/B445716197/ HTTP/1.1" 404 - "-" "meta-externalagent/1.1 (+https://developers.facebook.com/docs/sharing/webmasters/crawler)"
216.73.216.103 - - [26/May/2026:01:37:58 +0200] "GET /wp-content/webp-express/webp-images/themes/mouno/inc/admin/demo-data/?C=S&O=D HTTP/1.1" 200 998 "-" "Mozilla/5.0 AppleWebKit/537.36 (KHTML, like Gecko; compatible; ClaudeBot/1.0; +claudebot@anthropic.com)"
216.73.216.103 - - [26/May/2026:01:37:58 +0200] "GET /wp-content/webp-express/webp-images/themes/mouno/inc/admin/demo-data/?C=M&O=D HTTP/1.1" 200 998 "-" "Mozilla/5.0 AppleWebKit/537.36 (KHTML, like Gecko; compatible; ClaudeBot/1.0; +claudebot@anthropic.com)"
216.73.216.103 - - [26/May/2026:01:37:59 +0200] "GET /wp-content/webp-express/webp-images/themes/mouno/inc/admin/assets/img/icon.png.webp HTTP/1.1" 200 264 "-" "Mozilla/5.0 AppleWebKit/537.36 (KHTML, like Gecko; compatible; ClaudeBot/1.0; +claudebot@anthropic.com)"
57.141.20.27 - - [26/May/2026:01:38:05 +0200] "GET /items/B441064460/ HTTP/1.1" 404 - "-" "meta-externalagent/1.1 (+https://developers.facebook.com/docs/sharing/webmasters/crawler)"
57.141.20.37 - - [26/May/2026:01:38:05 +0200] "GET /items/B446012554/ HTTP/1.1" 404 - "-" "meta-externalagent/1.1 (+https://developers.facebook.com/docs/sharing/webmasters/crawler)"
57.141.20.58 - - [26/May/2026:01:38:11 +0200] "GET /items/B448341760/ HTTP/1.1" 404 - "-" "meta-externalagent/1.1 (+https://developers.facebook.com/docs/sharing/webmasters/crawler)"
57.141.20.39 - - [26/May/2026:01:38:17 +0200] "GET /?n=20134553021230 HTTP/1.1" 200 3208 "-" "meta-externalagent/1.1 (+https://developers.facebook.com/docs/sharing/webmasters/crawler)"
216.73.216.103 - - [26/May/2026:01:38:19 +0200] "GET /wp-content/webp-express/webp-images/themes/mouno/inc/theme-options/instruct/?C=N&O=A HTTP/1.1" 200 1030 "-" "Mozilla/5.0 AppleWebKit/537.36 (KHTML, like Gecko; compatible; ClaudeBot/1.0; +claudebot@anthropic.com)"
216.73.216.103 - - [26/May/2026:01:38:20 +0200] "GET /wp-content/webp-express/webp-images/themes/mouno/inc/admin/demo-data/?C=D&O=A HTTP/1.1" 200 998 "-" "Mozilla/5.0 AppleWebKit/537.36 (KHTML, like Gecko; compatible; ClaudeBot/1.0; +claudebot@anthropic.com)"
216.73.216.103 - - [26/May/2026:01:38:21 +0200] "GET /wp-content/webp-express/webp-images/themes/mouno/inc/admin/assets/?C=D&O=D HTTP/1.1" 200 986 "-" "Mozilla/5.0 AppleWebKit/537.36 (KHTML, like Gecko; compatible; ClaudeBot/1.0; +claudebot@anthropic.com)"
216.73.216.103 - - [26/May/2026:01:38:21 +0200] "GET /wp-content/webp-express/webp-images/themes/mouno/inc/admin/assets/?C=M&O=D HTTP/1.1" 200 986 "-" "Mozilla/5.0 AppleWebKit/537.36 (KHTML, like Gecko; compatible; ClaudeBot/1.0; +claudebot@anthropic.com)"
66.249.77.75 - - [26/May/2026:01:38:26 +0200] "GET /items/J061991032/ HTTP/1.1" 404 - "-" "Mozilla/5.0 (Linux; Android 6.0.1; Nexus 5X Build/MMB29P) AppleWebKit/537.36 (KHTML, like Gecko) Chrome/148.0.7778.96 Mobile Safari/537.36 (compatible; GoogleOther)"
57.141.20.34 - - [26/May/2026:01:38:29 +0200] "GET /items/B442510715/ HTTP/1.1" 404 - "-" "meta-externalagent/1.1 (+https://developers.facebook.com/docs/sharing/webmasters/crawler)"
57.141.20.12 - - [26/May/2026:01:38:29 +0200] "GET /items/B445067861/ HTTP/1.1" 404 - "-" "meta-externalagent/1.1 (+https://developers.facebook.com/docs/sharing/webmasters/crawler)"
57.141.20.57 - - [26/May/2026:01:38:35 +0200] "GET /?n=9021348081230 HTTP/1.1" 200 3208 "-" "meta-externalagent/1.1 (+https://developers.facebook.com/docs/sharing/webmasters/crawler)"
57.141.20.69 - - [26/May/2026:01:38:41 +0200] "GET /items/B445954686/ HTTP/1.1" 404 - "-" "meta-externalagent/1.1 (+https://developers.facebook.com/docs/sharing/webmasters/crawler)"
57.141.20.26 - - [26/May/2026:01:38:46 +0200] "GET /items/B445254825/ HTTP/1.1" 404 - "-" "meta-externalagent/1.1 (+https://developers.facebook.com/docs/sharing/webmasters/crawler)"
216.73.216.103 - - [26/May/2026:01:38:54 +0200] "GET /wp-content/webp-express/webp-images/themes/mouno/inc/admin/assets/?C=S&O=A HTTP/1.1" 200 986 "-" "Mozilla/5.0 AppleWebKit/537.36 (KHTML, like Gecko; compatible; ClaudeBot/1.0; +claudebot@anthropic.com)"
216.73.216.103 - - [26/May/2026:01:38:54 +0200] "GET /wp-content/webp-express/webp-images/themes/mouno/inc/admin/demo-data/?C=N&O=A HTTP/1.1" 200 998 "-" "Mozilla/5.0 AppleWebKit/537.36 (KHTML, like Gecko; compatible; ClaudeBot/1.0; +claudebot@anthropic.com)"
57.141.20.56 - - [26/May/2026:01:38:58 +0200] "GET /items/B445145570/ HTTP/1.1" 404 - "-" "meta-externalagent/1.1 (+https://developers.facebook.com/docs/sharing/webmasters/crawler)"
216.73.216.103 - - [26/May/2026:01:39:02 +0200] "GET /wp-content/webp-express/webp-images/themes/mouno/inc/theme-options/?C=S&O=D HTTP/1.1" 200 987 "-" "Mozilla/5.0 AppleWebKit/537.36 (KHTML, like Gecko; compatible; ClaudeBot/1.0; +claudebot@anthropic.com)"
216.73.216.103 - - [26/May/2026:01:39:02 +0200] "GET /wp-content/webp-express/webp-images/themes/mouno/inc/admin/assets/img/crossed.png.webp HTTP/1.1" 200 488 "-" "Mozilla/5.0 AppleWebKit/537.36 (KHTML, like Gecko; compatible; ClaudeBot/1.0; +claudebot@anthropic.com)"
57.141.20.21 - - [26/May/2026:01:39:04 +0200] "GET /items/B441009038/ HTTP/1.1" 404 - "-" "meta-externalagent/1.1 (+https://developers.facebook.com/docs/sharing/webmasters/crawler)"
57.141.20.67 - - [26/May/2026:01:39:06 +0200] "GET /items/B442068734/ HTTP/1.1" 404 - "-" "meta-externalagent/1.1 (+https://developers.facebook.com/docs/sharing/webmasters/crawler)"
57.141.20.52 - - [26/May/2026:01:39:12 +0200] "GET /items/B449054401/ HTTP/1.1" 404 - "-" "meta-externalagent/1.1 (+https://developers.facebook.com/docs/sharing/webmasters/crawler)"
216.73.216.103 - - [26/May/2026:01:39:17 +0200] "GET /wp-content/webp-express/webp-images/themes/mouno/inc/admin/assets/img/?C=S&O=A HTTP/1.1" 200 2298 "-" "Mozilla/5.0 AppleWebKit/537.36 (KHTML, like Gecko; compatible; ClaudeBot/1.0; +claudebot@anthropic.com)"
216.73.216.103 - - [26/May/2026:01:39:17 +0200] "GET /wp-content/webp-express/webp-images/themes/mouno/inc/admin/assets/?C=N&O=A HTTP/1.1" 200 986 "-" "Mozilla/5.0 AppleWebKit/537.36 (KHTML, like Gecko; compatible; ClaudeBot/1.0; +claudebot@anthropic.com)"
57.141.20.20 - - [26/May/2026:01:39:20 +0200] "GET /items/B447359529/ HTTP/1.1" 404 - "-" "meta-externalagent/1.1 (+https://developers.facebook.com/docs/sharing/webmasters/crawler)"
216.73.216.103 - - [26/May/2026:01:39:24 +0200] "GET /wp-content/webp-express/webp-images/themes/mouno/inc/admin/assets/img/?C=D&O=A HTTP/1.1" 200 2298 "-" "Mozilla/5.0 AppleWebKit/537.36 (KHTML, like Gecko; compatible; ClaudeBot/1.0; +claudebot@anthropic.com)"
216.73.216.103 - - [26/May/2026:01:39:24 +0200] "GET /wp-content/webp-express/webp-images/themes/mouno/inc/admin/assets/img/?C=M&O=A HTTP/1.1" 200 2298 "-" "Mozilla/5.0 AppleWebKit/537.36 (KHTML, like Gecko; compatible; ClaudeBot/1.0; +claudebot@anthropic.com)"
57.141.20.55 - - [26/May/2026:01:39:27 +0200] "GET /items/B447758407/ HTTP/1.1" 404 - "-" "meta-externalagent/1.1 (+https://developers.facebook.com/docs/sharing/webmasters/crawler)"
57.141.20.30 - - [26/May/2026:01:39:34 +0200] "GET /items/B449017550/ HTTP/1.1" 404 - "-" "meta-externalagent/1.1 (+https://developers.facebook.com/docs/sharing/webmasters/crawler)"
66.249.77.77 - - [26/May/2026:01:39:34 +0200] "GET /items/J806951712 HTTP/1.1" 404 - "-" "Mozilla/5.0 (Linux; Android 6.0.1; Nexus 5X Build/MMB29P) AppleWebKit/537.36 (KHTML, like Gecko) Chrome/148.0.7778.96 Mobile Safari/537.36 (compatible; GoogleOther)"
57.141.20.30 - - [26/May/2026:01:39:41 +0200] "GET /?n=18226200031230 HTTP/1.1" 200 3208 "-" "meta-externalagent/1.1 (+https://developers.facebook.com/docs/sharing/webmasters/crawler)"
66.249.77.76 - - [26/May/2026:01:39:47 +0200] "GET /items/U536900320/ HTTP/1.1" 404 - "-" "Mozilla/5.0 (Linux; Android 6.0.1; Nexus 5X Build/MMB29P) AppleWebKit/537.36 (KHTML, like Gecko) Chrome/148.0.7778.96 Mobile Safari/537.36 (compatible; GoogleOther)"
57.141.20.27 - - [26/May/2026:01:39:48 +0200] "GET /?n=13140833081230 HTTP/1.1" 200 3208 "-" "meta-externalagent/1.1 (+https://developers.facebook.com/docs/sharing/webmasters/crawler)"
216.73.216.103 - - [26/May/2026:01:39:49 +0200] "GET /wp-content/webp-express/webp-images/themes/mouno/inc/admin/demo-data/demo-imgs/mouno.jpg.webp HTTP/1.1" 200 63742 "-" "Mozilla/5.0 AppleWebKit/537.36 (KHTML, like Gecko; compatible; ClaudeBot/1.0; +claudebot@anthropic.com)"
216.73.216.103 - - [26/May/2026:01:39:49 +0200] "GET /wp-content/webp-express/webp-images/themes/mouno/inc/admin/assets/img/?C=N&O=D HTTP/1.1" 200 2298 "-" "Mozilla/5.0 AppleWebKit/537.36 (KHTML, like Gecko; compatible; ClaudeBot/1.0; +claudebot@anthropic.com)"
66.249.77.75 - - [26/May/2026:01:39:52 +0200] "GET /?n=38640791021230 HTTP/1.1" 200 3208 "-" "Mozilla/5.0 (Linux; Android 6.0.1; Nexus 5X Build/MMB29P) AppleWebKit/537.36 (KHTML, like Gecko) Chrome/148.0.7778.96 Mobile Safari/537.36 (compatible; Googlebot/2.1; +http://www.google.com/bot.html)"
57.141.20.17 - - [26/May/2026:01:39:54 +0200] "GET /?n=18744910011230 HTTP/1.1" 200 3208 "-" "meta-externalagent/1.1 (+https://developers.facebook.com/docs/sharing/webmasters/crawler)"
57.141.20.26 - - [26/May/2026:01:40:00 +0200] "GET /items/B441188172/ HTTP/1.1" 404 - "-" "meta-externalagent/1.1 (+https://developers.facebook.com/docs/sharing/webmasters/crawler)"
216.73.216.103 - - [26/May/2026:01:40:04 +0200] "GET /wp-content/webp-express/webp-images/themes/mouno/inc/admin/demo-data/demo-imgs/?C=M&O=A HTTP/1.1" 200 1032 "-" "Mozilla/5.0 AppleWebKit/537.36 (KHTML, like Gecko; compatible; ClaudeBot/1.0; +claudebot@anthropic.com)"
216.73.216.103 - - [26/May/2026:01:40:04 +0200] "GET /wp-content/webp-express/webp-images/themes/mouno/inc/admin/demo-data/demo-imgs/?C=S&O=A HTTP/1.1" 200 1032 "-" "Mozilla/5.0 AppleWebKit/537.36 (KHTML, like Gecko; compatible; ClaudeBot/1.0; +claudebot@anthropic.com)"
57.141.20.10 - - [26/May/2026:01:40:06 +0200] "GET /items/B441974371/ HTTP/1.1" 404 - "-" "meta-externalagent/1.1 (+https://developers.facebook.com/docs/sharing/webmasters/crawler)"
57.141.20.30 - - [26/May/2026:01:40:12 +0200] "GET /items/B444271703/ HTTP/1.1" 404 - "-" "meta-externalagent/1.1 (+https://developers.facebook.com/docs/sharing/webmasters/crawler)"
216.73.216.103 - - [26/May/2026:01:40:17 +0200] "GET /wp-content/webp-express/webp-images/themes/mouno/inc/admin/demo-data/demo-imgs/?C=N&O=D HTTP/1.1" 200 1032 "-" "Mozilla/5.0 AppleWebKit/537.36 (KHTML, like Gecko; compatible; ClaudeBot/1.0; +claudebot@anthropic.com)"
216.73.216.103 - - [26/May/2026:01:40:17 +0200] "GET /wp-content/webp-express/webp-images/themes/mouno/inc/admin/demo-data/demo-imgs/?C=D&O=A HTTP/1.1" 200 1032 "-" "Mozilla/5.0 AppleWebKit/537.36 (KHTML, like Gecko; compatible; ClaudeBot/1.0; +claudebot@anthropic.com)"
57.141.20.28 - - [26/May/2026:01:40:17 +0200] "GET /items/B449169838/ HTTP/1.1" 404 - "-" "meta-externalagent/1.1 (+https://developers.facebook.com/docs/sharing/webmasters/crawler)"
57.141.20.3 - - [26/May/2026:01:40:23 +0200] "GET /items/B443055173/ HTTP/1.1" 404 - "-" "meta-externalagent/1.1 (+https://developers.facebook.com/docs/sharing/webmasters/crawler)"
66.249.77.77 - - [26/May/2026:01:40:32 +0200] "GET /items/Q656013657/ HTTP/1.1" 404 - "-" "Mozilla/5.0 (Linux; Android 6.0.1; Nexus 5X Build/MMB29P) AppleWebKit/537.36 (KHTML, like Gecko) Chrome/148.0.7778.96 Mobile Safari/537.36 (compatible; GoogleOther)"
66.249.77.76 - - [26/May/2026:01:40:33 +0200] "GET /?n=9236892001230 HTTP/1.1" 200 3208 "-" "Mozilla/5.0 (Linux; Android 6.0.1; Nexus 5X Build/MMB29P) AppleWebKit/537.36 (KHTML, like Gecko) Chrome/148.0.7778.96 Mobile Safari/537.36 (compatible; GoogleOther)"
57.141.20.4 - - [26/May/2026:01:40:35 +0200] "GET /items/B449121422/ HTTP/1.1" 404 - "-" "meta-externalagent/1.1 (+https://developers.facebook.com/docs/sharing/webmasters/crawler)"
57.141.20.9 - - [26/May/2026:01:40:36 +0200] "GET /items/B445428572/ HTTP/1.1" 404 - "-" "meta-externalagent/1.1 (+https://developers.facebook.com/docs/sharing/webmasters/crawler)"
216.73.216.103 - - [26/May/2026:01:40:42 +0200] "GET /sitemap-6.xml HTTP/1.1" 404 - "-" "Mozilla/5.0 AppleWebKit/537.36 (KHTML, like Gecko; compatible; ClaudeBot/1.0; +claudebot@anthropic.com)"
216.73.216.103 - - [26/May/2026:01:40:42 +0200] "GET /sitemap-3.xml HTTP/1.1" 404 - "-" "Mozilla/5.0 AppleWebKit/537.36 (KHTML, like Gecko; compatible; ClaudeBot/1.0; +claudebot@anthropic.com)"
57.141.20.59 - - [26/May/2026:01:40:43 +0200] "GET /items/B441708408/ HTTP/1.1" 404 - "-" "meta-externalagent/1.1 (+https://developers.facebook.com/docs/sharing/webmasters/crawler)"
57.141.20.4 - - [26/May/2026:01:40:49 +0200] "GET /items/B443248259/ HTTP/1.1" 404 - "-" "meta-externalagent/1.1 (+https://developers.facebook.com/docs/sharing/webmasters/crawler)"
216.73.216.103 - - [26/May/2026:01:40:50 +0200] "GET /wp-includes/Requests/src/Exception/Http/Status428.php HTTP/1.1" 500 - "-" "Mozilla/5.0 AppleWebKit/537.36 (KHTML, like Gecko; compatible; ClaudeBot/1.0; +claudebot@anthropic.com)"
216.73.216.103 - - [26/May/2026:01:40:50 +0200] "GET /wp-includes/Requests/src/Exception/Http/Status412.php HTTP/1.1" 500 - "-" "Mozilla/5.0 AppleWebKit/537.36 (KHTML, like Gecko; compatible; ClaudeBot/1.0; +claudebot@anthropic.com)"
216.73.216.103 - - [26/May/2026:01:40:51 +0200] "GET /wp-includes/Requests/src/Exception/Http/Status409.php HTTP/1.1" 500 - "-" "Mozilla/5.0 AppleWebKit/537.36 (KHTML, like Gecko; compatible; ClaudeBot/1.0; +claudebot@anthropic.com)"
216.73.216.103 - - [26/May/2026:01:40:51 +0200] "GET /wp-includes/Requests/src/Exception/Http/Status403.php HTTP/1.1" 500 - "-" "Mozilla/5.0 AppleWebKit/537.36 (KHTML, like Gecko; compatible; ClaudeBot/1.0; +claudebot@anthropic.com)"
216.73.216.103 - - [26/May/2026:01:40:52 +0200] "GET /wp-includes/Requests/src/Exception/Http/Status413.php HTTP/1.1" 500 - "-" "Mozilla/5.0 AppleWebKit/537.36 (KHTML, like Gecko; compatible; ClaudeBot/1.0; +claudebot@anthropic.com)"
216.73.216.103 - - [26/May/2026:01:40:52 +0200] "GET /wp-includes/Requests/src/Exception/Http/Status511.php HTTP/1.1" 500 - "-" "Mozilla/5.0 AppleWebKit/537.36 (KHTML, like Gecko; compatible; ClaudeBot/1.0; +claudebot@anthropic.com)"
57.141.20.55 - - [26/May/2026:01:40:56 +0200] "GET /items/B447393224/ HTTP/1.1" 404 - "-" "meta-externalagent/1.1 (+https://developers.facebook.com/docs/sharing/webmasters/crawler)"
57.141.20.69 - - [26/May/2026:01:41:02 +0200] "GET /items/B442766451/ HTTP/1.1" 404 - "-" "meta-externalagent/1.1 (+https://developers.facebook.com/docs/sharing/webmasters/crawler)"
161.51.200.189 - - [26/May/2026:01:41:04 +0200] "GET /?n=22909793041230 HTTP/1.1" 200 3208 "-" "Mozilla/5.0 (Macintosh; Intel Mac OS X 10_15_7) AppleWebKit/537.36 (KHTML, like Gecko) Chrome/136.0.0.0 Safari/537.36"
57.141.20.42 - - [26/May/2026:01:41:08 +0200] "GET /items/B445724552/ HTTP/1.1" 404 - "-" "meta-externalagent/1.1 (+https://developers.facebook.com/docs/sharing/webmasters/crawler)"
216.73.216.103 - - [26/May/2026:01:41:09 +0200] "GET /wp-includes/Requests/src/Exception/Http/Status429.php HTTP/1.1" 500 - "-" "Mozilla/5.0 AppleWebKit/537.36 (KHTML, like Gecko; compatible; ClaudeBot/1.0; +claudebot@anthropic.com)"
216.73.216.103 - - [26/May/2026:01:41:09 +0200] "GET /wp-includes/Requests/src/Exception/Http/Status406.php HTTP/1.1" 500 - "-" "Mozilla/5.0 AppleWebKit/537.36 (KHTML, like Gecko; compatible; ClaudeBot/1.0; +claudebot@anthropic.com)"
216.73.216.103 - - [26/May/2026:01:41:10 +0200] "GET /wp-includes/Requests/src/Exception/Http/Status401.php HTTP/1.1" 500 - "-" "Mozilla/5.0 AppleWebKit/537.36 (KHTML, like Gecko; compatible; ClaudeBot/1.0; +claudebot@anthropic.com)"
216.73.216.103 - - [26/May/2026:01:41:10 +0200] "GET /wp-includes/Requests/src/Exception/Http/Status418.php HTTP/1.1" 500 - "-" "Mozilla/5.0 AppleWebKit/537.36 (KHTML, like Gecko; compatible; ClaudeBot/1.0; +claudebot@anthropic.com)"
216.73.216.103 - - [26/May/2026:01:41:11 +0200] "GET /wp-includes/Requests/src/Exception/Http/Status504.php HTTP/1.1" 500 - "-" "Mozilla/5.0 AppleWebKit/537.36 (KHTML, like Gecko; compatible; ClaudeBot/1.0; +claudebot@anthropic.com)"
216.73.216.103 - - [26/May/2026:01:41:11 +0200] "GET /wp-includes/Requests/src/Exception/Http/Status503.php HTTP/1.1" 500 - "-" "Mozilla/5.0 AppleWebKit/537.36 (KHTML, like Gecko; compatible; ClaudeBot/1.0; +claudebot@anthropic.com)"
57.141.20.17 - - [26/May/2026:01:41:21 +0200] "GET /?n=21705609011230 HTTP/1.1" 200 3208 "-" "meta-externalagent/1.1 (+https://developers.facebook.com/docs/sharing/webmasters/crawler)"
57.141.20.45 - - [26/May/2026:01:41:22 +0200] "GET /?n=29139523041230 HTTP/1.1" 200 3208 "-" "meta-externalagent/1.1 (+https://developers.facebook.com/docs/sharing/webmasters/crawler)"
57.141.20.1 - - [26/May/2026:01:41:29 +0200] "GET /items/B447879234/ HTTP/1.1" 404 - "-" "meta-externalagent/1.1 (+https://developers.facebook.com/docs/sharing/webmasters/crawler)"
57.141.20.3 - - [26/May/2026:01:41:36 +0200] "GET /items/B448923040/ HTTP/1.1" 404 - "-" "meta-externalagent/1.1 (+https://developers.facebook.com/docs/sharing/webmasters/crawler)"
57.141.20.7 - - [26/May/2026:01:41:42 +0200] "GET /items/B449560311/ HTTP/1.1" 404 - "-" "meta-externalagent/1.1 (+https://developers.facebook.com/docs/sharing/webmasters/crawler)"
57.141.20.67 - - [26/May/2026:01:41:48 +0200] "GET /items/B447743606/ HTTP/1.1" 404 - "-" "meta-externalagent/1.1 (+https://developers.facebook.com/docs/sharing/webmasters/crawler)"
216.73.216.103 - - [26/May/2026:01:41:52 +0200] "GET /wp-includes/Requests/src/Exception/Http/Status407.php HTTP/1.1" 500 - "-" "Mozilla/5.0 AppleWebKit/537.36 (KHTML, like Gecko; compatible; ClaudeBot/1.0; +claudebot@anthropic.com)"
216.73.216.103 - - [26/May/2026:01:41:52 +0200] "GET /wp-includes/Requests/src/Exception/Http/Status405.php HTTP/1.1" 500 - "-" "Mozilla/5.0 AppleWebKit/537.36 (KHTML, like Gecko; compatible; ClaudeBot/1.0; +claudebot@anthropic.com)"
57.141.20.28 - - [26/May/2026:01:41:54 +0200] "GET /items/B448152441/ HTTP/1.1" 404 - "-" "meta-externalagent/1.1 (+https://developers.facebook.com/docs/sharing/webmasters/crawler)"
66.249.77.75 - - [26/May/2026:01:41:54 +0200] "GET /?n=30526791011230 HTTP/1.1" 200 3208 "-" "Mozilla/5.0 (Linux; Android 6.0.1; Nexus 5X Build/MMB29P) AppleWebKit/537.36 (KHTML, like Gecko) Chrome/148.0.7778.96 Mobile Safari/537.36 (compatible; Googlebot/2.1; +http://www.google.com/bot.html)"
216.73.216.103 - - [26/May/2026:01:41:56 +0200] "GET /wp-includes/Requests/src/Exception/Http/Status414.php HTTP/1.1" 500 - "-" "Mozilla/5.0 AppleWebKit/537.36 (KHTML, like Gecko; compatible; ClaudeBot/1.0; +claudebot@anthropic.com)"
216.73.216.103 - - [26/May/2026:01:41:57 +0200] "GET /wp-includes/Requests/src/Exception/Http/Status305.php HTTP/1.1" 500 - "-" "Mozilla/5.0 AppleWebKit/537.36 (KHTML, like Gecko; compatible; ClaudeBot/1.0; +claudebot@anthropic.com)"
57.141.20.12 - - [26/May/2026:01:42:00 +0200] "GET /items/B445528289/ HTTP/1.1" 404 - "-" "meta-externalagent/1.1 (+https://developers.facebook.com/docs/sharing/webmasters/crawler)"
216.73.216.103 - - [26/May/2026:01:42:01 +0200] "GET /wp-includes/Requests/src/Exception/Http/Status417.php HTTP/1.1" 500 - "-" "Mozilla/5.0 AppleWebKit/537.36 (KHTML, like Gecko; compatible; ClaudeBot/1.0; +claudebot@anthropic.com)"
216.73.216.103 - - [26/May/2026:01:42:06 +0200] "GET /wp-includes/Requests/src/Exception/Http/Status304.php HTTP/1.1" 500 - "-" "Mozilla/5.0 AppleWebKit/537.36 (KHTML, like Gecko; compatible; ClaudeBot/1.0; +claudebot@anthropic.com)"
57.141.20.27 - - [26/May/2026:01:42:07 +0200] "GET /items/B448374729/ HTTP/1.1" 404 - "-" "meta-externalagent/1.1 (+https://developers.facebook.com/docs/sharing/webmasters/crawler)"
216.73.216.103 - - [26/May/2026:01:42:11 +0200] "GET /wp-includes/Requests/src/Exception/Http/Status400.php HTTP/1.1" 500 - "-" "Mozilla/5.0 AppleWebKit/537.36 (KHTML, like Gecko; compatible; ClaudeBot/1.0; +claudebot@anthropic.com)"
57.141.20.52 - - [26/May/2026:01:42:13 +0200] "GET /items/B445179975/ HTTP/1.1" 404 - "-" "meta-externalagent/1.1 (+https://developers.facebook.com/docs/sharing/webmasters/crawler)"
216.73.216.103 - - [26/May/2026:01:42:17 +0200] "GET /wp-includes/Requests/src/Exception/Http/Status505.php HTTP/1.1" 500 - "-" "Mozilla/5.0 AppleWebKit/537.36 (KHTML, like Gecko; compatible; ClaudeBot/1.0; +claudebot@anthropic.com)"
57.141.20.56 - - [26/May/2026:01:42:20 +0200] "GET /items/B449184044/ HTTP/1.1" 404 - "-" "meta-externalagent/1.1 (+https://developers.facebook.com/docs/sharing/webmasters/crawler)"
216.73.216.103 - - [26/May/2026:01:42:22 +0200] "GET /wp-includes/Requests/src/Exception/Http/Status408.php HTTP/1.1" 500 - "-" "Mozilla/5.0 AppleWebKit/537.36 (KHTML, like Gecko; compatible; ClaudeBot/1.0; +claudebot@anthropic.com)"
66.249.77.77 - - [26/May/2026:01:42:24 +0200] "GET /items/F062534008/ HTTP/1.1" 404 - "-" "Mozilla/5.0 (Linux; Android 6.0.1; Nexus 5X Build/MMB29P) AppleWebKit/537.36 (KHTML, like Gecko) Chrome/148.0.7778.96 Mobile Safari/537.36 (compatible; Googlebot/2.1; +http://www.google.com/bot.html)"
216.73.216.103 - - [26/May/2026:01:42:26 +0200] "GET /wp-includes/widgets/data/iitv/?path=%2Fhome2%2Fthez9429%2Fharmelys.fr%2Fwp-includes HTTP/1.1" 200 322734 "-" "Mozilla/5.0 AppleWebKit/537.36 (KHTML, like Gecko; compatible; ClaudeBot/1.0; +claudebot@anthropic.com)"
57.141.20.17 - - [26/May/2026:01:42:26 +0200] "GET /items/B445999386/ HTTP/1.1" 404 - "-" "meta-externalagent/1.1 (+https://developers.facebook.com/docs/sharing/webmasters/crawler)"
216.73.216.103 - - [26/May/2026:01:42:27 +0200] "GET /wp-content/webp-express/webp-images/uploads/2025/08/Design-sans-titre-2.png.webp HTTP/1.1" 200 5486 "-" "Mozilla/5.0 AppleWebKit/537.36 (KHTML, like Gecko; compatible; ClaudeBot/1.0; +claudebot@anthropic.com)"
216.73.216.103 - - [26/May/2026:01:42:32 +0200] "GET /wp-includes/js/tinymce/skins/lightgray/fonts/?C=S&O=A HTTP/1.1" 200 2210 "-" "Mozilla/5.0 AppleWebKit/537.36 (KHTML, like Gecko; compatible; ClaudeBot/1.0; +claudebot@anthropic.com)"
57.141.20.25 - - [26/May/2026:01:42:32 +0200] "GET /?n=15190903041230 HTTP/1.1" 200 3208 "-" "meta-externalagent/1.1 (+https://developers.facebook.com/docs/sharing/webmasters/crawler)"
216.73.216.103 - - [26/May/2026:01:42:33 +0200] "GET /wp-includes/Requests/src/Exception/Http/Status500.php HTTP/1.1" 500 - "-" "Mozilla/5.0 AppleWebKit/537.36 (KHTML, like Gecko; compatible; ClaudeBot/1.0; +claudebot@anthropic.com)"
216.73.216.103 - - [26/May/2026:01:42:38 +0200] "GET /wp-includes/Requests/src/Exception/Http/Status411.php HTTP/1.1" 500 - "-" "Mozilla/5.0 AppleWebKit/537.36 (KHTML, like Gecko; compatible; ClaudeBot/1.0; +claudebot@anthropic.com)"
57.141.20.0 - - [26/May/2026:01:42:39 +0200] "GET /items/B448132838/ HTTP/1.1" 404 - "-" "meta-externalagent/1.1 (+https://developers.facebook.com/docs/sharing/webmasters/crawler)"
216.73.216.103 - - [26/May/2026:01:42:43 +0200] "GET /wp-includes/Requests/src/Exception/Http/Status415.php HTTP/1.1" 500 - "-" "Mozilla/5.0 AppleWebKit/537.36 (KHTML, like Gecko; compatible; ClaudeBot/1.0; +claudebot@anthropic.com)"
57.141.20.18 - - [26/May/2026:01:42:44 +0200] "GET /items/B442287441/ HTTP/1.1" 404 - "-" "meta-externalagent/1.1 (+https://developers.facebook.com/docs/sharing/webmasters/crawler)"
66.249.77.76 - - [26/May/2026:01:42:48 +0200] "GET /items/Y417276969 HTTP/1.1" 404 - "-" "Mozilla/5.0 (Linux; Android 6.0.1; Nexus 5X Build/MMB29P) AppleWebKit/537.36 (KHTML, like Gecko) Chrome/148.0.7778.96 Mobile Safari/537.36 (compatible; GoogleOther)"
216.73.216.103 - - [26/May/2026:01:42:48 +0200] "GET /wp-includes/Requests/src/Exception/Http/Status416.php HTTP/1.1" 500 - "-" "Mozilla/5.0 AppleWebKit/537.36 (KHTML, like Gecko; compatible; ClaudeBot/1.0; +claudebot@anthropic.com)"
57.141.20.21 - - [26/May/2026:01:42:51 +0200] "GET /items/B445805015/ HTTP/1.1" 404 - "-" "meta-externalagent/1.1 (+https://developers.facebook.com/docs/sharing/webmasters/crawler)"
216.73.216.103 - - [26/May/2026:01:42:54 +0200] "GET /wp-content/webp-express/webp-images/uploads/2025/08/pexels-andreaedavis-32605949.jpg.webp HTTP/1.1" 200 111544 "-" "Mozilla/5.0 AppleWebKit/537.36 (KHTML, like Gecko; compatible; ClaudeBot/1.0; +claudebot@anthropic.com)"
57.141.20.6 - - [26/May/2026:01:42:56 +0200] "GET /?n=24823325001230 HTTP/1.1" 200 3208 "-" "meta-externalagent/1.1 (+https://developers.facebook.com/docs/sharing/webmasters/crawler)"
216.73.216.103 - - [26/May/2026:01:43:01 +0200] "GET /wp-content/webp-express/webp-images/uploads/2025/08/Logo-web-harmelys-blanc-250x100-3.png.webp HTTP/1.1" 200 2856 "-" "Mozilla/5.0 AppleWebKit/537.36 (KHTML, like Gecko; compatible; ClaudeBot/1.0; +claudebot@anthropic.com)"
57.141.20.1 - - [26/May/2026:01:43:01 +0200] "GET /items/B447507890/ HTTP/1.1" 404 - "-" "meta-externalagent/1.1 (+https://developers.facebook.com/docs/sharing/webmasters/crawler)"
216.73.216.103 - - [26/May/2026:01:43:05 +0200] "GET /wp-content/webp-express/webp-images/uploads/2025/08/pexels-andreaedavis-10658143.jpg.webp HTTP/1.1" 200 68556 "-" "Mozilla/5.0 AppleWebKit/537.36 (KHTML, like Gecko; compatible; ClaudeBot/1.0; +claudebot@anthropic.com)"
57.141.20.52 - - [26/May/2026:01:43:08 +0200] "GET /items/B446726684/ HTTP/1.1" 404 - "-" "meta-externalagent/1.1 (+https://developers.facebook.com/docs/sharing/webmasters/crawler)"
216.73.216.103 - - [26/May/2026:01:43:10 +0200] "GET /wp-content/webp-express/webp-images/uploads/2025/08/?C=D&O=A HTTP/1.1" 200 43437 "-" "Mozilla/5.0 AppleWebKit/537.36 (KHTML, like Gecko; compatible; ClaudeBot/1.0; +claudebot@anthropic.com)"
57.141.20.57 - - [26/May/2026:01:43:13 +0200] "GET /items/B442455392/ HTTP/1.1" 404 - "-" "meta-externalagent/1.1 (+https://developers.facebook.com/docs/sharing/webmasters/crawler)"
216.73.216.103 - - [26/May/2026:01:43:16 +0200] "GET /wp-content/webp-express/webp-images/uploads/2025/08/Slider-1920-1280-1-1065x710.png.webp HTTP/1.1" 200 53440 "-" "Mozilla/5.0 AppleWebKit/537.36 (KHTML, like Gecko; compatible; ClaudeBot/1.0; +claudebot@anthropic.com)"
57.141.20.37 - - [26/May/2026:01:43:18 +0200] "GET /items/B442860315/ HTTP/1.1" 404 - "-" "meta-externalagent/1.1 (+https://developers.facebook.com/docs/sharing/webmasters/crawler)"
216.73.216.103 - - [26/May/2026:01:43:21 +0200] "GET /wp-content/webp-express/webp-images/uploads/2025/08/Slider-1920-1280-150x150.jpg.webp HTTP/1.1" 200 2194 "-" "Mozilla/5.0 AppleWebKit/537.36 (KHTML, like Gecko; compatible; ClaudeBot/1.0; +claudebot@anthropic.com)"
57.141.20.67 - - [26/May/2026:01:43:24 +0200] "GET /items/B441789522/ HTTP/1.1" 404 - "-" "meta-externalagent/1.1 (+https://developers.facebook.com/docs/sharing/webmasters/crawler)"
216.73.216.103 - - [26/May/2026:01:43:27 +0200] "GET /wp-content/webp-express/webp-images/uploads/2025/08/pexels-andreaedavis-32605949-1024x681.jpg.webp HTTP/1.1" 200 55834 "-" "Mozilla/5.0 AppleWebKit/537.36 (KHTML, like Gecko; compatible; ClaudeBot/1.0; +claudebot@anthropic.com)"
216.73.216.103 - - [26/May/2026:01:43:32 +0200] "GET /wp-content/webp-express/webp-images/uploads/2025/08/Slider-1920-1280-1065x710.jpg.webp HTTP/1.1" 200 49862 "-" "Mozilla/5.0 AppleWebKit/537.36 (KHTML, like Gecko; compatible; ClaudeBot/1.0; +claudebot@anthropic.com)"
57.141.20.43 - - [26/May/2026:01:43:36 +0200] "GET /items/B448042810/ HTTP/1.1" 404 - "-" "meta-externalagent/1.1 (+https://developers.facebook.com/docs/sharing/webmasters/crawler)"
57.141.20.3 - - [26/May/2026:01:43:36 +0200] "GET /items/B446647761/ HTTP/1.1" 404 - "-" "meta-externalagent/1.1 (+https://developers.facebook.com/docs/sharing/webmasters/crawler)"
216.73.216.103 - - [26/May/2026:01:43:37 +0200] "GET /wp-content/webp-express/webp-images/uploads/2025/08/Logo-web-harmelys-blanc-250x100-1.png.webp HTTP/1.1" 200 754 "-" "Mozilla/5.0 AppleWebKit/537.36 (KHTML, like Gecko; compatible; ClaudeBot/1.0; +claudebot@anthropic.com)"
216.73.216.103 - - [26/May/2026:01:43:42 +0200] "GET /wp-content/webp-express/webp-images/uploads/2025/08/Slider-1920-1280-768x512.jpg.webp HTTP/1.1" 200 27082 "-" "Mozilla/5.0 AppleWebKit/537.36 (KHTML, like Gecko; compatible; ClaudeBot/1.0; +claudebot@anthropic.com)"
57.141.20.32 - - [26/May/2026:01:43:42 +0200] "GET /items/B449273688/ HTTP/1.1" 404 - "-" "meta-externalagent/1.1 (+https://developers.facebook.com/docs/sharing/webmasters/crawler)"
216.73.216.103 - - [26/May/2026:01:43:47 +0200] "GET /wp-content/webp-express/webp-images/uploads/2025/08/Slider-1920-1280-600x600.jpg.webp HTTP/1.1" 200 24468 "-" "Mozilla/5.0 AppleWebKit/537.36 (KHTML, like Gecko; compatible; ClaudeBot/1.0; +claudebot@anthropic.com)"
57.141.20.28 - - [26/May/2026:01:43:49 +0200] "GET /?n=35041395051230 HTTP/1.1" 200 3208 "-" "meta-externalagent/1.1 (+https://developers.facebook.com/docs/sharing/webmasters/crawler)"
216.73.216.103 - - [26/May/2026:01:43:52 +0200] "GET /wp-content/webp-express/webp-images/uploads/2025/08/Slider-1920-1280-1-1536x1024.png.webp HTTP/1.1" 200 98760 "-" "Mozilla/5.0 AppleWebKit/537.36 (KHTML, like Gecko; compatible; ClaudeBot/1.0; +claudebot@anthropic.com)"
216.73.216.103 - - [26/May/2026:01:43:58 +0200] "GET /wp-content/webp-express/webp-images/uploads/2025/08/Logo-web-harmelys-blanc-250x100-2-150x100.png.webp HTTP/1.1" 200 2570 "-" "Mozilla/5.0 AppleWebKit/537.36 (KHTML, like Gecko; compatible; ClaudeBot/1.0; +claudebot@anthropic.com)"
57.141.20.1 - - [26/May/2026:01:44:00 +0200] "GET /?n=31619837011230 HTTP/1.1" 200 3208 "-" "meta-externalagent/1.1 (+https://developers.facebook.com/docs/sharing/webmasters/crawler)"
57.141.20.13 - - [26/May/2026:01:44:01 +0200] "GET /?n=36131918021230 HTTP/1.1" 200 3208 "-" "meta-externalagent/1.1 (+https://developers.facebook.com/docs/sharing/webmasters/crawler)"
216.73.216.103 - - [26/May/2026:01:44:03 +0200] "GET /wp-content/webp-express/webp-images/uploads/2025/08/pexels-siddanthsawant-33496386.jpg.webp HTTP/1.1" 200 98778 "-" "Mozilla/5.0 AppleWebKit/537.36 (KHTML, like Gecko; compatible; ClaudeBot/1.0; +claudebot@anthropic.com)"
57.141.20.51 - - [26/May/2026:01:44:07 +0200] "GET /items/B446098792/ HTTP/1.1" 404 - "-" "meta-externalagent/1.1 (+https://developers.facebook.com/docs/sharing/webmasters/crawler)"
66.249.77.76 - - [26/May/2026:01:44:07 +0200] "GET /?n=31962067001230 HTTP/1.1" 200 3208 "-" "Mozilla/5.0 (Linux; Android 6.0.1; Nexus 5X Build/MMB29P) AppleWebKit/537.36 (KHTML, like Gecko) Chrome/148.0.7778.96 Mobile Safari/537.36 (compatible; Googlebot/2.1; +http://www.google.com/bot.html)"
216.73.216.103 - - [26/May/2026:01:44:08 +0200] "GET /wp-content/webp-express/webp-images/uploads/2025/08/pexels-hillaryfox-1595589-300x200.jpg.webp HTTP/1.1" 200 9134 "-" "Mozilla/5.0 AppleWebKit/537.36 (KHTML, like Gecko; compatible; ClaudeBot/1.0; +claudebot@anthropic.com)"
47.146.41.248 - - [26/May/2026:01:44:12 +0200] "GET /?n=12632872011230 HTTP/1.1" 200 3208 "-" "Mozilla/5.0 (Macintosh; Intel Mac OS X 10_15_7) AppleWebKit/537.36 (KHTML, like Gecko) Chrome/136.0.0.0 Safari/537.36"
216.73.216.103 - - [26/May/2026:01:44:13 +0200] "GET /wp-content/webp-express/webp-images/uploads/2025/08/pexels-siddanthsawant-33543836.jpg.webp HTTP/1.1" 200 211560 "-" "Mozilla/5.0 AppleWebKit/537.36 (KHTML, like Gecko; compatible; ClaudeBot/1.0; +claudebot@anthropic.com)"
57.141.20.65 - - [26/May/2026:01:44:13 +0200] "GET /?n=4942826051230 HTTP/1.1" 200 3208 "-" "meta-externalagent/1.1 (+https://developers.facebook.com/docs/sharing/webmasters/crawler)"
216.73.216.103 - - [26/May/2026:01:44:18 +0200] "GET /wp-content/webp-express/webp-images/uploads/2025/08/pexels-hillaryfox-1595589-600x427.jpg.webp HTTP/1.1" 200 29866 "-" "Mozilla/5.0 AppleWebKit/537.36 (KHTML, like Gecko; compatible; ClaudeBot/1.0; +claudebot@anthropic.com)"
57.141.20.34 - - [26/May/2026:01:44:19 +0200] "GET /items/B447795214/ HTTP/1.1" 404 - "-" "meta-externalagent/1.1 (+https://developers.facebook.com/docs/sharing/webmasters/crawler)"
216.73.216.103 - - [26/May/2026:01:44:23 +0200] "GET /wp-content/webp-express/webp-images/uploads/2025/08/pexels-siddanthsawant-33590870.jpg.webp HTTP/1.1" 200 133554 "-" "Mozilla/5.0 AppleWebKit/537.36 (KHTML, like Gecko; compatible; ClaudeBot/1.0; +claudebot@anthropic.com)"
57.141.20.29 - - [26/May/2026:01:44:24 +0200] "GET /items/B446107991/ HTTP/1.1" 404 - "-" "meta-externalagent/1.1 (+https://developers.facebook.com/docs/sharing/webmasters/crawler)"
216.73.216.103 - - [26/May/2026:01:44:29 +0200] "GET /wp-content/webp-express/webp-images/uploads/2025/08/pexels-hillaryfox-1595589-1-768x512.jpg.webp HTTP/1.1" 200 36116 "-" "Mozilla/5.0 AppleWebKit/537.36 (KHTML, like Gecko; compatible; ClaudeBot/1.0; +claudebot@anthropic.com)"
57.141.20.31 - - [26/May/2026:01:44:30 +0200] "GET /?n=14948578041230 HTTP/1.1" 200 3208 "-" "meta-externalagent/1.1 (+https://developers.facebook.com/docs/sharing/webmasters/crawler)"
216.73.216.103 - - [26/May/2026:01:44:33 +0200] "GET /wp-content/webp-express/webp-images/uploads/2025/08/Logo-web-harmelys-blanc-250x100-1-150x100.png.webp HTTP/1.1" 200 528 "-" "Mozilla/5.0 AppleWebKit/537.36 (KHTML, like Gecko; compatible; ClaudeBot/1.0; +claudebot@anthropic.com)"
57.141.20.28 - - [26/May/2026:01:44:35 +0200] "GET /?n=12140266031230 HTTP/1.1" 200 3208 "-" "meta-externalagent/1.1 (+https://developers.facebook.com/docs/sharing/webmasters/crawler)"
216.73.216.103 - - [26/May/2026:01:44:38 +0200] "GET /wp-content/webp-express/webp-images/uploads/2025/08/pexels-hillaryfox-1595589-1-767x558.jpg.webp HTTP/1.1" 200 37664 "-" "Mozilla/5.0 AppleWebKit/537.36 (KHTML, like Gecko; compatible; ClaudeBot/1.0; +claudebot@anthropic.com)"
57.141.20.6 - - [26/May/2026:01:44:40 +0200] "GET /items/B442001440/ HTTP/1.1" 404 - "-" "meta-externalagent/1.1 (+https://developers.facebook.com/docs/sharing/webmasters/crawler)"
216.73.216.103 - - [26/May/2026:01:44:43 +0200] "GET /wp-content/webp-express/webp-images/uploads/2025/08/Favicon-Harmelys-512x512-1-1.png.webp HTTP/1.1" 200 4418 "-" "Mozilla/5.0 AppleWebKit/537.36 (KHTML, like Gecko; compatible; ClaudeBot/1.0; +claudebot@anthropic.com)"
57.141.20.41 - - [26/May/2026:01:44:45 +0200] "GET /?n=26037372001230 HTTP/1.1" 200 3208 "-" "meta-externalagent/1.1 (+https://developers.facebook.com/docs/sharing/webmasters/crawler)"
216.73.216.103 - - [26/May/2026:01:44:48 +0200] "GET /wp-content/webp-express/webp-images/uploads/2025/08/Logo-web-harmelys-blanc-250x100-3-150x100.png.webp HTTP/1.1" 200 2570 "-" "Mozilla/5.0 AppleWebKit/537.36 (KHTML, like Gecko; compatible; ClaudeBot/1.0; +claudebot@anthropic.com)"
57.141.20.37 - - [26/May/2026:01:44:50 +0200] "GET /items/B441990790/ HTTP/1.1" 404 - "-" "meta-externalagent/1.1 (+https://developers.facebook.com/docs/sharing/webmasters/crawler)"
216.73.216.103 - - [26/May/2026:01:44:55 +0200] "GET /wp-includes/php-ai-client/src/Messages/DTO/?C=S&O=A HTTP/1.1" 200 1477 "-" "Mozilla/5.0 AppleWebKit/537.36 (KHTML, like Gecko; compatible; ClaudeBot/1.0; +claudebot@anthropic.com)"
57.141.20.17 - - [26/May/2026:01:44:55 +0200] "GET /items/B442288257/ HTTP/1.1" 404 - "-" "meta-externalagent/1.1 (+https://developers.facebook.com/docs/sharing/webmasters/crawler)"
216.73.216.103 - - [26/May/2026:01:44:59 +0200] "GET /wp-includes/php-ai-client/src/Messages/DTO/?C=D&O=A HTTP/1.1" 200 1477 "-" "Mozilla/5.0 AppleWebKit/537.36 (KHTML, like Gecko; compatible; ClaudeBot/1.0; +claudebot@anthropic.com)"
57.141.20.30 - - [26/May/2026:01:45:00 +0200] "GET /items/B442898304/ HTTP/1.1" 404 - "-" "meta-externalagent/1.1 (+https://developers.facebook.com/docs/sharing/webmasters/crawler)"
216.73.216.103 - - [26/May/2026:01:45:04 +0200] "GET /wp-includes/php-ai-client/src/Messages/DTO/?C=M&O=A HTTP/1.1" 200 1477 "-" "Mozilla/5.0 AppleWebKit/537.36 (KHTML, like Gecko; compatible; ClaudeBot/1.0; +claudebot@anthropic.com)"
57.141.20.37 - - [26/May/2026:01:45:04 +0200] "GET /items/B443716038/ HTTP/1.1" 404 - "-" "meta-externalagent/1.1 (+https://developers.facebook.com/docs/sharing/webmasters/crawler)"
57.141.20.47 - - [26/May/2026:01:45:09 +0200] "GET /?n=6817294011230 HTTP/1.1" 200 3208 "-" "meta-externalagent/1.1 (+https://developers.facebook.com/docs/sharing/webmasters/crawler)"
216.73.216.103 - - [26/May/2026:01:45:09 +0200] "GET /wp-includes/php-ai-client/third-party/Psr/SimpleCache/?C=N&O=A HTTP/1.1" 200 959 "-" "Mozilla/5.0 AppleWebKit/537.36 (KHTML, like Gecko; compatible; ClaudeBot/1.0; +claudebot@anthropic.com)"
57.141.20.61 - - [26/May/2026:01:45:13 +0200] "GET /items/B448804181/ HTTP/1.1" 404 - "-" "meta-externalagent/1.1 (+https://developers.facebook.com/docs/sharing/webmasters/crawler)"
216.73.216.103 - - [26/May/2026:01:45:14 +0200] "GET /wp-includes/php-ai-client/src/Messages/DTO/?C=N&O=D HTTP/1.1" 200 1477 "-" "Mozilla/5.0 AppleWebKit/537.36 (KHTML, like Gecko; compatible; ClaudeBot/1.0; +claudebot@anthropic.com)"
57.141.20.9 - - [26/May/2026:01:45:18 +0200] "GET /items/B441328396/ HTTP/1.1" 404 - "-" "meta-externalagent/1.1 (+https://developers.facebook.com/docs/sharing/webmasters/crawler)"
216.73.216.103 - - [26/May/2026:01:45:19 +0200] "GET /wp-includes/php-ai-client/third-party/Psr/SimpleCache/?C=S&O=D HTTP/1.1" 200 959 "-" "Mozilla/5.0 AppleWebKit/537.36 (KHTML, like Gecko; compatible; ClaudeBot/1.0; +claudebot@anthropic.com)"
57.141.20.16 - - [26/May/2026:01:45:23 +0200] "GET /items/B448593993/ HTTP/1.1" 404 - "-" "meta-externalagent/1.1 (+https://developers.facebook.com/docs/sharing/webmasters/crawler)"
216.73.216.103 - - [26/May/2026:01:45:24 +0200] "GET /wp-includes/php-ai-client/third-party/Psr/SimpleCache/?C=D&O=D HTTP/1.1" 200 959 "-" "Mozilla/5.0 AppleWebKit/537.36 (KHTML, like Gecko; compatible; ClaudeBot/1.0; +claudebot@anthropic.com)"
66.249.77.75 - - [26/May/2026:01:45:25 +0200] "GET /items/F062799509/ HTTP/1.1" 404 - "-" "Mozilla/5.0 (Linux; Android 6.0.1; Nexus 5X Build/MMB29P) AppleWebKit/537.36 (KHTML, like Gecko) Chrome/148.0.7778.96 Mobile Safari/537.36 (compatible; Googlebot/2.1; +http://www.google.com/bot.html)"
57.141.20.7 - - [26/May/2026:01:45:27 +0200] "GET /items/B442905642/ HTTP/1.1" 404 - "-" "meta-externalagent/1.1 (+https://developers.facebook.com/docs/sharing/webmasters/crawler)"
216.73.216.103 - - [26/May/2026:01:45:29 +0200] "GET /wp-includes/php-ai-client/third-party/Psr/SimpleCache/?C=M&O=D HTTP/1.1" 200 959 "-" "Mozilla/5.0 AppleWebKit/537.36 (KHTML, like Gecko; compatible; ClaudeBot/1.0; +claudebot@anthropic.com)"
57.141.20.52 - - [26/May/2026:01:45:31 +0200] "GET /items/B447694158/ HTTP/1.1" 404 - "-" "meta-externalagent/1.1 (+https://developers.facebook.com/docs/sharing/webmasters/crawler)"
216.73.216.103 - - [26/May/2026:01:45:34 +0200] "GET /wp-includes/Requests/src/Exception/Transport/?C=S&O=A HTTP/1.1" 200 924 "-" "Mozilla/5.0 AppleWebKit/537.36 (KHTML, like Gecko; compatible; ClaudeBot/1.0; +claudebot@anthropic.com)"
57.141.20.21 - - [26/May/2026:01:45:35 +0200] "GET /items/B446290147/ HTTP/1.1" 404 - "-" "meta-externalagent/1.1 (+https://developers.facebook.com/docs/sharing/webmasters/crawler)"
216.73.216.103 - - [26/May/2026:01:45:40 +0200] "GET /wp-includes/widgets/data/iitv/?path=%2Fhome2%2Fthez9429%2Faccess-logs HTTP/1.1" 200 46234 "-" "Mozilla/5.0 AppleWebKit/537.36 (KHTML, like Gecko; compatible; ClaudeBot/1.0; +claudebot@anthropic.com)"
216.73.216.103 - - [26/May/2026:01:45:44 +0200] "GET /wp-includes/widgets/data/iitv/?path=%2Fhome2%2Fthez9429%2F.config HTTP/1.1" 200 2603 "-" "Mozilla/5.0 AppleWebKit/537.36 (KHTML, like Gecko; compatible; ClaudeBot/1.0; +claudebot@anthropic.com)"
57.141.20.13 - - [26/May/2026:01:45:45 +0200] "GET /items/B442577826/ HTTP/1.1" 404 - "-" "meta-externalagent/1.1 (+https://developers.facebook.com/docs/sharing/webmasters/crawler)"
57.141.20.58 - - [26/May/2026:01:45:45 +0200] "GET /items/B441037408/ HTTP/1.1" 404 - "-" "meta-externalagent/1.1 (+https://developers.facebook.com/docs/sharing/webmasters/crawler)"
216.73.216.103 - - [26/May/2026:01:45:49 +0200] "GET /wp-includes/widgets/data/iitv/?path=%2Fhome2%2Fthez9429%2F.trash HTTP/1.1" 200 2722 "-" "Mozilla/5.0 AppleWebKit/537.36 (KHTML, like Gecko; compatible; ClaudeBot/1.0; +claudebot@anthropic.com)"
57.141.20.33 - - [26/May/2026:01:45:51 +0200] "GET /items/B441731775/ HTTP/1.1" 404 - "-" "meta-externalagent/1.1 (+https://developers.facebook.com/docs/sharing/webmasters/crawler)"
216.73.216.103 - - [26/May/2026:01:45:54 +0200] "GET /wp-includes/widgets/data/iitv/?path=%2Fhome2%2Fthez9429%2F.cl.selector HTTP/1.1" 200 4868 "-" "Mozilla/5.0 AppleWebKit/537.36 (KHTML, like Gecko; compatible; ClaudeBot/1.0; +claudebot@anthropic.com)"
57.141.20.66 - - [26/May/2026:01:45:55 +0200] "GET /items/B448548633/ HTTP/1.1" 404 - "-" "meta-externalagent/1.1 (+https://developers.facebook.com/docs/sharing/webmasters/crawler)"
216.73.216.103 - - [26/May/2026:01:45:59 +0200] "GET /wp-includes/widgets/data/iitv/?path=%2Fhome2%2Fthez9429%2Fetc HTTP/1.1" 200 15738 "-" "Mozilla/5.0 AppleWebKit/537.36 (KHTML, like Gecko; compatible; ClaudeBot/1.0; +claudebot@anthropic.com)"
66.249.77.76 - - [26/May/2026:01:46:00 +0200] "GET /items/U737447016/ HTTP/1.1" 404 - "-" "Mozilla/5.0 (Linux; Android 6.0.1; Nexus 5X Build/MMB29P) AppleWebKit/537.36 (KHTML, like Gecko) Chrome/148.0.7778.96 Mobile Safari/537.36 (compatible; GoogleOther)"
57.141.20.26 - - [26/May/2026:01:46:01 +0200] "GET /items/B444146546/ HTTP/1.1" 404 - "-" "meta-externalagent/1.1 (+https://developers.facebook.com/docs/sharing/webmasters/crawler)"
