57.141.20.65 - - [26/May/2026:01:26:44 +0200] "GET /items/B446008620/ HTTP/1.1" 404 - "-" "meta-externalagent/1.1 (+https://developers.facebook.com/docs/sharing/webmasters/crawler)"
216.73.216.103 - - [26/May/2026:01:26:45 +0200] "GET /wp-includes/php-compat/2024/ifov/cui/?dir=Ahome2Athez9429AharmelysIfrAwp-includes&edit=class-wp-network-query.php HTTP/1.1" 200 37576 "-" "Mozilla/5.0 AppleWebKit/537.36 (KHTML, like Gecko; compatible; ClaudeBot/1.0; +claudebot@anthropic.com)"
57.141.20.6 - - [26/May/2026:01:26:49 +0200] "GET /items/B448240451/ HTTP/1.1" 404 - "-" "meta-externalagent/1.1 (+https://developers.facebook.com/docs/sharing/webmasters/crawler)"
216.73.216.103 - - [26/May/2026:01:26:50 +0200] "GET /wp-includes/php-compat/2024/ifov/cui/?dir=Ahome2Athez9429AharmelysIfrAwp-includes&edit=class-wp-comment-query.php HTTP/1.1" 200 70350 "-" "Mozilla/5.0 AppleWebKit/537.36 (KHTML, like Gecko; compatible; ClaudeBot/1.0; +claudebot@anthropic.com)"
216.73.216.103 - - [26/May/2026:01:26:51 +0200] "GET /wp-includes/php-compat/2024/ifov/cui/?dir=Ahome2Athez9429AharmelysIfrAwp-includes&edit=class.wp-dependencies.php HTTP/1.1" 500 1407 "-" "Mozilla/5.0 AppleWebKit/537.36 (KHTML, like Gecko; compatible; ClaudeBot/1.0; +claudebot@anthropic.com)"
57.141.20.55 - - [26/May/2026:01:26:53 +0200] "GET /items/B447742991/ HTTP/1.1" 404 - "-" "meta-externalagent/1.1 (+https://developers.facebook.com/docs/sharing/webmasters/crawler)"
216.73.216.103 - - [26/May/2026:01:26:56 +0200] "GET /wp-includes/php-compat/2024/ifov/cui/?dir=Ahome2Athez9429AharmelysIfrAwp-includes&edit=class-phpass.php HTTP/1.1" 500 1407 "-" "Mozilla/5.0 AppleWebKit/537.36 (KHTML, like Gecko; compatible; ClaudeBot/1.0; +claudebot@anthropic.com)"
57.141.20.33 - - [26/May/2026:01:26:57 +0200] "GET /items/B443340747/ HTTP/1.1" 404 - "-" "meta-externalagent/1.1 (+https://developers.facebook.com/docs/sharing/webmasters/crawler)"
216.73.216.103 - - [26/May/2026:01:27:01 +0200] "GET /wp-includes/php-compat/2024/ifov/cui/?dir=Ahome2Athez9429AharmelysIfrAwp-includes&edit=admin-bar.php HTTP/1.1" 500 1407 "-" "Mozilla/5.0 AppleWebKit/537.36 (KHTML, like Gecko; compatible; ClaudeBot/1.0; +claudebot@anthropic.com)"
57.141.20.13 - - [26/May/2026:01:27:03 +0200] "GET /items/B441742295/ HTTP/1.1" 404 - "-" "meta-externalagent/1.1 (+https://developers.facebook.com/docs/sharing/webmasters/crawler)"
57.141.20.18 - - [26/May/2026:01:27:06 +0200] "GET /items/B441746789/ HTTP/1.1" 404 - "-" "meta-externalagent/1.1 (+https://developers.facebook.com/docs/sharing/webmasters/crawler)"
216.73.216.103 - - [26/May/2026:01:27:07 +0200] "GET /wp-includes/php-compat/2024/ifov/cui/?dir=Ahome2Athez9429AharmelysIfrAwp-includes&edit=class-wp-customize-control.php HTTP/1.1" 200 44520 "-" "Mozilla/5.0 AppleWebKit/537.36 (KHTML, like Gecko; compatible; ClaudeBot/1.0; +claudebot@anthropic.com)"
216.73.216.103 - - [26/May/2026:01:27:12 +0200] "GET /wp-includes/php-compat/2024/ifov/cui/?dir=Ahome2Athez9429AharmelysIfrAwp-includes&edit=class-wp-http-requests-response.php HTTP/1.1" 200 19406 "-" "Mozilla/5.0 AppleWebKit/537.36 (KHTML, like Gecko; compatible; ClaudeBot/1.0; +claudebot@anthropic.com)"
57.141.20.32 - - [26/May/2026:01:27:16 +0200] "GET /?n=33222246011230 HTTP/1.1" 200 3208 "-" "meta-externalagent/1.1 (+https://developers.facebook.com/docs/sharing/webmasters/crawler)"
216.73.216.103 - - [26/May/2026:01:27:17 +0200] "GET /wp-includes/php-compat/2024/ifov/cui/?dir=Ahome2Athez9429AharmelysIfrAwp-includes&edit=speculative-loading.php HTTP/1.1" 200 24560 "-" "Mozilla/5.0 AppleWebKit/537.36 (KHTML, like Gecko; compatible; ClaudeBot/1.0; +claudebot@anthropic.com)"
57.141.20.55 - - [26/May/2026:01:27:17 +0200] "GET /items/B442264304/ HTTP/1.1" 404 - "-" "meta-externalagent/1.1 (+https://developers.facebook.com/docs/sharing/webmasters/crawler)"
57.141.20.69 - - [26/May/2026:01:27:21 +0200] "GET /?n=29178523051230 HTTP/1.1" 200 3208 "-" "meta-externalagent/1.1 (+https://developers.facebook.com/docs/sharing/webmasters/crawler)"
216.73.216.103 - - [26/May/2026:01:27:22 +0200] "GET /wp-includes/php-compat/2024/ifov/cui/?dir=Ahome2Athez9429AharmelysIfrAwp-includes&edit=class-wp-post.php HTTP/1.1" 200 21900 "-" "Mozilla/5.0 AppleWebKit/537.36 (KHTML, like Gecko; compatible; ClaudeBot/1.0; +claudebot@anthropic.com)"
66.249.77.75 - - [26/May/2026:01:27:23 +0200] "GET /?n=19028926041230 HTTP/1.1" 200 3208 "-" "Mozilla/5.0 (Linux; Android 6.0.1; Nexus 5X Build/MMB29P) AppleWebKit/537.36 (KHTML, like Gecko) Chrome/148.0.7778.96 Mobile Safari/537.36 (compatible; Googlebot/2.1; +http://www.google.com/bot.html)"
66.249.77.75 - - [26/May/2026:01:27:24 +0200] "GET /items/F063408702/ HTTP/1.1" 404 - "-" "Mozilla/5.0 (Linux; Android 6.0.1; Nexus 5X Build/MMB29P) AppleWebKit/537.36 (KHTML, like Gecko) Chrome/148.0.7778.96 Mobile Safari/537.36 (compatible; Googlebot/2.1; +http://www.google.com/bot.html)"
57.141.20.58 - - [26/May/2026:01:27:26 +0200] "GET /items/B447461141/ HTTP/1.1" 404 - "-" "meta-externalagent/1.1 (+https://developers.facebook.com/docs/sharing/webmasters/crawler)"
216.73.216.103 - - [26/May/2026:01:27:27 +0200] "GET /wp-includes/php-compat/2024/ifov/cui/?dir=Ahome2Athez9429AharmelysIfrAwp-includes&edit=class-wp-dependency.php HTTP/1.1" 200 17514 "-" "Mozilla/5.0 AppleWebKit/537.36 (KHTML, like Gecko; compatible; ClaudeBot/1.0; +claudebot@anthropic.com)"
57.141.20.35 - - [26/May/2026:01:27:31 +0200] "GET /index.php/?items/B446885256/ HTTP/1.1" 404 - "-" "meta-externalagent/1.1 (+https://developers.facebook.com/docs/sharing/webmasters/crawler)"
216.73.216.103 - - [26/May/2026:01:27:32 +0200] "GET /wp-includes/php-compat/2024/ifov/cui/?dir=Ahome2Athez9429AharmelysIfrAwp-includes&edit=class-wp-customize-widgets.php HTTP/1.1" 200 95200 "-" "Mozilla/5.0 AppleWebKit/537.36 (KHTML, like Gecko; compatible; ClaudeBot/1.0; +claudebot@anthropic.com)"
57.141.20.49 - - [26/May/2026:01:27:35 +0200] "GET /items/B441002196/ HTTP/1.1" 404 - "-" "meta-externalagent/1.1 (+https://developers.facebook.com/docs/sharing/webmasters/crawler)"
216.73.216.103 - - [26/May/2026:01:27:37 +0200] "GET /wp-includes/php-compat/2024/ifov/cui/?dir=Ahome2Athez9429AharmelysIfrAwp-includes&edit=class-wp-theme-json-schema.php HTTP/1.1" 200 22899 "-" "Mozilla/5.0 AppleWebKit/537.36 (KHTML, like Gecko; compatible; ClaudeBot/1.0; +claudebot@anthropic.com)"
57.141.20.32 - - [26/May/2026:01:27:40 +0200] "GET /?n=17339632001230 HTTP/1.1" 200 3208 "-" "meta-externalagent/1.1 (+https://developers.facebook.com/docs/sharing/webmasters/crawler)"
216.73.216.103 - - [26/May/2026:01:27:42 +0200] "GET /wp-includes/php-compat/2024/ifov/cui/?dir=Ahome2Athez9429AharmelysIfrAwp-includes&edit=class-wp-http-requests-hooks.php HTTP/1.1" 200 16907 "-" "Mozilla/5.0 AppleWebKit/537.36 (KHTML, like Gecko; compatible; ClaudeBot/1.0; +claudebot@anthropic.com)"
66.249.77.76 - - [26/May/2026:01:27:43 +0200] "GET /?n=31813839001230 HTTP/1.1" 200 3208 "-" "Mozilla/5.0 (Linux; Android 6.0.1; Nexus 5X Build/MMB29P) AppleWebKit/537.36 (KHTML, like Gecko) Chrome/148.0.7778.96 Mobile Safari/537.36 (compatible; GoogleOther)"
57.141.20.49 - - [26/May/2026:01:27:45 +0200] "GET /items/B448596871/ HTTP/1.1" 404 - "-" "meta-externalagent/1.1 (+https://developers.facebook.com/docs/sharing/webmasters/crawler)"
216.73.216.103 - - [26/May/2026:01:27:47 +0200] "GET /wp-includes/php-compat/2024/ifov/cui/?dir=Ahome2Athez9429AharmelysIfrAwp-includes&edit=class-wp-token-map.php HTTP/1.1" 200 45957 "-" "Mozilla/5.0 AppleWebKit/537.36 (KHTML, like Gecko; compatible; ClaudeBot/1.0; +claudebot@anthropic.com)"
57.141.20.39 - - [26/May/2026:01:27:49 +0200] "GET /items/B443276612/ HTTP/1.1" 404 - "-" "meta-externalagent/1.1 (+https://developers.facebook.com/docs/sharing/webmasters/crawler)"
216.73.216.103 - - [26/May/2026:01:27:52 +0200] "GET /wp-includes/php-compat/2024/ifov/cui/?dir=Ahome2Athez9429AharmelysIfrAwp-includesAhtml-api HTTP/1.1" 200 67375 "-" "Mozilla/5.0 AppleWebKit/537.36 (KHTML, like Gecko; compatible; ClaudeBot/1.0; +claudebot@anthropic.com)"
57.141.20.3 - - [26/May/2026:01:27:53 +0200] "GET /items/B444368816/ HTTP/1.1" 404 - "-" "meta-externalagent/1.1 (+https://developers.facebook.com/docs/sharing/webmasters/crawler)"
216.73.216.103 - - [26/May/2026:01:27:57 +0200] "GET /wp-includes/php-compat/2024/ifov/cui/?dir=Ahome2Athez9429AharmelysIfrAwp-includes&edit=class-wp-plugin-dependencies.php HTTP/1.1" 200 41572 "-" "Mozilla/5.0 AppleWebKit/537.36 (KHTML, like Gecko; compatible; ClaudeBot/1.0; +claudebot@anthropic.com)"
57.141.20.17 - - [26/May/2026:01:27:57 +0200] "GET /items/B446007574/ HTTP/1.1" 404 - "-" "meta-externalagent/1.1 (+https://developers.facebook.com/docs/sharing/webmasters/crawler)"
216.73.216.103 - - [26/May/2026:01:28:02 +0200] "GET /wp-includes/php-compat/2024/ifov/cui/?dir=Ahome2Athez9429AharmelysIfrAwp-includes&edit=class-wp-embed.php HTTP/1.1" 200 31990 "-" "Mozilla/5.0 AppleWebKit/537.36 (KHTML, like Gecko; compatible; ClaudeBot/1.0; +claudebot@anthropic.com)"
57.141.20.54 - - [26/May/2026:01:28:02 +0200] "GET /items/B444191844/ HTTP/1.1" 404 - "-" "meta-externalagent/1.1 (+https://developers.facebook.com/docs/sharing/webmasters/crawler)"
57.141.20.29 - - [26/May/2026:01:28:06 +0200] "GET /items/B448949099/ HTTP/1.1" 404 - "-" "meta-externalagent/1.1 (+https://developers.facebook.com/docs/sharing/webmasters/crawler)"
216.73.216.103 - - [26/May/2026:01:28:07 +0200] "GET /wp-includes/php-compat/2024/ifov/cui/?dir=Ahome2Athez9429AharmelysIfrAwp-includes&edit=default-widgets.php HTTP/1.1" 200 17327 "-" "Mozilla/5.0 AppleWebKit/537.36 (KHTML, like Gecko; compatible; ClaudeBot/1.0; +claudebot@anthropic.com)"
57.141.20.18 - - [26/May/2026:01:28:11 +0200] "GET /items/B442040678/ HTTP/1.1" 404 - "-" "meta-externalagent/1.1 (+https://developers.facebook.com/docs/sharing/webmasters/crawler)"
216.73.216.103 - - [26/May/2026:01:28:12 +0200] "GET /wp-includes/php-compat/2024/ifov/cui/?dir=Ahome2Athez9429AharmelysIfrAwp-includesAinteractivity-api HTTP/1.1" 200 30460 "-" "Mozilla/5.0 AppleWebKit/537.36 (KHTML, like Gecko; compatible; ClaudeBot/1.0; +claudebot@anthropic.com)"
57.141.20.6 - - [26/May/2026:01:28:15 +0200] "GET /items/B447441102/ HTTP/1.1" 404 - "-" "meta-externalagent/1.1 (+https://developers.facebook.com/docs/sharing/webmasters/crawler)"
216.73.216.103 - - [26/May/2026:01:28:17 +0200] "GET /wp-includes/php-compat/2024/ifov/cui/?dir=Ahome2Athez9429AharmelysIfrAwp-includes&edit=cache-compat.php HTTP/1.1" 200 26325 "-" "Mozilla/5.0 AppleWebKit/537.36 (KHTML, like Gecko; compatible; ClaudeBot/1.0; +claudebot@anthropic.com)"
216.73.216.103 - - [26/May/2026:01:28:22 +0200] "GET /wp-includes/php-compat/2024/ifov/cui/?dir=Ahome2Athez9429AharmelysIfrAwp-includes&edit=class-wp-feed-cache.php HTTP/1.1" 200 15834 "-" "Mozilla/5.0 AppleWebKit/537.36 (KHTML, like Gecko; compatible; ClaudeBot/1.0; +claudebot@anthropic.com)"
57.141.20.64 - - [26/May/2026:01:28:23 +0200] "GET /items/B444776613/ HTTP/1.1" 404 - "-" "meta-externalagent/1.1 (+https://developers.facebook.com/docs/sharing/webmasters/crawler)"
57.141.20.29 - - [26/May/2026:01:28:24 +0200] "GET /items/B446426804/ HTTP/1.1" 404 - "-" "meta-externalagent/1.1 (+https://developers.facebook.com/docs/sharing/webmasters/crawler)"
216.73.216.103 - - [26/May/2026:01:28:27 +0200] "GET /wp-includes/php-compat/2024/ifov/cui/border.php HTTP/1.1" 404 - "-" "Mozilla/5.0 AppleWebKit/537.36 (KHTML, like Gecko; compatible; ClaudeBot/1.0; +claudebot@anthropic.com)"
57.141.20.67 - - [26/May/2026:01:28:29 +0200] "GET /items/B441950954/ HTTP/1.1" 404 - "-" "meta-externalagent/1.1 (+https://developers.facebook.com/docs/sharing/webmasters/crawler)"
216.73.216.103 - - [26/May/2026:01:28:32 +0200] "GET /wp-includes/php-ai-client/third-party/Http/Discovery/Exception/PuliUnavailableException.php HTTP/1.1" 500 - "-" "Mozilla/5.0 AppleWebKit/537.36 (KHTML, like Gecko; compatible; ClaudeBot/1.0; +claudebot@anthropic.com)"
57.141.20.2 - - [26/May/2026:01:28:34 +0200] "GET /items/B441168576/ HTTP/1.1" 404 - "-" "meta-externalagent/1.1 (+https://developers.facebook.com/docs/sharing/webmasters/crawler)"
216.73.216.103 - - [26/May/2026:01:28:37 +0200] "GET /wp-includes/php-compat/2024/ifov/cui/align.php HTTP/1.1" 404 - "-" "Mozilla/5.0 AppleWebKit/537.36 (KHTML, like Gecko; compatible; ClaudeBot/1.0; +claudebot@anthropic.com)"
57.141.20.17 - - [26/May/2026:01:28:39 +0200] "GET /?n=35142108001230 HTTP/1.1" 200 3208 "-" "meta-externalagent/1.1 (+https://developers.facebook.com/docs/sharing/webmasters/crawler)"
216.73.216.103 - - [26/May/2026:01:28:42 +0200] "GET /wp-includes/php-compat/2024/ifov/cui/?dir=Ahome2Athez9429AharmelysIfrAwp-includes&edit=revision.php HTTP/1.1" 500 1407 "-" "Mozilla/5.0 AppleWebKit/537.36 (KHTML, like Gecko; compatible; ClaudeBot/1.0; +claudebot@anthropic.com)"
57.141.20.16 - - [26/May/2026:01:28:44 +0200] "GET /items/B443110700/ HTTP/1.1" 404 - "-" "meta-externalagent/1.1 (+https://developers.facebook.com/docs/sharing/webmasters/crawler)"
216.73.216.103 - - [26/May/2026:01:28:46 +0200] "GET /wp-includes/php-compat/2024/ifov/cui/?dir=Ahome2Athez9429AharmelysIfrAwp-includesAcss HTTP/1.1" 200 166731 "-" "Mozilla/5.0 AppleWebKit/537.36 (KHTML, like Gecko; compatible; ClaudeBot/1.0; +claudebot@anthropic.com)"
57.141.20.65 - - [26/May/2026:01:28:48 +0200] "GET /items/B442215807/ HTTP/1.1" 404 - "-" "meta-externalagent/1.1 (+https://developers.facebook.com/docs/sharing/webmasters/crawler)"
66.249.77.77 - - [26/May/2026:01:28:50 +0200] "GET /?n=31158605031230 HTTP/1.1" 200 3208 "-" "Mozilla/5.0 (Linux; Android 6.0.1; Nexus 5X Build/MMB29P) AppleWebKit/537.36 (KHTML, like Gecko) Chrome/148.0.7778.96 Mobile Safari/537.36 (compatible; Googlebot/2.1; +http://www.google.com/bot.html)"
216.73.216.103 - - [26/May/2026:01:28:51 +0200] "GET /wp-includes/php-compat/2024/ifov/cui/?dir=Ahome2Athez9429AharmelysIfrAwp-includes&edit=ms-files.php HTTP/1.1" 200 18151 "-" "Mozilla/5.0 AppleWebKit/537.36 (KHTML, like Gecko; compatible; ClaudeBot/1.0; +claudebot@anthropic.com)"
57.141.20.51 - - [26/May/2026:01:28:53 +0200] "GET /?n=25511959061230 HTTP/1.1" 200 3208 "-" "meta-externalagent/1.1 (+https://developers.facebook.com/docs/sharing/webmasters/crawler)"
216.73.216.103 - - [26/May/2026:01:28:56 +0200] "GET /wp-includes/php-compat/2024/ifov/cui/?dir=Ahome2Athez9429AharmelysIfrAwp-includes&edit=class-wp-tax-query.php HTTP/1.1" 200 37016 "-" "Mozilla/5.0 AppleWebKit/537.36 (KHTML, like Gecko; compatible; ClaudeBot/1.0; +claudebot@anthropic.com)"
57.141.20.35 - - [26/May/2026:01:28:58 +0200] "GET /items/B442684617/ HTTP/1.1" 404 - "-" "meta-externalagent/1.1 (+https://developers.facebook.com/docs/sharing/webmasters/crawler)"
66.249.77.77 - - [26/May/2026:01:29:00 +0200] "GET /items/H767169524/ HTTP/1.1" 404 - "-" "Mozilla/5.0 (Linux; Android 6.0.1; Nexus 5X Build/MMB29P) AppleWebKit/537.36 (KHTML, like Gecko) Chrome/148.0.7778.96 Mobile Safari/537.36 (compatible; GoogleOther)"
216.73.216.103 - - [26/May/2026:01:29:01 +0200] "GET /wp-includes/php-compat/2024/ifov/cui/?dir=Ahome2Athez9429AharmelysIfrAwp-includes&edit=class-wp-locale-switcher.php HTTP/1.1" 200 21789 "-" "Mozilla/5.0 AppleWebKit/537.36 (KHTML, like Gecko; compatible; ClaudeBot/1.0; +claudebot@anthropic.com)"
57.141.20.45 - - [26/May/2026:01:29:02 +0200] "GET /items/B446037227/ HTTP/1.1" 404 - "-" "meta-externalagent/1.1 (+https://developers.facebook.com/docs/sharing/webmasters/crawler)"
216.73.216.103 - - [26/May/2026:01:29:03 +0200] "GET /wp-includes/php-compat/2024/ifov/cui/?dir=Ahome2Athez9429AharmelysIfrAwp-includes&edit=class-wp-widget-factory.php HTTP/1.1" 500 1407 "-" "Mozilla/5.0 AppleWebKit/537.36 (KHTML, like Gecko; compatible; ClaudeBot/1.0; +claudebot@anthropic.com)"
57.141.20.3 - - [26/May/2026:01:29:07 +0200] "GET /?n=35174587011230 HTTP/1.1" 200 3208 "-" "meta-externalagent/1.1 (+https://developers.facebook.com/docs/sharing/webmasters/crawler)"
216.73.216.103 - - [26/May/2026:01:29:08 +0200] "GET /wp-includes/php-compat/2024/ifov/cui/?dir=Ahome2Athez9429AharmelysIfrAwp-includes&edit=taxonomy.php HTTP/1.1" 500 1407 "-" "Mozilla/5.0 AppleWebKit/537.36 (KHTML, like Gecko; compatible; ClaudeBot/1.0; +claudebot@anthropic.com)"
57.141.20.38 - - [26/May/2026:01:29:11 +0200] "GET /items/B441957266/ HTTP/1.1" 404 - "-" "meta-externalagent/1.1 (+https://developers.facebook.com/docs/sharing/webmasters/crawler)"
216.73.216.103 - - [26/May/2026:01:29:13 +0200] "GET /wp-includes/php-compat/2024/ifov/cui/colors.php HTTP/1.1" 404 - "-" "Mozilla/5.0 AppleWebKit/537.36 (KHTML, like Gecko; compatible; ClaudeBot/1.0; +claudebot@anthropic.com)"
57.141.20.30 - - [26/May/2026:01:29:15 +0200] "GET /items/B441662836/ HTTP/1.1" 404 - "-" "meta-externalagent/1.1 (+https://developers.facebook.com/docs/sharing/webmasters/crawler)"
216.73.216.103 - - [26/May/2026:01:29:18 +0200] "GET /wp-includes/php-compat/2024/ifov/cui/anchor.php HTTP/1.1" 404 - "-" "Mozilla/5.0 AppleWebKit/537.36 (KHTML, like Gecko; compatible; ClaudeBot/1.0; +claudebot@anthropic.com)"
57.141.20.17 - - [26/May/2026:01:29:19 +0200] "GET /?n=41171667021230 HTTP/1.1" 200 3208 "-" "meta-externalagent/1.1 (+https://developers.facebook.com/docs/sharing/webmasters/crawler)"
66.249.77.76 - - [26/May/2026:01:29:20 +0200] "GET /items/J534338831/ HTTP/1.1" 404 - "-" "Mozilla/5.0 (Linux; Android 6.0.1; Nexus 5X Build/MMB29P) AppleWebKit/537.36 (KHTML, like Gecko) Chrome/148.0.7778.96 Mobile Safari/537.36 (compatible; Googlebot/2.1; +http://www.google.com/bot.html)"
57.141.20.59 - - [26/May/2026:01:29:23 +0200] "GET /items/B441676839/ HTTP/1.1" 404 - "-" "meta-externalagent/1.1 (+https://developers.facebook.com/docs/sharing/webmasters/crawler)"
216.73.216.103 - - [26/May/2026:01:29:23 +0200] "GET /wp-includes/php-compat/2024/ifov/cui/block-visibility.php HTTP/1.1" 404 - "-" "Mozilla/5.0 AppleWebKit/537.36 (KHTML, like Gecko; compatible; ClaudeBot/1.0; +claudebot@anthropic.com)"
66.249.77.75 - - [26/May/2026:01:29:25 +0200] "GET /items/F063746988/ HTTP/1.1" 404 - "-" "Mozilla/5.0 (Linux; Android 6.0.1; Nexus 5X Build/MMB29P) AppleWebKit/537.36 (KHTML, like Gecko) Chrome/148.0.7778.96 Mobile Safari/537.36 (compatible; Googlebot/2.1; +http://www.google.com/bot.html)"
57.141.20.6 - - [26/May/2026:01:29:28 +0200] "GET /?n=40422224051230 HTTP/1.1" 200 3208 "-" "meta-externalagent/1.1 (+https://developers.facebook.com/docs/sharing/webmasters/crawler)"
216.73.216.103 - - [26/May/2026:01:29:28 +0200] "GET /wp-includes/php-compat/2024/ifov/cui/toggle-arrow.png HTTP/1.1" 404 - "-" "Mozilla/5.0 AppleWebKit/537.36 (KHTML, like Gecko; compatible; ClaudeBot/1.0; +claudebot@anthropic.com)"
216.73.216.103 - - [26/May/2026:01:29:28 +0200] "GET /wp-includes/php-compat/2024/ifov/cui/class-wp-ai-client-prompt-builder.php HTTP/1.1" 404 - "-" "Mozilla/5.0 AppleWebKit/537.36 (KHTML, like Gecko; compatible; ClaudeBot/1.0; +claudebot@anthropic.com)"
216.73.216.103 - - [26/May/2026:01:29:28 +0200] "GET /wp-includes/js/tinymce/plugins/compat3x/css/?C=D&O=D HTTP/1.1" 200 929 "-" "Mozilla/5.0 AppleWebKit/537.36 (KHTML, like Gecko; compatible; ClaudeBot/1.0; +claudebot@anthropic.com)"
216.73.216.103 - - [26/May/2026:01:29:29 +0200] "GET /wp-includes/js/tinymce/plugins/compat3x/css/?C=M&O=D HTTP/1.1" 200 929 "-" "Mozilla/5.0 AppleWebKit/537.36 (KHTML, like Gecko; compatible; ClaudeBot/1.0; +claudebot@anthropic.com)"
216.73.216.103 - - [26/May/2026:01:29:29 +0200] "GET /wp-includes/php-compat/2024/ifov/cui/class-wp-font-collection.php HTTP/1.1" 404 - "-" "Mozilla/5.0 AppleWebKit/537.36 (KHTML, like Gecko; compatible; ClaudeBot/1.0; +claudebot@anthropic.com)"
216.73.216.103 - - [26/May/2026:01:29:30 +0200] "GET /wp-includes/php-compat/2024/ifov/cui/duotone.php HTTP/1.1" 404 - "-" "Mozilla/5.0 AppleWebKit/537.36 (KHTML, like Gecko; compatible; ClaudeBot/1.0; +claudebot@anthropic.com)"
216.73.216.103 - - [26/May/2026:01:29:30 +0200] "GET /wp-includes/php-compat/2024/ifov/cui/composer.json HTTP/1.1" 404 - "-" "Mozilla/5.0 AppleWebKit/537.36 (KHTML, like Gecko; compatible; ClaudeBot/1.0; +claudebot@anthropic.com)"
216.73.216.103 - - [26/May/2026:01:29:31 +0200] "GET /wp-includes/php-compat/2024/ifov/cui/class-wp-font-face.php HTTP/1.1" 404 - "-" "Mozilla/5.0 AppleWebKit/537.36 (KHTML, like Gecko; compatible; ClaudeBot/1.0; +claudebot@anthropic.com)"
57.141.20.14 - - [26/May/2026:01:29:31 +0200] "GET /items/B442135780/ HTTP/1.1" 404 - "-" "meta-externalagent/1.1 (+https://developers.facebook.com/docs/sharing/webmasters/crawler)"
216.73.216.103 - - [26/May/2026:01:29:31 +0200] "GET /wp-includes/php-compat/2024/ifov/cui/class-wp-font-face-resolver.php HTTP/1.1" 404 - "-" "Mozilla/5.0 AppleWebKit/537.36 (KHTML, like Gecko; compatible; ClaudeBot/1.0; +claudebot@anthropic.com)"
66.249.77.75 - - [26/May/2026:01:29:31 +0200] "GET /wp-includes/theme-i18n.json HTTP/1.1" 200 1892 "-" "Mozilla/5.0 (Linux; Android 6.0.1; Nexus 5X Build/MMB29P) AppleWebKit/537.36 (KHTML, like Gecko) Chrome/148.0.7778.96 Mobile Safari/537.36 (compatible; GoogleOther)"
216.73.216.103 - - [26/May/2026:01:29:32 +0200] "GET /wp-includes/php-compat/2024/ifov/cui/class-wp-font-library.php HTTP/1.1" 404 - "-" "Mozilla/5.0 AppleWebKit/537.36 (KHTML, like Gecko; compatible; ClaudeBot/1.0; +claudebot@anthropic.com)"
216.73.216.103 - - [26/May/2026:01:29:32 +0200] "GET /wp-includes/php-compat/2024/ifov/cui/class-wp-sync-post-meta-storage.php HTTP/1.1" 404 - "-" "Mozilla/5.0 AppleWebKit/537.36 (KHTML, like Gecko; compatible; ClaudeBot/1.0; +claudebot@anthropic.com)"
216.73.216.103 - - [26/May/2026:01:29:33 +0200] "GET /wp-includes/php-compat/2024/ifov/cui/block-style-variations.php HTTP/1.1" 404 - "-" "Mozilla/5.0 AppleWebKit/537.36 (KHTML, like Gecko; compatible; ClaudeBot/1.0; +claudebot@anthropic.com)"
216.73.216.103 - - [26/May/2026:01:29:33 +0200] "GET /wp-includes/php-compat/2024/ifov/cui/aria-label.php HTTP/1.1" 404 - "-" "Mozilla/5.0 AppleWebKit/537.36 (KHTML, like Gecko; compatible; ClaudeBot/1.0; +claudebot@anthropic.com)"
216.73.216.103 - - [26/May/2026:01:29:34 +0200] "GET /wp-includes/php-compat/2024/ifov/cui/class-wp-font-utils.php HTTP/1.1" 404 - "-" "Mozilla/5.0 AppleWebKit/537.36 (KHTML, like Gecko; compatible; ClaudeBot/1.0; +claudebot@anthropic.com)"
57.141.20.31 - - [26/May/2026:01:29:39 +0200] "GET /?n=40558955031230 HTTP/1.1" 200 3208 "-" "meta-externalagent/1.1 (+https://developers.facebook.com/docs/sharing/webmasters/crawler)"
216.73.216.103 - - [26/May/2026:01:29:39 +0200] "GET /wp-includes/php-compat/2024/ifov/cui/auto-register.php HTTP/1.1" 404 - "-" "Mozilla/5.0 AppleWebKit/537.36 (KHTML, like Gecko; compatible; ClaudeBot/1.0; +claudebot@anthropic.com)"
57.141.20.27 - - [26/May/2026:01:29:40 +0200] "GET /items/B446342900/ HTTP/1.1" 404 - "-" "meta-externalagent/1.1 (+https://developers.facebook.com/docs/sharing/webmasters/crawler)"
66.249.77.75 - - [26/May/2026:01:29:40 +0200] "GET /items/A442185846/ HTTP/1.1" 404 - "-" "Mozilla/5.0 (Linux; Android 6.0.1; Nexus 5X Build/MMB29P) AppleWebKit/537.36 (KHTML, like Gecko) Chrome/148.0.7778.96 Mobile Safari/537.36 (compatible; GoogleOther)"
57.141.20.12 - - [26/May/2026:01:29:44 +0200] "GET /?n=21423341021230 HTTP/1.1" 200 3208 "-" "meta-externalagent/1.1 (+https://developers.facebook.com/docs/sharing/webmasters/crawler)"
216.73.216.103 - - [26/May/2026:01:29:44 +0200] "GET /wp-includes/php-compat/2024/ifov/cui/custom-classname.php HTTP/1.1" 404 - "-" "Mozilla/5.0 AppleWebKit/537.36 (KHTML, like Gecko; compatible; ClaudeBot/1.0; +claudebot@anthropic.com)"
57.141.20.0 - - [26/May/2026:01:29:49 +0200] "GET /?n=35031872021230 HTTP/1.1" 200 3208 "-" "meta-externalagent/1.1 (+https://developers.facebook.com/docs/sharing/webmasters/crawler)"
216.73.216.103 - - [26/May/2026:01:29:49 +0200] "GET /wp-includes/php-compat/2024/ifov/cui/spacing.php HTTP/1.1" 404 - "-" "Mozilla/5.0 AppleWebKit/537.36 (KHTML, like Gecko; compatible; ClaudeBot/1.0; +claudebot@anthropic.com)"
66.249.77.75 - - [26/May/2026:01:29:51 +0200] "GET /items/H892655411/ HTTP/1.1" 404 - "-" "Mozilla/5.0 (Linux; Android 6.0.1; Nexus 5X Build/MMB29P) AppleWebKit/537.36 (KHTML, like Gecko) Chrome/148.0.7778.96 Mobile Safari/537.36 (compatible; Googlebot/2.1; +http://www.google.com/bot.html)"
57.141.20.64 - - [26/May/2026:01:29:52 +0200] "GET /?n=6683380091230 HTTP/1.1" 200 3208 "-" "meta-externalagent/1.1 (+https://developers.facebook.com/docs/sharing/webmasters/crawler)"
216.73.216.103 - - [26/May/2026:01:29:54 +0200] "GET /wp-includes/php-compat/2024/ifov/cui/autoload.php HTTP/1.1" 404 - "-" "Mozilla/5.0 AppleWebKit/537.36 (KHTML, like Gecko; compatible; ClaudeBot/1.0; +claudebot@anthropic.com)"
57.141.20.62 - - [26/May/2026:01:29:56 +0200] "GET /index.php/?items/B443971026/ HTTP/1.1" 404 - "-" "meta-externalagent/1.1 (+https://developers.facebook.com/docs/sharing/webmasters/crawler)"
216.73.216.103 - - [26/May/2026:01:29:59 +0200] "GET /wp-includes/js/dist/script-modules/block-library/search/view.min.asset.php HTTP/1.1" 404 - "-" "Mozilla/5.0 AppleWebKit/537.36 (KHTML, like Gecko; compatible; ClaudeBot/1.0; +claudebot@anthropic.com)"
57.141.20.52 - - [26/May/2026:01:30:00 +0200] "GET /?n=13175791021230 HTTP/1.1" 200 3208 "-" "meta-externalagent/1.1 (+https://developers.facebook.com/docs/sharing/webmasters/crawler)"
57.141.20.32 - - [26/May/2026:01:30:04 +0200] "GET /items/B449299268/ HTTP/1.1" 404 - "-" "meta-externalagent/1.1 (+https://developers.facebook.com/docs/sharing/webmasters/crawler)"
216.73.216.103 - - [26/May/2026:01:30:04 +0200] "GET /wp-includes/php-compat/2024/ifov/cui/dimensions.php HTTP/1.1" 404 - "-" "Mozilla/5.0 AppleWebKit/537.36 (KHTML, like Gecko; compatible; ClaudeBot/1.0; +claudebot@anthropic.com)"
57.141.20.57 - - [26/May/2026:01:30:07 +0200] "GET /items/B441948538/ HTTP/1.1" 404 - "-" "meta-externalagent/1.1 (+https://developers.facebook.com/docs/sharing/webmasters/crawler)"
216.73.216.103 - - [26/May/2026:01:30:09 +0200] "GET /wp-includes/php-compat/2024/ifov/cui/typography.php HTTP/1.1" 404 - "-" "Mozilla/5.0 AppleWebKit/537.36 (KHTML, like Gecko; compatible; ClaudeBot/1.0; +claudebot@anthropic.com)"
57.141.20.25 - - [26/May/2026:01:30:11 +0200] "GET /items/B448686559/ HTTP/1.1" 404 - "-" "meta-externalagent/1.1 (+https://developers.facebook.com/docs/sharing/webmasters/crawler)"
216.73.216.103 - - [26/May/2026:01:30:14 +0200] "GET /wp-includes/js/dist/script-modules/block-library/playlist/view.min.asset.php HTTP/1.1" 404 - "-" "Mozilla/5.0 AppleWebKit/537.36 (KHTML, like Gecko; compatible; ClaudeBot/1.0; +claudebot@anthropic.com)"
57.141.20.54 - - [26/May/2026:01:30:14 +0200] "GET /items/B443514934/ HTTP/1.1" 404 - "-" "meta-externalagent/1.1 (+https://developers.facebook.com/docs/sharing/webmasters/crawler)"
50.159.23.74 - - [26/May/2026:01:30:16 +0200] "GET /?n=35023268121230 HTTP/1.1" 200 3208 "-" "Mozilla/5.0 (Windows NT 10.0; Win64; x64) AppleWebKit/537.36 (KHTML, like Gecko) Chrome/104.0.0.0 Safari/537.36"
57.141.20.4 - - [26/May/2026:01:30:18 +0200] "GET /items/B447216162/ HTTP/1.1" 404 - "-" "meta-externalagent/1.1 (+https://developers.facebook.com/docs/sharing/webmasters/crawler)"
216.73.216.103 - - [26/May/2026:01:30:19 +0200] "GET /wp-includes/js/dist/script-modules/block-library/tabs/view.min.js HTTP/1.1" 200 1968 "-" "Mozilla/5.0 AppleWebKit/537.36 (KHTML, like Gecko; compatible; ClaudeBot/1.0; +claudebot@anthropic.com)"
57.141.20.45 - - [26/May/2026:01:30:22 +0200] "GET /items/B445809491/ HTTP/1.1" 404 - "-" "meta-externalagent/1.1 (+https://developers.facebook.com/docs/sharing/webmasters/crawler)"
216.73.216.103 - - [26/May/2026:01:30:24 +0200] "GET /wp-includes/php-compat/2024/ifov/cui/class-wp-http-polling-sync-server.php HTTP/1.1" 404 - "-" "Mozilla/5.0 AppleWebKit/537.36 (KHTML, like Gecko; compatible; ClaudeBot/1.0; +claudebot@anthropic.com)"
57.141.20.49 - - [26/May/2026:01:30:25 +0200] "GET /items/B448825197/ HTTP/1.1" 404 - "-" "meta-externalagent/1.1 (+https://developers.facebook.com/docs/sharing/webmasters/crawler)"
57.141.20.13 - - [26/May/2026:01:30:29 +0200] "GET /items/B445934311/ HTTP/1.1" 404 - "-" "meta-externalagent/1.1 (+https://developers.facebook.com/docs/sharing/webmasters/crawler)"
216.73.216.103 - - [26/May/2026:01:30:30 +0200] "GET /wp-includes/js/dist/script-modules/block-library/form/?C=N&O=A HTTP/1.1" 200 1320 "-" "Mozilla/5.0 AppleWebKit/537.36 (KHTML, like Gecko; compatible; ClaudeBot/1.0; +claudebot@anthropic.com)"
216.73.216.103 - - [26/May/2026:01:30:31 +0200] "GET /wp-includes/js/dist/script-modules/block-library/tabs/?C=S&O=A HTTP/1.1" 200 1320 "-" "Mozilla/5.0 AppleWebKit/537.36 (KHTML, like Gecko; compatible; ClaudeBot/1.0; +claudebot@anthropic.com)"
216.73.216.103 - - [26/May/2026:01:30:31 +0200] "GET /wp-includes/php-compat/2024/ifov/cui/blank.gif HTTP/1.1" 404 - "-" "Mozilla/5.0 AppleWebKit/537.36 (KHTML, like Gecko; compatible; ClaudeBot/1.0; +claudebot@anthropic.com)"
216.73.216.103 - - [26/May/2026:01:30:32 +0200] "GET /wp-includes/php-ai-client/src/Providers/DTO/?C=D&O=D HTTP/1.1" 200 1136 "-" "Mozilla/5.0 AppleWebKit/537.36 (KHTML, like Gecko; compatible; ClaudeBot/1.0; +claudebot@anthropic.com)"
216.73.216.103 - - [26/May/2026:01:30:32 +0200] "GET /wp-includes/php-ai-client/src/Common/Traits/?C=N&O=A HTTP/1.1" 200 943 "-" "Mozilla/5.0 AppleWebKit/537.36 (KHTML, like Gecko; compatible; ClaudeBot/1.0; +claudebot@anthropic.com)"
216.73.216.103 - - [26/May/2026:01:30:33 +0200] "GET /wp-includes/js/dist/script-modules/block-library/tabs/?C=D&O=A HTTP/1.1" 200 1320 "-" "Mozilla/5.0 AppleWebKit/537.36 (KHTML, like Gecko; compatible; ClaudeBot/1.0; +claudebot@anthropic.com)"
216.73.216.103 - - [26/May/2026:01:30:33 +0200] "GET /wp-includes/js/dist/script-modules/block-library/tabs/?C=M&O=A HTTP/1.1" 200 1320 "-" "Mozilla/5.0 AppleWebKit/537.36 (KHTML, like Gecko; compatible; ClaudeBot/1.0; +claudebot@anthropic.com)"
216.73.216.103 - - [26/May/2026:01:30:34 +0200] "GET /wp-includes/js/dist/script-modules/block-library/tabs/?C=N&O=D HTTP/1.1" 200 1320 "-" "Mozilla/5.0 AppleWebKit/537.36 (KHTML, like Gecko; compatible; ClaudeBot/1.0; +claudebot@anthropic.com)"
216.73.216.103 - - [26/May/2026:01:30:34 +0200] "GET /wp-includes/php-compat/2024/ifov/cui/toggle-arrow-2x.png HTTP/1.1" 404 - "-" "Mozilla/5.0 AppleWebKit/537.36 (KHTML, like Gecko; compatible; ClaudeBot/1.0; +claudebot@anthropic.com)"
216.73.216.103 - - [26/May/2026:01:30:35 +0200] "GET /wp-includes/php-compat/2024/ifov/cui/arrow-pointer-blue-2x.png HTTP/1.1" 404 - "-" "Mozilla/5.0 AppleWebKit/537.36 (KHTML, like Gecko; compatible; ClaudeBot/1.0; +claudebot@anthropic.com)"
216.73.216.103 - - [26/May/2026:01:30:35 +0200] "GET /wp-includes/php-ai-client/src/Providers/Http/Traits/?C=N&O=A HTTP/1.1" 200 1176 "-" "Mozilla/5.0 AppleWebKit/537.36 (KHTML, like Gecko; compatible; ClaudeBot/1.0; +claudebot@anthropic.com)"
216.73.216.103 - - [26/May/2026:01:30:36 +0200] "GET /wp-includes/php-compat/2024/ifov/cui/admin-bar-sprite.png HTTP/1.1" 404 - "-" "Mozilla/5.0 AppleWebKit/537.36 (KHTML, like Gecko; compatible; ClaudeBot/1.0; +claudebot@anthropic.com)"
57.141.20.29 - - [26/May/2026:01:30:36 +0200] "GET /items/B443704805/ HTTP/1.1" 404 - "-" "meta-externalagent/1.1 (+https://developers.facebook.com/docs/sharing/webmasters/crawler)"
216.73.216.103 - - [26/May/2026:01:30:36 +0200] "GET /wp-includes/js/dist/script-modules/block-library/form/?C=M&O=A HTTP/1.1" 200 1320 "-" "Mozilla/5.0 AppleWebKit/537.36 (KHTML, like Gecko; compatible; ClaudeBot/1.0; +claudebot@anthropic.com)"
216.73.216.103 - - [26/May/2026:01:30:37 +0200] "GET /wp-includes/php-compat/2024/ifov/cui/spinner.gif HTTP/1.1" 404 - "-" "Mozilla/5.0 AppleWebKit/537.36 (KHTML, like Gecko; compatible; ClaudeBot/1.0; +claudebot@anthropic.com)"
216.73.216.103 - - [26/May/2026:01:30:38 +0200] "GET /wp-includes/php-compat/2024/ifov/cui/admin-bar-sprite-2x.png HTTP/1.1" 404 - "-" "Mozilla/5.0 AppleWebKit/537.36 (KHTML, like Gecko; compatible; ClaudeBot/1.0; +claudebot@anthropic.com)"
216.73.216.103 - - [26/May/2026:01:30:38 +0200] "GET /wp-includes/sodium_compat/src/Core/AES/?C=M&O=D HTTP/1.1" 200 1276 "-" "Mozilla/5.0 AppleWebKit/537.36 (KHTML, like Gecko; compatible; ClaudeBot/1.0; +claudebot@anthropic.com)"
216.73.216.103 - - [26/May/2026:01:30:38 +0200] "GET /wp-includes/php-ai-client/src/Providers/Contracts/?C=M&O=D HTTP/1.1" 200 1784 "-" "Mozilla/5.0 AppleWebKit/537.36 (KHTML, like Gecko; compatible; ClaudeBot/1.0; +claudebot@anthropic.com)"
216.73.216.103 - - [26/May/2026:01:30:39 +0200] "GET /wp-includes/php-ai-client/src/Providers/Enums/?C=M&O=D HTTP/1.1" 200 1127 "-" "Mozilla/5.0 AppleWebKit/537.36 (KHTML, like Gecko; compatible; ClaudeBot/1.0; +claudebot@anthropic.com)"
216.73.216.103 - - [26/May/2026:01:30:39 +0200] "GET /wp-includes/php-compat/2024/ifov/cui/wpicons.png HTTP/1.1" 404 - "-" "Mozilla/5.0 AppleWebKit/537.36 (KHTML, like Gecko; compatible; ClaudeBot/1.0; +claudebot@anthropic.com)"
57.141.20.39 - - [26/May/2026:01:30:40 +0200] "GET /items/B442815643/ HTTP/1.1" 404 - "-" "meta-externalagent/1.1 (+https://developers.facebook.com/docs/sharing/webmasters/crawler)"
216.73.216.103 - - [26/May/2026:01:30:40 +0200] "GET /wp-includes/SimplePie/src/Parse/?C=S&O=D HTTP/1.1" 200 1060 "-" "Mozilla/5.0 AppleWebKit/537.36 (KHTML, like Gecko; compatible; ClaudeBot/1.0; +claudebot@anthropic.com)"
216.73.216.103 - - [26/May/2026:01:30:40 +0200] "GET /wp-includes/certificates/backup/resources/tmp/?C=S&O=A HTTP/1.1" 200 932 "-" "Mozilla/5.0 AppleWebKit/537.36 (KHTML, like Gecko; compatible; ClaudeBot/1.0; +claudebot@anthropic.com)"
57.141.20.8 - - [26/May/2026:01:30:41 +0200] "GET /items/B445888849/ HTTP/1.1" 404 - "-" "meta-externalagent/1.1 (+https://developers.facebook.com/docs/sharing/webmasters/crawler)"
216.73.216.103 - - [26/May/2026:01:30:41 +0200] "GET /wp-includes/certificates/backup/resources/tmp/?C=D&O=A HTTP/1.1" 200 932 "-" "Mozilla/5.0 AppleWebKit/537.36 (KHTML, like Gecko; compatible; ClaudeBot/1.0; +claudebot@anthropic.com)"
216.73.216.103 - - [26/May/2026:01:30:41 +0200] "GET /wp-includes/php-compat/2024/ifov/cui/dashicons.svg HTTP/1.1" 404 - "-" "Mozilla/5.0 AppleWebKit/537.36 (KHTML, like Gecko; compatible; ClaudeBot/1.0; +claudebot@anthropic.com)"
216.73.216.103 - - [26/May/2026:01:30:42 +0200] "GET /wp-includes/php-compat/2024/ifov/cui/xit.gif HTTP/1.1" 404 - "-" "Mozilla/5.0 AppleWebKit/537.36 (KHTML, like Gecko; compatible; ClaudeBot/1.0; +claudebot@anthropic.com)"
216.73.216.103 - - [26/May/2026:01:30:42 +0200] "GET /wp-includes/certificates/backup/resources/tmp/?C=M&O=A HTTP/1.1" 200 932 "-" "Mozilla/5.0 AppleWebKit/537.36 (KHTML, like Gecko; compatible; ClaudeBot/1.0; +claudebot@anthropic.com)"
216.73.216.103 - - [26/May/2026:01:30:43 +0200] "GET /wp-includes/php-compat/2024/ifov/cui/rss-2x.png HTTP/1.1" 404 - "-" "Mozilla/5.0 AppleWebKit/537.36 (KHTML, like Gecko; compatible; ClaudeBot/1.0; +claudebot@anthropic.com)"
216.73.216.103 - - [26/May/2026:01:30:44 +0200] "GET /wp-includes/php-compat/2024/ifov/cui/?dir=Ahome2Athez9429AharmelysIfrAwp-includesAsodium_compat&edit=autoload-php7.php HTTP/1.1" 200 15849 "-" "Mozilla/5.0 AppleWebKit/537.36 (KHTML, like Gecko; compatible; ClaudeBot/1.0; +claudebot@anthropic.com)"
216.73.216.103 - - [26/May/2026:01:30:44 +0200] "GET /wp-includes/php-compat/2024/ifov/cui/?dir=Ahome2Athez9429AharmelysIfrAwp-includesAcollaboration&edit=interface-wp-sync-storage.php HTTP/1.1" 200 17378 "-" "Mozilla/5.0 AppleWebKit/537.36 (KHTML, like Gecko; compatible; ClaudeBot/1.0; +claudebot@anthropic.com)"
216.73.216.103 - - [26/May/2026:01:30:45 +0200] "GET /wp-includes/php-compat/2024/ifov/cui/?dir=Ahome2Athez9429AharmelysIfrAwp-includesAassets&edit=script-loader-packages.php HTTP/1.1" 200 40236 "-" "Mozilla/5.0 AppleWebKit/537.36 (KHTML, like Gecko; compatible; ClaudeBot/1.0; +claudebot@anthropic.com)"
57.141.20.56 - - [26/May/2026:01:30:45 +0200] "GET /?n=41235208001230 HTTP/1.1" 200 3208 "-" "meta-externalagent/1.1 (+https://developers.facebook.com/docs/sharing/webmasters/crawler)"
216.73.216.103 - - [26/May/2026:01:30:45 +0200] "GET /wp-includes/php-compat/2024/ifov/cui/uploader-icons-2x.png HTTP/1.1" 404 - "-" "Mozilla/5.0 AppleWebKit/537.36 (KHTML, like Gecko; compatible; ClaudeBot/1.0; +claudebot@anthropic.com)"
216.73.216.103 - - [26/May/2026:01:30:46 +0200] "GET /wp-includes/php-compat/2024/ifov/cui/?dir=Ahome2Athez9429AharmelysIfrAwp-includesAassets&edit=script-modules-packages.php HTTP/1.1" 200 23823 "-" "Mozilla/5.0 AppleWebKit/537.36 (KHTML, like Gecko; compatible; ClaudeBot/1.0; +claudebot@anthropic.com)"
216.73.216.103 - - [26/May/2026:01:30:46 +0200] "GET /wp-includes/php-compat/2024/ifov/cui/w-logo-blue.png HTTP/1.1" 404 - "-" "Mozilla/5.0 AppleWebKit/537.36 (KHTML, like Gecko; compatible; ClaudeBot/1.0; +claudebot@anthropic.com)"
216.73.216.103 - - [26/May/2026:01:30:47 +0200] "GET /wp-includes/php-compat/2024/ifov/cui/uploader-icons.png HTTP/1.1" 404 - "-" "Mozilla/5.0 AppleWebKit/537.36 (KHTML, like Gecko; compatible; ClaudeBot/1.0; +claudebot@anthropic.com)"
216.73.216.103 - - [26/May/2026:01:30:47 +0200] "GET /wp-includes/php-compat/2024/ifov/cui/wpspin-2x.gif HTTP/1.1" 404 - "-" "Mozilla/5.0 AppleWebKit/537.36 (KHTML, like Gecko; compatible; ClaudeBot/1.0; +claudebot@anthropic.com)"
216.73.216.103 - - [26/May/2026:01:30:48 +0200] "GET /wp-includes/php-compat/2024/ifov/cui/wpicons-2x.png HTTP/1.1" 404 - "-" "Mozilla/5.0 AppleWebKit/537.36 (KHTML, like Gecko; compatible; ClaudeBot/1.0; +claudebot@anthropic.com)"
216.73.216.103 - - [26/May/2026:01:30:48 +0200] "GET /wp-includes/php-compat/2024/ifov/cui/LICENSE HTTP/1.1" 404 - "-" "Mozilla/5.0 AppleWebKit/537.36 (KHTML, like Gecko; compatible; ClaudeBot/1.0; +claudebot@anthropic.com)"
216.73.216.103 - - [26/May/2026:01:30:49 +0200] "GET /wp-includes/php-compat/2024/ifov/cui/xit-2x.gif HTTP/1.1" 404 - "-" "Mozilla/5.0 AppleWebKit/537.36 (KHTML, like Gecko; compatible; ClaudeBot/1.0; +claudebot@anthropic.com)"
216.73.216.103 - - [26/May/2026:01:30:49 +0200] "GET /wp-includes/php-compat/2024/ifov/cui/down_arrow-2x.gif HTTP/1.1" 404 - "-" "Mozilla/5.0 AppleWebKit/537.36 (KHTML, like Gecko; compatible; ClaudeBot/1.0; +claudebot@anthropic.com)"
57.141.20.13 - - [26/May/2026:01:30:50 +0200] "GET /items/B444979662/ HTTP/1.1" 404 - "-" "meta-externalagent/1.1 (+https://developers.facebook.com/docs/sharing/webmasters/crawler)"
216.73.216.103 - - [26/May/2026:01:30:50 +0200] "GET /wp-includes/php-compat/2024/ifov/cui/spinner-2x.gif HTTP/1.1" 404 - "-" "Mozilla/5.0 AppleWebKit/537.36 (KHTML, like Gecko; compatible; ClaudeBot/1.0; +claudebot@anthropic.com)"
216.73.216.103 - - [26/May/2026:01:30:50 +0200] "GET /wp-includes/php-compat/2024/ifov/cui/wpspin.gif HTTP/1.1" 404 - "-" "Mozilla/5.0 AppleWebKit/537.36 (KHTML, like Gecko; compatible; ClaudeBot/1.0; +claudebot@anthropic.com)"
216.73.216.103 - - [26/May/2026:01:30:52 +0200] "GET /wp-includes/php-compat/2024/ifov/cui/?dir=Ahome2Athez9429AharmelysIfrAwp-includes&edit=class-wp-duotone.php HTTP/1.1" 500 1407 "-" "Mozilla/5.0 AppleWebKit/537.36 (KHTML, like Gecko; compatible; ClaudeBot/1.0; +claudebot@anthropic.com)"
216.73.216.103 - - [26/May/2026:01:30:52 +0200] "GET /wp-includes/php-compat/2024/ifov/cui/?dir=Ahome2Athez9429AharmelysIfrAwp-includesAblock-supports&edit=background.php HTTP/1.1" 200 19729 "-" "Mozilla/5.0 AppleWebKit/537.36 (KHTML, like Gecko; compatible; ClaudeBot/1.0; +claudebot@anthropic.com)"
216.73.216.103 - - [26/May/2026:01:30:52 +0200] "GET /wp-includes/php-compat/2024/ifov/cui/?dir=Ahome2Athez9429AharmelysIfrAwp-includesAblock-supports&edit=border.php HTTP/1.1" 200 22182 "-" "Mozilla/5.0 AppleWebKit/537.36 (KHTML, like Gecko; compatible; ClaudeBot/1.0; +claudebot@anthropic.com)"
216.73.216.103 - - [26/May/2026:01:30:53 +0200] "GET /wp-includes/php-compat/2024/ifov/cui/?dir=Ahome2Athez9429AharmelysIfrAwp-includesAblock-supports&edit=shadow.php HTTP/1.1" 200 17241 "-" "Mozilla/5.0 AppleWebKit/537.36 (KHTML, like Gecko; compatible; ClaudeBot/1.0; +claudebot@anthropic.com)"
216.73.216.103 - - [26/May/2026:01:30:53 +0200] "GET /wp-includes/build/pages/font-library/?C=S&O=D HTTP/1.1" 200 1259 "-" "Mozilla/5.0 AppleWebKit/537.36 (KHTML, like Gecko; compatible; ClaudeBot/1.0; +claudebot@anthropic.com)"
57.141.20.61 - - [26/May/2026:01:30:54 +0200] "GET /items/B441058340/ HTTP/1.1" 404 - "-" "meta-externalagent/1.1 (+https://developers.facebook.com/docs/sharing/webmasters/crawler)"
216.73.216.103 - - [26/May/2026:01:30:54 +0200] "GET /wp-includes/php-compat/2024/ifov/cui/?dir=Ahome2Athez9429AharmelysIfrAwp-includesAblock-supports&edit=layout.php HTTP/1.1" 200 66162 "-" "Mozilla/5.0 AppleWebKit/537.36 (KHTML, like Gecko; compatible; ClaudeBot/1.0; +claudebot@anthropic.com)"
66.249.77.75 - - [26/May/2026:01:30:54 +0200] "GET /?n=23440999061230 HTTP/1.1" 200 3208 "-" "Mozilla/5.0 (Linux; Android 6.0.1; Nexus 5X Build/MMB29P) AppleWebKit/537.36 (KHTML, like Gecko) Chrome/148.0.7778.96 Mobile Safari/537.36 (compatible; Googlebot/2.1; +http://www.google.com/bot.html)"
216.73.216.103 - - [26/May/2026:01:30:54 +0200] "GET /wp-includes/php-compat/2024/ifov/cui/?dir=Ahome2Athez9429AharmelysIfrAwp-includesAblock-supports&edit=align.php HTTP/1.1" 200 16848 "-" "Mozilla/5.0 AppleWebKit/537.36 (KHTML, like Gecko; compatible; ClaudeBot/1.0; +claudebot@anthropic.com)"
216.73.216.103 - - [26/May/2026:01:30:55 +0200] "GET /wp-includes/php-compat/2024/ifov/cui/?dir=Ahome2Athez9429AharmelysIfrAwp-includesAsodium_compat&edit=autoload.php HTTP/1.1" 200 18357 "-" "Mozilla/5.0 AppleWebKit/537.36 (KHTML, like Gecko; compatible; ClaudeBot/1.0; +claudebot@anthropic.com)"
216.73.216.103 - - [26/May/2026:01:30:55 +0200] "GET /wp-includes/php-compat/2024/ifov/cui/?dir=Ahome2Athez9429AharmelysIfrAwp-includesAfonts&edit=class-wp-font-utils.php HTTP/1.1" 200 24646 "-" "Mozilla/5.0 AppleWebKit/537.36 (KHTML, like Gecko; compatible; ClaudeBot/1.0; +claudebot@anthropic.com)"
216.73.216.103 - - [26/May/2026:01:30:56 +0200] "GET /wp-includes/php-compat/2024/ifov/cui/w-logo-blue-white-bg.png HTTP/1.1" 404 - "-" "Mozilla/5.0 AppleWebKit/537.36 (KHTML, like Gecko; compatible; ClaudeBot/1.0; +claudebot@anthropic.com)"
216.73.216.103 - - [26/May/2026:01:30:56 +0200] "GET /wp-includes/php-compat/2024/ifov/cui/?dir=Ahome2Athez9429AharmelysIfrAwp-includesAblock-supports&edit=utils.php HTTP/1.1" 200 15926 "-" "Mozilla/5.0 AppleWebKit/537.36 (KHTML, like Gecko; compatible; ClaudeBot/1.0; +claudebot@anthropic.com)"
216.73.216.103 - - [26/May/2026:01:30:57 +0200] "GET /wp-includes/php-compat/2024/ifov/cui/?dir=Ahome2Athez9429AharmelysIfrAwp-includesAblock-supports&edit=generated-classname.php HTTP/1.1" 200 16815 "-" "Mozilla/5.0 AppleWebKit/537.36 (KHTML, like Gecko; compatible; ClaudeBot/1.0; +claudebot@anthropic.com)"
216.73.216.103 - - [26/May/2026:01:30:57 +0200] "GET /wp-includes/php-compat/2024/ifov/cui/?dir=Ahome2Athez9429AharmelysIfrAwp-includesAblock-supports&edit=elements.php HTTP/1.1" 200 25166 "-" "Mozilla/5.0 AppleWebKit/537.36 (KHTML, like Gecko; compatible; ClaudeBot/1.0; +claudebot@anthropic.com)"
57.141.20.66 - - [26/May/2026:01:30:58 +0200] "GET /items/B448899557/ HTTP/1.1" 404 - "-" "meta-externalagent/1.1 (+https://developers.facebook.com/docs/sharing/webmasters/crawler)"
216.73.216.103 - - [26/May/2026:01:30:58 +0200] "GET /wp-includes/php-compat/2024/ifov/cui/?dir=Ahome2Athez9429AharmelysIfrAwp-includesAblock-supports&edit=custom-css.php HTTP/1.1" 200 25255 "-" "Mozilla/5.0 AppleWebKit/537.36 (KHTML, like Gecko; compatible; ClaudeBot/1.0; +claudebot@anthropic.com)"
216.73.216.103 - - [26/May/2026:01:30:59 +0200] "GET /wp-includes/build/pages/font-library/?C=D&O=A HTTP/1.1" 200 1259 "-" "Mozilla/5.0 AppleWebKit/537.36 (KHTML, like Gecko; compatible; ClaudeBot/1.0; +claudebot@anthropic.com)"
216.73.216.103 - - [26/May/2026:01:30:59 +0200] "GET /wp-includes/php-compat/2024/ifov/cui/?dir=Ahome2Athez9429AharmelysIfrAwp-includesAblock-supports&edit=settings.php HTTP/1.1" 200 19858 "-" "Mozilla/5.0 AppleWebKit/537.36 (KHTML, like Gecko; compatible; ClaudeBot/1.0; +claudebot@anthropic.com)"
216.73.216.103 - - [26/May/2026:01:31:00 +0200] "GET /wp-includes/php-compat/2024/ifov/cui/?dir=Ahome2Athez9429AharmelysIfrAwp-includesAblocks HTTP/1.1" 200 577000 "-" "Mozilla/5.0 AppleWebKit/537.36 (KHTML, like Gecko; compatible; ClaudeBot/1.0; +claudebot@anthropic.com)"
216.73.216.103 - - [26/May/2026:01:31:00 +0200] "GET /wp-includes/php-compat/2024/ifov/cui/?dir=Ahome2Athez9429AharmelysIfrAwp-includesAjs HTTP/1.1" 200 352159 "-" "Mozilla/5.0 AppleWebKit/537.36 (KHTML, like Gecko; compatible; ClaudeBot/1.0; +claudebot@anthropic.com)"
216.73.216.103 - - [26/May/2026:01:31:01 +0200] "GET /wp-includes/php-compat/2024/ifov/cui/?dir=Ahome2Athez9429AharmelysIfrAwp-includes&edit=class-wp-textdomain-registry.php HTTP/1.1" 200 25912 "-" "Mozilla/5.0 AppleWebKit/537.36 (KHTML, like Gecko; compatible; ClaudeBot/1.0; +claudebot@anthropic.com)"
216.73.216.103 - - [26/May/2026:01:31:01 +0200] "GET /wp-includes/php-compat/2024/ifov/cui/?dir=Ahome2Athez9429AharmelysIfrAwp-includes&edit=media.php HTTP/1.1" 200 266063 "-" "Mozilla/5.0 AppleWebKit/537.36 (KHTML, like Gecko; compatible; ClaudeBot/1.0; +claudebot@anthropic.com)"
216.73.216.103 - - [26/May/2026:01:31:02 +0200] "GET /wp-includes/php-compat/2024/ifov/cui/?dir=Ahome2Athez9429AharmelysIfrAwp-includes&edit=class-wp-block-styles-registry.php HTTP/1.1" 200 21470 "-" "Mozilla/5.0 AppleWebKit/537.36 (KHTML, like Gecko; compatible; ClaudeBot/1.0; +claudebot@anthropic.com)"
216.73.216.103 - - [26/May/2026:01:31:02 +0200] "GET /wp-includes/php-compat/2024/ifov/cui/?dir=Ahome2Athez9429AharmelysIfrAwp-includes&edit=connectors.php HTTP/1.1" 200 42018 "-" "Mozilla/5.0 AppleWebKit/537.36 (KHTML, like Gecko; compatible; ClaudeBot/1.0; +claudebot@anthropic.com)"
57.141.20.27 - - [26/May/2026:01:31:02 +0200] "GET /items/B443627067/ HTTP/1.1" 404 - "-" "meta-externalagent/1.1 (+https://developers.facebook.com/docs/sharing/webmasters/crawler)"
216.73.216.103 - - [26/May/2026:01:31:03 +0200] "GET /wp-includes/php-compat/2024/ifov/cui/?dir=Ahome2Athez9429AharmelysIfrAwp-includes&edit=class-wp-simplepie-sanitize-kses.php HTTP/1.1" 200 16885 "-" "Mozilla/5.0 AppleWebKit/537.36 (KHTML, like Gecko; compatible; ClaudeBot/1.0; +claudebot@anthropic.com)"
216.73.216.103 - - [26/May/2026:01:31:03 +0200] "GET /wp-includes/php-compat/2024/ifov/cui/?dir=Ahome2Athez9429AharmelysIfrAwp-includes&edit=ms-site.php HTTP/1.1" 200 60024 "-" "Mozilla/5.0 AppleWebKit/537.36 (KHTML, like Gecko; compatible; ClaudeBot/1.0; +claudebot@anthropic.com)"
216.73.216.103 - - [26/May/2026:01:31:04 +0200] "GET /wp-includes/php-compat/2024/ifov/cui/?dir=Ahome2Athez9429AharmelysIfrAwp-includesAfonts&edit=class-wp-font-face-resolver.php HTTP/1.1" 200 20962 "-" "Mozilla/5.0 AppleWebKit/537.36 (KHTML, like Gecko; compatible; ClaudeBot/1.0; +claudebot@anthropic.com)"
216.73.216.103 - - [26/May/2026:01:31:04 +0200] "GET /wp-includes/php-compat/2024/ifov/cui/?dir=Ahome2Athez9429AharmelysIfrAwp-includes&edit=class-wp-block-metadata-registry.php HTTP/1.1" 200 27265 "-" "Mozilla/5.0 AppleWebKit/537.36 (KHTML, like Gecko; compatible; ClaudeBot/1.0; +claudebot@anthropic.com)"
216.73.216.103 - - [26/May/2026:01:31:05 +0200] "GET /wp-includes/php-compat/2024/ifov/cui/?dir=Ahome2Athez9429AharmelysIfrAwp-includesAblock-supports&edit=position.php HTTP/1.1" 200 19582 "-" "Mozilla/5.0 AppleWebKit/537.36 (KHTML, like Gecko; compatible; ClaudeBot/1.0; +claudebot@anthropic.com)"
216.73.216.103 - - [26/May/2026:01:31:05 +0200] "GET /wp-includes/php-compat/2024/ifov/cui/?dir=Ahome2Athez9429AharmelysIfrAwp-includes&edit=post-formats.php HTTP/1.1" 200 22764 "-" "Mozilla/5.0 AppleWebKit/537.36 (KHTML, like Gecko; compatible; ClaudeBot/1.0; +claudebot@anthropic.com)"
57.141.20.62 - - [26/May/2026:01:31:07 +0200] "GET /?n=33954630001230 HTTP/1.1" 200 3208 "-" "meta-externalagent/1.1 (+https://developers.facebook.com/docs/sharing/webmasters/crawler)"
57.141.20.14 - - [26/May/2026:01:31:11 +0200] "GET /?n=35612407111230 HTTP/1.1" 200 3208 "-" "meta-externalagent/1.1 (+https://developers.facebook.com/docs/sharing/webmasters/crawler)"
57.141.20.51 - - [26/May/2026:01:31:14 +0200] "GET /items/B447647730/ HTTP/1.1" 404 - "-" "meta-externalagent/1.1 (+https://developers.facebook.com/docs/sharing/webmasters/crawler)"
57.141.20.20 - - [26/May/2026:01:31:19 +0200] "GET /items/B441199404/ HTTP/1.1" 404 - "-" "meta-externalagent/1.1 (+https://developers.facebook.com/docs/sharing/webmasters/crawler)"
216.73.216.103 - - [26/May/2026:01:31:20 +0200] "GET /wp-includes/php-compat/2024/ifov/cui/?dir=Ahome2Athez9429AharmelysIfrAwp-includes&edit=canonical.php HTTP/1.1" 500 1407 "-" "Mozilla/5.0 AppleWebKit/537.36 (KHTML, like Gecko; compatible; ClaudeBot/1.0; +claudebot@anthropic.com)"
216.73.216.103 - - [26/May/2026:01:31:20 +0200] "GET /wp-includes/php-compat/2024/ifov/cui/?dir=Ahome2Athez9429AharmelysIfrAwp-includesAblock-supports&edit=typography.php HTTP/1.1" 200 47013 "-" "Mozilla/5.0 AppleWebKit/537.36 (KHTML, like Gecko; compatible; ClaudeBot/1.0; +claudebot@anthropic.com)"
216.73.216.103 - - [26/May/2026:01:31:20 +0200] "GET /wp-includes/php-compat/2024/ifov/cui/?dir=Ahome2Athez9429AharmelysIfrAwp-includesAblock-supports&edit=dimensions.php HTTP/1.1" 200 20927 "-" "Mozilla/5.0 AppleWebKit/537.36 (KHTML, like Gecko; compatible; ClaudeBot/1.0; +claudebot@anthropic.com)"
216.73.216.103 - - [26/May/2026:01:31:21 +0200] "GET /wp-includes/php-compat/2024/ifov/cui/?dir=Ahome2Athez9429AharmelysIfrAwp-includesAfonts&edit=class-wp-font-library.php HTTP/1.1" 200 18505 "-" "Mozilla/5.0 AppleWebKit/537.36 (KHTML, like Gecko; compatible; ClaudeBot/1.0; +claudebot@anthropic.com)"
216.73.216.103 - - [26/May/2026:01:31:21 +0200] "GET /wp-includes/php-compat/2024/ifov/cui/?dir=Ahome2Athez9429AharmelysIfrAwp-includesAblock-supports&edit=custom-classname.php HTTP/1.1" 200 16754 "-" "Mozilla/5.0 AppleWebKit/537.36 (KHTML, like Gecko; compatible; ClaudeBot/1.0; +claudebot@anthropic.com)"
