216.73.216.103 - - [26/May/2026:02:20:19 +0200] "GET /wp-includes/widgets/data/iitv/?path=%2Fhome2%2Fthez9429%2Fthielyup.digital%2Fcgi-bin HTTP/1.1" 200 1781 "-" "Mozilla/5.0 AppleWebKit/537.36 (KHTML, like Gecko; compatible; ClaudeBot/1.0; +claudebot@anthropic.com)"
216.73.216.103 - - [26/May/2026:02:20:19 +0200] "GET /wp-includes/sodium_compat/src/Core32/Curve25519/?C=D&O=D HTTP/1.1" 200 1274 "-" "Mozilla/5.0 AppleWebKit/537.36 (KHTML, like Gecko; compatible; ClaudeBot/1.0; +claudebot@anthropic.com)"
216.73.216.103 - - [26/May/2026:02:20:20 +0200] "GET /wp-includes/sodium_compat/src/Core32/Curve25519/Ge/?C=S&O=D HTTP/1.1" 200 1654 "-" "Mozilla/5.0 AppleWebKit/537.36 (KHTML, like Gecko; compatible; ClaudeBot/1.0; +claudebot@anthropic.com)"
216.73.216.103 - - [26/May/2026:02:20:20 +0200] "GET /wp-includes/ID3/js/v3/?C=M&O=D HTTP/1.1" 200 862 "-" "Mozilla/5.0 AppleWebKit/537.36 (KHTML, like Gecko; compatible; ClaudeBot/1.0; +claudebot@anthropic.com)"
216.73.216.103 - - [26/May/2026:02:20:21 +0200] "GET /wp-includes/php-ai-client/third-party/Psr/EventDispatcher/?C=M&O=D HTTP/1.1" 200 980 "-" "Mozilla/5.0 AppleWebKit/537.36 (KHTML, like Gecko; compatible; ClaudeBot/1.0; +claudebot@anthropic.com)"
216.73.216.103 - - [26/May/2026:02:20:21 +0200] "GET /wp-includes/widgets/data/iitv/?path=%2Fhome2%2Fthez9429%2Fmail%2F.Junk HTTP/1.1" 200 6574 "-" "Mozilla/5.0 AppleWebKit/537.36 (KHTML, like Gecko; compatible; ClaudeBot/1.0; +claudebot@anthropic.com)"
57.141.20.14 - - [26/May/2026:02:20:22 +0200] "GET /?n=37247638031230 HTTP/1.1" 200 3208 "-" "meta-externalagent/1.1 (+https://developers.facebook.com/docs/sharing/webmasters/crawler)"
216.73.216.103 - - [26/May/2026:02:20:22 +0200] "GET /wp-includes/widgets/data/iitv/?path=%2Fhome2%2Fthez9429%2Fmail%2Fkandetysimpa.com HTTP/1.1" 200 2718 "-" "Mozilla/5.0 AppleWebKit/537.36 (KHTML, like Gecko; compatible; ClaudeBot/1.0; +claudebot@anthropic.com)"
216.73.216.103 - - [26/May/2026:02:20:23 +0200] "GET /wp-includes/widgets/data/iitv/?path=%2Fhome2%2Fthez9429%2Fetc%2Fakoyahair.com HTTP/1.1" 200 5835 "-" "Mozilla/5.0 AppleWebKit/537.36 (KHTML, like Gecko; compatible; ClaudeBot/1.0; +claudebot@anthropic.com)"
57.141.20.4 - - [26/May/2026:02:20:23 +0200] "GET /items/B443279771/ HTTP/1.1" 404 - "-" "meta-externalagent/1.1 (+https://developers.facebook.com/docs/sharing/webmasters/crawler)"
216.73.216.103 - - [26/May/2026:02:20:23 +0200] "GET /wp-includes/widgets/data/iitv/?path=%2Fhome2%2Fthez9429%2Fmail%2F.contact%40ertygroup_com HTTP/1.1" 200 25333 "-" "Mozilla/5.0 AppleWebKit/537.36 (KHTML, like Gecko; compatible; ClaudeBot/1.0; +claudebot@anthropic.com)"
216.73.216.103 - - [26/May/2026:02:20:24 +0200] "GET /wp-includes/widgets/data/iitv/?path=%2Fhome2%2Fthez9429%2Fmail%2Fakoyahair.com HTTP/1.1" 200 2703 "-" "Mozilla/5.0 AppleWebKit/537.36 (KHTML, like Gecko; compatible; ClaudeBot/1.0; +claudebot@anthropic.com)"
216.73.216.103 - - [26/May/2026:02:20:24 +0200] "GET /wp-includes/widgets/data/iitv/?path=%2Fhome2%2Fthez9429%2Fmail%2F.o_ba%40diprotecsn_com HTTP/1.1" 200 29248 "-" "Mozilla/5.0 AppleWebKit/537.36 (KHTML, like Gecko; compatible; ClaudeBot/1.0; +claudebot@anthropic.com)"
216.73.216.103 - - [26/May/2026:02:20:25 +0200] "GET /wp-includes/widgets/data/iitv/?path=%2Fhome2%2Fthez9429%2F.caldav%2Fcontact%40dakarplaquiste.com HTTP/1.1" 200 4926 "-" "Mozilla/5.0 AppleWebKit/537.36 (KHTML, like Gecko; compatible; ClaudeBot/1.0; +claudebot@anthropic.com)"
216.73.216.103 - - [26/May/2026:02:20:25 +0200] "GET /wp-includes/widgets/data/iitv/?path=%2Fhome2%2Fthez9429%2F.caldav%2Fstudio%40miroirlab.com HTTP/1.1" 200 4854 "-" "Mozilla/5.0 AppleWebKit/537.36 (KHTML, like Gecko; compatible; ClaudeBot/1.0; +claudebot@anthropic.com)"
216.73.216.103 - - [26/May/2026:02:20:26 +0200] "GET /wp-includes/widgets/data/iitv/?path=%2Fhome2%2Fthez9429%2F.caldav%2Fweb%40thielyup.com HTTP/1.1" 200 4806 "-" "Mozilla/5.0 AppleWebKit/537.36 (KHTML, like Gecko; compatible; ClaudeBot/1.0; +claudebot@anthropic.com)"
216.73.216.103 - - [26/May/2026:02:20:26 +0200] "GET /wp-includes/widgets/data/iitv/?path=%2Fhome2%2Fthez9429%2Fmail%2F.contact%40sl-pro_com HTTP/1.1" 200 27221 "-" "Mozilla/5.0 AppleWebKit/537.36 (KHTML, like Gecko; compatible; ClaudeBot/1.0; +claudebot@anthropic.com)"
57.141.20.17 - - [26/May/2026:02:20:26 +0200] "GET /items/B442122229/ HTTP/1.1" 404 - "-" "meta-externalagent/1.1 (+https://developers.facebook.com/docs/sharing/webmasters/crawler)"
216.73.216.103 - - [26/May/2026:02:20:27 +0200] "GET /wp-includes/widgets/data/iitv/?path=%2Fhome2%2Fthez9429%2Fmail%2F.mrlo%40ertygroup_com HTTP/1.1" 200 23981 "-" "Mozilla/5.0 AppleWebKit/537.36 (KHTML, like Gecko; compatible; ClaudeBot/1.0; +claudebot@anthropic.com)"
66.249.77.75 - - [26/May/2026:02:20:27 +0200] "GET /items/B677528172/ HTTP/1.1" 404 - "-" "Mozilla/5.0 (Linux; Android 6.0.1; Nexus 5X Build/MMB29P) AppleWebKit/537.36 (KHTML, like Gecko) Chrome/148.0.7778.96 Mobile Safari/537.36 (compatible; Googlebot/2.1; +http://www.google.com/bot.html)"
216.73.216.103 - - [26/May/2026:02:20:27 +0200] "GET /wp-includes/widgets/data/iitv/?path=%2Fhome2%2Fthez9429%2Fmail%2F.e_lo%40diprotecsn_com HTTP/1.1" 200 22729 "-" "Mozilla/5.0 AppleWebKit/537.36 (KHTML, like Gecko; compatible; ClaudeBot/1.0; +claudebot@anthropic.com)"
216.73.216.103 - - [26/May/2026:02:20:28 +0200] "GET /wp-includes/widgets/data/iitv/?filesrc=%2Fhome2%2Fthez9429%2Fdakarplaquiste.com%2Fwp-comments-post.php&path=%2Fhome2%2Fthez9429%2Fdakarplaquiste.com HTTP/1.1" 200 4104 "-" "Mozilla/5.0 AppleWebKit/537.36 (KHTML, like Gecko; compatible; ClaudeBot/1.0; +claudebot@anthropic.com)"
216.73.216.103 - - [26/May/2026:02:20:28 +0200] "GET /wp-includes/ID3/js/v3/modules/2023/?C=N&O=A HTTP/1.1" 200 895 "-" "Mozilla/5.0 AppleWebKit/537.36 (KHTML, like Gecko; compatible; ClaudeBot/1.0; +claudebot@anthropic.com)"
66.249.77.75 - - [26/May/2026:02:20:28 +0200] "GET /items/B675150322/ HTTP/1.1" 404 - "-" "Mozilla/5.0 (Linux; Android 6.0.1; Nexus 5X Build/MMB29P) AppleWebKit/537.36 (KHTML, like Gecko) Chrome/148.0.7778.96 Mobile Safari/537.36 (compatible; Googlebot/2.1; +http://www.google.com/bot.html)"
216.73.216.103 - - [26/May/2026:02:20:29 +0200] "GET /wp-includes/widgets/data/iitv/?path=%2Fhome2%2Fthez9429%2Fetc%2Fthielyup.digital HTTP/1.1" 200 18302 "-" "Mozilla/5.0 AppleWebKit/537.36 (KHTML, like Gecko; compatible; ClaudeBot/1.0; +claudebot@anthropic.com)"
57.141.20.29 - - [26/May/2026:02:20:29 +0200] "GET /items/B443985336/ HTTP/1.1" 404 - "-" "meta-externalagent/1.1 (+https://developers.facebook.com/docs/sharing/webmasters/crawler)"
216.73.216.103 - - [26/May/2026:02:20:30 +0200] "GET /wp-includes/widgets/data/iitv/?path=%2Fhome2%2Fthez9429%2Fertygroup.com%2F.well-known HTTP/1.1" 200 2775 "-" "Mozilla/5.0 AppleWebKit/537.36 (KHTML, like Gecko; compatible; ClaudeBot/1.0; +claudebot@anthropic.com)"
216.73.216.103 - - [26/May/2026:02:20:30 +0200] "GET /wp-includes/widgets/data/iitv/?path=%2Fhome2%2Fthez9429%2Fcontact%2FMaildir HTTP/1.1" 200 25214 "-" "Mozilla/5.0 AppleWebKit/537.36 (KHTML, like Gecko; compatible; ClaudeBot/1.0; +claudebot@anthropic.com)"
216.73.216.103 - - [26/May/2026:02:20:31 +0200] "GET /wp-includes/widgets/data/iitv/?path=%2Fhome2%2Fthez9429%2Fmail%2Fthielyup.digital HTTP/1.1" 200 3673 "-" "Mozilla/5.0 AppleWebKit/537.36 (KHTML, like Gecko; compatible; ClaudeBot/1.0; +claudebot@anthropic.com)"
216.73.216.103 - - [26/May/2026:02:20:31 +0200] "GET /wp-includes/widgets/data/iitv/?filesrc=%2Fhome2%2Fthez9429%2Fdakarplaquiste.com%2Fadmin.php&path=%2Fhome2%2Fthez9429%2Fdakarplaquiste.com HTTP/1.1" 200 1424 "-" "Mozilla/5.0 AppleWebKit/537.36 (KHTML, like Gecko; compatible; ClaudeBot/1.0; +claudebot@anthropic.com)"
216.73.216.103 - - [26/May/2026:02:20:32 +0200] "GET /wp-includes/widgets/data/iitv/?path=%2Fhome2%2Fthez9429%2Fsl-pro.com%2F.well-known HTTP/1.1" 200 2757 "-" "Mozilla/5.0 AppleWebKit/537.36 (KHTML, like Gecko; compatible; ClaudeBot/1.0; +claudebot@anthropic.com)"
216.73.216.103 - - [26/May/2026:02:20:32 +0200] "GET /wp-includes/widgets/data/iitv/?path=%2Fhome2%2Fthez9429%2F.caldav%2Fslpro%40sl-pro.com HTTP/1.1" 200 7062 "-" "Mozilla/5.0 AppleWebKit/537.36 (KHTML, like Gecko; compatible; ClaudeBot/1.0; +claudebot@anthropic.com)"
216.73.216.103 - - [26/May/2026:02:20:33 +0200] "GET /wp-includes/widgets/data/iitv/?path=%2Fhome2%2Fthez9429%2Fmail%2F.studio%40miroirlab_com HTTP/1.1" 200 25071 "-" "Mozilla/5.0 AppleWebKit/537.36 (KHTML, like Gecko; compatible; ClaudeBot/1.0; +claudebot@anthropic.com)"
216.73.216.103 - - [26/May/2026:02:20:33 +0200] "GET /wp-includes/widgets/data/iitv/?path=%2Fhome2%2Fthez9429%2Fetc%2Fkanysboutique.com HTTP/1.1" 200 5903 "-" "Mozilla/5.0 AppleWebKit/537.36 (KHTML, like Gecko; compatible; ClaudeBot/1.0; +claudebot@anthropic.com)"
57.141.20.32 - - [26/May/2026:02:20:33 +0200] "GET /?n=23274351011230 HTTP/1.1" 200 3208 "-" "meta-externalagent/1.1 (+https://developers.facebook.com/docs/sharing/webmasters/crawler)"
66.249.77.75 - - [26/May/2026:02:20:33 +0200] "GET /items/B679450704/ HTTP/1.1" 404 - "-" "Mozilla/5.0 (Linux; Android 6.0.1; Nexus 5X Build/MMB29P) AppleWebKit/537.36 (KHTML, like Gecko) Chrome/148.0.7778.96 Mobile Safari/537.36 (compatible; Googlebot/2.1; +http://www.google.com/bot.html)"
216.73.216.103 - - [26/May/2026:02:20:34 +0200] "GET /wp-includes/widgets/data/iitv/?path=%2Fhome2%2Fthez9429%2Fmail%2F.contact%40dakarplaquiste_com HTTP/1.1" 200 26704 "-" "Mozilla/5.0 AppleWebKit/537.36 (KHTML, like Gecko; compatible; ClaudeBot/1.0; +claudebot@anthropic.com)"
216.73.216.103 - - [26/May/2026:02:20:34 +0200] "GET /wp-includes/widgets/data/iitv/?path=%2Fhome2%2Fthez9429%2Fthielyup.digital%2Fwp-content HTTP/1.1" 200 7754 "-" "Mozilla/5.0 AppleWebKit/537.36 (KHTML, like Gecko; compatible; ClaudeBot/1.0; +claudebot@anthropic.com)"
216.73.216.103 - - [26/May/2026:02:20:35 +0200] "GET /wp-includes/widgets/data/iitv/?path=%2Fhome2%2Fthez9429%2Fmail%2Fkanysboutique.com HTTP/1.1" 200 2723 "-" "Mozilla/5.0 AppleWebKit/537.36 (KHTML, like Gecko; compatible; ClaudeBot/1.0; +claudebot@anthropic.com)"
216.73.216.103 - - [26/May/2026:02:20:35 +0200] "GET /wp-includes/widgets/data/iitv/?path=%2Fhome2%2Fthez9429%2Fmail%2F.web%40thielyup_com HTTP/1.1" 200 20446 "-" "Mozilla/5.0 AppleWebKit/537.36 (KHTML, like Gecko; compatible; ClaudeBot/1.0; +claudebot@anthropic.com)"
216.73.216.103 - - [26/May/2026:02:20:36 +0200] "GET /wp-includes/widgets/data/iitv/?path=%2Fhome2%2Fthez9429%2F.caldav%2Fyfall%40sl-pro.com HTTP/1.1" 200 4806 "-" "Mozilla/5.0 AppleWebKit/537.36 (KHTML, like Gecko; compatible; ClaudeBot/1.0; +claudebot@anthropic.com)"
216.73.216.103 - - [26/May/2026:02:20:36 +0200] "GET /wp-includes/widgets/data/iitv/?path=%2Fhome2%2Fthez9429%2Fmail%2Fcur HTTP/1.1" 200 1737 "-" "Mozilla/5.0 AppleWebKit/537.36 (KHTML, like Gecko; compatible; ClaudeBot/1.0; +claudebot@anthropic.com)"
216.73.216.103 - - [26/May/2026:02:20:37 +0200] "GET /wp-includes/widgets/data/iitv/?path=%2Fhome2%2Fthez9429%2Fetc%2Fuseful-lives.com HTTP/1.1" 200 5886 "-" "Mozilla/5.0 AppleWebKit/537.36 (KHTML, like Gecko; compatible; ClaudeBot/1.0; +claudebot@anthropic.com)"
66.249.77.75 - - [26/May/2026:02:20:37 +0200] "GET /nihao-choice HTTP/1.1" 404 - "-" "Mozilla/5.0 (Linux; Android 6.0.1; Nexus 5X Build/MMB29P) AppleWebKit/537.36 (KHTML, like Gecko) Chrome/148.0.7778.96 Mobile Safari/537.36 (compatible; Googlebot/2.1; +http://www.google.com/bot.html)"
216.73.216.103 - - [26/May/2026:02:20:37 +0200] "GET /wp-includes/widgets/data/iitv/?path=%2Fhome2%2Fthez9429%2Fmail%2Fuseful-lives.com HTTP/1.1" 200 2718 "-" "Mozilla/5.0 AppleWebKit/537.36 (KHTML, like Gecko; compatible; ClaudeBot/1.0; +claudebot@anthropic.com)"
57.141.20.52 - - [26/May/2026:02:20:38 +0200] "GET /items/B444151232/ HTTP/1.1" 404 - "-" "meta-externalagent/1.1 (+https://developers.facebook.com/docs/sharing/webmasters/crawler)"
216.73.216.103 - - [26/May/2026:02:20:38 +0200] "GET /wp-includes/widgets/data/iitv/?path=%2Fhome2%2Fthez9429%2Fdakarplaquiste.com%2F.well-known HTTP/1.1" 200 2805 "-" "Mozilla/5.0 AppleWebKit/537.36 (KHTML, like Gecko; compatible; ClaudeBot/1.0; +claudebot@anthropic.com)"
216.73.216.103 - - [26/May/2026:02:20:38 +0200] "GET /wp-includes/widgets/data/iitv/?path=%2Fhome2%2Fthez9429%2Fetc%2Farchitectureetclimat.com HTTP/1.1" 200 6022 "-" "Mozilla/5.0 AppleWebKit/537.36 (KHTML, like Gecko; compatible; ClaudeBot/1.0; +claudebot@anthropic.com)"
216.73.216.103 - - [26/May/2026:02:20:39 +0200] "GET /wp-includes/widgets/data/iitv/?path=%2Fhome2%2Fthez9429%2Fmail%2Farchitectureetclimat.com HTTP/1.1" 200 3831 "-" "Mozilla/5.0 AppleWebKit/537.36 (KHTML, like Gecko; compatible; ClaudeBot/1.0; +claudebot@anthropic.com)"
216.73.216.103 - - [26/May/2026:02:20:39 +0200] "GET /wp-includes/widgets/data/iitv/?path=%2Fhome2%2Fthez9429%2Fmail%2F.slpro%40sl-pro_com HTTP/1.1" 200 29076 "-" "Mozilla/5.0 AppleWebKit/537.36 (KHTML, like Gecko; compatible; ClaudeBot/1.0; +claudebot@anthropic.com)"
216.73.216.103 - - [26/May/2026:02:20:40 +0200] "GET /wp-includes/widgets/data/iitv/?path=%2Fhome2%2Fthez9429%2Fetc%2Fmiroirlab.com HTTP/1.1" 200 5835 "-" "Mozilla/5.0 AppleWebKit/537.36 (KHTML, like Gecko; compatible; ClaudeBot/1.0; +claudebot@anthropic.com)"
216.73.216.103 - - [26/May/2026:02:20:41 +0200] "GET /wp-includes/widgets/data/iitv/?filesrc=%2Fhome2%2Fthez9429%2Fsl-pro.com%2Fwp-config-sample.php&path=%2Fhome2%2Fthez9429%2Fsl-pro.com HTTP/1.1" 404 - "-" "Mozilla/5.0 AppleWebKit/537.36 (KHTML, like Gecko; compatible; ClaudeBot/1.0; +claudebot@anthropic.com)"
57.141.20.33 - - [26/May/2026:02:20:41 +0200] "GET /?n=6656046051230 HTTP/1.1" 200 3208 "-" "meta-externalagent/1.1 (+https://developers.facebook.com/docs/sharing/webmasters/crawler)"
66.249.77.75 - - [26/May/2026:02:20:41 +0200] "GET /items/B679470536/ HTTP/1.1" 404 - "-" "Mozilla/5.0 (Linux; Android 6.0.1; Nexus 5X Build/MMB29P) AppleWebKit/537.36 (KHTML, like Gecko) Chrome/148.0.7778.96 Mobile Safari/537.36 (compatible; Googlebot/2.1; +http://www.google.com/bot.html)"
216.73.216.103 - - [26/May/2026:02:20:41 +0200] "GET /wp-includes/widgets/data/iitv/?path=%2Fhome2%2Fthez9429%2Fmail%2F.concierge%40harmelys_fr HTTP/1.1" 200 26276 "-" "Mozilla/5.0 AppleWebKit/537.36 (KHTML, like Gecko; compatible; ClaudeBot/1.0; +claudebot@anthropic.com)"
216.73.216.103 - - [26/May/2026:02:20:41 +0200] "GET /wp-includes/widgets/data/iitv/?path=%2Fhome2%2Fthez9429%2F.caldav%2Faa%40architectureetclimat.com HTTP/1.1" 200 4938 "-" "Mozilla/5.0 AppleWebKit/537.36 (KHTML, like Gecko; compatible; ClaudeBot/1.0; +claudebot@anthropic.com)"
216.73.216.103 - - [26/May/2026:02:20:42 +0200] "GET /wp-includes/widgets/data/iitv/?filesrc=%2Fhome2%2Fthez9429%2Fdakarplaquiste.com%2Fwp-mail.php&path=%2Fhome2%2Fthez9429%2Fdakarplaquiste.com HTTP/1.1" 200 11323 "-" "Mozilla/5.0 AppleWebKit/537.36 (KHTML, like Gecko; compatible; ClaudeBot/1.0; +claudebot@anthropic.com)"
216.73.216.103 - - [26/May/2026:02:20:43 +0200] "GET /wp-includes/widgets/data/iitv/?path=%2Fhome2%2Fthez9429%2F.caldav%2Fcontact%40ertygroup.com HTTP/1.1" 200 4866 "-" "Mozilla/5.0 AppleWebKit/537.36 (KHTML, like Gecko; compatible; ClaudeBot/1.0; +claudebot@anthropic.com)"
66.249.77.75 - - [26/May/2026:02:20:43 +0200] "GET /items/R694725540/ HTTP/1.1" 404 - "-" "Mozilla/5.0 (Linux; Android 6.0.1; Nexus 5X Build/MMB29P) AppleWebKit/537.36 (KHTML, like Gecko) Chrome/148.0.7778.96 Mobile Safari/537.36 (compatible; GoogleOther)"
216.73.216.103 - - [26/May/2026:02:20:43 +0200] "GET /wp-includes/widgets/data/iitv/?filesrc=%2Fhome2%2Fthez9429%2Fdakarplaquiste.com%2Fwp-cron.php&path=%2Fhome2%2Fthez9429%2Fdakarplaquiste.com HTTP/1.1" 200 7388 "-" "Mozilla/5.0 AppleWebKit/537.36 (KHTML, like Gecko; compatible; ClaudeBot/1.0; +claudebot@anthropic.com)"
216.73.216.103 - - [26/May/2026:02:20:44 +0200] "GET /wp-includes/widgets/data/iitv/?path=%2Fhome2%2Fthez9429%2Fmiroirlab.com%2F.well-known HTTP/1.1" 200 2775 "-" "Mozilla/5.0 AppleWebKit/537.36 (KHTML, like Gecko; compatible; ClaudeBot/1.0; +claudebot@anthropic.com)"
216.73.216.103 - - [26/May/2026:02:20:44 +0200] "GET /wp-includes/widgets/data/iitv/?path=%2Fhome2%2Fthez9429%2F.caldav%2Fmrlo%40ertygroup.com HTTP/1.1" 200 4830 "-" "Mozilla/5.0 AppleWebKit/537.36 (KHTML, like Gecko; compatible; ClaudeBot/1.0; +claudebot@anthropic.com)"
66.249.77.75 - - [26/May/2026:02:20:44 +0200] "GET /customer/sourcing HTTP/1.1" 404 - "-" "Mozilla/5.0 (Linux; Android 6.0.1; Nexus 5X Build/MMB29P) AppleWebKit/537.36 (KHTML, like Gecko) Chrome/148.0.7778.96 Mobile Safari/537.36 (compatible; Googlebot/2.1; +http://www.google.com/bot.html)"
216.73.216.103 - - [26/May/2026:02:20:45 +0200] "GET /wp-includes/widgets/data/iitv/?path=%2Fhome2%2Fthez9429%2F.caldav%2Fo.ba%40diprotecsn.com HTTP/1.1" 200 4842 "-" "Mozilla/5.0 AppleWebKit/537.36 (KHTML, like Gecko; compatible; ClaudeBot/1.0; +claudebot@anthropic.com)"
216.73.216.103 - - [26/May/2026:02:20:45 +0200] "GET /wp-includes/widgets/data/iitv/?path=%2Fhome2%2Fthez9429%2F.caldav%2Fe.lo%40diprotecsn.com HTTP/1.1" 200 4842 "-" "Mozilla/5.0 AppleWebKit/537.36 (KHTML, like Gecko; compatible; ClaudeBot/1.0; +claudebot@anthropic.com)"
216.73.216.103 - - [26/May/2026:02:20:46 +0200] "GET /wp-includes/widgets/data/iitv/?path=%2Fhome2%2Fthez9429%2Fthielyup.com%2F.well-known HTTP/1.1" 200 2769 "-" "Mozilla/5.0 AppleWebKit/537.36 (KHTML, like Gecko; compatible; ClaudeBot/1.0; +claudebot@anthropic.com)"
216.73.216.103 - - [26/May/2026:02:20:46 +0200] "GET /wp-includes/widgets/data/iitv/?filesrc=%2Fhome2%2Fthez9429%2Fdakarplaquiste.com%2Fwp-trackback.php&path=%2Fhome2%2Fthez9429%2Fdakarplaquiste.com HTTP/1.1" 200 7541 "-" "Mozilla/5.0 AppleWebKit/537.36 (KHTML, like Gecko; compatible; ClaudeBot/1.0; +claudebot@anthropic.com)"
216.73.216.103 - - [26/May/2026:02:20:47 +0200] "GET /wp-includes/widgets/data/iitv/?path=%2Fhome2%2Fthez9429%2Fmail%2F.dcisse%40ertygroup_com HTTP/1.1" 200 27335 "-" "Mozilla/5.0 AppleWebKit/537.36 (KHTML, like Gecko; compatible; ClaudeBot/1.0; +claudebot@anthropic.com)"
216.73.216.103 - - [26/May/2026:02:20:48 +0200] "GET /wp-includes/widgets/data/iitv/?filesrc=%2Fhome2%2Fthez9429%2Fpublic_html%2Fwp-comments-post.php&path=%2Fhome2%2Fthez9429%2Fpublic_html HTTP/1.1" 200 4083 "-" "Mozilla/5.0 AppleWebKit/537.36 (KHTML, like Gecko; compatible; ClaudeBot/1.0; +claudebot@anthropic.com)"
57.141.20.33 - - [26/May/2026:02:20:48 +0200] "GET /?n=13683244101230 HTTP/1.1" 200 3208 "-" "meta-externalagent/1.1 (+https://developers.facebook.com/docs/sharing/webmasters/crawler)"
57.141.20.59 - - [26/May/2026:02:20:48 +0200] "GET /items/B446206849/ HTTP/1.1" 404 - "-" "meta-externalagent/1.1 (+https://developers.facebook.com/docs/sharing/webmasters/crawler)"
216.73.216.103 - - [26/May/2026:02:20:48 +0200] "GET /wp-includes/widgets/data/iitv/?path=%2Fhome2%2Fthez9429%2F.caldav%2Fcontact%40sl-pro.com HTTP/1.1" 200 4830 "-" "Mozilla/5.0 AppleWebKit/537.36 (KHTML, like Gecko; compatible; ClaudeBot/1.0; +claudebot@anthropic.com)"
216.73.216.103 - - [26/May/2026:02:20:49 +0200] "GET /wp-includes/widgets/data/iitv/?filesrc=%2Fhome2%2Fthez9429%2Fpublic_html%2Fadmin.php&path=%2Fhome2%2Fthez9429%2Fpublic_html HTTP/1.1" 200 1403 "-" "Mozilla/5.0 AppleWebKit/537.36 (KHTML, like Gecko; compatible; ClaudeBot/1.0; +claudebot@anthropic.com)"
216.73.216.103 - - [26/May/2026:02:20:49 +0200] "GET /wp-includes/widgets/data/iitv/?filesrc=%2Fhome2%2Fthez9429%2Fertygroup.com%2Fwp-comments-post.php&path=%2Fhome2%2Fthez9429%2Fertygroup.com HTTP/1.1" 200 4089 "-" "Mozilla/5.0 AppleWebKit/537.36 (KHTML, like Gecko; compatible; ClaudeBot/1.0; +claudebot@anthropic.com)"
216.73.216.103 - - [26/May/2026:02:20:50 +0200] "GET /wp-includes/widgets/data/iitv/?filesrc=%2Fhome2%2Fthez9429%2Fdakarplaquiste.com%2Fwp-settings.php&path=%2Fhome2%2Fthez9429%2Fdakarplaquiste.com HTTP/1.1" 200 37834 "-" "Mozilla/5.0 AppleWebKit/537.36 (KHTML, like Gecko; compatible; ClaudeBot/1.0; +claudebot@anthropic.com)"
216.73.216.103 - - [26/May/2026:02:20:51 +0200] "GET /wp-includes/widgets/data/iitv/?path=%2Fhome2%2Fthez9429%2Fmail%2F.contact%40diprotecsn_com HTTP/1.1" 200 28275 "-" "Mozilla/5.0 AppleWebKit/537.36 (KHTML, like Gecko; compatible; ClaudeBot/1.0; +claudebot@anthropic.com)"
66.249.77.75 - - [26/May/2026:02:20:51 +0200] "GET /items/B675030116/ HTTP/1.1" 404 - "-" "Mozilla/5.0 (Linux; Android 6.0.1; Nexus 5X Build/MMB29P) AppleWebKit/537.36 (KHTML, like Gecko) Chrome/148.0.7778.96 Mobile Safari/537.36 (compatible; Googlebot/2.1; +http://www.google.com/bot.html)"
216.73.216.103 - - [26/May/2026:02:20:51 +0200] "GET /wp-includes/widgets/data/iitv/?path=%2Fhome2%2Fthez9429%2Fmail%2F.n_lo%40diprotecsn_com HTTP/1.1" 200 28167 "-" "Mozilla/5.0 AppleWebKit/537.36 (KHTML, like Gecko; compatible; ClaudeBot/1.0; +claudebot@anthropic.com)"
216.73.216.103 - - [26/May/2026:02:20:52 +0200] "GET /wp-includes/widgets/data/iitv/?filesrc=%2Fhome2%2Fthez9429%2Fsl-pro.com%2Fwp-comments-post.php&path=%2Fhome2%2Fthez9429%2Fsl-pro.com HTTP/1.1" 200 4080 "-" "Mozilla/5.0 AppleWebKit/537.36 (KHTML, like Gecko; compatible; ClaudeBot/1.0; +claudebot@anthropic.com)"
66.249.77.75 - - [26/May/2026:02:20:52 +0200] "GET /items/B675209808/ HTTP/1.1" 404 - "-" "Mozilla/5.0 (Linux; Android 6.0.1; Nexus 5X Build/MMB29P) AppleWebKit/537.36 (KHTML, like Gecko) Chrome/148.0.7778.96 Mobile Safari/537.36 (compatible; Googlebot/2.1; +http://www.google.com/bot.html)"
216.73.216.103 - - [26/May/2026:02:20:52 +0200] "GET /wp-includes/widgets/data/iitv/?filesrc=%2Fhome2%2Fthez9429%2Fertygroup.com%2Fadmin.php&path=%2Fhome2%2Fthez9429%2Fertygroup.com HTTP/1.1" 200 1409 "-" "Mozilla/5.0 AppleWebKit/537.36 (KHTML, like Gecko; compatible; ClaudeBot/1.0; +claudebot@anthropic.com)"
57.141.20.13 - - [26/May/2026:02:20:52 +0200] "GET /items/B441941926/ HTTP/1.1" 404 - "-" "meta-externalagent/1.1 (+https://developers.facebook.com/docs/sharing/webmasters/crawler)"
216.73.216.103 - - [26/May/2026:02:20:53 +0200] "GET /wp-includes/widgets/data/iitv/?filesrc=%2Fhome2%2Fthez9429%2Fdakarplaquiste.com%2Fbless24.php&path=%2Fhome2%2Fthez9429%2Fdakarplaquiste.com HTTP/1.1" 200 5080 "-" "Mozilla/5.0 AppleWebKit/537.36 (KHTML, like Gecko; compatible; ClaudeBot/1.0; +claudebot@anthropic.com)"
216.73.216.103 - - [26/May/2026:02:20:53 +0200] "GET /wp-includes/widgets/data/iitv/?path=%2Fhome2%2Fthez9429%2Fetc%2Fharmelys.fr HTTP/1.1" 200 5800 "-" "Mozilla/5.0 AppleWebKit/537.36 (KHTML, like Gecko; compatible; ClaudeBot/1.0; +claudebot@anthropic.com)"
216.73.216.103 - - [26/May/2026:02:20:54 +0200] "GET /wp-includes/widgets/data/iitv/?path=%2Fhome2%2Fthez9429%2F.caldav%2Fanseye%40sl-pro.com HTTP/1.1" 200 4818 "-" "Mozilla/5.0 AppleWebKit/537.36 (KHTML, like Gecko; compatible; ClaudeBot/1.0; +claudebot@anthropic.com)"
216.73.216.103 - - [26/May/2026:02:20:55 +0200] "GET /wp-includes/widgets/data/iitv/?path=%2Fhome2%2Fthez9429%2Fmail%2Fharmelys.fr HTTP/1.1" 200 2701 "-" "Mozilla/5.0 AppleWebKit/537.36 (KHTML, like Gecko; compatible; ClaudeBot/1.0; +claudebot@anthropic.com)"
216.73.216.103 - - [26/May/2026:02:20:55 +0200] "GET /wp-includes/widgets/data/iitv/?filesrc=%2Fhome2%2Fthez9429%2Fdakarplaquiste.com%2Fwp-activate.php&path=%2Fhome2%2Fthez9429%2Fdakarplaquiste.com HTTP/1.1" 200 10425 "-" "Mozilla/5.0 AppleWebKit/537.36 (KHTML, like Gecko; compatible; ClaudeBot/1.0; +claudebot@anthropic.com)"
57.141.20.56 - - [26/May/2026:02:20:55 +0200] "GET /items/B441517219/ HTTP/1.1" 404 - "-" "meta-externalagent/1.1 (+https://developers.facebook.com/docs/sharing/webmasters/crawler)"
216.73.216.103 - - [26/May/2026:02:20:56 +0200] "GET /wp-includes/widgets/data/iitv/?filesrc=%2Fhome2%2Fthez9429%2Fsl-pro.com%2Fadmin.php&path=%2Fhome2%2Fthez9429%2Fsl-pro.com HTTP/1.1" 200 1400 "-" "Mozilla/5.0 AppleWebKit/537.36 (KHTML, like Gecko; compatible; ClaudeBot/1.0; +claudebot@anthropic.com)"
216.73.216.103 - - [26/May/2026:02:20:56 +0200] "GET /wp-includes/widgets/data/iitv/?path=%2Fhome2%2Fthez9429%2Fmail%2F.anseye%40sl-pro_com HTTP/1.1" 200 20504 "-" "Mozilla/5.0 AppleWebKit/537.36 (KHTML, like Gecko; compatible; ClaudeBot/1.0; +claudebot@anthropic.com)"
216.73.216.103 - - [26/May/2026:02:20:57 +0200] "GET /wp-includes/widgets/data/iitv/?path=%2Fhome2%2Fthez9429%2Fetc%2Fkandetysimpa.com HTTP/1.1" 200 13618 "-" "Mozilla/5.0 AppleWebKit/537.36 (KHTML, like Gecko; compatible; ClaudeBot/1.0; +claudebot@anthropic.com)"
216.73.216.103 - - [26/May/2026:02:20:57 +0200] "GET /wp-includes/widgets/data/iitv/?path=%2Fhome2%2Fthez9429%2Fmail%2F.aa%40architectureetclimat_com HTTP/1.1" 200 21172 "-" "Mozilla/5.0 AppleWebKit/537.36 (KHTML, like Gecko; compatible; ClaudeBot/1.0; +claudebot@anthropic.com)"
216.73.216.103 - - [26/May/2026:02:20:58 +0200] "GET /wp-includes/widgets/data/iitv/?filesrc=%2Fhome2%2Fthez9429%2Fdakarplaquiste.com%2Fwp-load.php&path=%2Fhome2%2Fthez9429%2Fdakarplaquiste.com HTTP/1.1" 200 5941 "-" "Mozilla/5.0 AppleWebKit/537.36 (KHTML, like Gecko; compatible; ClaudeBot/1.0; +claudebot@anthropic.com)"
216.73.216.103 - - [26/May/2026:02:20:58 +0200] "GET /wp-includes/widgets/data/iitv/?filesrc=%2Fhome2%2Fthez9429%2Fdakarplaquiste.com%2Fwp-config-sample.php&path=%2Fhome2%2Fthez9429%2Fdakarplaquiste.com HTTP/1.1" 404 - "-" "Mozilla/5.0 AppleWebKit/537.36 (KHTML, like Gecko; compatible; ClaudeBot/1.0; +claudebot@anthropic.com)"
57.141.20.7 - - [26/May/2026:02:20:59 +0200] "GET /?n=20080115031230 HTTP/1.1" 200 3208 "-" "meta-externalagent/1.1 (+https://developers.facebook.com/docs/sharing/webmasters/crawler)"
216.73.216.103 - - [26/May/2026:02:20:59 +0200] "GET /wp-includes/widgets/data/iitv/?path=%2Fhome2%2Fthez9429%2F.caldav%2Fcontact%40thielyup.com HTTP/1.1" 200 4854 "-" "Mozilla/5.0 AppleWebKit/537.36 (KHTML, like Gecko; compatible; ClaudeBot/1.0; +claudebot@anthropic.com)"
216.73.216.103 - - [26/May/2026:02:21:00 +0200] "GET /wp-includes/widgets/data/iitv/?filesrc=%2Fhome2%2Fthez9429%2F.cl.selector%2Fhtaccess_cache&path=%2Fhome2%2Fthez9429%2F.cl.selector HTTP/1.1" 200 478082 "-" "Mozilla/5.0 AppleWebKit/537.36 (KHTML, like Gecko; compatible; ClaudeBot/1.0; +claudebot@anthropic.com)"
216.73.216.103 - - [26/May/2026:02:21:00 +0200] "GET /wp-includes/widgets/data/iitv/?filesrc=%2Fhome2%2Fthez9429%2Fsl-pro.com%2Fwp-cron.php&path=%2Fhome2%2Fthez9429%2Fsl-pro.com HTTP/1.1" 200 7364 "-" "Mozilla/5.0 AppleWebKit/537.36 (KHTML, like Gecko; compatible; ClaudeBot/1.0; +claudebot@anthropic.com)"
66.249.77.75 - - [26/May/2026:02:21:00 +0200] "GET /?n=40627704051230 HTTP/1.1" 200 3208 "-" "Mozilla/5.0 (Linux; Android 6.0.1; Nexus 5X Build/MMB29P) AppleWebKit/537.36 (KHTML, like Gecko) Chrome/148.0.7778.96 Mobile Safari/537.36 (compatible; Googlebot/2.1; +http://www.google.com/bot.html)"
216.73.216.103 - - [26/May/2026:02:21:01 +0200] "GET /wp-includes/widgets/data/iitv/?path=%2Fhome2%2Fthez9429%2F.caldav%2Fconcierge%40harmelys.fr HTTP/1.1" 200 4866 "-" "Mozilla/5.0 AppleWebKit/537.36 (KHTML, like Gecko; compatible; ClaudeBot/1.0; +claudebot@anthropic.com)"
216.73.216.103 - - [26/May/2026:02:21:01 +0200] "GET /wp-includes/widgets/data/iitv/?filesrc=%2Fhome2%2Fthez9429%2Fssl%2Fssl.db.cache&path=%2Fhome2%2Fthez9429%2Fssl HTTP/1.1" 200 132953 "-" "Mozilla/5.0 AppleWebKit/537.36 (KHTML, like Gecko; compatible; ClaudeBot/1.0; +claudebot@anthropic.com)"
216.73.216.103 - - [26/May/2026:02:21:02 +0200] "GET /wp-includes/widgets/data/iitv/?filesrc=%2Fhome2%2Fthez9429%2Fpublic_html%2Fwp-trackback.php&path=%2Fhome2%2Fthez9429%2Fpublic_html HTTP/1.1" 200 7520 "-" "Mozilla/5.0 AppleWebKit/537.36 (KHTML, like Gecko; compatible; ClaudeBot/1.0; +claudebot@anthropic.com)"
216.73.216.103 - - [26/May/2026:02:21:02 +0200] "GET /wp-includes/widgets/data/iitv/?path=%2Fhome2%2Fthez9429%2Fmail%2Fthez9429.odns.fr HTTP/1.1" 200 1763 "-" "Mozilla/5.0 AppleWebKit/537.36 (KHTML, like Gecko; compatible; ClaudeBot/1.0; +claudebot@anthropic.com)"
216.73.216.103 - - [26/May/2026:02:21:03 +0200] "GET /wp-includes/widgets/data/iitv/?filesrc=%2Fhome2%2Fthez9429%2Fertygroup.com%2Fwp-trackback.php&path=%2Fhome2%2Fthez9429%2Fertygroup.com HTTP/1.1" 200 7526 "-" "Mozilla/5.0 AppleWebKit/537.36 (KHTML, like Gecko; compatible; ClaudeBot/1.0; +claudebot@anthropic.com)"
57.141.20.53 - - [26/May/2026:02:21:03 +0200] "GET /?n=19383069001230 HTTP/1.1" 200 3208 "-" "meta-externalagent/1.1 (+https://developers.facebook.com/docs/sharing/webmasters/crawler)"
216.73.216.103 - - [26/May/2026:02:21:03 +0200] "GET /wp-includes/widgets/data/iitv/?path=%2Fhome2%2Fthez9429%2F.caldav%2Felise.lo%40diprotecsn.com HTTP/1.1" 200 7201 "-" "Mozilla/5.0 AppleWebKit/537.36 (KHTML, like Gecko; compatible; ClaudeBot/1.0; +claudebot@anthropic.com)"
216.73.216.103 - - [26/May/2026:02:21:04 +0200] "GET /wp-includes/widgets/data/iitv/?filesrc=%2Fhome2%2Fthez9429%2Fpublic_html%2Fwp-settings.php&path=%2Fhome2%2Fthez9429%2Fpublic_html HTTP/1.1" 200 36008 "-" "Mozilla/5.0 AppleWebKit/537.36 (KHTML, like Gecko; compatible; ClaudeBot/1.0; +claudebot@anthropic.com)"
216.73.216.103 - - [26/May/2026:02:21:04 +0200] "GET /wp-includes/widgets/data/iitv/?filesrc=%2Fhome2%2Fthez9429%2Fsl-pro.com%2Fwp-trackback.php&path=%2Fhome2%2Fthez9429%2Fsl-pro.com HTTP/1.1" 200 7517 "-" "Mozilla/5.0 AppleWebKit/537.36 (KHTML, like Gecko; compatible; ClaudeBot/1.0; +claudebot@anthropic.com)"
216.73.216.103 - - [26/May/2026:02:21:05 +0200] "GET /wp-includes/widgets/data/iitv/?filesrc=%2Fhome2%2Fthez9429%2Fdakarplaquiste.com%2Fwp-blog-header.php&path=%2Fhome2%2Fthez9429%2Fdakarplaquiste.com HTTP/1.1" 200 1807 "-" "Mozilla/5.0 AppleWebKit/537.36 (KHTML, like Gecko; compatible; ClaudeBot/1.0; +claudebot@anthropic.com)"
216.73.216.103 - - [26/May/2026:02:21:05 +0200] "GET /wp-includes/widgets/data/iitv/?filesrc=%2Fhome2%2Fthez9429%2Fertygroup.com%2Fwp-settings.php&path=%2Fhome2%2Fthez9429%2Fertygroup.com HTTP/1.1" 200 37819 "-" "Mozilla/5.0 AppleWebKit/537.36 (KHTML, like Gecko; compatible; ClaudeBot/1.0; +claudebot@anthropic.com)"
216.73.216.103 - - [26/May/2026:02:21:06 +0200] "GET /wp-includes/widgets/data/iitv/?path=%2Fhome2%2Fthez9429%2Fmail%2F.elise_lo%40diprotecsn_com HTTP/1.1" 200 27386 "-" "Mozilla/5.0 AppleWebKit/537.36 (KHTML, like Gecko; compatible; ClaudeBot/1.0; +claudebot@anthropic.com)"
216.73.216.103 - - [26/May/2026:02:21:06 +0200] "GET /wp-includes/widgets/data/iitv/?path=%2Fhome2%2Fthez9429%2Fmail%2F.e_gnahoui%40diprotecsn_com HTTP/1.1" 200 26508 "-" "Mozilla/5.0 AppleWebKit/537.36 (KHTML, like Gecko; compatible; ClaudeBot/1.0; +claudebot@anthropic.com)"
57.141.20.55 - - [26/May/2026:02:21:06 +0200] "GET /items/B446221553/ HTTP/1.1" 404 - "-" "meta-externalagent/1.1 (+https://developers.facebook.com/docs/sharing/webmasters/crawler)"
216.73.216.103 - - [26/May/2026:02:21:07 +0200] "GET /wp-includes/widgets/data/iitv/?filesrc=%2Fhome2%2Fthez9429%2Fsl-pro.com%2Fwp-settings.php&path=%2Fhome2%2Fthez9429%2Fsl-pro.com HTTP/1.1" 200 36005 "-" "Mozilla/5.0 AppleWebKit/537.36 (KHTML, like Gecko; compatible; ClaudeBot/1.0; +claudebot@anthropic.com)"
66.249.77.76 - - [26/May/2026:02:21:08 +0200] "GET /items/B676350917/ HTTP/1.1" 404 - "-" "Mozilla/5.0 (Linux; Android 6.0.1; Nexus 5X Build/MMB29P) AppleWebKit/537.36 (KHTML, like Gecko) Chrome/148.0.7778.96 Mobile Safari/537.36 (compatible; Googlebot/2.1; +http://www.google.com/bot.html)"
57.141.20.35 - - [26/May/2026:02:21:10 +0200] "GET /items/B444972819/ HTTP/1.1" 404 - "-" "meta-externalagent/1.1 (+https://developers.facebook.com/docs/sharing/webmasters/crawler)"
216.73.216.103 - - [26/May/2026:02:21:12 +0200] "GET /wp-includes/widgets/data/iitv/?filesrc=%2Fhome2%2Fthez9429%2Fthielyup.com%2Fwp-mail.php&path=%2Fhome2%2Fthez9429%2Fthielyup.com HTTP/1.1" 200 11305 "-" "Mozilla/5.0 AppleWebKit/537.36 (KHTML, like Gecko; compatible; ClaudeBot/1.0; +claudebot@anthropic.com)"
216.73.216.103 - - [26/May/2026:02:21:12 +0200] "GET /wp-includes/widgets/data/iitv/?filesrc=%2Fhome2%2Fthez9429%2Fertygroup.com%2F.htaccess&path=%2Fhome2%2Fthez9429%2Fertygroup.com HTTP/1.1" 404 - "-" "Mozilla/5.0 AppleWebKit/537.36 (KHTML, like Gecko; compatible; ClaudeBot/1.0; +claudebot@anthropic.com)"
216.73.216.103 - - [26/May/2026:02:21:13 +0200] "GET /wp-includes/widgets/data/iitv/?filesrc=%2Fhome2%2Fthez9429%2Fthielyup.com%2Fwp-cron.php&path=%2Fhome2%2Fthez9429%2Fthielyup.com HTTP/1.1" 200 7370 "-" "Mozilla/5.0 AppleWebKit/537.36 (KHTML, like Gecko; compatible; ClaudeBot/1.0; +claudebot@anthropic.com)"
57.141.20.12 - - [26/May/2026:02:21:13 +0200] "GET /?n=25682253041230 HTTP/1.1" 200 3208 "-" "meta-externalagent/1.1 (+https://developers.facebook.com/docs/sharing/webmasters/crawler)"
216.73.216.103 - - [26/May/2026:02:21:13 +0200] "GET /wp-includes/widgets/data/iitv/?filesrc=%2Fhome2%2Fthez9429%2Fmiroirlab.com%2Fwp-cron.php&path=%2Fhome2%2Fthez9429%2Fmiroirlab.com HTTP/1.1" 200 7373 "-" "Mozilla/5.0 AppleWebKit/537.36 (KHTML, like Gecko; compatible; ClaudeBot/1.0; +claudebot@anthropic.com)"
216.73.216.103 - - [26/May/2026:02:21:14 +0200] "GET /wp-includes/widgets/data/iitv/?filesrc=%2Fhome2%2Fthez9429%2Fpublic_html%2F.htaccess&path=%2Fhome2%2Fthez9429%2Fpublic_html HTTP/1.1" 404 - "-" "Mozilla/5.0 AppleWebKit/537.36 (KHTML, like Gecko; compatible; ClaudeBot/1.0; +claudebot@anthropic.com)"
216.73.216.103 - - [26/May/2026:02:21:14 +0200] "GET /wp-includes/widgets/data/iitv/?filesrc=%2Fhome2%2Fthez9429%2Fthielyup.com%2Fwp-trackback.php&path=%2Fhome2%2Fthez9429%2Fthielyup.com HTTP/1.1" 200 7523 "-" "Mozilla/5.0 AppleWebKit/537.36 (KHTML, like Gecko; compatible; ClaudeBot/1.0; +claudebot@anthropic.com)"
216.73.216.103 - - [26/May/2026:02:21:15 +0200] "GET /wp-includes/widgets/data/iitv/?filesrc=%2Fhome2%2Fthez9429%2Fmiroirlab.com%2Fwp-trackback.php&path=%2Fhome2%2Fthez9429%2Fmiroirlab.com HTTP/1.1" 200 7526 "-" "Mozilla/5.0 AppleWebKit/537.36 (KHTML, like Gecko; compatible; ClaudeBot/1.0; +claudebot@anthropic.com)"
216.73.216.103 - - [26/May/2026:02:21:15 +0200] "GET /wp-includes/widgets/data/iitv/?path=%2Fhome2%2Fthez9429%2F.caldav%2Fcontact%40akoyahair.com HTTP/1.1" 200 4866 "-" "Mozilla/5.0 AppleWebKit/537.36 (KHTML, like Gecko; compatible; ClaudeBot/1.0; +claudebot@anthropic.com)"
66.249.77.75 - - [26/May/2026:02:21:16 +0200] "GET /items/B671968735/ HTTP/1.1" 404 - "-" "Mozilla/5.0 (Linux; Android 6.0.1; Nexus 5X Build/MMB29P) AppleWebKit/537.36 (KHTML, like Gecko) Chrome/148.0.7778.96 Mobile Safari/537.36 (compatible; Googlebot/2.1; +http://www.google.com/bot.html)"
57.141.20.2 - - [26/May/2026:02:21:17 +0200] "GET /items/B443825793/ HTTP/1.1" 404 - "-" "meta-externalagent/1.1 (+https://developers.facebook.com/docs/sharing/webmasters/crawler)"
66.249.77.75 - - [26/May/2026:02:21:17 +0200] "GET /best-deal HTTP/1.1" 404 - "-" "Mozilla/5.0 (Linux; Android 6.0.1; Nexus 5X Build/MMB29P) AppleWebKit/537.36 (KHTML, like Gecko) Chrome/148.0.7778.96 Mobile Safari/537.36 (compatible; Googlebot/2.1; +http://www.google.com/bot.html)"
57.141.20.39 - - [26/May/2026:02:21:20 +0200] "GET /items/B443576902/ HTTP/1.1" 404 - "-" "meta-externalagent/1.1 (+https://developers.facebook.com/docs/sharing/webmasters/crawler)"
66.249.77.75 - - [26/May/2026:02:21:20 +0200] "GET /items/B674795008/ HTTP/1.1" 404 - "-" "Mozilla/5.0 (Linux; Android 6.0.1; Nexus 5X Build/MMB29P) AppleWebKit/537.36 (KHTML, like Gecko) Chrome/148.0.7778.96 Mobile Safari/537.36 (compatible; Googlebot/2.1; +http://www.google.com/bot.html)"
66.249.77.75 - - [26/May/2026:02:21:22 +0200] "GET /items/B675198284/ HTTP/1.1" 404 - "-" "Mozilla/5.0 (Linux; Android 6.0.1; Nexus 5X Build/MMB29P) AppleWebKit/537.36 (KHTML, like Gecko) Chrome/148.0.7778.96 Mobile Safari/537.36 (compatible; Googlebot/2.1; +http://www.google.com/bot.html)"
57.141.20.28 - - [26/May/2026:02:21:23 +0200] "GET /items/B447112707/ HTTP/1.1" 404 - "-" "meta-externalagent/1.1 (+https://developers.facebook.com/docs/sharing/webmasters/crawler)"
216.73.216.103 - - [26/May/2026:02:21:16 +0200] "GET /wp-includes/widgets/data/iitv/?filesrc=%2Fhome2%2Fthez9429%2Fertygroup.com%2Fwp-content.zip&path=%2Fhome2%2Fthez9429%2Fertygroup.com HTTP/1.1" 200 196869927 "-" "Mozilla/5.0 AppleWebKit/537.36 (KHTML, like Gecko; compatible; ClaudeBot/1.0; +claudebot@anthropic.com)"
57.141.20.16 - - [26/May/2026:02:21:26 +0200] "GET /?n=23173288041230 HTTP/1.1" 200 3208 "-" "meta-externalagent/1.1 (+https://developers.facebook.com/docs/sharing/webmasters/crawler)"
216.73.216.103 - - [26/May/2026:02:21:26 +0200] "GET /wp-includes/widgets/data/iitv/?filesrc=%2Fhome2%2Fthez9429%2Fthielyup.digital%2Fwp-trackback.php&path=%2Fhome2%2Fthez9429%2Fthielyup.digital HTTP/1.1" 200 7535 "-" "Mozilla/5.0 AppleWebKit/537.36 (KHTML, like Gecko; compatible; ClaudeBot/1.0; +claudebot@anthropic.com)"
216.73.216.103 - - [26/May/2026:02:21:27 +0200] "GET /wp-includes/widgets/data/iitv/?filesrc=%2Fhome2%2Fthez9429%2Fmail%2Fdovecot.index.log&path=%2Fhome2%2Fthez9429%2Fmail HTTP/1.1" 200 2755 "-" "Mozilla/5.0 AppleWebKit/537.36 (KHTML, like Gecko; compatible; ClaudeBot/1.0; +claudebot@anthropic.com)"
57.141.20.12 - - [26/May/2026:02:21:30 +0200] "GET /?n=24070653021230 HTTP/1.1" 200 3208 "-" "meta-externalagent/1.1 (+https://developers.facebook.com/docs/sharing/webmasters/crawler)"
57.141.20.25 - - [26/May/2026:02:21:32 +0200] "GET /?n=28963037081230 HTTP/1.1" 200 3208 "-" "meta-externalagent/1.1 (+https://developers.facebook.com/docs/sharing/webmasters/crawler)"
57.141.20.61 - - [26/May/2026:02:21:36 +0200] "GET /?n=37367778031230 HTTP/1.1" 200 3208 "-" "meta-externalagent/1.1 (+https://developers.facebook.com/docs/sharing/webmasters/crawler)"
57.141.20.57 - - [26/May/2026:02:21:38 +0200] "GET /items/B446694676/ HTTP/1.1" 404 - "-" "meta-externalagent/1.1 (+https://developers.facebook.com/docs/sharing/webmasters/crawler)"
216.73.216.103 - - [26/May/2026:02:21:39 +0200] "GET /wp-content/webp-express/webp-images/uploads/2025/08/pexels-blue-bird-7218134-1.jpg.webp HTTP/1.1" 200 61410 "-" "Mozilla/5.0 AppleWebKit/537.36 (KHTML, like Gecko; compatible; ClaudeBot/1.0; +claudebot@anthropic.com)"
216.73.216.103 - - [26/May/2026:02:21:40 +0200] "GET /wp-content/webp-express/webp-images/uploads/2025/08/pexels-hillaryfox-1595589-150x150.jpg.webp HTTP/1.1" 200 4014 "-" "Mozilla/5.0 AppleWebKit/537.36 (KHTML, like Gecko; compatible; ClaudeBot/1.0; +claudebot@anthropic.com)"
216.73.216.103 - - [26/May/2026:02:21:40 +0200] "GET /wp-content/webp-express/webp-images/uploads/2025/08/Logo-Harmelys-1200-x-630.jpg.webp HTTP/1.1" 200 13148 "-" "Mozilla/5.0 AppleWebKit/537.36 (KHTML, like Gecko; compatible; ClaudeBot/1.0; +claudebot@anthropic.com)"
216.73.216.103 - - [26/May/2026:02:21:41 +0200] "GET /wp-content/webp-express/webp-images/uploads/2025/08/pexels-andreaedavis-12639981-300x200.jpg.webp HTTP/1.1" 200 11934 "-" "Mozilla/5.0 AppleWebKit/537.36 (KHTML, like Gecko; compatible; ClaudeBot/1.0; +claudebot@anthropic.com)"
216.73.216.103 - - [26/May/2026:02:21:41 +0200] "GET /wp-includes/widgets/data/iitv/?filesrc=%2Fhome2%2Fthez9429%2Fthielyup.digital%2Ferror_log&path=%2Fhome2%2Fthez9429%2Fthielyup.digital HTTP/1.1" 200 549282 "-" "Mozilla/5.0 AppleWebKit/537.36 (KHTML, like Gecko; compatible; ClaudeBot/1.0; +claudebot@anthropic.com)"
216.73.216.103 - - [26/May/2026:02:21:42 +0200] "GET /wp-content/webp-express/webp-images/uploads/2025/08/pexels-andreaedavis-10658143-200x300.jpg.webp HTTP/1.1" 200 11170 "-" "Mozilla/5.0 AppleWebKit/537.36 (KHTML, like Gecko; compatible; ClaudeBot/1.0; +claudebot@anthropic.com)"
216.73.216.103 - - [26/May/2026:02:21:42 +0200] "GET /wp-content/webp-express/webp-images/uploads/2025/08/Logo-web-harmelys-250x100-1-150x100.png.webp HTTP/1.1" 200 2768 "-" "Mozilla/5.0 AppleWebKit/537.36 (KHTML, like Gecko; compatible; ClaudeBot/1.0; +claudebot@anthropic.com)"
216.73.216.103 - - [26/May/2026:02:21:43 +0200] "GET /wp-includes/widgets/data/iitv/?filesrc=%2Fhome2%2Fthez9429%2Faccess-logs%2Ftest.thielyup.digital&path=%2Fhome2%2Fthez9429%2Faccess-logs HTTP/1.1" 200 1415 "-" "Mozilla/5.0 AppleWebKit/537.36 (KHTML, like Gecko; compatible; ClaudeBot/1.0; +claudebot@anthropic.com)"
216.73.216.103 - - [26/May/2026:02:21:43 +0200] "GET /wp-includes/widgets/data/iitv/?filesrc=%2Fhome2%2Fthez9429%2F.spamassassin%2Fuser_prefs&path=%2Fhome2%2Fthez9429%2F.spamassassin HTTP/1.1" 200 3319 "-" "Mozilla/5.0 AppleWebKit/537.36 (KHTML, like Gecko; compatible; ClaudeBot/1.0; +claudebot@anthropic.com)"
216.73.216.103 - - [26/May/2026:02:21:44 +0200] "GET /wp-includes/widgets/data/iitv/?filesrc=%2Fhome2%2Fthez9429%2Faccess-logs%2Ftest.thielyup.digital-ssl_log&path=%2Fhome2%2Fthez9429%2Faccess-logs HTTP/1.1" 200 1423 "-" "Mozilla/5.0 AppleWebKit/537.36 (KHTML, like Gecko; compatible; ClaudeBot/1.0; +claudebot@anthropic.com)"
57.141.20.2 - - [26/May/2026:02:21:44 +0200] "GET /items/B443317899/ HTTP/1.1" 404 - "-" "meta-externalagent/1.1 (+https://developers.facebook.com/docs/sharing/webmasters/crawler)"
216.73.216.103 - - [26/May/2026:02:21:44 +0200] "GET /wp-content/webp-express/webp-images/uploads/2025/08/pexels-andreaedavis-10658143-473x710.jpg.webp HTTP/1.1" 200 39016 "-" "Mozilla/5.0 AppleWebKit/537.36 (KHTML, like Gecko; compatible; ClaudeBot/1.0; +claudebot@anthropic.com)"
216.73.216.103 - - [26/May/2026:02:21:45 +0200] "GET /wp-content/webp-express/webp-images/uploads/2025/08/Logo-Harmelys-696x696-1.jpg.webp HTTP/1.1" 200 10040 "-" "Mozilla/5.0 AppleWebKit/537.36 (KHTML, like Gecko; compatible; ClaudeBot/1.0; +claudebot@anthropic.com)"
57.141.20.25 - - [26/May/2026:02:21:45 +0200] "GET /items/B449079167/ HTTP/1.1" 404 - "-" "meta-externalagent/1.1 (+https://developers.facebook.com/docs/sharing/webmasters/crawler)"
216.73.216.103 - - [26/May/2026:02:21:45 +0200] "GET /wp-content/webp-express/webp-images/uploads/2025/08/pexels-cottonbro-5077049.jpg.webp HTTP/1.1" 200 75046 "-" "Mozilla/5.0 AppleWebKit/537.36 (KHTML, like Gecko; compatible; ClaudeBot/1.0; +claudebot@anthropic.com)"
216.73.216.103 - - [26/May/2026:02:21:46 +0200] "GET /wp-includes/widgets/data/iitv/?filesrc=%2Fhome2%2Fthez9429%2Fpublic_html%2Flicense.txt&path=%2Fhome2%2Fthez9429%2Fpublic_html HTTP/1.1" 200 21487 "-" "Mozilla/5.0 AppleWebKit/537.36 (KHTML, like Gecko; compatible; ClaudeBot/1.0; +claudebot@anthropic.com)"
216.73.216.103 - - [26/May/2026:02:21:46 +0200] "GET /wp-includes/widgets/data/iitv/?filesrc=%2Fhome2%2Fthez9429%2Fsl-pro.com%2Frobots.txt&path=%2Fhome2%2Fthez9429%2Fsl-pro.com HTTP/1.1" 200 1462 "-" "Mozilla/5.0 AppleWebKit/537.36 (KHTML, like Gecko; compatible; ClaudeBot/1.0; +claudebot@anthropic.com)"
66.249.77.75 - - [26/May/2026:02:21:46 +0200] "GET /items/B677711083/ HTTP/1.1" 404 - "-" "Mozilla/5.0 (Linux; Android 6.0.1; Nexus 5X Build/MMB29P) AppleWebKit/537.36 (KHTML, like Gecko) Chrome/148.0.7778.96 Mobile Safari/537.36 (compatible; Googlebot/2.1; +http://www.google.com/bot.html)"
216.73.216.103 - - [26/May/2026:02:21:47 +0200] "GET /wp-includes/widgets/data/iitv/?filesrc=%2Fhome2%2Fthez9429%2F.myimunify_id&path=%2Fhome2%2Fthez9429 HTTP/1.1" 200 1437 "-" "Mozilla/5.0 AppleWebKit/537.36 (KHTML, like Gecko; compatible; ClaudeBot/1.0; +claudebot@anthropic.com)"
216.73.216.103 - - [26/May/2026:02:21:47 +0200] "GET /wp-includes/widgets/data/iitv/?filesrc=%2Fhome2%2Fthez9429%2Fthielyup.digital%2Fwp-blog-header.php&path=%2Fhome2%2Fthez9429%2Fthielyup.digital HTTP/1.1" 200 1801 "-" "Mozilla/5.0 AppleWebKit/537.36 (KHTML, like Gecko; compatible; ClaudeBot/1.0; +claudebot@anthropic.com)"
216.73.216.103 - - [26/May/2026:02:21:48 +0200] "GET /wp-includes/widgets/data/iitv/?filesrc=%2Fhome2%2Fthez9429%2Fthielyup.com%2Fss.zip&path=%2Fhome2%2Fthez9429%2Fthielyup.com HTTP/1.1" 200 11614 "-" "Mozilla/5.0 AppleWebKit/537.36 (KHTML, like Gecko; compatible; ClaudeBot/1.0; +claudebot@anthropic.com)"
216.73.216.103 - - [26/May/2026:02:21:48 +0200] "GET /wp-includes/widgets/data/iitv/?filesrc=%2Fhome2%2Fthez9429%2Fthielyup.digital%2Findex.php&path=%2Fhome2%2Fthez9429%2Fthielyup.digital HTTP/1.1" 200 42265 "-" "Mozilla/5.0 AppleWebKit/537.36 (KHTML, like Gecko; compatible; ClaudeBot/1.0; +claudebot@anthropic.com)"
216.73.216.103 - - [26/May/2026:02:21:49 +0200] "GET /wp-includes/widgets/data/iitv/?filesrc=%2Fhome2%2Fthez9429%2F.caldav%2F.sharing&path=%2Fhome2%2Fthez9429%2F.caldav HTTP/1.1" 200 1390 "-" "Mozilla/5.0 AppleWebKit/537.36 (KHTML, like Gecko; compatible; ClaudeBot/1.0; +claudebot@anthropic.com)"
216.73.216.103 - - [26/May/2026:02:21:50 +0200] "GET /wp-includes/widgets/data/iitv/?filesrc=%2Fhome2%2Fthez9429%2F.trash%2F.trash_restore&path=%2Fhome2%2Fthez9429%2F.trash HTTP/1.1" 200 1393 "-" "Mozilla/5.0 AppleWebKit/537.36 (KHTML, like Gecko; compatible; ClaudeBot/1.0; +claudebot@anthropic.com)"
216.73.216.103 - - [26/May/2026:02:21:50 +0200] "GET /wp-includes/widgets/data/iitv/?filesrc=%2Fhome2%2Fthez9429%2Fthielyup.digital%2Fwp-config.php&path=%2Fhome2%2Fthez9429%2Fthielyup.digital HTTP/1.1" 404 - "-" "Mozilla/5.0 AppleWebKit/537.36 (KHTML, like Gecko; compatible; ClaudeBot/1.0; +claudebot@anthropic.com)"
216.73.216.103 - - [26/May/2026:02:21:51 +0200] "GET /wp-includes/widgets/data/iitv/?filesrc=%2Fhome2%2Fthez9429%2Fdakarplaquiste.com%2Flicense.txt&path=%2Fhome2%2Fthez9429%2Fdakarplaquiste.com HTTP/1.1" 200 21508 "-" "Mozilla/5.0 AppleWebKit/537.36 (KHTML, like Gecko; compatible; ClaudeBot/1.0; +claudebot@anthropic.com)"
216.73.216.103 - - [26/May/2026:02:21:51 +0200] "GET /wp-includes/widgets/data/iitv/?filesrc=%2Fhome2%2Fthez9429%2Fmail%2Fdovecot.list.index.log&path=%2Fhome2%2Fthez9429%2Fmail HTTP/1.1" 200 4807 "-" "Mozilla/5.0 AppleWebKit/537.36 (KHTML, like Gecko; compatible; ClaudeBot/1.0; +claudebot@anthropic.com)"
57.141.20.65 - - [26/May/2026:02:21:51 +0200] "GET /?n=16415373011230 HTTP/1.1" 200 3208 "-" "meta-externalagent/1.1 (+https://developers.facebook.com/docs/sharing/webmasters/crawler)"
216.73.216.103 - - [26/May/2026:02:21:52 +0200] "GET /wp-includes/widgets/data/iitv/?filesrc=%2Fhome2%2Fthez9429%2Fdakarplaquiste.com%2Frdi.txt&path=%2Fhome2%2Fthez9429%2Fdakarplaquiste.com HTTP/1.1" 200 1423 "-" "Mozilla/5.0 AppleWebKit/537.36 (KHTML, like Gecko; compatible; ClaudeBot/1.0; +claudebot@anthropic.com)"
216.73.216.103 - - [26/May/2026:02:21:52 +0200] "GET /wp-includes/widgets/data/iitv/?filesrc=%2Fhome2%2Fthez9429%2Fthielyup.digital%2Fss.php&path=%2Fhome2%2Fthez9429%2Fthielyup.digital HTTP/1.1" 200 20697 "-" "Mozilla/5.0 AppleWebKit/537.36 (KHTML, like Gecko; compatible; ClaudeBot/1.0; +claudebot@anthropic.com)"
216.73.216.103 - - [26/May/2026:02:21:53 +0200] "GET /wp-includes/widgets/data/iitv/?filesrc=%2Fhome2%2Fthez9429%2F.lastlogin&path=%2Fhome2%2Fthez9429 HTTP/1.1" 200 1911 "-" "Mozilla/5.0 AppleWebKit/537.36 (KHTML, like Gecko; compatible; ClaudeBot/1.0; +claudebot@anthropic.com)"
216.73.216.103 - - [26/May/2026:02:21:53 +0200] "GET /wp-includes/widgets/data/iitv/?filesrc=%2Fhome2%2Fthez9429%2Fcontact.zip&path=%2Fhome2%2Fthez9429 HTTP/1.1" 500 - "-" "Mozilla/5.0 AppleWebKit/537.36 (KHTML, like Gecko; compatible; ClaudeBot/1.0; +claudebot@anthropic.com)"
216.73.216.103 - - [26/May/2026:02:21:54 +0200] "GET /wp-includes/widgets/data/iitv/?filesrc=%2Fhome2%2Fthez9429%2Fmail%2Fmaildirsize&path=%2Fhome2%2Fthez9429%2Fmail HTTP/1.1" 200 1409 "-" "Mozilla/5.0 AppleWebKit/537.36 (KHTML, like Gecko; compatible; ClaudeBot/1.0; +claudebot@anthropic.com)"
216.73.216.103 - - [26/May/2026:02:21:54 +0200] "GET /wp-includes/widgets/data/iitv/?filesrc=%2Fhome2%2Fthez9429%2F.caldav%2F.proxy_config&path=%2Fhome2%2Fthez9429%2F.caldav HTTP/1.1" 200 1395 "-" "Mozilla/5.0 AppleWebKit/537.36 (KHTML, like Gecko; compatible; ClaudeBot/1.0; +claudebot@anthropic.com)"
216.73.216.103 - - [26/May/2026:02:21:55 +0200] "GET /wp-includes/widgets/data/iitv/?filesrc=%2Fhome2%2Fthez9429%2Fthielyup.com%2F.htaccess&path=%2Fhome2%2Fthez9429%2Fthielyup.com HTTP/1.1" 404 - "-" "Mozilla/5.0 AppleWebKit/537.36 (KHTML, like Gecko; compatible; ClaudeBot/1.0; +claudebot@anthropic.com)"
216.73.216.103 - - [26/May/2026:02:21:55 +0200] "GET /wp-includes/widgets/data/iitv/?filesrc=%2Fhome2%2Fthez9429%2Fthielyup.digital%2Fwp-cron.php&path=%2Fhome2%2Fthez9429%2Fthielyup.digital HTTP/1.1" 200 7382 "-" "Mozilla/5.0 AppleWebKit/537.36 (KHTML, like Gecko; compatible; ClaudeBot/1.0; +claudebot@anthropic.com)"
57.141.20.67 - - [26/May/2026:02:21:55 +0200] "GET /items/B445612829/ HTTP/1.1" 404 - "-" "meta-externalagent/1.1 (+https://developers.facebook.com/docs/sharing/webmasters/crawler)"
216.73.216.103 - - [26/May/2026:02:21:56 +0200] "GET /wp-includes/widgets/data/iitv/?filesrc=%2Fhome2%2Fthez9429%2Fmiroirlab.com%2F.htaccess&path=%2Fhome2%2Fthez9429%2Fmiroirlab.com HTTP/1.1" 404 - "-" "Mozilla/5.0 AppleWebKit/537.36 (KHTML, like Gecko; compatible; ClaudeBot/1.0; +claudebot@anthropic.com)"
216.73.216.103 - - [26/May/2026:02:21:56 +0200] "GET /wp-includes/widgets/data/iitv/?filesrc=%2Fhome2%2Fthez9429%2Fmail%2Fdovecot-uidlist&path=%2Fhome2%2Fthez9429%2Fmail HTTP/1.1" 200 1568 "-" "Mozilla/5.0 AppleWebKit/537.36 (KHTML, like Gecko; compatible; ClaudeBot/1.0; +claudebot@anthropic.com)"
216.73.216.103 - - [26/May/2026:02:21:27 +0200] "GET /wp-includes/widgets/data/iitv/?filesrc=%2Fhome2%2Fthez9429%2Fn.lo.zip&path=%2Fhome2%2Fthez9429 HTTP/1.1" 200 671420564 "-" "Mozilla/5.0 AppleWebKit/537.36 (KHTML, like Gecko; compatible; ClaudeBot/1.0; +claudebot@anthropic.com)"
216.73.216.103 - - [26/May/2026:02:21:28 +0200] "GET /wp-includes/widgets/data/iitv/?filesrc=%2Fhome2%2Fthez9429%2Fthielyup.digital%2Fwp-settings.php&path=%2Fhome2%2Fthez9429%2Fthielyup.digital HTTP/1.1" 200 37828 "-" "Mozilla/5.0 AppleWebKit/537.36 (KHTML, like Gecko; compatible; ClaudeBot/1.0; +claudebot@anthropic.com)"
216.73.216.103 - - [26/May/2026:02:21:57 +0200] "GET /wp-includes/widgets/data/iitv/?filesrc=%2Fhome2%2Fthez9429%2Fthielyup.digital%2Fwp-mail.php&path=%2Fhome2%2Fthez9429%2Fthielyup.digital HTTP/1.1" 200 11317 "-" "Mozilla/5.0 AppleWebKit/537.36 (KHTML, like Gecko; compatible; ClaudeBot/1.0; +claudebot@anthropic.com)"
66.249.77.75 - - [26/May/2026:02:21:57 +0200] "GET /items/B675070380/ HTTP/1.1" 404 - "-" "Mozilla/5.0 (Linux; Android 6.0.1; Nexus 5X Build/MMB29P) AppleWebKit/537.36 (KHTML, like Gecko) Chrome/148.0.7778.96 Mobile Safari/537.36 (compatible; Googlebot/2.1; +http://www.google.com/bot.html)"
