57.141.20.39 - - [26/May/2026:00:32:08 +0200] "GET /items/B442724467/ HTTP/1.1" 404 - "-" "meta-externalagent/1.1 (+https://developers.facebook.com/docs/sharing/webmasters/crawler)"
216.73.216.103 - - [26/May/2026:00:32:10 +0200] "GET /wp-includes/js/tinymce/skins/lightgray/?C=S&O=A HTTP/1.1" 200 1629 "-" "Mozilla/5.0 AppleWebKit/537.36 (KHTML, like Gecko; compatible; ClaudeBot/1.0; +claudebot@anthropic.com)"
57.141.20.43 - - [26/May/2026:00:32:16 +0200] "GET /items/B444098328/ HTTP/1.1" 404 - "-" "meta-externalagent/1.1 (+https://developers.facebook.com/docs/sharing/webmasters/crawler)"
216.73.216.103 - - [26/May/2026:00:32:19 +0200] "GET /wp-content/webp-express/webp-images/themes/twentytwentythree/?C=S&O=D HTTP/1.1" 200 975 "-" "Mozilla/5.0 AppleWebKit/537.36 (KHTML, like Gecko; compatible; ClaudeBot/1.0; +claudebot@anthropic.com)"
71.70.8.168 - - [26/May/2026:00:32:23 +0200] "GET /?n=20163695021230 HTTP/1.1" 200 3208 "-" "Mozilla/5.0 (Windows NT 10.0; Win64; x64) AppleWebKit/537.36 (KHTML, like Gecko) Chrome/99.0.4844.51 Safari/537.36"
216.73.216.103 - - [26/May/2026:00:32:24 +0200] "GET /wp-includes/php-compat/2024/ifov/cui/?dir=Ahome2Athez9429AharmelysIfr HTTP/1.1" 500 1407 "-" "Mozilla/5.0 AppleWebKit/537.36 (KHTML, like Gecko; compatible; ClaudeBot/1.0; +claudebot@anthropic.com)"
57.141.20.37 - - [26/May/2026:00:32:24 +0200] "GET /items/B441639542/ HTTP/1.1" 404 - "-" "meta-externalagent/1.1 (+https://developers.facebook.com/docs/sharing/webmasters/crawler)"
216.73.216.103 - - [26/May/2026:00:32:29 +0200] "GET /wp-includes/php-compat/2024/ifov/cui/index.php HTTP/1.1" 200 21430 "-" "Mozilla/5.0 AppleWebKit/537.36 (KHTML, like Gecko; compatible; ClaudeBot/1.0; +claudebot@anthropic.com)"
57.141.20.29 - - [26/May/2026:00:32:32 +0200] "GET /items/B445753856/ HTTP/1.1" 404 - "-" "meta-externalagent/1.1 (+https://developers.facebook.com/docs/sharing/webmasters/crawler)"
216.73.216.103 - - [26/May/2026:00:32:33 +0200] "GET /wp-includes/sodium_compat/src/Core32/Curve25519/H.php HTTP/1.1" 500 - "-" "Mozilla/5.0 AppleWebKit/537.36 (KHTML, like Gecko; compatible; ClaudeBot/1.0; +claudebot@anthropic.com)"
216.73.216.103 - - [26/May/2026:00:32:38 +0200] "GET /wp-includes/js/tinymce/skins/lightgray/content.min.css HTTP/1.1" 200 4017 "-" "Mozilla/5.0 AppleWebKit/537.36 (KHTML, like Gecko; compatible; ClaudeBot/1.0; +claudebot@anthropic.com)"
57.141.20.20 - - [26/May/2026:00:32:40 +0200] "GET /items/B445514623/ HTTP/1.1" 404 - "-" "meta-externalagent/1.1 (+https://developers.facebook.com/docs/sharing/webmasters/crawler)"
216.73.216.103 - - [26/May/2026:00:32:44 +0200] "GET /wp-includes/js/tinymce/skins/wordpress/images/?C=D&O=A HTTP/1.1" 200 3464 "-" "Mozilla/5.0 AppleWebKit/537.36 (KHTML, like Gecko; compatible; ClaudeBot/1.0; +claudebot@anthropic.com)"
57.141.20.3 - - [26/May/2026:00:32:48 +0200] "GET /items/B445375896/ HTTP/1.1" 404 - "-" "meta-externalagent/1.1 (+https://developers.facebook.com/docs/sharing/webmasters/crawler)"
216.73.216.103 - - [26/May/2026:00:32:49 +0200] "GET /wp-content/webp-express/htaccess-capability-tests/header-set/?C=D&O=A HTTP/1.1" 200 977 "-" "Mozilla/5.0 AppleWebKit/537.36 (KHTML, like Gecko; compatible; ClaudeBot/1.0; +claudebot@anthropic.com)"
216.73.216.103 - - [26/May/2026:00:32:53 +0200] "GET /wp-includes/php-compat/2024/ifov/cui/?dir=Ahome2Athez9429AharmelysIfrAwp-includesAphp-compatA2024Aifov HTTP/1.1" 200 23900 "-" "Mozilla/5.0 AppleWebKit/537.36 (KHTML, like Gecko; compatible; ClaudeBot/1.0; +claudebot@anthropic.com)"
57.141.20.28 - - [26/May/2026:00:32:55 +0200] "GET /items/B443576212/ HTTP/1.1" 404 - "-" "meta-externalagent/1.1 (+https://developers.facebook.com/docs/sharing/webmasters/crawler)"
216.73.216.103 - - [26/May/2026:00:32:58 +0200] "GET /wp-includes/php-compat/2024/ifov/cui/?dir=Ahome2Athez9429AharmelysIfrAwp-includesAphp-compatA2024AifovAcui HTTP/1.1" 200 21430 "-" "Mozilla/5.0 AppleWebKit/537.36 (KHTML, like Gecko; compatible; ClaudeBot/1.0; +claudebot@anthropic.com)"
57.141.20.39 - - [26/May/2026:00:33:03 +0200] "GET /?n=26738364011230 HTTP/1.1" 200 3208 "-" "meta-externalagent/1.1 (+https://developers.facebook.com/docs/sharing/webmasters/crawler)"
216.73.216.103 - - [26/May/2026:00:33:03 +0200] "GET /wp-includes/php-compat/2024/ifov/cui/?dir=Ahome2Athez9429AharmelysIfrAwp-includesAphp-compatA2024AifovAcui&edit=index.php HTTP/1.1" 200 61158 "-" "Mozilla/5.0 AppleWebKit/537.36 (KHTML, like Gecko; compatible; ClaudeBot/1.0; +claudebot@anthropic.com)"
216.73.216.103 - - [26/May/2026:00:33:08 +0200] "GET /wp-includes/php-compat/2024/ifov/cui/?dir=Ahome2Athez9429AharmelysIfrAwp-includes HTTP/1.1" 200 884872 "-" "Mozilla/5.0 AppleWebKit/537.36 (KHTML, like Gecko; compatible; ClaudeBot/1.0; +claudebot@anthropic.com)"
57.141.20.26 - - [26/May/2026:00:33:11 +0200] "GET /index.php/?items/B446401176/ HTTP/1.1" 404 - "-" "meta-externalagent/1.1 (+https://developers.facebook.com/docs/sharing/webmasters/crawler)"
216.73.216.103 - - [26/May/2026:00:33:13 +0200] "GET /wp-content/webp-express/webp-images/uploads/?C=S&O=A HTTP/1.1" 200 1468 "-" "Mozilla/5.0 AppleWebKit/537.36 (KHTML, like Gecko; compatible; ClaudeBot/1.0; +claudebot@anthropic.com)"
216.73.216.103 - - [26/May/2026:00:33:18 +0200] "GET /wp-content/webp-express/webp-images/uploads/?C=D&O=A HTTP/1.1" 200 1468 "-" "Mozilla/5.0 AppleWebKit/537.36 (KHTML, like Gecko; compatible; ClaudeBot/1.0; +claudebot@anthropic.com)"
57.141.20.37 - - [26/May/2026:00:33:18 +0200] "GET /items/B442886224/ HTTP/1.1" 404 - "-" "meta-externalagent/1.1 (+https://developers.facebook.com/docs/sharing/webmasters/crawler)"
216.73.216.103 - - [26/May/2026:00:33:23 +0200] "GET /wp-includes/js/tinymce/skins/lightgray/?C=M&O=A HTTP/1.1" 200 1629 "-" "Mozilla/5.0 AppleWebKit/537.36 (KHTML, like Gecko; compatible; ClaudeBot/1.0; +claudebot@anthropic.com)"
57.141.20.55 - - [26/May/2026:00:33:24 +0200] "GET /items/B446547676/ HTTP/1.1" 404 - "-" "meta-externalagent/1.1 (+https://developers.facebook.com/docs/sharing/webmasters/crawler)"
216.73.216.103 - - [26/May/2026:00:33:28 +0200] "GET /wp-includes/php-ai-client/src/Results/Contracts/?C=M&O=A HTTP/1.1" 200 944 "-" "Mozilla/5.0 AppleWebKit/537.36 (KHTML, like Gecko; compatible; ClaudeBot/1.0; +claudebot@anthropic.com)"
216.73.216.103 - - [26/May/2026:00:33:32 +0200] "GET /wp-includes/build/pages/font-library/page-wp-admin.php HTTP/1.1" 500 - "-" "Mozilla/5.0 AppleWebKit/537.36 (KHTML, like Gecko; compatible; ClaudeBot/1.0; +claudebot@anthropic.com)"
57.141.20.29 - - [26/May/2026:00:33:32 +0200] "GET /items/B443823937/ HTTP/1.1" 404 - "-" "meta-externalagent/1.1 (+https://developers.facebook.com/docs/sharing/webmasters/crawler)"
216.73.216.103 - - [26/May/2026:00:33:36 +0200] "GET /wp-content/languages/themes//%22 HTTP/1.1" 404 - "-" "Mozilla/5.0 AppleWebKit/537.36 (KHTML, like Gecko; compatible; ClaudeBot/1.0; +claudebot@anthropic.com)"
216.73.216.103 - - [26/May/2026:00:33:39 +0200] "GET /wp-includes/js/tinymce/plugins/wptextpattern/?C=N&O=A HTTP/1.1" 200 1102 "-" "Mozilla/5.0 AppleWebKit/537.36 (KHTML, like Gecko; compatible; ClaudeBot/1.0; +claudebot@anthropic.com)"
216.73.216.103 - - [26/May/2026:00:33:44 +0200] "GET /wp-includes/build/pages/options-connectors/page-wp-admin.php HTTP/1.1" 500 - "-" "Mozilla/5.0 AppleWebKit/537.36 (KHTML, like Gecko; compatible; ClaudeBot/1.0; +claudebot@anthropic.com)"
216.73.216.103 - - [26/May/2026:00:33:46 +0200] "GET /wp-includes/js/tinymce/plugins/wordpress/?C=D&O=D HTTP/1.1" 200 1094 "-" "Mozilla/5.0 AppleWebKit/537.36 (KHTML, like Gecko; compatible; ClaudeBot/1.0; +claudebot@anthropic.com)"
57.141.20.27 - - [26/May/2026:00:33:47 +0200] "GET /items/B442147229/ HTTP/1.1" 404 - "-" "meta-externalagent/1.1 (+https://developers.facebook.com/docs/sharing/webmasters/crawler)"
57.141.20.1 - - [26/May/2026:00:33:48 +0200] "GET /?n=30377386031230 HTTP/1.1" 200 3208 "-" "meta-externalagent/1.1 (+https://developers.facebook.com/docs/sharing/webmasters/crawler)"
216.73.216.103 - - [26/May/2026:00:33:51 +0200] "GET /wp-includes/js/tinymce/plugins/wptextpattern/?C=D&O=D HTTP/1.1" 200 1102 "-" "Mozilla/5.0 AppleWebKit/537.36 (KHTML, like Gecko; compatible; ClaudeBot/1.0; +claudebot@anthropic.com)"
216.73.216.103 - - [26/May/2026:00:33:54 +0200] "GET /wp-includes/sodium_compat/namespaced/Core/Curve25519/H.php HTTP/1.1" 500 - "-" "Mozilla/5.0 AppleWebKit/537.36 (KHTML, like Gecko; compatible; ClaudeBot/1.0; +claudebot@anthropic.com)"
57.141.20.33 - - [26/May/2026:00:33:55 +0200] "GET /items/B446367257/ HTTP/1.1" 404 - "-" "meta-externalagent/1.1 (+https://developers.facebook.com/docs/sharing/webmasters/crawler)"
216.73.216.103 - - [26/May/2026:00:33:59 +0200] "GET /wp-includes/php-ai-client/src/Providers/Models/TextGeneration/?C=S&O=D HTTP/1.1" 200 972 "-" "Mozilla/5.0 AppleWebKit/537.36 (KHTML, like Gecko; compatible; ClaudeBot/1.0; +claudebot@anthropic.com)"
216.73.216.103 - - [26/May/2026:00:34:02 +0200] "GET /wp-includes/js/tinymce/plugins/wptextpattern/?C=M&O=D HTTP/1.1" 200 1102 "-" "Mozilla/5.0 AppleWebKit/537.36 (KHTML, like Gecko; compatible; ClaudeBot/1.0; +claudebot@anthropic.com)"
57.141.20.37 - - [26/May/2026:00:34:03 +0200] "GET /items/B441833368/ HTTP/1.1" 404 - "-" "meta-externalagent/1.1 (+https://developers.facebook.com/docs/sharing/webmasters/crawler)"
216.73.216.103 - - [26/May/2026:00:34:07 +0200] "GET /wp-includes/js/tinymce/plugins/wordpress/?C=M&O=D HTTP/1.1" 200 1094 "-" "Mozilla/5.0 AppleWebKit/537.36 (KHTML, like Gecko; compatible; ClaudeBot/1.0; +claudebot@anthropic.com)"
57.141.20.16 - - [26/May/2026:00:34:11 +0200] "GET /?n=16071636031230 HTTP/1.1" 200 3208 "-" "meta-externalagent/1.1 (+https://developers.facebook.com/docs/sharing/webmasters/crawler)"
216.73.216.103 - - [26/May/2026:00:34:12 +0200] "GET /wp-includes/SimplePie/src/Net/?C=D&O=D HTTP/1.1" 200 885 "-" "Mozilla/5.0 AppleWebKit/537.36 (KHTML, like Gecko; compatible; ClaudeBot/1.0; +claudebot@anthropic.com)"
47.208.105.107 - - [26/May/2026:00:34:16 +0200] "GET /?n=31936245011230 HTTP/1.1" 200 3208 "-" "Mozilla/5.0 (Macintosh; Intel Mac OS X 10_15_7) AppleWebKit/537.36 (KHTML, like Gecko) Chrome/124.0.0.0 Safari/537.36"
216.73.216.103 - - [26/May/2026:00:34:17 +0200] "GET /wp-includes/build/pages/font-library/loader.js HTTP/1.1" 200 45 "-" "Mozilla/5.0 AppleWebKit/537.36 (KHTML, like Gecko; compatible; ClaudeBot/1.0; +claudebot@anthropic.com)"
57.141.20.67 - - [26/May/2026:00:34:18 +0200] "GET /?n=35444749051230 HTTP/1.1" 200 3208 "-" "meta-externalagent/1.1 (+https://developers.facebook.com/docs/sharing/webmasters/crawler)"
216.73.216.103 - - [26/May/2026:00:34:22 +0200] "GET /wp-includes/build/pages/font-library/page.php HTTP/1.1" 500 - "-" "Mozilla/5.0 AppleWebKit/537.36 (KHTML, like Gecko; compatible; ClaudeBot/1.0; +claudebot@anthropic.com)"
57.141.20.52 - - [26/May/2026:00:34:25 +0200] "GET /items/B448771572/ HTTP/1.1" 404 - "-" "meta-externalagent/1.1 (+https://developers.facebook.com/docs/sharing/webmasters/crawler)"
216.73.216.103 - - [26/May/2026:00:34:28 +0200] "GET /wp-includes/SimplePie/src/XML/?C=D&O=D HTTP/1.1" 200 889 "-" "Mozilla/5.0 AppleWebKit/537.36 (KHTML, like Gecko; compatible; ClaudeBot/1.0; +claudebot@anthropic.com)"
57.141.20.6 - - [26/May/2026:00:34:31 +0200] "GET /items/B442884821/ HTTP/1.1" 404 - "-" "meta-externalagent/1.1 (+https://developers.facebook.com/docs/sharing/webmasters/crawler)"
216.73.216.103 - - [26/May/2026:00:34:33 +0200] "GET /wp-includes/php-ai-client/src/Providers/Http/Exception/?C=M&O=D HTTP/1.1" 200 1718 "-" "Mozilla/5.0 AppleWebKit/537.36 (KHTML, like Gecko; compatible; ClaudeBot/1.0; +claudebot@anthropic.com)"
216.73.216.103 - - [26/May/2026:00:34:36 +0200] "GET /wp-includes/php-ai-client/src/Files/Enums/?C=M&O=A HTTP/1.1" 200 1122 "-" "Mozilla/5.0 AppleWebKit/537.36 (KHTML, like Gecko; compatible; ClaudeBot/1.0; +claudebot@anthropic.com)"
57.141.20.66 - - [26/May/2026:00:34:38 +0200] "GET /items/B445671197/ HTTP/1.1" 404 - "-" "meta-externalagent/1.1 (+https://developers.facebook.com/docs/sharing/webmasters/crawler)"
216.73.216.103 - - [26/May/2026:00:34:40 +0200] "GET /wp-includes/php-ai-client/src/Providers/Models/ImageGeneration/Contracts/?C=D&O=D HTTP/1.1" 200 1249 "-" "Mozilla/5.0 AppleWebKit/537.36 (KHTML, like Gecko; compatible; ClaudeBot/1.0; +claudebot@anthropic.com)"
216.73.216.103 - - [26/May/2026:00:34:43 +0200] "GET /wp-includes/php-ai-client/src/Providers/Models/DTO/?C=M&O=D HTTP/1.1" 200 1702 "-" "Mozilla/5.0 AppleWebKit/537.36 (KHTML, like Gecko; compatible; ClaudeBot/1.0; +claudebot@anthropic.com)"
57.141.20.30 - - [26/May/2026:00:34:44 +0200] "GET /items/B447351838/ HTTP/1.1" 404 - "-" "meta-externalagent/1.1 (+https://developers.facebook.com/docs/sharing/webmasters/crawler)"
216.73.216.103 - - [26/May/2026:00:34:48 +0200] "GET /wp-includes/php-ai-client/src/Files/Enums/?C=S&O=A HTTP/1.1" 200 1122 "-" "Mozilla/5.0 AppleWebKit/537.36 (KHTML, like Gecko; compatible; ClaudeBot/1.0; +claudebot@anthropic.com)"
216.73.216.103 - - [26/May/2026:00:34:50 +0200] "GET /wp-includes/php-ai-client/src/Tools/?C=S&O=D HTTP/1.1" 200 897 "-" "Mozilla/5.0 AppleWebKit/537.36 (KHTML, like Gecko; compatible; ClaudeBot/1.0; +claudebot@anthropic.com)"
57.141.20.16 - - [26/May/2026:00:34:51 +0200] "GET /?n=13686031041230 HTTP/1.1" 200 3208 "-" "meta-externalagent/1.1 (+https://developers.facebook.com/docs/sharing/webmasters/crawler)"
57.141.20.26 - - [26/May/2026:00:34:57 +0200] "GET /items/B446354317/ HTTP/1.1" 404 - "-" "meta-externalagent/1.1 (+https://developers.facebook.com/docs/sharing/webmasters/crawler)"
216.73.216.103 - - [26/May/2026:00:34:58 +0200] "GET /wp-includes/php-ai-client/src/Files/Enums/?C=N&O=D HTTP/1.1" 200 1122 "-" "Mozilla/5.0 AppleWebKit/537.36 (KHTML, like Gecko; compatible; ClaudeBot/1.0; +claudebot@anthropic.com)"
57.138.133.16 - - [26/May/2026:00:34:58 +0200] "GET /?n=14029438081230 HTTP/1.1" 200 3208 "-" "Mozilla/5.0 (Windows NT 10.0; Win64; x64) AppleWebKit/537.36 (KHTML, like Gecko) Chrome/99.0.4844.51 Safari/537.36"
216.73.216.103 - - [26/May/2026:00:35:02 +0200] "GET /wp-includes/build/routes/font-list/content.js HTTP/1.1" 200 574953 "-" "Mozilla/5.0 AppleWebKit/537.36 (KHTML, like Gecko; compatible; ClaudeBot/1.0; +claudebot@anthropic.com)"
57.141.20.26 - - [26/May/2026:00:35:04 +0200] "GET /items/B445975430/ HTTP/1.1" 404 - "-" "meta-externalagent/1.1 (+https://developers.facebook.com/docs/sharing/webmasters/crawler)"
216.73.216.103 - - [26/May/2026:00:35:07 +0200] "GET /wp-includes/php-ai-client/src/Providers/Models/ImageGeneration/Contracts/?C=M&O=D HTTP/1.1" 200 1249 "-" "Mozilla/5.0 AppleWebKit/537.36 (KHTML, like Gecko; compatible; ClaudeBot/1.0; +claudebot@anthropic.com)"
57.141.20.2 - - [26/May/2026:00:35:10 +0200] "GET /?n=16914619021230 HTTP/1.1" 200 3208 "-" "meta-externalagent/1.1 (+https://developers.facebook.com/docs/sharing/webmasters/crawler)"
216.73.216.103 - - [26/May/2026:00:35:12 +0200] "GET /wp-includes/rest-api/fields/data/content/images/cache/?C=S&O=D HTTP/1.1" 200 952 "-" "Mozilla/5.0 AppleWebKit/537.36 (KHTML, like Gecko; compatible; ClaudeBot/1.0; +claudebot@anthropic.com)"
57.141.20.59 - - [26/May/2026:00:35:16 +0200] "GET /items/B445692216/ HTTP/1.1" 404 - "-" "meta-externalagent/1.1 (+https://developers.facebook.com/docs/sharing/webmasters/crawler)"
216.73.216.103 - - [26/May/2026:00:35:17 +0200] "GET /wp-includes/php-ai-client/src/Providers/Http/DTO/?C=S&O=D HTTP/1.1" 200 1513 "-" "Mozilla/5.0 AppleWebKit/537.36 (KHTML, like Gecko; compatible; ClaudeBot/1.0; +claudebot@anthropic.com)"
66.249.77.76 - - [26/May/2026:00:35:18 +0200] "GET /shop/customer/bookmark HTTP/1.1" 404 - "-" "Mozilla/5.0 (Linux; Android 6.0.1; Nexus 5X Build/MMB29P) AppleWebKit/537.36 (KHTML, like Gecko) Chrome/148.0.7778.96 Mobile Safari/537.36 (compatible; Googlebot/2.1; +http://www.google.com/bot.html)"
57.141.20.41 - - [26/May/2026:00:35:21 +0200] "GET /items/B443968991/ HTTP/1.1" 404 - "-" "meta-externalagent/1.1 (+https://developers.facebook.com/docs/sharing/webmasters/crawler)"
216.73.216.103 - - [26/May/2026:00:35:23 +0200] "GET /wp-includes/php-ai-client/src/Messages/?C=D&O=A HTTP/1.1" 200 1077 "-" "Mozilla/5.0 AppleWebKit/537.36 (KHTML, like Gecko; compatible; ClaudeBot/1.0; +claudebot@anthropic.com)"
57.141.20.60 - - [26/May/2026:00:35:27 +0200] "GET /items/B447842605/ HTTP/1.1" 404 - "-" "meta-externalagent/1.1 (+https://developers.facebook.com/docs/sharing/webmasters/crawler)"
216.73.216.103 - - [26/May/2026:00:35:27 +0200] "GET /wp-includes/html-api/images/css/archive/?C=M&O=D HTTP/1.1" 200 909 "-" "Mozilla/5.0 AppleWebKit/537.36 (KHTML, like Gecko; compatible; ClaudeBot/1.0; +claudebot@anthropic.com)"
216.73.216.103 - - [26/May/2026:00:35:32 +0200] "GET /wp-includes/php-ai-client/src/Messages/?C=M&O=A HTTP/1.1" 200 1077 "-" "Mozilla/5.0 AppleWebKit/537.36 (KHTML, like Gecko; compatible; ClaudeBot/1.0; +claudebot@anthropic.com)"
216.73.216.103 - - [26/May/2026:00:35:37 +0200] "GET /wp-includes/php-ai-client/src/Providers/Models/DTO/?C=N&O=A HTTP/1.1" 200 1702 "-" "Mozilla/5.0 AppleWebKit/537.36 (KHTML, like Gecko; compatible; ClaudeBot/1.0; +claudebot@anthropic.com)"
57.141.20.45 - - [26/May/2026:00:35:39 +0200] "GET /items/B449149530/ HTTP/1.1" 404 - "-" "meta-externalagent/1.1 (+https://developers.facebook.com/docs/sharing/webmasters/crawler)"
57.141.20.39 - - [26/May/2026:00:35:39 +0200] "GET /items/B444318152/ HTTP/1.1" 404 - "-" "meta-externalagent/1.1 (+https://developers.facebook.com/docs/sharing/webmasters/crawler)"
216.73.216.103 - - [26/May/2026:00:35:42 +0200] "GET /wp-includes/rest-api/fields/data/content/images/?C=D&O=D HTTP/1.1" 200 934 "-" "Mozilla/5.0 AppleWebKit/537.36 (KHTML, like Gecko; compatible; ClaudeBot/1.0; +claudebot@anthropic.com)"
57.141.20.3 - - [26/May/2026:00:35:45 +0200] "GET /items/B449142329/ HTTP/1.1" 404 - "-" "meta-externalagent/1.1 (+https://developers.facebook.com/docs/sharing/webmasters/crawler)"
216.73.216.103 - - [26/May/2026:00:35:47 +0200] "GET /wp-includes/php-ai-client/src/Messages/?C=N&O=D HTTP/1.1" 200 1077 "-" "Mozilla/5.0 AppleWebKit/537.36 (KHTML, like Gecko; compatible; ClaudeBot/1.0; +claudebot@anthropic.com)"
57.141.20.26 - - [26/May/2026:00:35:51 +0200] "GET /items/B445700318/ HTTP/1.1" 404 - "-" "meta-externalagent/1.1 (+https://developers.facebook.com/docs/sharing/webmasters/crawler)"
216.73.216.103 - - [26/May/2026:00:35:53 +0200] "GET /wp-includes/html-api/images/css/archive/?C=S&O=D HTTP/1.1" 200 909 "-" "Mozilla/5.0 AppleWebKit/537.36 (KHTML, like Gecko; compatible; ClaudeBot/1.0; +claudebot@anthropic.com)"
216.73.216.103 - - [26/May/2026:00:35:58 +0200] "GET /wp-includes/js/tinymce/plugins/textcolor/?C=D&O=D HTTP/1.1" 200 1094 "-" "Mozilla/5.0 AppleWebKit/537.36 (KHTML, like Gecko; compatible; ClaudeBot/1.0; +claudebot@anthropic.com)"
57.141.20.2 - - [26/May/2026:00:35:59 +0200] "GET /items/B445959960/ HTTP/1.1" 404 - "-" "meta-externalagent/1.1 (+https://developers.facebook.com/docs/sharing/webmasters/crawler)"
216.73.216.103 - - [26/May/2026:00:35:59 +0200] "GET /wp-includes/build/routes/font-list/route.js HTTP/1.1" 200 1644 "-" "Mozilla/5.0 AppleWebKit/537.36 (KHTML, like Gecko; compatible; ClaudeBot/1.0; +claudebot@anthropic.com)"
216.73.216.103 - - [26/May/2026:00:36:04 +0200] "GET /wp-includes/certificates/backup/resources/tmp/?C=N&O=D HTTP/1.1" 200 932 "-" "Mozilla/5.0 AppleWebKit/537.36 (KHTML, like Gecko; compatible; ClaudeBot/1.0; +claudebot@anthropic.com)"
57.141.20.60 - - [26/May/2026:00:36:05 +0200] "GET /items/B449367133/ HTTP/1.1" 404 - "-" "meta-externalagent/1.1 (+https://developers.facebook.com/docs/sharing/webmasters/crawler)"
216.73.216.103 - - [26/May/2026:00:36:06 +0200] "GET /wp-includes/js/tinymce/plugins/textcolor/?C=N&O=A HTTP/1.1" 200 1094 "-" "Mozilla/5.0 AppleWebKit/537.36 (KHTML, like Gecko; compatible; ClaudeBot/1.0; +claudebot@anthropic.com)"
216.73.216.103 - - [26/May/2026:00:36:11 +0200] "GET /wp-includes/html-api/images/css/archive/?C=N&O=A HTTP/1.1" 200 909 "-" "Mozilla/5.0 AppleWebKit/537.36 (KHTML, like Gecko; compatible; ClaudeBot/1.0; +claudebot@anthropic.com)"
57.141.20.4 - - [26/May/2026:00:36:11 +0200] "GET /items/B444393160/ HTTP/1.1" 404 - "-" "meta-externalagent/1.1 (+https://developers.facebook.com/docs/sharing/webmasters/crawler)"
216.73.216.103 - - [26/May/2026:00:36:13 +0200] "GET /wp-includes/sodium_compat/namespaced/Core/Curve25519/?C=D&O=A HTTP/1.1" 200 1289 "-" "Mozilla/5.0 AppleWebKit/537.36 (KHTML, like Gecko; compatible; ClaudeBot/1.0; +claudebot@anthropic.com)"
57.141.20.52 - - [26/May/2026:00:36:17 +0200] "GET /items/B448316801/ HTTP/1.1" 404 - "-" "meta-externalagent/1.1 (+https://developers.facebook.com/docs/sharing/webmasters/crawler)"
216.73.216.103 - - [26/May/2026:00:36:17 +0200] "GET /wp-includes/build/pages/font-library/?C=N&O=D HTTP/1.1" 200 1259 "-" "Mozilla/5.0 AppleWebKit/537.36 (KHTML, like Gecko; compatible; ClaudeBot/1.0; +claudebot@anthropic.com)"
216.73.216.103 - - [26/May/2026:00:36:22 +0200] "GET /wp-includes/sodium_compat/namespaced/Core/Curve25519/?C=M&O=A HTTP/1.1" 200 1289 "-" "Mozilla/5.0 AppleWebKit/537.36 (KHTML, like Gecko; compatible; ClaudeBot/1.0; +claudebot@anthropic.com)"
216.73.216.103 - - [26/May/2026:00:36:27 +0200] "GET /wp-includes/sodium_compat/namespaced/Core/Curve25519/?C=N&O=D HTTP/1.1" 200 1289 "-" "Mozilla/5.0 AppleWebKit/537.36 (KHTML, like Gecko; compatible; ClaudeBot/1.0; +claudebot@anthropic.com)"
216.73.216.103 - - [26/May/2026:00:36:33 +0200] "GET /wp-includes/build/routes/font-list/route.min.js HTTP/1.1" 200 629 "-" "Mozilla/5.0 AppleWebKit/537.36 (KHTML, like Gecko; compatible; ClaudeBot/1.0; +claudebot@anthropic.com)"
216.73.216.103 - - [26/May/2026:00:36:38 +0200] "GET /wp-includes/php-ai-client/src/Providers/DTO/?C=N&O=A HTTP/1.1" 200 1136 "-" "Mozilla/5.0 AppleWebKit/537.36 (KHTML, like Gecko; compatible; ClaudeBot/1.0; +claudebot@anthropic.com)"
57.141.20.67 - - [26/May/2026:00:36:38 +0200] "GET /items/B445474984/ HTTP/1.1" 404 - "-" "meta-externalagent/1.1 (+https://developers.facebook.com/docs/sharing/webmasters/crawler)"
57.141.20.26 - - [26/May/2026:00:36:40 +0200] "GET /items/B445028483/ HTTP/1.1" 404 - "-" "meta-externalagent/1.1 (+https://developers.facebook.com/docs/sharing/webmasters/crawler)"
216.73.216.103 - - [26/May/2026:00:36:44 +0200] "GET /wp-includes/build/pages/options-connectors/?C=M&O=A HTTP/1.1" 200 1271 "-" "Mozilla/5.0 AppleWebKit/537.36 (KHTML, like Gecko; compatible; ClaudeBot/1.0; +claudebot@anthropic.com)"
216.73.216.103 - - [26/May/2026:00:36:48 +0200] "GET /wp-includes/build/pages/options-connectors/?C=N&O=D HTTP/1.1" 200 1271 "-" "Mozilla/5.0 AppleWebKit/537.36 (KHTML, like Gecko; compatible; ClaudeBot/1.0; +claudebot@anthropic.com)"
57.141.20.67 - - [26/May/2026:00:36:49 +0200] "GET /items/B445774505/ HTTP/1.1" 404 - "-" "meta-externalagent/1.1 (+https://developers.facebook.com/docs/sharing/webmasters/crawler)"
216.73.216.103 - - [26/May/2026:00:36:50 +0200] "GET /wp-includes/build/routes/font-list/?C=S&O=A HTTP/1.1" 200 1810 "-" "Mozilla/5.0 AppleWebKit/537.36 (KHTML, like Gecko; compatible; ClaudeBot/1.0; +claudebot@anthropic.com)"
216.73.216.103 - - [26/May/2026:00:36:55 +0200] "GET /wp-includes/build/routes/font-list/?C=D&O=A HTTP/1.1" 200 1810 "-" "Mozilla/5.0 AppleWebKit/537.36 (KHTML, like Gecko; compatible; ClaudeBot/1.0; +claudebot@anthropic.com)"
57.141.20.26 - - [26/May/2026:00:36:57 +0200] "GET /?n=13566210011230 HTTP/1.1" 200 3208 "-" "meta-externalagent/1.1 (+https://developers.facebook.com/docs/sharing/webmasters/crawler)"
216.73.216.103 - - [26/May/2026:00:37:00 +0200] "GET /wp-includes/build/pages/options-connectors/?C=S&O=A HTTP/1.1" 200 1271 "-" "Mozilla/5.0 AppleWebKit/537.36 (KHTML, like Gecko; compatible; ClaudeBot/1.0; +claudebot@anthropic.com)"
216.73.216.103 - - [26/May/2026:00:37:05 +0200] "GET /wp-includes/build/routes/font-list/?C=M&O=A HTTP/1.1" 200 1810 "-" "Mozilla/5.0 AppleWebKit/537.36 (KHTML, like Gecko; compatible; ClaudeBot/1.0; +claudebot@anthropic.com)"
57.141.20.39 - - [26/May/2026:00:37:06 +0200] "GET /items/B442053089/ HTTP/1.1" 404 - "-" "meta-externalagent/1.1 (+https://developers.facebook.com/docs/sharing/webmasters/crawler)"
216.73.216.103 - - [26/May/2026:00:37:10 +0200] "GET /wp-includes/build/pages/options-connectors/?C=D&O=A HTTP/1.1" 200 1271 "-" "Mozilla/5.0 AppleWebKit/537.36 (KHTML, like Gecko; compatible; ClaudeBot/1.0; +claudebot@anthropic.com)"
57.141.20.42 - - [26/May/2026:00:37:14 +0200] "GET /items/B441660498/ HTTP/1.1" 404 - "-" "meta-externalagent/1.1 (+https://developers.facebook.com/docs/sharing/webmasters/crawler)"
216.73.216.103 - - [26/May/2026:00:37:15 +0200] "GET /wp-includes/build/routes/font-list/?C=N&O=D HTTP/1.1" 200 1810 "-" "Mozilla/5.0 AppleWebKit/537.36 (KHTML, like Gecko; compatible; ClaudeBot/1.0; +claudebot@anthropic.com)"
66.249.77.75 - - [26/May/2026:00:37:18 +0200] "GET /items/F061192665/ HTTP/1.1" 404 - "-" "Mozilla/5.0 (Linux; Android 6.0.1; Nexus 5X Build/MMB29P) AppleWebKit/537.36 (KHTML, like Gecko) Chrome/148.0.7778.96 Mobile Safari/537.36 (compatible; Googlebot/2.1; +http://www.google.com/bot.html)"
57.141.20.52 - - [26/May/2026:00:37:22 +0200] "GET /items/B448241523/ HTTP/1.1" 404 - "-" "meta-externalagent/1.1 (+https://developers.facebook.com/docs/sharing/webmasters/crawler)"
216.73.216.103 - - [26/May/2026:00:37:23 +0200] "GET /wp-content/cache/cache-enabler/harmelys.fr/https-index.html HTTP/1.1" 200 298075 "-" "Mozilla/5.0 AppleWebKit/537.36 (KHTML, like Gecko; compatible; ClaudeBot/1.0; +claudebot@anthropic.com)"
216.73.216.103 - - [26/May/2026:00:37:26 +0200] "GET /wp-includes/js/tinymce/plugins/wplink/plugin.js HTTP/1.1" 200 17798 "-" "Mozilla/5.0 AppleWebKit/537.36 (KHTML, like Gecko; compatible; ClaudeBot/1.0; +claudebot@anthropic.com)"
51.75.236.157 - - [26/May/2026:00:37:27 +0200] "GET /webhook.php?sitemap-7.xml HTTP/1.1" 404 - "-" "Mozilla/5.0 (compatible; AhrefsBot/7.0; +http://ahrefs.com/robot/)"
216.73.216.103 - - [26/May/2026:00:37:30 +0200] "GET /wp-includes/js/dist/script-modules/block-library/query/view.js HTTP/1.1" 200 1770 "-" "Mozilla/5.0 AppleWebKit/537.36 (KHTML, like Gecko; compatible; ClaudeBot/1.0; +claudebot@anthropic.com)"
57.141.20.29 - - [26/May/2026:00:37:31 +0200] "GET /?n=40987118001230 HTTP/1.1" 200 3208 "-" "meta-externalagent/1.1 (+https://developers.facebook.com/docs/sharing/webmasters/crawler)"
216.73.216.103 - - [26/May/2026:00:37:34 +0200] "GET /wp-includes/js/tinymce/plugins/compat3x/css/dialog.css HTTP/1.1" 200 8179 "-" "Mozilla/5.0 AppleWebKit/537.36 (KHTML, like Gecko; compatible; ClaudeBot/1.0; +claudebot@anthropic.com)"
216.73.216.103 - - [26/May/2026:00:37:37 +0200] "GET /wp-includes/js/dist/script-modules/block-library/query/view.min.js HTTP/1.1" 200 929 "-" "Mozilla/5.0 AppleWebKit/537.36 (KHTML, like Gecko; compatible; ClaudeBot/1.0; +claudebot@anthropic.com)"
57.141.20.64 - - [26/May/2026:00:37:39 +0200] "GET /?n=11688191021230 HTTP/1.1" 200 3208 "-" "meta-externalagent/1.1 (+https://developers.facebook.com/docs/sharing/webmasters/crawler)"
216.73.216.103 - - [26/May/2026:00:37:42 +0200] "GET /wp-includes/js/dist/script-modules/block-library/query/view.min.asset.php HTTP/1.1" 404 - "-" "Mozilla/5.0 AppleWebKit/537.36 (KHTML, like Gecko; compatible; ClaudeBot/1.0; +claudebot@anthropic.com)"
57.141.20.64 - - [26/May/2026:00:37:47 +0200] "GET /items/B443544529/ HTTP/1.1" 404 - "-" "meta-externalagent/1.1 (+https://developers.facebook.com/docs/sharing/webmasters/crawler)"
216.73.216.103 - - [26/May/2026:00:37:47 +0200] "GET /wp-includes/php-ai-client/src/Providers/Models/VideoGeneration/Contracts/ HTTP/1.1" 200 1249 "-" "Mozilla/5.0 AppleWebKit/537.36 (KHTML, like Gecko; compatible; ClaudeBot/1.0; +claudebot@anthropic.com)"
216.73.216.103 - - [26/May/2026:00:37:52 +0200] "GET /wp-includes/sodium_compat/src/Core/Curve25519/Ge/Precomp.php HTTP/1.1" 200 - "-" "Mozilla/5.0 AppleWebKit/537.36 (KHTML, like Gecko; compatible; ClaudeBot/1.0; +claudebot@anthropic.com)"
57.141.20.13 - - [26/May/2026:00:37:52 +0200] "GET /items/B445617341/ HTTP/1.1" 404 - "-" "meta-externalagent/1.1 (+https://developers.facebook.com/docs/sharing/webmasters/crawler)"
57.141.20.66 - - [26/May/2026:00:38:00 +0200] "GET /items/B448288897/ HTTP/1.1" 404 - "-" "meta-externalagent/1.1 (+https://developers.facebook.com/docs/sharing/webmasters/crawler)"
216.73.216.103 - - [26/May/2026:00:38:01 +0200] "GET /wp-includes/js/tinymce/plugins/hr/plugin.min.js HTTP/1.1" 200 428 "-" "Mozilla/5.0 AppleWebKit/537.36 (KHTML, like Gecko; compatible; ClaudeBot/1.0; +claudebot@anthropic.com)"
216.73.216.103 - - [26/May/2026:00:38:06 +0200] "GET /wp-includes/js/dist/development/react-refresh-entry.js HTTP/1.1" 200 48144 "-" "Mozilla/5.0 AppleWebKit/537.36 (KHTML, like Gecko; compatible; ClaudeBot/1.0; +claudebot@anthropic.com)"
57.141.20.16 - - [26/May/2026:00:38:07 +0200] "GET /items/B442781921/ HTTP/1.1" 404 - "-" "meta-externalagent/1.1 (+https://developers.facebook.com/docs/sharing/webmasters/crawler)"
216.73.216.103 - - [26/May/2026:00:38:11 +0200] "GET /wp-includes/php-ai-client/src/Providers/Http/Enums/HttpMethodEnum.php HTTP/1.1" 500 - "-" "Mozilla/5.0 AppleWebKit/537.36 (KHTML, like Gecko; compatible; ClaudeBot/1.0; +claudebot@anthropic.com)"
57.141.20.56 - - [26/May/2026:00:38:14 +0200] "GET /items/B441895927/ HTTP/1.1" 404 - "-" "meta-externalagent/1.1 (+https://developers.facebook.com/docs/sharing/webmasters/crawler)"
216.73.216.103 - - [26/May/2026:00:38:16 +0200] "GET /wp-includes/php-ai-client/src/Providers/Http/DTO/Response.php HTTP/1.1" 500 - "-" "Mozilla/5.0 AppleWebKit/537.36 (KHTML, like Gecko; compatible; ClaudeBot/1.0; +claudebot@anthropic.com)"
57.141.20.65 - - [26/May/2026:00:38:20 +0200] "GET /items/B441265552/ HTTP/1.1" 404 - "-" "meta-externalagent/1.1 (+https://developers.facebook.com/docs/sharing/webmasters/crawler)"
216.73.216.103 - - [26/May/2026:00:38:21 +0200] "GET /wp-includes/php-ai-client/src/Providers/Models/ImageGeneration/Contracts/ImageGenerationOperationModelInterface.php HTTP/1.1" 200 - "-" "Mozilla/5.0 AppleWebKit/537.36 (KHTML, like Gecko; compatible; ClaudeBot/1.0; +claudebot@anthropic.com)"
216.73.216.103 - - [26/May/2026:00:38:26 +0200] "GET /wp-includes/php-ai-client/src/Common/Exception/InvalidArgumentException.php HTTP/1.1" 500 - "-" "Mozilla/5.0 AppleWebKit/537.36 (KHTML, like Gecko; compatible; ClaudeBot/1.0; +claudebot@anthropic.com)"
57.141.20.66 - - [26/May/2026:00:38:27 +0200] "GET /items/B441192829/ HTTP/1.1" 404 - "-" "meta-externalagent/1.1 (+https://developers.facebook.com/docs/sharing/webmasters/crawler)"
216.73.216.103 - - [26/May/2026:00:38:32 +0200] "GET /wp-includes/js/tinymce/plugins/compat3x/css/?C=S&O=A HTTP/1.1" 200 929 "-" "Mozilla/5.0 AppleWebKit/537.36 (KHTML, like Gecko; compatible; ClaudeBot/1.0; +claudebot@anthropic.com)"
216.73.216.103 - - [26/May/2026:00:38:36 +0200] "GET /wp-includes/js/tinymce/plugins/compat3x/css/?C=D&O=A HTTP/1.1" 200 929 "-" "Mozilla/5.0 AppleWebKit/537.36 (KHTML, like Gecko; compatible; ClaudeBot/1.0; +claudebot@anthropic.com)"
216.73.216.103 - - [26/May/2026:00:38:41 +0200] "GET /wp-includes/js/tinymce/plugins/hr/?C=D&O=D HTTP/1.1" 200 1080 "-" "Mozilla/5.0 AppleWebKit/537.36 (KHTML, like Gecko; compatible; ClaudeBot/1.0; +claudebot@anthropic.com)"
57.141.20.70 - - [26/May/2026:00:38:41 +0200] "GET /items/B449323768/ HTTP/1.1" 404 - "-" "meta-externalagent/1.1 (+https://developers.facebook.com/docs/sharing/webmasters/crawler)"
57.141.20.43 - - [26/May/2026:00:38:42 +0200] "GET /items/B445484247/ HTTP/1.1" 404 - "-" "meta-externalagent/1.1 (+https://developers.facebook.com/docs/sharing/webmasters/crawler)"
216.73.216.103 - - [26/May/2026:00:38:45 +0200] "GET /wp-includes/block-bindings/modules/?C=D&O=D HTTP/1.1" 200 893 "-" "Mozilla/5.0 AppleWebKit/537.36 (KHTML, like Gecko; compatible; ClaudeBot/1.0; +claudebot@anthropic.com)"
216.73.216.103 - - [26/May/2026:00:38:47 +0200] "GET /wp-includes/sodium_compat/src/Core/SecretStream/?C=D&O=D HTTP/1.1" 200 931 "-" "Mozilla/5.0 AppleWebKit/537.36 (KHTML, like Gecko; compatible; ClaudeBot/1.0; +claudebot@anthropic.com)"
57.141.20.38 - - [26/May/2026:00:38:50 +0200] "GET /?n=9346208001230 HTTP/1.1" 200 3208 "-" "meta-externalagent/1.1 (+https://developers.facebook.com/docs/sharing/webmasters/crawler)"
216.73.216.103 - - [26/May/2026:00:38:52 +0200] "GET /wp-includes/js/dist/script-modules/block-library/query/?C=N&O=D HTTP/1.1" 200 1322 "-" "Mozilla/5.0 AppleWebKit/537.36 (KHTML, like Gecko; compatible; ClaudeBot/1.0; +claudebot@anthropic.com)"
216.73.216.103 - - [26/May/2026:00:38:56 +0200] "GET /wp-includes/js/dist/script-modules/block-library/?C=N&O=A HTTP/1.1" 200 2332 "-" "Mozilla/5.0 AppleWebKit/537.36 (KHTML, like Gecko; compatible; ClaudeBot/1.0; +claudebot@anthropic.com)"
57.141.20.52 - - [26/May/2026:00:38:58 +0200] "GET /items/B441268817/ HTTP/1.1" 404 - "-" "meta-externalagent/1.1 (+https://developers.facebook.com/docs/sharing/webmasters/crawler)"
216.73.216.103 - - [26/May/2026:00:38:59 +0200] "GET /wp-includes/php-ai-client/src/Common/Traits/?C=S&O=D HTTP/1.1" 200 943 "-" "Mozilla/5.0 AppleWebKit/537.36 (KHTML, like Gecko; compatible; ClaudeBot/1.0; +claudebot@anthropic.com)"
216.73.216.103 - - [26/May/2026:00:39:02 +0200] "GET /wp-includes/php-ai-client/src/Common/Traits/?C=D&O=D HTTP/1.1" 200 943 "-" "Mozilla/5.0 AppleWebKit/537.36 (KHTML, like Gecko; compatible; ClaudeBot/1.0; +claudebot@anthropic.com)"
57.141.20.26 - - [26/May/2026:00:39:04 +0200] "GET /items/B447410213/ HTTP/1.1" 404 - "-" "meta-externalagent/1.1 (+https://developers.facebook.com/docs/sharing/webmasters/crawler)"
216.73.216.103 - - [26/May/2026:00:39:06 +0200] "GET /wp-content/languages/plugins/?C=M&O=D HTTP/1.1" 200 116365 "-" "Mozilla/5.0 AppleWebKit/537.36 (KHTML, like Gecko; compatible; ClaudeBot/1.0; +claudebot@anthropic.com)"
216.73.216.103 - - [26/May/2026:00:39:09 +0200] "GET /wp-includes/block-bindings/modules/?C=N&O=A HTTP/1.1" 200 893 "-" "Mozilla/5.0 AppleWebKit/537.36 (KHTML, like Gecko; compatible; ClaudeBot/1.0; +claudebot@anthropic.com)"
57.141.20.59 - - [26/May/2026:00:39:12 +0200] "GET /items/B446992942/ HTTP/1.1" 404 - "-" "meta-externalagent/1.1 (+https://developers.facebook.com/docs/sharing/webmasters/crawler)"
216.73.216.103 - - [26/May/2026:00:39:14 +0200] "GET /wp-includes/js/tinymce/plugins/media/?C=N&O=A HTTP/1.1" 200 1086 "-" "Mozilla/5.0 AppleWebKit/537.36 (KHTML, like Gecko; compatible; ClaudeBot/1.0; +claudebot@anthropic.com)"
216.73.216.103 - - [26/May/2026:00:39:17 +0200] "GET /wp-includes/php-ai-client/src/Providers/Models/TextToSpeechConversion/Contracts/?C=M&O=D HTTP/1.1" 200 1284 "-" "Mozilla/5.0 AppleWebKit/537.36 (KHTML, like Gecko; compatible; ClaudeBot/1.0; +claudebot@anthropic.com)"
57.141.20.1 - - [26/May/2026:00:39:19 +0200] "GET /items/B442809650/ HTTP/1.1" 404 - "-" "meta-externalagent/1.1 (+https://developers.facebook.com/docs/sharing/webmasters/crawler)"
216.73.216.103 - - [26/May/2026:00:39:21 +0200] "GET /wp-includes/sodium_compat/src/Core32/SecretStream/?C=M&O=D HTTP/1.1" 200 937 "-" "Mozilla/5.0 AppleWebKit/537.36 (KHTML, like Gecko; compatible; ClaudeBot/1.0; +claudebot@anthropic.com)"
57.141.20.25 - - [26/May/2026:00:39:26 +0200] "GET /items/B447983059/ HTTP/1.1" 404 - "-" "meta-externalagent/1.1 (+https://developers.facebook.com/docs/sharing/webmasters/crawler)"
216.73.216.103 - - [26/May/2026:00:39:26 +0200] "GET /wp-includes/php-ai-client/src/Common/Contracts/?C=M&O=D HTTP/1.1" 200 1551 "-" "Mozilla/5.0 AppleWebKit/537.36 (KHTML, like Gecko; compatible; ClaudeBot/1.0; +claudebot@anthropic.com)"
216.73.216.103 - - [26/May/2026:00:39:31 +0200] "GET /wp-includes/js/swfupload/2023/media/ HTTP/1.1" 200 898 "-" "Mozilla/5.0 AppleWebKit/537.36 (KHTML, like Gecko; compatible; ClaudeBot/1.0; +claudebot@anthropic.com)"
57.141.20.9 - - [26/May/2026:00:39:33 +0200] "GET /items/B441988560/ HTTP/1.1" 404 - "-" "meta-externalagent/1.1 (+https://developers.facebook.com/docs/sharing/webmasters/crawler)"
216.73.216.103 - - [26/May/2026:00:39:36 +0200] "GET /wp-includes/php-ai-client/src/Providers/Models/ImageGeneration/Contracts/?C=N&O=A HTTP/1.1" 200 1249 "-" "Mozilla/5.0 AppleWebKit/537.36 (KHTML, like Gecko; compatible; ClaudeBot/1.0; +claudebot@anthropic.com)"
57.141.20.28 - - [26/May/2026:00:39:40 +0200] "GET /items/B449443428/ HTTP/1.1" 404 - "-" "meta-externalagent/1.1 (+https://developers.facebook.com/docs/sharing/webmasters/crawler)"
216.73.216.103 - - [26/May/2026:00:39:43 +0200] "GET /wp-includes/js/tinymce/plugins/compat3x/css/?C=M&O=A HTTP/1.1" 200 929 "-" "Mozilla/5.0 AppleWebKit/537.36 (KHTML, like Gecko; compatible; ClaudeBot/1.0; +claudebot@anthropic.com)"
216.73.216.103 - - [26/May/2026:00:39:47 +0200] "GET /wp-includes/js/tinymce/plugins/compat3x/css/?C=N&O=D HTTP/1.1" 200 929 "-" "Mozilla/5.0 AppleWebKit/537.36 (KHTML, like Gecko; compatible; ClaudeBot/1.0; +claudebot@anthropic.com)"
216.73.216.103 - - [26/May/2026:00:39:52 +0200] "GET /wp-includes/js/dist/script-modules/block-library/form/view.min.js HTTP/1.1" 200 815 "-" "Mozilla/5.0 AppleWebKit/537.36 (KHTML, like Gecko; compatible; ClaudeBot/1.0; +claudebot@anthropic.com)"
57.141.20.0 - - [26/May/2026:00:39:55 +0200] "GET /items/B441078158/ HTTP/1.1" 404 - "-" "meta-externalagent/1.1 (+https://developers.facebook.com/docs/sharing/webmasters/crawler)"
57.141.20.37 - - [26/May/2026:00:39:56 +0200] "GET /items/B449274696/ HTTP/1.1" 404 - "-" "meta-externalagent/1.1 (+https://developers.facebook.com/docs/sharing/webmasters/crawler)"
216.73.216.103 - - [26/May/2026:00:39:57 +0200] "GET /wp-includes/js/dist/script-modules/block-library/form/view.min.asset.php HTTP/1.1" 404 - "-" "Mozilla/5.0 AppleWebKit/537.36 (KHTML, like Gecko; compatible; ClaudeBot/1.0; +claudebot@anthropic.com)"
216.73.216.103 - - [26/May/2026:00:40:02 +0200] "GET /wp-includes/js/dist/script-modules/block-library/search/ HTTP/1.1" 200 1324 "-" "Mozilla/5.0 AppleWebKit/537.36 (KHTML, like Gecko; compatible; ClaudeBot/1.0; +claudebot@anthropic.com)"
57.141.20.45 - - [26/May/2026:00:40:03 +0200] "GET /items/B449285848/ HTTP/1.1" 404 - "-" "meta-externalagent/1.1 (+https://developers.facebook.com/docs/sharing/webmasters/crawler)"
216.73.216.103 - - [26/May/2026:00:40:07 +0200] "GET /wp-includes/js/dist/script-modules/block-library/playlist/ HTTP/1.1" 200 1328 "-" "Mozilla/5.0 AppleWebKit/537.36 (KHTML, like Gecko; compatible; ClaudeBot/1.0; +claudebot@anthropic.com)"
57.141.20.42 - - [26/May/2026:00:40:11 +0200] "GET /items/B442698900/ HTTP/1.1" 404 - "-" "meta-externalagent/1.1 (+https://developers.facebook.com/docs/sharing/webmasters/crawler)"
216.73.216.103 - - [26/May/2026:00:40:12 +0200] "GET /wp-includes/certificates/backup/resources/?C=D&O=D HTTP/1.1" 200 911 "-" "Mozilla/5.0 AppleWebKit/537.36 (KHTML, like Gecko; compatible; ClaudeBot/1.0; +claudebot@anthropic.com)"
216.73.216.103 - - [26/May/2026:00:40:17 +0200] "GET /wp-includes/certificates/backup/resources/?C=M&O=D HTTP/1.1" 200 911 "-" "Mozilla/5.0 AppleWebKit/537.36 (KHTML, like Gecko; compatible; ClaudeBot/1.0; +claudebot@anthropic.com)"
66.249.77.76 - - [26/May/2026:00:40:18 +0200] "GET /items/F067423510/ HTTP/1.1" 404 - "-" "Mozilla/5.0 (Linux; Android 6.0.1; Nexus 5X Build/MMB29P) AppleWebKit/537.36 (KHTML, like Gecko) Chrome/148.0.7778.96 Mobile Safari/537.36 (compatible; Googlebot/2.1; +http://www.google.com/bot.html)"
57.141.20.31 - - [26/May/2026:00:40:19 +0200] "GET /?n=25878793131230 HTTP/1.1" 200 3208 "-" "meta-externalagent/1.1 (+https://developers.facebook.com/docs/sharing/webmasters/crawler)"
216.73.216.103 - - [26/May/2026:00:40:20 +0200] "GET /wp-includes/sodium_compat/src/Core/AES/?C=N&O=A HTTP/1.1" 200 1276 "-" "Mozilla/5.0 AppleWebKit/537.36 (KHTML, like Gecko; compatible; ClaudeBot/1.0; +claudebot@anthropic.com)"
216.73.216.103 - - [26/May/2026:00:40:25 +0200] "GET /wp-includes/php-ai-client/src/Results/DTO/?C=S&O=D HTTP/1.1" 200 1298 "-" "Mozilla/5.0 AppleWebKit/537.36 (KHTML, like Gecko; compatible; ClaudeBot/1.0; +claudebot@anthropic.com)"
57.141.20.29 - - [26/May/2026:00:40:27 +0200] "GET /items/B445494775/ HTTP/1.1" 404 - "-" "meta-externalagent/1.1 (+https://developers.facebook.com/docs/sharing/webmasters/crawler)"
216.73.216.103 - - [26/May/2026:00:40:28 +0200] "GET /wp-includes/php-ai-client/src/Providers/Models/ImageGeneration/Contracts/?C=S&O=D HTTP/1.1" 200 1249 "-" "Mozilla/5.0 AppleWebKit/537.36 (KHTML, like Gecko; compatible; ClaudeBot/1.0; +claudebot@anthropic.com)"
216.73.216.103 - - [26/May/2026:00:40:33 +0200] "GET /wp-content/litespeed/?C=D&O=D HTTP/1.1" 200 1290 "-" "Mozilla/5.0 AppleWebKit/537.36 (KHTML, like Gecko; compatible; ClaudeBot/1.0; +claudebot@anthropic.com)"
57.141.20.31 - - [26/May/2026:00:40:35 +0200] "GET /items/B446772182/ HTTP/1.1" 404 - "-" "meta-externalagent/1.1 (+https://developers.facebook.com/docs/sharing/webmasters/crawler)"
216.73.216.103 - - [26/May/2026:00:40:38 +0200] "GET /wp-content/litespeed/?C=M&O=D HTTP/1.1" 200 1290 "-" "Mozilla/5.0 AppleWebKit/537.36 (KHTML, like Gecko; compatible; ClaudeBot/1.0; +claudebot@anthropic.com)"
216.73.216.103 - - [26/May/2026:00:40:40 +0200] "GET /wp-includes/js/tinymce/themes/?C=S&O=D HTTP/1.1" 200 1056 "-" "Mozilla/5.0 AppleWebKit/537.36 (KHTML, like Gecko; compatible; ClaudeBot/1.0; +claudebot@anthropic.com)"
57.141.20.42 - - [26/May/2026:00:40:41 +0200] "GET /items/B442734829/ HTTP/1.1" 404 - "-" "meta-externalagent/1.1 (+https://developers.facebook.com/docs/sharing/webmasters/crawler)"
216.73.216.103 - - [26/May/2026:00:40:45 +0200] "GET /wp-includes/js/tinymce/themes/?C=D&O=D HTTP/1.1" 200 1056 "-" "Mozilla/5.0 AppleWebKit/537.36 (KHTML, like Gecko; compatible; ClaudeBot/1.0; +claudebot@anthropic.com)"
216.73.216.103 - - [26/May/2026:00:40:50 +0200] "GET /wp-includes/sodium_compat/src/Core/AES/?C=S&O=D HTTP/1.1" 200 1276 "-" "Mozilla/5.0 AppleWebKit/537.36 (KHTML, like Gecko; compatible; ClaudeBot/1.0; +claudebot@anthropic.com)"
216.73.216.103 - - [26/May/2026:00:40:55 +0200] "GET /wp-includes/sodium_compat/src/Core/AES/?C=D&O=D HTTP/1.1" 200 1276 "-" "Mozilla/5.0 AppleWebKit/537.36 (KHTML, like Gecko; compatible; ClaudeBot/1.0; +claudebot@anthropic.com)"
57.141.20.66 - - [26/May/2026:00:40:57 +0200] "GET /items/B441723703/ HTTP/1.1" 404 - "-" "meta-externalagent/1.1 (+https://developers.facebook.com/docs/sharing/webmasters/crawler)"
57.141.20.29 - - [26/May/2026:00:40:58 +0200] "GET /items/B443770716/ HTTP/1.1" 404 - "-" "meta-externalagent/1.1 (+https://developers.facebook.com/docs/sharing/webmasters/crawler)"
216.73.216.103 - - [26/May/2026:00:41:00 +0200] "GET /wp-includes/php-ai-client/src/Providers/Contracts/?C=S&O=D HTTP/1.1" 200 1784 "-" "Mozilla/5.0 AppleWebKit/537.36 (KHTML, like Gecko; compatible; ClaudeBot/1.0; +claudebot@anthropic.com)"
57.141.20.35 - - [26/May/2026:00:41:06 +0200] "GET /index.php/?items/B442339312/ HTTP/1.1" 404 - "-" "meta-externalagent/1.1 (+https://developers.facebook.com/docs/sharing/webmasters/crawler)"
216.73.216.103 - - [26/May/2026:00:41:06 +0200] "GET /wp-includes/php-ai-client/src/Providers/Contracts/?C=N&O=A HTTP/1.1" 200 1784 "-" "Mozilla/5.0 AppleWebKit/537.36 (KHTML, like Gecko; compatible; ClaudeBot/1.0; +claudebot@anthropic.com)"
216.73.216.103 - - [26/May/2026:00:41:11 +0200] "GET /wp-includes/php-ai-client/src/Providers/Enums/?C=N&O=A HTTP/1.1" 200 1127 "-" "Mozilla/5.0 AppleWebKit/537.36 (KHTML, like Gecko; compatible; ClaudeBot/1.0; +claudebot@anthropic.com)"
57.141.20.47 - - [26/May/2026:00:41:14 +0200] "GET /items/B443816818/ HTTP/1.1" 404 - "-" "meta-externalagent/1.1 (+https://developers.facebook.com/docs/sharing/webmasters/crawler)"
216.73.216.103 - - [26/May/2026:00:41:16 +0200] "GET /wp-includes/php-ai-client/src/Results/DTO/?C=D&O=D HTTP/1.1" 200 1298 "-" "Mozilla/5.0 AppleWebKit/537.36 (KHTML, like Gecko; compatible; ClaudeBot/1.0; +claudebot@anthropic.com)"
66.249.77.75 - - [26/May/2026:00:41:18 +0200] "GET /items/F067733818/ HTTP/1.1" 404 - "-" "Mozilla/5.0 (Linux; Android 6.0.1; Nexus 5X Build/MMB29P) AppleWebKit/537.36 (KHTML, like Gecko) Chrome/148.0.7778.96 Mobile Safari/537.36 (compatible; Googlebot/2.1; +http://www.google.com/bot.html)"
216.73.216.103 - - [26/May/2026:00:41:21 +0200] "GET /wp-includes/certificates/backup/resources/?C=S&O=D HTTP/1.1" 200 911 "-" "Mozilla/5.0 AppleWebKit/537.36 (KHTML, like Gecko; compatible; ClaudeBot/1.0; +claudebot@anthropic.com)"
57.141.20.25 - - [26/May/2026:00:41:22 +0200] "GET /items/B444937089/ HTTP/1.1" 404 - "-" "meta-externalagent/1.1 (+https://developers.facebook.com/docs/sharing/webmasters/crawler)"
216.73.216.103 - - [26/May/2026:00:41:26 +0200] "GET /wp-includes/php-ai-client/src/Results/DTO/?C=M&O=D HTTP/1.1" 200 1298 "-" "Mozilla/5.0 AppleWebKit/537.36 (KHTML, like Gecko; compatible; ClaudeBot/1.0; +claudebot@anthropic.com)"
57.141.20.10 - - [26/May/2026:00:41:31 +0200] "GET /items/B448863409/ HTTP/1.1" 404 - "-" "meta-externalagent/1.1 (+https://developers.facebook.com/docs/sharing/webmasters/crawler)"
216.73.216.103 - - [26/May/2026:00:41:31 +0200] "GET /wp-includes/php-ai-client/third-party/Http/Discovery/Strategy/CommonPsr17ClassesStrategy.php HTTP/1.1" 500 - "-" "Mozilla/5.0 AppleWebKit/537.36 (KHTML, like Gecko; compatible; ClaudeBot/1.0; +claudebot@anthropic.com)"
216.73.216.103 - - [26/May/2026:00:41:36 +0200] "GET /wp-includes/php-ai-client/third-party/Http/Discovery/Strategy/DiscoveryStrategy.php HTTP/1.1" 200 - "-" "Mozilla/5.0 AppleWebKit/537.36 (KHTML, like Gecko; compatible; ClaudeBot/1.0; +claudebot@anthropic.com)"
216.73.216.103 - - [26/May/2026:00:41:38 +0200] "GET /wp-content/smush-webp/media/?C=S&O=D HTTP/1.1" 200 1046 "-" "Mozilla/5.0 AppleWebKit/537.36 (KHTML, like Gecko; compatible; ClaudeBot/1.0; +claudebot@anthropic.com)"
57.141.20.21 - - [26/May/2026:00:41:39 +0200] "GET /index.php/?items/B448212686/ HTTP/1.1" 404 - "-" "meta-externalagent/1.1 (+https://developers.facebook.com/docs/sharing/webmasters/crawler)"
216.73.216.103 - - [26/May/2026:00:41:43 +0200] "GET /wp-content/smush-webp/media/?C=D&O=D HTTP/1.1" 200 1046 "-" "Mozilla/5.0 AppleWebKit/537.36 (KHTML, like Gecko; compatible; ClaudeBot/1.0; +claudebot@anthropic.com)"
216.73.216.103 - - [26/May/2026:00:41:46 +0200] "GET /wp-includes/SimplePie/src/Parse/v2/archive/includes/css/ HTTP/1.1" 200 962 "-" "Mozilla/5.0 AppleWebKit/537.36 (KHTML, like Gecko; compatible; ClaudeBot/1.0; +claudebot@anthropic.com)"
57.141.20.62 - - [26/May/2026:00:41:46 +0200] "GET /?n=30328405001230 HTTP/1.1" 200 3208 "-" "meta-externalagent/1.1 (+https://developers.facebook.com/docs/sharing/webmasters/crawler)"
216.73.216.103 - - [26/May/2026:00:41:51 +0200] "GET /wp-includes/sodium_compat/src/Core/Curve25519/Ge/P3.php HTTP/1.1" 200 - "-" "Mozilla/5.0 AppleWebKit/537.36 (KHTML, like Gecko; compatible; ClaudeBot/1.0; +claudebot@anthropic.com)"
216.73.216.103 - - [26/May/2026:00:41:53 +0200] "GET /wp-includes/php-ai-client/src/Providers/Http/Abstracts/?C=D&O=D HTTP/1.1" 200 984 "-" "Mozilla/5.0 AppleWebKit/537.36 (KHTML, like Gecko; compatible; ClaudeBot/1.0; +claudebot@anthropic.com)"
57.141.20.37 - - [26/May/2026:00:41:55 +0200] "GET /items/B442764005/ HTTP/1.1" 404 - "-" "meta-externalagent/1.1 (+https://developers.facebook.com/docs/sharing/webmasters/crawler)"
216.73.216.103 - - [26/May/2026:00:41:58 +0200] "GET /wp-includes/Requests/src/Response/?C=M&O=D HTTP/1.1" 200 895 "-" "Mozilla/5.0 AppleWebKit/537.36 (KHTML, like Gecko; compatible; ClaudeBot/1.0; +claudebot@anthropic.com)"
216.73.216.103 - - [26/May/2026:00:42:00 +0200] "GET /wp-content/smush-webp/media/?C=M&O=D HTTP/1.1" 200 1046 "-" "Mozilla/5.0 AppleWebKit/537.36 (KHTML, like Gecko; compatible; ClaudeBot/1.0; +claudebot@anthropic.com)"
57.141.20.64 - - [26/May/2026:00:42:02 +0200] "GET /items/B442311364/ HTTP/1.1" 404 - "-" "meta-externalagent/1.1 (+https://developers.facebook.com/docs/sharing/webmasters/crawler)"
216.73.216.103 - - [26/May/2026:00:42:05 +0200] "GET /wp-includes/images/media/?C=N&O=A HTTP/1.1" 200 3912 "-" "Mozilla/5.0 AppleWebKit/537.36 (KHTML, like Gecko; compatible; ClaudeBot/1.0; +claudebot@anthropic.com)"
216.73.216.103 - - [26/May/2026:00:42:10 +0200] "GET /wp-includes/js/swfupload/2023/?C=S&O=A HTTP/1.1" 200 882 "-" "Mozilla/5.0 AppleWebKit/537.36 (KHTML, like Gecko; compatible; ClaudeBot/1.0; +claudebot@anthropic.com)"
57.141.20.27 - - [26/May/2026:00:42:10 +0200] "GET /items/B442365627/ HTTP/1.1" 404 - "-" "meta-externalagent/1.1 (+https://developers.facebook.com/docs/sharing/webmasters/crawler)"
216.73.216.103 - - [26/May/2026:00:42:15 +0200] "GET /wp-includes/js/swfupload/2023/?C=D&O=A HTTP/1.1" 200 882 "-" "Mozilla/5.0 AppleWebKit/537.36 (KHTML, like Gecko; compatible; ClaudeBot/1.0; +claudebot@anthropic.com)"
57.141.20.34 - - [26/May/2026:00:42:17 +0200] "GET /items/B443800679/ HTTP/1.1" 404 - "-" "meta-externalagent/1.1 (+https://developers.facebook.com/docs/sharing/webmasters/crawler)"
216.73.216.103 - - [26/May/2026:00:42:20 +0200] "GET /wp-includes/js/swfupload/2023/?C=M&O=A HTTP/1.1" 200 882 "-" "Mozilla/5.0 AppleWebKit/537.36 (KHTML, like Gecko; compatible; ClaudeBot/1.0; +claudebot@anthropic.com)"
57.141.20.42 - - [26/May/2026:00:42:24 +0200] "GET /?n=38977373031230 HTTP/1.1" 200 3208 "-" "meta-externalagent/1.1 (+https://developers.facebook.com/docs/sharing/webmasters/crawler)"
216.73.216.103 - - [26/May/2026:00:42:27 +0200] "GET /wp-includes/SimplePie/src/?C=S&O=D HTTP/1.1" 200 5678 "-" "Mozilla/5.0 AppleWebKit/537.36 (KHTML, like Gecko; compatible; ClaudeBot/1.0; +claudebot@anthropic.com)"
216.73.216.103 - - [26/May/2026:00:42:32 +0200] "GET /wp-includes/sodium_compat/src/Core/Curve25519/Ge/P1p1.php HTTP/1.1" 200 - "-" "Mozilla/5.0 AppleWebKit/537.36 (KHTML, like Gecko; compatible; ClaudeBot/1.0; +claudebot@anthropic.com)"
57.141.20.64 - - [26/May/2026:00:42:33 +0200] "GET /items/B448201713/ HTTP/1.1" 404 - "-" "meta-externalagent/1.1 (+https://developers.facebook.com/docs/sharing/webmasters/crawler)"
