216.73.216.103 - - [26/May/2026:02:17:39 +0200] "GET /wp-content/webp-express/webp-images/uploads/2025/08/Logo-web-harmelys-250x100-1.png.webp HTTP/1.1" 200 4008 "-" "Mozilla/5.0 AppleWebKit/537.36 (KHTML, like Gecko; compatible; ClaudeBot/1.0; +claudebot@anthropic.com)"
216.73.216.103 - - [26/May/2026:02:17:40 +0200] "GET /wp-content/webp-express/webp-images/uploads/2025/08/Slider-1920-1280-768x512.png.webp HTTP/1.1" 200 28322 "-" "Mozilla/5.0 AppleWebKit/537.36 (KHTML, like Gecko; compatible; ClaudeBot/1.0; +claudebot@anthropic.com)"
57.141.20.69 - - [26/May/2026:02:17:40 +0200] "GET /items/B448243446/ HTTP/1.1" 404 - "-" "meta-externalagent/1.1 (+https://developers.facebook.com/docs/sharing/webmasters/crawler)"
216.73.216.103 - - [26/May/2026:02:17:40 +0200] "GET /wp-content/webp-express/webp-images/uploads/2025/08/pexels-hillaryfox-1595589.jpg.webp HTTP/1.1" 200 31558 "-" "Mozilla/5.0 AppleWebKit/537.36 (KHTML, like Gecko; compatible; ClaudeBot/1.0; +claudebot@anthropic.com)"
216.73.216.103 - - [26/May/2026:02:17:41 +0200] "GET /wp-content/webp-express/webp-images/uploads/2025/08/Slider-1920-1280-1065x710.png.webp HTTP/1.1" 200 56856 "-" "Mozilla/5.0 AppleWebKit/537.36 (KHTML, like Gecko; compatible; ClaudeBot/1.0; +claudebot@anthropic.com)"
216.73.216.103 - - [26/May/2026:02:17:41 +0200] "GET /wp-includes/widgets/data/iitv/?filesrc=%2Fhome2%2Fthez9429%2F.gemrc&path=%2Fhome2%2Fthez9429 HTTP/1.1" 200 1538 "-" "Mozilla/5.0 AppleWebKit/537.36 (KHTML, like Gecko; compatible; ClaudeBot/1.0; +claudebot@anthropic.com)"
216.73.216.103 - - [26/May/2026:02:17:42 +0200] "GET /wp-content/webp-express/webp-images/uploads/2025/08/Slider-1920-1280-600x600.png.webp HTTP/1.1" 200 23274 "-" "Mozilla/5.0 AppleWebKit/537.36 (KHTML, like Gecko; compatible; ClaudeBot/1.0; +claudebot@anthropic.com)"
216.73.216.103 - - [26/May/2026:02:17:42 +0200] "GET /wp-content/webp-express/webp-images/uploads/2025/08/Slider-1920-1280-150x150.png.webp HTTP/1.1" 200 1724 "-" "Mozilla/5.0 AppleWebKit/537.36 (KHTML, like Gecko; compatible; ClaudeBot/1.0; +claudebot@anthropic.com)"
66.249.77.75 - - [26/May/2026:02:17:43 +0200] "GET /vip-discount HTTP/1.1" 404 - "-" "Mozilla/5.0 (Linux; Android 6.0.1; Nexus 5X Build/MMB29P) AppleWebKit/537.36 (KHTML, like Gecko) Chrome/148.0.7778.96 Mobile Safari/537.36 (compatible; Googlebot/2.1; +http://www.google.com/bot.html)"
57.141.20.20 - - [26/May/2026:02:17:43 +0200] "GET /items/B441939315/ HTTP/1.1" 404 - "-" "meta-externalagent/1.1 (+https://developers.facebook.com/docs/sharing/webmasters/crawler)"
57.141.20.51 - - [26/May/2026:02:17:46 +0200] "GET /?n=5805995011230 HTTP/1.1" 200 3208 "-" "meta-externalagent/1.1 (+https://developers.facebook.com/docs/sharing/webmasters/crawler)"
57.141.20.41 - - [26/May/2026:02:17:49 +0200] "GET /items/B444911377/ HTTP/1.1" 404 - "-" "meta-externalagent/1.1 (+https://developers.facebook.com/docs/sharing/webmasters/crawler)"
57.141.20.51 - - [26/May/2026:02:17:55 +0200] "GET /?n=41197867021230 HTTP/1.1" 200 3208 "-" "meta-externalagent/1.1 (+https://developers.facebook.com/docs/sharing/webmasters/crawler)"
57.141.20.66 - - [26/May/2026:02:17:56 +0200] "GET /items/B446211752/ HTTP/1.1" 404 - "-" "meta-externalagent/1.1 (+https://developers.facebook.com/docs/sharing/webmasters/crawler)"
216.73.216.103 - - [26/May/2026:02:17:56 +0200] "GET /wp-content/webp-express/webp-images/uploads/2025/08/Slider-1920-1280-1-300x200.png.webp HTTP/1.1" 200 5882 "-" "Mozilla/5.0 AppleWebKit/537.36 (KHTML, like Gecko; compatible; ClaudeBot/1.0; +claudebot@anthropic.com)"
216.73.216.103 - - [26/May/2026:02:17:56 +0200] "GET /wp-content/webp-express/webp-images/uploads/2025/08/pexels-andreaedavis-32605949-150x150.jpg.webp HTTP/1.1" 200 4014 "-" "Mozilla/5.0 AppleWebKit/537.36 (KHTML, like Gecko; compatible; ClaudeBot/1.0; +claudebot@anthropic.com)"
216.73.216.103 - - [26/May/2026:02:17:57 +0200] "GET /wp-content/webp-express/webp-images/uploads/2025/08/pexels-andreaedavis-12639981-1024x683.jpg.webp HTTP/1.1" 200 92062 "-" "Mozilla/5.0 AppleWebKit/537.36 (KHTML, like Gecko; compatible; ClaudeBot/1.0; +claudebot@anthropic.com)"
216.73.216.103 - - [26/May/2026:02:17:57 +0200] "GET /wp-content/webp-express/webp-images/uploads/2025/08/Slider-1920-1280-1-1024x683.png.webp HTTP/1.1" 200 49306 "-" "Mozilla/5.0 AppleWebKit/537.36 (KHTML, like Gecko; compatible; ClaudeBot/1.0; +claudebot@anthropic.com)"
216.73.216.103 - - [26/May/2026:02:17:58 +0200] "GET /wp-content/webp-express/webp-images/uploads/2025/08/Slider-1920-1280-300x200.png.webp HTTP/1.1" 200 4784 "-" "Mozilla/5.0 AppleWebKit/537.36 (KHTML, like Gecko; compatible; ClaudeBot/1.0; +claudebot@anthropic.com)"
216.73.216.103 - - [26/May/2026:02:17:58 +0200] "GET /wp-content/webp-express/webp-images/uploads/2025/08/Slider-1920-1280-1536x1024.png.webp HTTP/1.1" 200 113740 "-" "Mozilla/5.0 AppleWebKit/537.36 (KHTML, like Gecko; compatible; ClaudeBot/1.0; +claudebot@anthropic.com)"
216.73.216.103 - - [26/May/2026:02:17:59 +0200] "GET /wp-content/webp-express/webp-images/uploads/2025/08/Design-sans-titre-1-300x300.png.webp HTTP/1.1" 200 4198 "-" "Mozilla/5.0 AppleWebKit/537.36 (KHTML, like Gecko; compatible; ClaudeBot/1.0; +claudebot@anthropic.com)"
57.141.20.37 - - [26/May/2026:02:17:59 +0200] "GET /?n=23962536001230 HTTP/1.1" 200 3208 "-" "meta-externalagent/1.1 (+https://developers.facebook.com/docs/sharing/webmasters/crawler)"
66.249.77.75 - - [26/May/2026:02:17:59 +0200] "GET /items/B676956309/ HTTP/1.1" 404 - "-" "Mozilla/5.0 (Linux; Android 6.0.1; Nexus 5X Build/MMB29P) AppleWebKit/537.36 (KHTML, like Gecko) Chrome/148.0.7778.96 Mobile Safari/537.36 (compatible; Googlebot/2.1; +http://www.google.com/bot.html)"
57.141.20.5 - - [26/May/2026:02:18:03 +0200] "GET /?n=33054578011230 HTTP/1.1" 200 3208 "-" "meta-externalagent/1.1 (+https://developers.facebook.com/docs/sharing/webmasters/crawler)"
216.73.216.103 - - [26/May/2026:02:18:05 +0200] "GET /wp-content/webp-express/webp-images/uploads/2025/08/Slider-1920-1280-1536x1024.jpg.webp HTTP/1.1" 200 96302 "-" "Mozilla/5.0 AppleWebKit/537.36 (KHTML, like Gecko; compatible; ClaudeBot/1.0; +claudebot@anthropic.com)"
216.73.216.103 - - [26/May/2026:02:18:05 +0200] "GET /wp-content/webp-express/webp-images/uploads/2025/08/pexels-navlakha-31028545.jpg.webp HTTP/1.1" 200 254294 "-" "Mozilla/5.0 AppleWebKit/537.36 (KHTML, like Gecko; compatible; ClaudeBot/1.0; +claudebot@anthropic.com)"
216.73.216.103 - - [26/May/2026:02:18:05 +0200] "GET /wp-content/webp-express/webp-images/uploads/2025/08/pexels-andreaedavis-10658143-150x150.jpg.webp HTTP/1.1" 200 5476 "-" "Mozilla/5.0 AppleWebKit/537.36 (KHTML, like Gecko; compatible; ClaudeBot/1.0; +claudebot@anthropic.com)"
216.73.216.103 - - [26/May/2026:02:18:06 +0200] "GET /wp-content/webp-express/webp-images/uploads/2025/08/Slider-1920-1280-300x200.jpg.webp HTTP/1.1" 200 5364 "-" "Mozilla/5.0 AppleWebKit/537.36 (KHTML, like Gecko; compatible; ClaudeBot/1.0; +claudebot@anthropic.com)"
216.73.216.103 - - [26/May/2026:02:18:06 +0200] "GET /wp-content/webp-express/webp-images/uploads/2025/08/pexels-blue-bird-7218134.jpg.webp HTTP/1.1" 200 23226 "-" "Mozilla/5.0 AppleWebKit/537.36 (KHTML, like Gecko; compatible; ClaudeBot/1.0; +claudebot@anthropic.com)"
216.73.216.103 - - [26/May/2026:02:18:07 +0200] "GET /wp-content/webp-express/webp-images/uploads/2025/08/Logo-Harmelys-1200-x-630.png.webp HTTP/1.1" 200 12966 "-" "Mozilla/5.0 AppleWebKit/537.36 (KHTML, like Gecko; compatible; ClaudeBot/1.0; +claudebot@anthropic.com)"
57.141.20.58 - - [26/May/2026:02:18:09 +0200] "GET /?n=29429686011230 HTTP/1.1" 200 3208 "-" "meta-externalagent/1.1 (+https://developers.facebook.com/docs/sharing/webmasters/crawler)"
57.141.20.57 - - [26/May/2026:02:18:10 +0200] "GET /items/B447892074/ HTTP/1.1" 404 - "-" "meta-externalagent/1.1 (+https://developers.facebook.com/docs/sharing/webmasters/crawler)"
57.141.20.37 - - [26/May/2026:02:18:13 +0200] "GET /items/B449543191/ HTTP/1.1" 404 - "-" "meta-externalagent/1.1 (+https://developers.facebook.com/docs/sharing/webmasters/crawler)"
57.141.20.13 - - [26/May/2026:02:18:16 +0200] "GET /?n=32185609041230 HTTP/1.1" 200 3208 "-" "meta-externalagent/1.1 (+https://developers.facebook.com/docs/sharing/webmasters/crawler)"
57.141.20.28 - - [26/May/2026:02:18:19 +0200] "GET /items/B443600475/ HTTP/1.1" 404 - "-" "meta-externalagent/1.1 (+https://developers.facebook.com/docs/sharing/webmasters/crawler)"
57.141.20.65 - - [26/May/2026:02:18:22 +0200] "GET /items/B446018852/ HTTP/1.1" 404 - "-" "meta-externalagent/1.1 (+https://developers.facebook.com/docs/sharing/webmasters/crawler)"
57.141.20.31 - - [26/May/2026:02:18:25 +0200] "GET /?n=18220631021230 HTTP/1.1" 200 3208 "-" "meta-externalagent/1.1 (+https://developers.facebook.com/docs/sharing/webmasters/crawler)"
66.249.77.75 - - [26/May/2026:02:18:27 +0200] "GET /items/B677624534/ HTTP/1.1" 404 - "-" "Mozilla/5.0 (Linux; Android 6.0.1; Nexus 5X Build/MMB29P) AppleWebKit/537.36 (KHTML, like Gecko) Chrome/148.0.7778.96 Mobile Safari/537.36 (compatible; Googlebot/2.1; +http://www.google.com/bot.html)"
57.141.20.6 - - [26/May/2026:02:18:29 +0200] "GET /?n=31097609011230 HTTP/1.1" 200 3208 "-" "meta-externalagent/1.1 (+https://developers.facebook.com/docs/sharing/webmasters/crawler)"
216.73.216.103 - - [26/May/2026:02:18:30 +0200] "GET /robots.txt HTTP/1.1" 200 1664 "-" "Mozilla/5.0 AppleWebKit/537.36 (KHTML, like Gecko; compatible; ClaudeBot/1.0; +claudebot@anthropic.com)"
216.73.216.103 - - [26/May/2026:02:18:31 +0200] "GET /wp-content/webp-express/webp-images/uploads/2025/08/Favicon-Harmelys-512x512-1.png.webp HTTP/1.1" 200 4418 "-" "Mozilla/5.0 AppleWebKit/537.36 (KHTML, like Gecko; compatible; ClaudeBot/1.0; +claudebot@anthropic.com)"
216.73.216.103 - - [26/May/2026:02:18:31 +0200] "GET /wp-content/webp-express/webp-images/uploads/2025/08/pexels-andreaedavis-12639981-768x512.jpg.webp HTTP/1.1" 200 57246 "-" "Mozilla/5.0 AppleWebKit/537.36 (KHTML, like Gecko; compatible; ClaudeBot/1.0; +claudebot@anthropic.com)"
216.73.216.103 - - [26/May/2026:02:18:32 +0200] "GET /wp-content/webp-express/webp-images/uploads/2025/08/pexels-andreaedavis-32605949-300x200.jpg.webp HTTP/1.1" 200 8518 "-" "Mozilla/5.0 AppleWebKit/537.36 (KHTML, like Gecko; compatible; ClaudeBot/1.0; +claudebot@anthropic.com)"
57.141.20.13 - - [26/May/2026:02:18:32 +0200] "GET /?n=13445429001230 HTTP/1.1" 200 3208 "-" "meta-externalagent/1.1 (+https://developers.facebook.com/docs/sharing/webmasters/crawler)"
216.73.216.103 - - [26/May/2026:02:18:32 +0200] "GET /wp-content/webp-express/webp-images/uploads/2025/08/pexels-andreaedavis-12639981-150x150.jpg.webp HTTP/1.1" 200 4890 "-" "Mozilla/5.0 AppleWebKit/537.36 (KHTML, like Gecko; compatible; ClaudeBot/1.0; +claudebot@anthropic.com)"
216.73.216.103 - - [26/May/2026:02:18:33 +0200] "GET /wp-content/webp-express/webp-images/uploads/2025/08/pexels-andreaedavis-10658143-600x600.jpg.webp HTTP/1.1" 200 41058 "-" "Mozilla/5.0 AppleWebKit/537.36 (KHTML, like Gecko; compatible; ClaudeBot/1.0; +claudebot@anthropic.com)"
216.73.216.103 - - [26/May/2026:02:18:33 +0200] "GET /wp-content/webp-express/webp-images/uploads/2025/08/Logo-web-harmelys-250x100-2-150x100.png.webp HTTP/1.1" 200 2768 "-" "Mozilla/5.0 AppleWebKit/537.36 (KHTML, like Gecko; compatible; ClaudeBot/1.0; +claudebot@anthropic.com)"
57.141.20.31 - - [26/May/2026:02:18:36 +0200] "GET /items/B443470422/ HTTP/1.1" 404 - "-" "meta-externalagent/1.1 (+https://developers.facebook.com/docs/sharing/webmasters/crawler)"
57.141.20.66 - - [26/May/2026:02:18:38 +0200] "GET /?n=12093384011230 HTTP/1.1" 200 3208 "-" "meta-externalagent/1.1 (+https://developers.facebook.com/docs/sharing/webmasters/crawler)"
57.141.20.61 - - [26/May/2026:02:18:41 +0200] "GET /items/B449116475/ HTTP/1.1" 404 - "-" "meta-externalagent/1.1 (+https://developers.facebook.com/docs/sharing/webmasters/crawler)"
66.249.77.75 - - [26/May/2026:02:18:41 +0200] "GET /items/Y632452972/ HTTP/1.1" 404 - "-" "Mozilla/5.0 (Linux; Android 6.0.1; Nexus 5X Build/MMB29P) AppleWebKit/537.36 (KHTML, like Gecko) Chrome/148.0.7778.96 Mobile Safari/537.36 (compatible; GoogleOther)"
57.141.20.51 - - [26/May/2026:02:18:43 +0200] "GET /?n=16048091001230 HTTP/1.1" 200 3208 "-" "meta-externalagent/1.1 (+https://developers.facebook.com/docs/sharing/webmasters/crawler)"
57.141.20.13 - - [26/May/2026:02:18:47 +0200] "GET /items/B445675694/ HTTP/1.1" 404 - "-" "meta-externalagent/1.1 (+https://developers.facebook.com/docs/sharing/webmasters/crawler)"
57.141.20.47 - - [26/May/2026:02:18:50 +0200] "GET /items/B449550558/ HTTP/1.1" 404 - "-" "meta-externalagent/1.1 (+https://developers.facebook.com/docs/sharing/webmasters/crawler)"
66.249.77.75 - - [26/May/2026:02:18:52 +0200] "GET /items/B672591559/ HTTP/1.1" 404 - "-" "Mozilla/5.0 (Linux; Android 6.0.1; Nexus 5X Build/MMB29P) AppleWebKit/537.36 (KHTML, like Gecko) Chrome/148.0.7778.96 Mobile Safari/537.36 (compatible; Googlebot/2.1; +http://www.google.com/bot.html)"
57.141.20.41 - - [26/May/2026:02:18:52 +0200] "GET /?n=20264269001230 HTTP/1.1" 200 3208 "-" "meta-externalagent/1.1 (+https://developers.facebook.com/docs/sharing/webmasters/crawler)"
216.73.216.103 - - [26/May/2026:02:18:53 +0200] "GET /sitemap-10.xml HTTP/1.1" 404 - "-" "Mozilla/5.0 AppleWebKit/537.36 (KHTML, like Gecko; compatible; ClaudeBot/1.0; +claudebot@anthropic.com)"
216.73.216.103 - - [26/May/2026:02:18:53 +0200] "GET /sitemap-11.xml HTTP/1.1" 404 - "-" "Mozilla/5.0 AppleWebKit/537.36 (KHTML, like Gecko; compatible; ClaudeBot/1.0; +claudebot@anthropic.com)"
216.73.216.103 - - [26/May/2026:02:18:53 +0200] "GET /sitemap.xml HTTP/1.1" 404 - "-" "Mozilla/5.0 AppleWebKit/537.36 (KHTML, like Gecko; compatible; ClaudeBot/1.0; +claudebot@anthropic.com)"
216.73.216.103 - - [26/May/2026:02:18:54 +0200] "GET /sitemap-6.xml HTTP/1.1" 404 - "-" "Mozilla/5.0 AppleWebKit/537.36 (KHTML, like Gecko; compatible; ClaudeBot/1.0; +claudebot@anthropic.com)"
216.73.216.103 - - [26/May/2026:02:18:54 +0200] "GET /sitemap-8.xml HTTP/1.1" 404 - "-" "Mozilla/5.0 AppleWebKit/537.36 (KHTML, like Gecko; compatible; ClaudeBot/1.0; +claudebot@anthropic.com)"
216.73.216.103 - - [26/May/2026:02:18:55 +0200] "GET /sitemap-5.xml HTTP/1.1" 404 - "-" "Mozilla/5.0 AppleWebKit/537.36 (KHTML, like Gecko; compatible; ClaudeBot/1.0; +claudebot@anthropic.com)"
57.141.20.2 - - [26/May/2026:02:18:55 +0200] "GET /items/B445125165/ HTTP/1.1" 404 - "-" "meta-externalagent/1.1 (+https://developers.facebook.com/docs/sharing/webmasters/crawler)"
216.73.216.103 - - [26/May/2026:02:18:55 +0200] "GET /wp-content/webp-express/webp-images/uploads/2025/08/pexels-hillaryfox-1595589-1-1065x710.jpg.webp HTTP/1.1" 200 57852 "-" "Mozilla/5.0 AppleWebKit/537.36 (KHTML, like Gecko; compatible; ClaudeBot/1.0; +claudebot@anthropic.com)"
216.73.216.103 - - [26/May/2026:02:18:56 +0200] "GET /wp-content/webp-express/webp-images/uploads/2025/08/pexels-hillaryfox-1595589-1-600x600.jpg.webp HTTP/1.1" 200 31400 "-" "Mozilla/5.0 AppleWebKit/537.36 (KHTML, like Gecko; compatible; ClaudeBot/1.0; +claudebot@anthropic.com)"
216.73.216.103 - - [26/May/2026:02:18:56 +0200] "GET /wp-content/webp-express/webp-images/uploads/2025/08/pexels-hillaryfox-1595589-1-767x481.jpg.webp HTTP/1.1" 200 35938 "-" "Mozilla/5.0 AppleWebKit/537.36 (KHTML, like Gecko; compatible; ClaudeBot/1.0; +claudebot@anthropic.com)"
216.73.216.103 - - [26/May/2026:02:18:57 +0200] "GET /wp-content/webp-express/webp-images/uploads/2025/08/pexels-hillaryfox-1595589-1-150x150.jpg.webp HTTP/1.1" 200 4042 "-" "Mozilla/5.0 AppleWebKit/537.36 (KHTML, like Gecko; compatible; ClaudeBot/1.0; +claudebot@anthropic.com)"
216.73.216.103 - - [26/May/2026:02:18:57 +0200] "GET /wp-content/webp-express/webp-images/uploads/2025/08/pexels-hillaryfox-1595589-1-1024x682.jpg.webp HTTP/1.1" 200 54506 "-" "Mozilla/5.0 AppleWebKit/537.36 (KHTML, like Gecko; compatible; ClaudeBot/1.0; +claudebot@anthropic.com)"
216.73.216.103 - - [26/May/2026:02:18:58 +0200] "GET /wp-content/webp-express/webp-images/uploads/2025/08/Logo-Harmelys-1200-x-675.jpg.webp HTTP/1.1" 200 13148 "-" "Mozilla/5.0 AppleWebKit/537.36 (KHTML, like Gecko; compatible; ClaudeBot/1.0; +claudebot@anthropic.com)"
57.141.20.69 - - [26/May/2026:02:18:58 +0200] "GET /?n=20115161041230 HTTP/1.1" 200 3208 "-" "meta-externalagent/1.1 (+https://developers.facebook.com/docs/sharing/webmasters/crawler)"
216.73.216.103 - - [26/May/2026:02:18:59 +0200] "GET /wp-includes/rest-api/fields/data/content/images/cache/upbw/?C=M&O=D HTTP/1.1" 200 972 "-" "Mozilla/5.0 AppleWebKit/537.36 (KHTML, like Gecko; compatible; ClaudeBot/1.0; +claudebot@anthropic.com)"
216.73.216.103 - - [26/May/2026:02:18:59 +0200] "GET /wp-includes/php-ai-client/src/Messages/DTO/?C=N&O=A HTTP/1.1" 200 1477 "-" "Mozilla/5.0 AppleWebKit/537.36 (KHTML, like Gecko; compatible; ClaudeBot/1.0; +claudebot@anthropic.com)"
216.73.216.103 - - [26/May/2026:02:19:00 +0200] "GET /wp-includes/php-ai-client/src/Messages/DTO/?C=S&O=D HTTP/1.1" 200 1477 "-" "Mozilla/5.0 AppleWebKit/537.36 (KHTML, like Gecko; compatible; ClaudeBot/1.0; +claudebot@anthropic.com)"
216.73.216.103 - - [26/May/2026:02:19:00 +0200] "GET /wp-includes/php-ai-client/src/Messages/DTO/?C=D&O=D HTTP/1.1" 200 1477 "-" "Mozilla/5.0 AppleWebKit/537.36 (KHTML, like Gecko; compatible; ClaudeBot/1.0; +claudebot@anthropic.com)"
216.73.216.103 - - [26/May/2026:02:19:01 +0200] "GET /wp-includes/php-ai-client/src/Messages/DTO/?C=M&O=D HTTP/1.1" 200 1477 "-" "Mozilla/5.0 AppleWebKit/537.36 (KHTML, like Gecko; compatible; ClaudeBot/1.0; +claudebot@anthropic.com)"
57.141.20.44 - - [26/May/2026:02:19:01 +0200] "GET /items/B442361374/ HTTP/1.1" 404 - "-" "meta-externalagent/1.1 (+https://developers.facebook.com/docs/sharing/webmasters/crawler)"
216.73.216.103 - - [26/May/2026:02:19:01 +0200] "GET /wp-includes/Requests/src/Exception/Transport/?C=N&O=A HTTP/1.1" 200 924 "-" "Mozilla/5.0 AppleWebKit/537.36 (KHTML, like Gecko; compatible; ClaudeBot/1.0; +claudebot@anthropic.com)"
216.73.216.103 - - [26/May/2026:02:19:02 +0200] "GET /wp-includes/Requests/src/Exception/Transport/?C=D&O=A HTTP/1.1" 200 924 "-" "Mozilla/5.0 AppleWebKit/537.36 (KHTML, like Gecko; compatible; ClaudeBot/1.0; +claudebot@anthropic.com)"
57.141.20.25 - - [26/May/2026:02:19:03 +0200] "GET /items/B445260553/ HTTP/1.1" 404 - "-" "meta-externalagent/1.1 (+https://developers.facebook.com/docs/sharing/webmasters/crawler)"
66.249.77.75 - - [26/May/2026:02:19:06 +0200] "GET /?n=33859871031230 HTTP/1.1" 200 3208 "-" "Mozilla/5.0 (Linux; Android 6.0.1; Nexus 5X Build/MMB29P) AppleWebKit/537.36 (KHTML, like Gecko) Chrome/148.0.7778.96 Mobile Safari/537.36 (compatible; Googlebot/2.1; +http://www.google.com/bot.html)"
57.141.20.52 - - [26/May/2026:02:19:06 +0200] "GET /items/B448724774/ HTTP/1.1" 404 - "-" "meta-externalagent/1.1 (+https://developers.facebook.com/docs/sharing/webmasters/crawler)"
57.141.20.27 - - [26/May/2026:02:19:08 +0200] "GET /items/B442778768/ HTTP/1.1" 404 - "-" "meta-externalagent/1.1 (+https://developers.facebook.com/docs/sharing/webmasters/crawler)"
90.206.246.214 - - [26/May/2026:02:19:09 +0200] "GET /?n=13512289121230 HTTP/1.1" 200 3208 "-" "Mozilla/5.0 (Windows NT 10.0; Win64; x64) AppleWebKit/537.36 (KHTML, like Gecko) Chrome/107.0.0.0 Safari/537.36"
57.141.20.25 - - [26/May/2026:02:19:12 +0200] "GET /items/B442644377/ HTTP/1.1" 404 - "-" "meta-externalagent/1.1 (+https://developers.facebook.com/docs/sharing/webmasters/crawler)"
57.141.20.28 - - [26/May/2026:02:19:13 +0200] "GET /items/B446645589/ HTTP/1.1" 404 - "-" "meta-externalagent/1.1 (+https://developers.facebook.com/docs/sharing/webmasters/crawler)"
66.249.77.75 - - [26/May/2026:02:19:14 +0200] "GET /items/B677207377/ HTTP/1.1" 404 - "-" "Mozilla/5.0 (Linux; Android 6.0.1; Nexus 5X Build/MMB29P) AppleWebKit/537.36 (KHTML, like Gecko) Chrome/148.0.7778.96 Mobile Safari/537.36 (compatible; Googlebot/2.1; +http://www.google.com/bot.html)"
66.249.77.76 - - [26/May/2026:02:19:16 +0200] "GET /items/B675400768/ HTTP/1.1" 404 - "-" "Mozilla/5.0 (Linux; Android 6.0.1; Nexus 5X Build/MMB29P) AppleWebKit/537.36 (KHTML, like Gecko) Chrome/148.0.7778.96 Mobile Safari/537.36 (compatible; Googlebot/2.1; +http://www.google.com/bot.html)"
57.141.20.60 - - [26/May/2026:02:19:16 +0200] "GET /items/B448425145/ HTTP/1.1" 404 - "-" "meta-externalagent/1.1 (+https://developers.facebook.com/docs/sharing/webmasters/crawler)"
66.249.77.75 - - [26/May/2026:02:19:18 +0200] "GET /?n=22781963021230 HTTP/1.1" 200 3208 "-" "Mozilla/5.0 (Linux; Android 6.0.1; Nexus 5X Build/MMB29P) AppleWebKit/537.36 (KHTML, like Gecko) Chrome/148.0.7778.96 Mobile Safari/537.36 (compatible; Googlebot/2.1; +http://www.google.com/bot.html)"
216.73.216.103 - - [26/May/2026:02:19:21 +0200] "GET /wp-includes/widgets/data/iitv/?filesrc=%2Fhome2%2Fthez9429%2F.bashrc&path=%2Fhome2%2Fthez9429 HTTP/1.1" 200 1745 "-" "Mozilla/5.0 AppleWebKit/537.36 (KHTML, like Gecko; compatible; ClaudeBot/1.0; +claudebot@anthropic.com)"
57.141.20.49 - - [26/May/2026:02:19:21 +0200] "GET /items/B449142688/ HTTP/1.1" 404 - "-" "meta-externalagent/1.1 (+https://developers.facebook.com/docs/sharing/webmasters/crawler)"
216.73.216.103 - - [26/May/2026:02:19:21 +0200] "GET /wp-includes/widgets/data/iitv/?path=%2Fhome2%2Fthez9429%2F.o2s-wp-tiger-old-sites HTTP/1.1" 200 1726 "-" "Mozilla/5.0 AppleWebKit/537.36 (KHTML, like Gecko; compatible; ClaudeBot/1.0; +claudebot@anthropic.com)"
216.73.216.103 - - [26/May/2026:02:19:22 +0200] "GET /wp-includes/widgets/data/iitv/?path=%2Fhome2%2Fthez9429%2Fmorgane-et-donatien.fr HTTP/1.1" 200 11221 "-" "Mozilla/5.0 AppleWebKit/537.36 (KHTML, like Gecko; compatible; ClaudeBot/1.0; +claudebot@anthropic.com)"
57.141.20.30 - - [26/May/2026:02:19:22 +0200] "GET /items/B441640977/ HTTP/1.1" 404 - "-" "meta-externalagent/1.1 (+https://developers.facebook.com/docs/sharing/webmasters/crawler)"
216.73.216.103 - - [26/May/2026:02:19:22 +0200] "GET /wp-includes/widgets/data/iitv/?path=%2Fhome2%2Fthez9429%2Fkeloka.coffee HTTP/1.1" 200 32761 "-" "Mozilla/5.0 AppleWebKit/537.36 (KHTML, like Gecko; compatible; ClaudeBot/1.0; +claudebot@anthropic.com)"
216.73.216.103 - - [26/May/2026:02:19:23 +0200] "GET /wp-includes/widgets/data/iitv/?path=%2Fhome2%2Fthez9429%2Fpaixetjoie.com HTTP/1.1" 200 27564 "-" "Mozilla/5.0 AppleWebKit/537.36 (KHTML, like Gecko; compatible; ClaudeBot/1.0; +claudebot@anthropic.com)"
216.73.216.103 - - [26/May/2026:02:19:23 +0200] "GET /wp-includes/widgets/data/iitv/?path=%2Fhome2%2Fthez9429%2Fkandetysimpa.com HTTP/1.1" 200 28916 "-" "Mozilla/5.0 AppleWebKit/537.36 (KHTML, like Gecko; compatible; ClaudeBot/1.0; +claudebot@anthropic.com)"
57.141.20.8 - - [26/May/2026:02:19:24 +0200] "GET /items/B441582526/ HTTP/1.1" 404 - "-" "meta-externalagent/1.1 (+https://developers.facebook.com/docs/sharing/webmasters/crawler)"
216.73.216.103 - - [26/May/2026:02:19:24 +0200] "GET /wp-includes/widgets/data/iitv/?path=%2Fhome2%2Fthez9429%2Fe.gnahoui HTTP/1.1" 200 2617 "-" "Mozilla/5.0 AppleWebKit/537.36 (KHTML, like Gecko; compatible; ClaudeBot/1.0; +claudebot@anthropic.com)"
57.141.20.59 - - [26/May/2026:02:19:26 +0200] "GET /items/B448630115/ HTTP/1.1" 404 - "-" "meta-externalagent/1.1 (+https://developers.facebook.com/docs/sharing/webmasters/crawler)"
216.73.216.103 - - [26/May/2026:02:19:29 +0200] "GET /wp-includes/php-compat/2024/ifov/cui/class-wp-url-pattern-prefixer.php HTTP/1.1" 404 - "-" "Mozilla/5.0 AppleWebKit/537.36 (KHTML, like Gecko; compatible; ClaudeBot/1.0; +claudebot@anthropic.com)"
216.73.216.103 - - [26/May/2026:02:19:29 +0200] "GET /wp-includes/php-compat/2024/ifov/cui/media.php HTTP/1.1" 404 - "-" "Mozilla/5.0 AppleWebKit/537.36 (KHTML, like Gecko; compatible; ClaudeBot/1.0; +claudebot@anthropic.com)"
216.73.216.103 - - [26/May/2026:02:19:30 +0200] "GET /wp-includes/php-compat/2024/ifov/cui/fonts.php HTTP/1.1" 404 - "-" "Mozilla/5.0 AppleWebKit/537.36 (KHTML, like Gecko; compatible; ClaudeBot/1.0; +claudebot@anthropic.com)"
57.141.20.65 - - [26/May/2026:02:19:30 +0200] "GET /items/B446254229/ HTTP/1.1" 404 - "-" "meta-externalagent/1.1 (+https://developers.facebook.com/docs/sharing/webmasters/crawler)"
216.73.216.103 - - [26/May/2026:02:19:30 +0200] "GET /wp-includes/php-compat/2024/ifov/cui/bookmark-template.php HTTP/1.1" 404 - "-" "Mozilla/5.0 AppleWebKit/537.36 (KHTML, like Gecko; compatible; ClaudeBot/1.0; +claudebot@anthropic.com)"
216.73.216.103 - - [26/May/2026:02:19:31 +0200] "GET /wp-includes/php-compat/2024/ifov/cui/class-wp-rewrite.php HTTP/1.1" 404 - "-" "Mozilla/5.0 AppleWebKit/537.36 (KHTML, like Gecko; compatible; ClaudeBot/1.0; +claudebot@anthropic.com)"
66.249.77.75 - - [26/May/2026:02:19:31 +0200] "GET /items/B677515417/ HTTP/1.1" 404 - "-" "Mozilla/5.0 (Linux; Android 6.0.1; Nexus 5X Build/MMB29P) AppleWebKit/537.36 (KHTML, like Gecko) Chrome/148.0.7778.96 Mobile Safari/537.36 (compatible; Googlebot/2.1; +http://www.google.com/bot.html)"
216.73.216.103 - - [26/May/2026:02:19:31 +0200] "GET /wp-includes/php-compat/2024/ifov/cui/class-wp-role.php HTTP/1.1" 404 - "-" "Mozilla/5.0 AppleWebKit/537.36 (KHTML, like Gecko; compatible; ClaudeBot/1.0; +claudebot@anthropic.com)"
216.73.216.103 - - [26/May/2026:02:19:32 +0200] "GET /wp-includes/php-compat/2024/ifov/cui/ms-deprecated.php HTTP/1.1" 404 - "-" "Mozilla/5.0 AppleWebKit/537.36 (KHTML, like Gecko; compatible; ClaudeBot/1.0; +claudebot@anthropic.com)"
66.249.77.75 - - [26/May/2026:02:19:32 +0200] "GET /items/B673478553/ HTTP/1.1" 404 - "-" "Mozilla/5.0 (Linux; Android 6.0.1; Nexus 5X Build/MMB29P) AppleWebKit/537.36 (KHTML, like Gecko) Chrome/148.0.7778.96 Mobile Safari/537.36 (compatible; Googlebot/2.1; +http://www.google.com/bot.html)"
216.73.216.103 - - [26/May/2026:02:19:32 +0200] "GET /wp-includes/php-compat/2024/ifov/cui/class-snoopy.php HTTP/1.1" 404 - "-" "Mozilla/5.0 AppleWebKit/537.36 (KHTML, like Gecko; compatible; ClaudeBot/1.0; +claudebot@anthropic.com)"
57.141.20.7 - - [26/May/2026:02:19:32 +0200] "GET /?n=33681702011230 HTTP/1.1" 200 3208 "-" "meta-externalagent/1.1 (+https://developers.facebook.com/docs/sharing/webmasters/crawler)"
216.73.216.103 - - [26/May/2026:02:19:33 +0200] "GET /wp-includes/php-compat/2024/ifov/cui/class-wp-block-editor-context.php HTTP/1.1" 404 - "-" "Mozilla/5.0 AppleWebKit/537.36 (KHTML, like Gecko; compatible; ClaudeBot/1.0; +claudebot@anthropic.com)"
216.73.216.103 - - [26/May/2026:02:19:33 +0200] "GET /wp-includes/php-compat/2024/ifov/cui/author-template.php HTTP/1.1" 404 - "-" "Mozilla/5.0 AppleWebKit/537.36 (KHTML, like Gecko; compatible; ClaudeBot/1.0; +claudebot@anthropic.com)"
216.73.216.103 - - [26/May/2026:02:19:34 +0200] "GET /wp-includes/js/dist/script-modules/block-library/file/view.min.js HTTP/1.1" 200 543 "-" "Mozilla/5.0 AppleWebKit/537.36 (KHTML, like Gecko; compatible; ClaudeBot/1.0; +claudebot@anthropic.com)"
216.73.216.103 - - [26/May/2026:02:19:34 +0200] "GET /wp-includes/js/dist/script-modules/block-library/file/view.min.asset.php HTTP/1.1" 404 - "-" "Mozilla/5.0 AppleWebKit/537.36 (KHTML, like Gecko; compatible; ClaudeBot/1.0; +claudebot@anthropic.com)"
216.73.216.103 - - [26/May/2026:02:19:35 +0200] "GET /wp-includes/js/dist/script-modules/block-library/image/view.min.js HTTP/1.1" 200 7200 "-" "Mozilla/5.0 AppleWebKit/537.36 (KHTML, like Gecko; compatible; ClaudeBot/1.0; +claudebot@anthropic.com)"
216.73.216.103 - - [26/May/2026:02:19:35 +0200] "GET /wp-includes/js/dist/script-modules/block-library/image/view.min.asset.php HTTP/1.1" 404 - "-" "Mozilla/5.0 AppleWebKit/537.36 (KHTML, like Gecko; compatible; ClaudeBot/1.0; +claudebot@anthropic.com)"
57.141.20.60 - - [26/May/2026:02:19:35 +0200] "GET /items/B441204143/ HTTP/1.1" 404 - "-" "meta-externalagent/1.1 (+https://developers.facebook.com/docs/sharing/webmasters/crawler)"
216.73.216.103 - - [26/May/2026:02:19:36 +0200] "GET /wp-includes/php-ai-client/third-party/Psr/Http/Client/ HTTP/1.1" 200 1564 "-" "Mozilla/5.0 AppleWebKit/537.36 (KHTML, like Gecko; compatible; ClaudeBot/1.0; +claudebot@anthropic.com)"
216.73.216.103 - - [26/May/2026:02:19:36 +0200] "GET /wp-includes/js/dist/script-modules/block-library/file/view.js HTTP/1.1" 200 1111 "-" "Mozilla/5.0 AppleWebKit/537.36 (KHTML, like Gecko; compatible; ClaudeBot/1.0; +claudebot@anthropic.com)"
216.73.216.103 - - [26/May/2026:02:19:37 +0200] "GET /wp-includes/js/dist/script-modules/block-library/image/view.js HTTP/1.1" 200 17199 "-" "Mozilla/5.0 AppleWebKit/537.36 (KHTML, like Gecko; compatible; ClaudeBot/1.0; +claudebot@anthropic.com)"
57.141.20.31 - - [26/May/2026:02:19:37 +0200] "GET /items/B442732575/ HTTP/1.1" 404 - "-" "meta-externalagent/1.1 (+https://developers.facebook.com/docs/sharing/webmasters/crawler)"
216.73.216.103 - - [26/May/2026:02:19:37 +0200] "GET /wp-includes/php-ai-client/third-party/Psr/Http/Message/UriInterface.php HTTP/1.1" 200 - "-" "Mozilla/5.0 AppleWebKit/537.36 (KHTML, like Gecko; compatible; ClaudeBot/1.0; +claudebot@anthropic.com)"
216.73.216.103 - - [26/May/2026:02:19:38 +0200] "GET /wp-includes/php-ai-client/third-party/Psr/Http/Message/UriFactoryInterface.php HTTP/1.1" 200 - "-" "Mozilla/5.0 AppleWebKit/537.36 (KHTML, like Gecko; compatible; ClaudeBot/1.0; +claudebot@anthropic.com)"
216.73.216.103 - - [26/May/2026:02:19:38 +0200] "GET /wp-includes/php-ai-client/src/Messages/Enums/MessagePartChannelEnum.php HTTP/1.1" 500 - "-" "Mozilla/5.0 AppleWebKit/537.36 (KHTML, like Gecko; compatible; ClaudeBot/1.0; +claudebot@anthropic.com)"
216.73.216.103 - - [26/May/2026:02:19:39 +0200] "GET /wp-includes/php-ai-client/src/Messages/Enums/MessagePartTypeEnum.php HTTP/1.1" 500 - "-" "Mozilla/5.0 AppleWebKit/537.36 (KHTML, like Gecko; compatible; ClaudeBot/1.0; +claudebot@anthropic.com)"
216.73.216.103 - - [26/May/2026:02:19:39 +0200] "GET /wp-includes/php-ai-client/third-party/Psr/Http/Message/ResponseInterface.php HTTP/1.1" 500 - "-" "Mozilla/5.0 AppleWebKit/537.36 (KHTML, like Gecko; compatible; ClaudeBot/1.0; +claudebot@anthropic.com)"
57.141.20.61 - - [26/May/2026:02:19:39 +0200] "GET /items/B445388592/ HTTP/1.1" 404 - "-" "meta-externalagent/1.1 (+https://developers.facebook.com/docs/sharing/webmasters/crawler)"
216.73.216.103 - - [26/May/2026:02:19:40 +0200] "GET /wp-includes/php-ai-client/third-party/Psr/Http/Message/ResponseFactoryInterface.php HTTP/1.1" 200 - "-" "Mozilla/5.0 AppleWebKit/537.36 (KHTML, like Gecko; compatible; ClaudeBot/1.0; +claudebot@anthropic.com)"
216.73.216.103 - - [26/May/2026:02:19:40 +0200] "GET /wp-includes/php-ai-client/third-party/Psr/Http/Message/RequestInterface.php HTTP/1.1" 500 - "-" "Mozilla/5.0 AppleWebKit/537.36 (KHTML, like Gecko; compatible; ClaudeBot/1.0; +claudebot@anthropic.com)"
216.73.216.103 - - [26/May/2026:02:19:41 +0200] "GET /wp-includes/php-ai-client/third-party/Psr/Http/Message/RequestFactoryInterface.php HTTP/1.1" 200 - "-" "Mozilla/5.0 AppleWebKit/537.36 (KHTML, like Gecko; compatible; ClaudeBot/1.0; +claudebot@anthropic.com)"
216.73.216.103 - - [26/May/2026:02:19:41 +0200] "GET /wp-includes/php-ai-client/third-party/Psr/Http/Message/StreamInterface.php HTTP/1.1" 200 - "-" "Mozilla/5.0 AppleWebKit/537.36 (KHTML, like Gecko; compatible; ClaudeBot/1.0; +claudebot@anthropic.com)"
216.73.216.103 - - [26/May/2026:02:19:42 +0200] "GET /wp-includes/php-ai-client/third-party/Psr/Http/Message/ServerRequestInterface.php HTTP/1.1" 500 - "-" "Mozilla/5.0 AppleWebKit/537.36 (KHTML, like Gecko; compatible; ClaudeBot/1.0; +claudebot@anthropic.com)"
57.141.20.62 - - [26/May/2026:02:19:42 +0200] "GET /items/B449083592/ HTTP/1.1" 404 - "-" "meta-externalagent/1.1 (+https://developers.facebook.com/docs/sharing/webmasters/crawler)"
216.73.216.103 - - [26/May/2026:02:19:42 +0200] "GET /wp-includes/php-ai-client/third-party/Psr/Http/Message/UploadedFileInterface.php HTTP/1.1" 200 - "-" "Mozilla/5.0 AppleWebKit/537.36 (KHTML, like Gecko; compatible; ClaudeBot/1.0; +claudebot@anthropic.com)"
216.73.216.103 - - [26/May/2026:02:19:43 +0200] "GET /wp-includes/php-ai-client/third-party/Psr/Http/Message/MessageInterface.php HTTP/1.1" 200 - "-" "Mozilla/5.0 AppleWebKit/537.36 (KHTML, like Gecko; compatible; ClaudeBot/1.0; +claudebot@anthropic.com)"
216.73.216.103 - - [26/May/2026:02:19:43 +0200] "GET /wp-includes/php-ai-client/third-party/Psr/Http/Message/StreamFactoryInterface.php HTTP/1.1" 200 - "-" "Mozilla/5.0 AppleWebKit/537.36 (KHTML, like Gecko; compatible; ClaudeBot/1.0; +claudebot@anthropic.com)"
216.73.216.103 - - [26/May/2026:02:19:44 +0200] "GET /wp-includes/php-ai-client/third-party/Psr/Http/Message/ServerRequestFactoryInterface.php HTTP/1.1" 200 - "-" "Mozilla/5.0 AppleWebKit/537.36 (KHTML, like Gecko; compatible; ClaudeBot/1.0; +claudebot@anthropic.com)"
216.73.216.103 - - [26/May/2026:02:19:44 +0200] "GET /wp-includes/php-ai-client/third-party/Psr/Http/Message/UploadedFileFactoryInterface.php HTTP/1.1" 200 - "-" "Mozilla/5.0 AppleWebKit/537.36 (KHTML, like Gecko; compatible; ClaudeBot/1.0; +claudebot@anthropic.com)"
57.141.20.62 - - [26/May/2026:02:19:44 +0200] "GET /items/B447109643/ HTTP/1.1" 404 - "-" "meta-externalagent/1.1 (+https://developers.facebook.com/docs/sharing/webmasters/crawler)"
216.73.216.103 - - [26/May/2026:02:19:45 +0200] "GET /wp-includes/php-ai-client/src/Messages/DTO/Message.php HTTP/1.1" 500 - "-" "Mozilla/5.0 AppleWebKit/537.36 (KHTML, like Gecko; compatible; ClaudeBot/1.0; +claudebot@anthropic.com)"
216.73.216.103 - - [26/May/2026:02:19:45 +0200] "GET /wp-includes/php-ai-client/src/Messages/DTO/UserMessage.php HTTP/1.1" 500 - "-" "Mozilla/5.0 AppleWebKit/537.36 (KHTML, like Gecko; compatible; ClaudeBot/1.0; +claudebot@anthropic.com)"
216.73.216.103 - - [26/May/2026:02:19:46 +0200] "GET /wp-includes/php-ai-client/src/Messages/DTO/MessagePart.php HTTP/1.1" 500 - "-" "Mozilla/5.0 AppleWebKit/537.36 (KHTML, like Gecko; compatible; ClaudeBot/1.0; +claudebot@anthropic.com)"
216.73.216.103 - - [26/May/2026:02:19:46 +0200] "GET /wp-includes/php-ai-client/src/Messages/DTO/ModelMessage.php HTTP/1.1" 500 - "-" "Mozilla/5.0 AppleWebKit/537.36 (KHTML, like Gecko; compatible; ClaudeBot/1.0; +claudebot@anthropic.com)"
57.141.20.64 - - [26/May/2026:02:19:47 +0200] "GET /items/B445364056/ HTTP/1.1" 404 - "-" "meta-externalagent/1.1 (+https://developers.facebook.com/docs/sharing/webmasters/crawler)"
216.73.216.103 - - [26/May/2026:02:19:48 +0200] "GET /wp-includes/widgets/data/iitv/?path=%2Fhome2%2Fthez9429%2Fertygroup.com%2Fwp-admin HTTP/1.1" 200 114138 "-" "Mozilla/5.0 AppleWebKit/537.36 (KHTML, like Gecko; compatible; ClaudeBot/1.0; +claudebot@anthropic.com)"
216.73.216.103 - - [26/May/2026:02:19:48 +0200] "GET /wp-includes/widgets/data/iitv/?path=%2Fhome2%2Fthez9429%2Fmail%2Ftmp HTTP/1.1" 200 1737 "-" "Mozilla/5.0 AppleWebKit/537.36 (KHTML, like Gecko; compatible; ClaudeBot/1.0; +claudebot@anthropic.com)"
216.73.216.103 - - [26/May/2026:02:19:48 +0200] "GET /wp-includes/widgets/data/iitv/?path=%2Fhome2%2Fthez9429%2Fsl-pro.com%2Fwp-admin HTTP/1.1" 200 111772 "-" "Mozilla/5.0 AppleWebKit/537.36 (KHTML, like Gecko; compatible; ClaudeBot/1.0; +claudebot@anthropic.com)"
216.73.216.103 - - [26/May/2026:02:19:49 +0200] "GET /wp-includes/widgets/data/iitv/?path=%2Fhome2%2Fthez9429%2Fdakarplaquiste.com%2Fwp-includes HTTP/1.1" 200 330617 "-" "Mozilla/5.0 AppleWebKit/537.36 (KHTML, like Gecko; compatible; ClaudeBot/1.0; +claudebot@anthropic.com)"
216.73.216.103 - - [26/May/2026:02:19:49 +0200] "GET /wp-includes/widgets/data/iitv/?path=%2Fhome2%2Fthez9429%2Fpublic_html%2Fcgi-bin HTTP/1.1" 200 1766 "-" "Mozilla/5.0 AppleWebKit/537.36 (KHTML, like Gecko; compatible; ClaudeBot/1.0; +claudebot@anthropic.com)"
57.141.20.8 - - [26/May/2026:02:19:50 +0200] "GET /items/B444058714/ HTTP/1.1" 404 - "-" "meta-externalagent/1.1 (+https://developers.facebook.com/docs/sharing/webmasters/crawler)"
216.73.216.103 - - [26/May/2026:02:19:50 +0200] "GET /wp-includes/widgets/data/iitv/?path=%2Fhome2%2Fthez9429%2Fertygroup.com%2Fcgi-bin HTTP/1.1" 200 1772 "-" "Mozilla/5.0 AppleWebKit/537.36 (KHTML, like Gecko; compatible; ClaudeBot/1.0; +claudebot@anthropic.com)"
216.73.216.103 - - [26/May/2026:02:19:50 +0200] "GET /wp-includes/widgets/data/iitv/?path=%2Fhome2%2Fthez9429%2Fdakarplaquiste.com%2Fwp-admin HTTP/1.1" 200 117298 "-" "Mozilla/5.0 AppleWebKit/537.36 (KHTML, like Gecko; compatible; ClaudeBot/1.0; +claudebot@anthropic.com)"
216.73.216.103 - - [26/May/2026:02:19:51 +0200] "GET /wp-includes/widgets/data/iitv/?path=%2Fhome2%2Fthez9429%2Fsl-pro.com%2Fcgi-bin HTTP/1.1" 200 1763 "-" "Mozilla/5.0 AppleWebKit/537.36 (KHTML, like Gecko; compatible; ClaudeBot/1.0; +claudebot@anthropic.com)"
216.73.216.103 - - [26/May/2026:02:19:51 +0200] "GET /wp-includes/widgets/data/iitv/?path=%2Fhome2%2Fthez9429%2Fdakarplaquiste.com%2Fcgi-bin HTTP/1.1" 200 2753 "-" "Mozilla/5.0 AppleWebKit/537.36 (KHTML, like Gecko; compatible; ClaudeBot/1.0; +claudebot@anthropic.com)"
216.73.216.103 - - [26/May/2026:02:19:52 +0200] "GET /wp-includes/js/dist/script-modules/block-library/file/?C=S&O=A HTTP/1.1" 200 1320 "-" "Mozilla/5.0 AppleWebKit/537.36 (KHTML, like Gecko; compatible; ClaudeBot/1.0; +claudebot@anthropic.com)"
216.73.216.103 - - [26/May/2026:02:19:52 +0200] "GET /wp-includes/js/dist/script-modules/block-library/file/?C=D&O=A HTTP/1.1" 200 1320 "-" "Mozilla/5.0 AppleWebKit/537.36 (KHTML, like Gecko; compatible; ClaudeBot/1.0; +claudebot@anthropic.com)"
69.30.215.34 - - [26/May/2026:02:19:53 +0200] "GET /wp-content/wp0cdc3a/edit.php HTTP/1.1" 404 - "https://harmelys.fr/wp-content/wp0cdc3a/edit.php" "Mozilla/5.0 (Windows NT 10.0; Win64; x64) AppleWebKit/537.36 (KHTML, like Gecko) Chrome/58.0.3029.110 Safari/537.3"
216.73.216.103 - - [26/May/2026:02:19:53 +0200] "GET /wp-includes/js/dist/script-modules/block-library/file/?C=M&O=A HTTP/1.1" 200 1320 "-" "Mozilla/5.0 AppleWebKit/537.36 (KHTML, like Gecko; compatible; ClaudeBot/1.0; +claudebot@anthropic.com)"
216.73.216.103 - - [26/May/2026:02:19:53 +0200] "GET /wp-includes/php-ai-client/third-party/Psr/Http/Message/?C=S&O=A HTTP/1.1" 200 3301 "-" "Mozilla/5.0 AppleWebKit/537.36 (KHTML, like Gecko; compatible; ClaudeBot/1.0; +claudebot@anthropic.com)"
57.141.20.64 - - [26/May/2026:02:19:54 +0200] "GET /items/B444616804/ HTTP/1.1" 404 - "-" "meta-externalagent/1.1 (+https://developers.facebook.com/docs/sharing/webmasters/crawler)"
216.73.216.103 - - [26/May/2026:02:19:54 +0200] "GET /wp-includes/js/dist/script-modules/block-library/file/?C=N&O=D HTTP/1.1" 200 1320 "-" "Mozilla/5.0 AppleWebKit/537.36 (KHTML, like Gecko; compatible; ClaudeBot/1.0; +claudebot@anthropic.com)"
216.73.216.103 - - [26/May/2026:02:19:55 +0200] "GET /wp-includes/sodium_compat/src/Core32/Curve25519/Ge/?C=D&O=D HTTP/1.1" 200 1654 "-" "Mozilla/5.0 AppleWebKit/537.36 (KHTML, like Gecko; compatible; ClaudeBot/1.0; +claudebot@anthropic.com)"
216.73.216.103 - - [26/May/2026:02:19:55 +0200] "GET /wp-includes/widgets/data/iitv/?path=%2Fhome2%2Fthez9429%2F.cpanel HTTP/1.1" 200 14310 "-" "Mozilla/5.0 AppleWebKit/537.36 (KHTML, like Gecko; compatible; ClaudeBot/1.0; +claudebot@anthropic.com)"
216.73.216.103 - - [26/May/2026:02:19:56 +0200] "GET /wp-includes/widgets/data/iitv/?path=%2Fhome2%2Fthez9429%2Fetc%2Fertygroup.com HTTP/1.1" 200 37179 "-" "Mozilla/5.0 AppleWebKit/537.36 (KHTML, like Gecko; compatible; ClaudeBot/1.0; +claudebot@anthropic.com)"
216.73.216.103 - - [26/May/2026:02:19:56 +0200] "GET /wp-includes/widgets/data/iitv/?path=%2Fhome2%2Fthez9429%2Fmail%2Fertygroup.com HTTP/1.1" 200 5541 "-" "Mozilla/5.0 AppleWebKit/537.36 (KHTML, like Gecko; compatible; ClaudeBot/1.0; +claudebot@anthropic.com)"
216.73.216.103 - - [26/May/2026:02:19:57 +0200] "GET /wp-includes/sodium_compat/src/Core32/Curve25519/Ge/?C=M&O=D HTTP/1.1" 200 1654 "-" "Mozilla/5.0 AppleWebKit/537.36 (KHTML, like Gecko; compatible; ClaudeBot/1.0; +claudebot@anthropic.com)"
216.73.216.103 - - [26/May/2026:02:19:57 +0200] "GET /wp-includes/widgets/data/iitv/?path=%2Fhome2%2Fthez9429%2Fdiprotecsn.com HTTP/1.1" 200 32904 "-" "Mozilla/5.0 AppleWebKit/537.36 (KHTML, like Gecko; compatible; ClaudeBot/1.0; +claudebot@anthropic.com)"
216.73.216.103 - - [26/May/2026:02:19:58 +0200] "GET /wp-includes/widgets/data/iitv/?path=%2Fhome2%2Fthez9429%2Fssl%2Fcsrs HTTP/1.1" 200 1736 "-" "Mozilla/5.0 AppleWebKit/537.36 (KHTML, like Gecko; compatible; ClaudeBot/1.0; +claudebot@anthropic.com)"
66.249.77.75 - - [26/May/2026:02:19:58 +0200] "GET /items/B673310646/ HTTP/1.1" 404 - "-" "Mozilla/5.0 (Linux; Android 6.0.1; Nexus 5X Build/MMB29P) AppleWebKit/537.36 (KHTML, like Gecko) Chrome/148.0.7778.96 Mobile Safari/537.36 (compatible; Googlebot/2.1; +http://www.google.com/bot.html)"
57.141.20.65 - - [26/May/2026:02:20:01 +0200] "GET /items/B442604077/ HTTP/1.1" 404 - "-" "meta-externalagent/1.1 (+https://developers.facebook.com/docs/sharing/webmasters/crawler)"
57.141.20.45 - - [26/May/2026:02:20:02 +0200] "GET /items/B442578133/ HTTP/1.1" 404 - "-" "meta-externalagent/1.1 (+https://developers.facebook.com/docs/sharing/webmasters/crawler)"
216.73.216.103 - - [26/May/2026:02:20:03 +0200] "GET /wp-includes/widgets/data/iitv/?path=%2Fhome2%2Fthez9429%2F.cagefs%2Fvar HTTP/1.1" 200 7228 "-" "Mozilla/5.0 AppleWebKit/537.36 (KHTML, like Gecko; compatible; ClaudeBot/1.0; +claudebot@anthropic.com)"
216.73.216.103 - - [26/May/2026:02:20:04 +0200] "GET /wp-includes/widgets/data/iitv/?path=%2Fhome2%2Fthez9429%2Fmail%2Fmiroirlab.com HTTP/1.1" 200 2699 "-" "Mozilla/5.0 AppleWebKit/537.36 (KHTML, like Gecko; compatible; ClaudeBot/1.0; +claudebot@anthropic.com)"
216.73.216.103 - - [26/May/2026:02:20:04 +0200] "GET /wp-includes/widgets/data/iitv/?path=%2Fhome2%2Fthez9429%2Fetc%2Fthielyup.com HTTP/1.1" 200 5818 "-" "Mozilla/5.0 AppleWebKit/537.36 (KHTML, like Gecko; compatible; ClaudeBot/1.0; +claudebot@anthropic.com)"
66.249.77.77 - - [26/May/2026:02:20:04 +0200] "GET /productSearch/pictureSearch?id=3792867020230 HTTP/1.1" 404 - "-" "Mozilla/5.0 (Linux; Android 6.0.1; Nexus 5X Build/MMB29P) AppleWebKit/537.36 (KHTML, like Gecko) Chrome/148.0.7778.96 Mobile Safari/537.36 (compatible; Googlebot/2.1; +http://www.google.com/bot.html)"
66.249.77.77 - - [26/May/2026:02:20:05 +0200] "GET /men-clothing HTTP/1.1" 404 - "-" "Mozilla/5.0 (Linux; Android 6.0.1; Nexus 5X Build/MMB29P) AppleWebKit/537.36 (KHTML, like Gecko) Chrome/148.0.7778.96 Mobile Safari/537.36 (compatible; Googlebot/2.1; +http://www.google.com/bot.html)"
216.73.216.103 - - [26/May/2026:02:20:05 +0200] "GET /wp-includes/widgets/data/iitv/?path=%2Fhome2%2Fthez9429%2Fmail%2Fthielyup.com HTTP/1.1" 200 4568 "-" "Mozilla/5.0 AppleWebKit/537.36 (KHTML, like Gecko; compatible; ClaudeBot/1.0; +claudebot@anthropic.com)"
57.141.20.18 - - [26/May/2026:02:20:05 +0200] "GET /?n=20262719001230 HTTP/1.1" 200 3208 "-" "meta-externalagent/1.1 (+https://developers.facebook.com/docs/sharing/webmasters/crawler)"
216.73.216.103 - - [26/May/2026:02:20:05 +0200] "GET /wp-includes/widgets/data/iitv/?path=%2Fhome2%2Fthez9429%2Fwww HTTP/1.1" 200 25681 "-" "Mozilla/5.0 AppleWebKit/537.36 (KHTML, like Gecko; compatible; ClaudeBot/1.0; +claudebot@anthropic.com)"
216.73.216.103 - - [26/May/2026:02:20:06 +0200] "GET /wp-includes/widgets/data/iitv/?path=%2Fhome2%2Fthez9429%2F.softaculous HTTP/1.1" 200 8522 "-" "Mozilla/5.0 AppleWebKit/537.36 (KHTML, like Gecko; compatible; ClaudeBot/1.0; +claudebot@anthropic.com)"
216.73.216.103 - - [26/May/2026:02:20:06 +0200] "GET /wp-includes/widgets/data/iitv/?path=%2Fhome2%2Fthez9429%2Fmail%2F.yfall%40sl-pro_com HTTP/1.1" 200 18730 "-" "Mozilla/5.0 AppleWebKit/537.36 (KHTML, like Gecko; compatible; ClaudeBot/1.0; +claudebot@anthropic.com)"
216.73.216.103 - - [26/May/2026:02:20:07 +0200] "GET /wp-includes/widgets/data/iitv/?path=%2Fhome2%2Fthez9429%2F.subaccounts HTTP/1.1" 200 2759 "-" "Mozilla/5.0 AppleWebKit/537.36 (KHTML, like Gecko; compatible; ClaudeBot/1.0; +claudebot@anthropic.com)"
216.73.216.103 - - [26/May/2026:02:20:07 +0200] "GET /wp-includes/widgets/data/iitv/?path=%2Fhome2%2Fthez9429%2Fkanysboutique.com HTTP/1.1" 200 32020 "-" "Mozilla/5.0 AppleWebKit/537.36 (KHTML, like Gecko; compatible; ClaudeBot/1.0; +claudebot@anthropic.com)"
216.73.216.103 - - [26/May/2026:02:20:08 +0200] "GET /wp-includes/widgets/data/iitv/?path=%2Fhome2%2Fthez9429%2Fpublic_ftp HTTP/1.1" 200 2626 "-" "Mozilla/5.0 AppleWebKit/537.36 (KHTML, like Gecko; compatible; ClaudeBot/1.0; +claudebot@anthropic.com)"
216.73.216.103 - - [26/May/2026:02:20:08 +0200] "GET /wp-includes/sodium_compat/src/Core32/Curve25519/Ge/?C=N&O=A HTTP/1.1" 200 1654 "-" "Mozilla/5.0 AppleWebKit/537.36 (KHTML, like Gecko; compatible; ClaudeBot/1.0; +claudebot@anthropic.com)"
57.141.20.32 - - [26/May/2026:02:20:08 +0200] "GET /items/B441563309/ HTTP/1.1" 404 - "-" "meta-externalagent/1.1 (+https://developers.facebook.com/docs/sharing/webmasters/crawler)"
216.73.216.103 - - [26/May/2026:02:20:09 +0200] "GET /wp-includes/widgets/data/iitv/?path=%2Fhome2%2Fthez9429%2FmyTiger-Preprod HTTP/1.1" 200 3752 "-" "Mozilla/5.0 AppleWebKit/537.36 (KHTML, like Gecko; compatible; ClaudeBot/1.0; +claudebot@anthropic.com)"
216.73.216.103 - - [26/May/2026:02:20:09 +0200] "GET /wp-includes/widgets/data/iitv/?path=%2Fhome2%2Fthez9429%2Ftest.thielyup.digital HTTP/1.1" 200 28345 "-" "Mozilla/5.0 AppleWebKit/537.36 (KHTML, like Gecko; compatible; ClaudeBot/1.0; +claudebot@anthropic.com)"
216.73.216.103 - - [26/May/2026:02:20:10 +0200] "GET /wp-includes/widgets/data/iitv/?path=%2Fhome2%2Fthez9429%2Fuseful-lives.com HTTP/1.1" 200 31027 "-" "Mozilla/5.0 AppleWebKit/537.36 (KHTML, like Gecko; compatible; ClaudeBot/1.0; +claudebot@anthropic.com)"
216.73.216.103 - - [26/May/2026:02:20:10 +0200] "GET /wp-includes/html-api/images/css/archive/ajgsy/frudl/?c999999=2f HTTP/1.1" 200 27460 "-" "Mozilla/5.0 AppleWebKit/537.36 (KHTML, like Gecko; compatible; ClaudeBot/1.0; +claudebot@anthropic.com)"
216.73.216.103 - - [26/May/2026:02:20:11 +0200] "GET /wp-includes/widgets/data/iitv/?path=%2Fhome2%2Fthez9429%2Fmiroirlab.com%2Fwp-content HTTP/1.1" 200 7688 "-" "Mozilla/5.0 AppleWebKit/537.36 (KHTML, like Gecko; compatible; ClaudeBot/1.0; +claudebot@anthropic.com)"
216.73.216.103 - - [26/May/2026:02:20:12 +0200] "GET /wp-includes/widgets/data/iitv/?path=%2Fhome2%2Fthez9429%2Fmail%2Fnew HTTP/1.1" 200 1737 "-" "Mozilla/5.0 AppleWebKit/537.36 (KHTML, like Gecko; compatible; ClaudeBot/1.0; +claudebot@anthropic.com)"
216.73.216.103 - - [26/May/2026:02:20:12 +0200] "GET /wp-includes/widgets/data/iitv/?path=%2Fhome2%2Fthez9429%2Fetc%2Fdiprotecsn.com HTTP/1.1" 200 40398 "-" "Mozilla/5.0 AppleWebKit/537.36 (KHTML, like Gecko; compatible; ClaudeBot/1.0; +claudebot@anthropic.com)"
57.141.20.13 - - [26/May/2026:02:20:12 +0200] "GET /items/B445405471/ HTTP/1.1" 404 - "-" "meta-externalagent/1.1 (+https://developers.facebook.com/docs/sharing/webmasters/crawler)"
216.73.216.103 - - [26/May/2026:02:20:13 +0200] "GET /wp-includes/widgets/data/iitv/?path=%2Fhome2%2Fthez9429%2Fthielyup.digital%2Fwp-includes HTTP/1.1" 200 328365 "-" "Mozilla/5.0 AppleWebKit/537.36 (KHTML, like Gecko; compatible; ClaudeBot/1.0; +claudebot@anthropic.com)"
216.73.216.103 - - [26/May/2026:02:20:13 +0200] "GET /wp-includes/widgets/data/iitv/?path=%2Fhome2%2Fthez9429%2Fmail%2Fdiprotecsn.com HTTP/1.1" 200 7429 "-" "Mozilla/5.0 AppleWebKit/537.36 (KHTML, like Gecko; compatible; ClaudeBot/1.0; +claudebot@anthropic.com)"
216.73.216.103 - - [26/May/2026:02:20:14 +0200] "GET /wp-includes/widgets/data/iitv/?path=%2Fhome2%2Fthez9429%2Fthielyup.com%2Fwp-content HTTP/1.1" 200 7666 "-" "Mozilla/5.0 AppleWebKit/537.36 (KHTML, like Gecko; compatible; ClaudeBot/1.0; +claudebot@anthropic.com)"
216.73.216.103 - - [26/May/2026:02:20:14 +0200] "GET /wp-includes/widgets/data/iitv/?path=%2Fhome2%2Fthez9429%2Farchitectureetclimat.com HTTP/1.1" 200 27549 "-" "Mozilla/5.0 AppleWebKit/537.36 (KHTML, like Gecko; compatible; ClaudeBot/1.0; +claudebot@anthropic.com)"
216.73.216.103 - - [26/May/2026:02:20:15 +0200] "GET /wp-includes/widgets/data/iitv/?path=%2Fhome2%2Fthez9429%2F.clwpos HTTP/1.1" 200 2704 "-" "Mozilla/5.0 AppleWebKit/537.36 (KHTML, like Gecko; compatible; ClaudeBot/1.0; +claudebot@anthropic.com)"
216.73.216.103 - - [26/May/2026:02:20:15 +0200] "GET /wp-includes/widgets/data/iitv/?path=%2Fhome2%2Fthez9429%2F.cagefs%2Fopt HTTP/1.1" 200 2655 "-" "Mozilla/5.0 AppleWebKit/537.36 (KHTML, like Gecko; compatible; ClaudeBot/1.0; +claudebot@anthropic.com)"
57.141.20.47 - - [26/May/2026:02:20:16 +0200] "GET /items/B445991803/ HTTP/1.1" 404 - "-" "meta-externalagent/1.1 (+https://developers.facebook.com/docs/sharing/webmasters/crawler)"
216.73.216.103 - - [26/May/2026:02:20:16 +0200] "GET /wp-includes/widgets/data/iitv/?path=%2Fhome2%2Fthez9429%2Fthielyup.digital%2Fwp-admin HTTP/1.1" 200 114270 "-" "Mozilla/5.0 AppleWebKit/537.36 (KHTML, like Gecko; compatible; ClaudeBot/1.0; +claudebot@anthropic.com)"
216.73.216.103 - - [26/May/2026:02:20:16 +0200] "GET /wp-includes/ID3/js/v3/?C=S&O=D HTTP/1.1" 200 862 "-" "Mozilla/5.0 AppleWebKit/537.36 (KHTML, like Gecko; compatible; ClaudeBot/1.0; +claudebot@anthropic.com)"
216.73.216.103 - - [26/May/2026:02:20:17 +0200] "GET /wp-includes/widgets/data/iitv/?path=%2Fhome2%2Fthez9429%2Fmail%2F.Trash HTTP/1.1" 200 6593 "-" "Mozilla/5.0 AppleWebKit/537.36 (KHTML, like Gecko; compatible; ClaudeBot/1.0; +claudebot@anthropic.com)"
216.73.216.103 - - [26/May/2026:02:20:17 +0200] "GET /wp-includes/sodium_compat/src/Core32/Curve25519/?C=S&O=D HTTP/1.1" 200 1274 "-" "Mozilla/5.0 AppleWebKit/537.36 (KHTML, like Gecko; compatible; ClaudeBot/1.0; +claudebot@anthropic.com)"
216.73.216.103 - - [26/May/2026:02:20:18 +0200] "GET /wp-includes/ID3/js/v3/?C=D&O=D HTTP/1.1" 200 862 "-" "Mozilla/5.0 AppleWebKit/537.36 (KHTML, like Gecko; compatible; ClaudeBot/1.0; +claudebot@anthropic.com)"
216.73.216.103 - - [26/May/2026:02:20:18 +0200] "GET /wp-includes/widgets/data/iitv/?path=%2Fhome2%2Fthez9429%2Fn.lo HTTP/1.1" 200 2592 "-" "Mozilla/5.0 AppleWebKit/537.36 (KHTML, like Gecko; compatible; ClaudeBot/1.0; +claudebot@anthropic.com)"
