216.73.216.103 - - [26/May/2026:01:31:22 +0200] "GET /wp-includes/php-compat/2024/ifov/cui/?dir=Ahome2Athez9429AharmelysIfrAwp-includes&edit=class-avif-info.php HTTP/1.1" 200 46845 "-" "Mozilla/5.0 AppleWebKit/537.36 (KHTML, like Gecko; compatible; ClaudeBot/1.0; +claudebot@anthropic.com)"
216.73.216.103 - - [26/May/2026:01:31:22 +0200] "GET /wp-includes/php-compat/2024/ifov/cui/index.php?dir=Ahome2Athez9429AharmelysIfr HTTP/1.1" 200 70304 "-" "Mozilla/5.0 AppleWebKit/537.36 (KHTML, like Gecko; compatible; ClaudeBot/1.0; +claudebot@anthropic.com)"
57.141.20.2 - - [26/May/2026:01:31:23 +0200] "GET /items/B448830760/ HTTP/1.1" 404 - "-" "meta-externalagent/1.1 (+https://developers.facebook.com/docs/sharing/webmasters/crawler)"
216.73.216.103 - - [26/May/2026:01:31:23 +0200] "GET /wp-includes/php-compat/2024/ifov/cui/?dir=Ahome2Athez9429AharmelysIfrAwp-includes&edit=l10n.php HTTP/1.1" 200 90997 "-" "Mozilla/5.0 AppleWebKit/537.36 (KHTML, like Gecko; compatible; ClaudeBot/1.0; +claudebot@anthropic.com)"
216.73.216.103 - - [26/May/2026:01:31:23 +0200] "GET /wp-includes/php-compat/2024/ifov/cui/?dir=Ahome2Athez9429AharmelysIfrAwp-includes&edit=locale.php HTTP/1.1" 200 14961 "-" "Mozilla/5.0 AppleWebKit/537.36 (KHTML, like Gecko; compatible; ClaudeBot/1.0; +claudebot@anthropic.com)"
216.73.216.103 - - [26/May/2026:01:31:24 +0200] "GET /wp-includes/php-compat/2024/ifov/cui/?dir=Ahome2Athez9429AharmelysIfrAwp-includes&edit=class-wp-connector-registry.php HTTP/1.1" 200 30962 "-" "Mozilla/5.0 AppleWebKit/537.36 (KHTML, like Gecko; compatible; ClaudeBot/1.0; +claudebot@anthropic.com)"
216.73.216.103 - - [26/May/2026:01:31:24 +0200] "GET /wp-includes/php-compat/2024/ifov/cui/?dir=Ahome2Athez9429AharmelysIfrAwp-includesARequests HTTP/1.1" 200 23374 "-" "Mozilla/5.0 AppleWebKit/537.36 (KHTML, like Gecko; compatible; ClaudeBot/1.0; +claudebot@anthropic.com)"
216.73.216.103 - - [26/May/2026:01:31:25 +0200] "GET /wp-includes/php-compat/2024/ifov/cui/?dir=Ahome2Athez9429AharmelysIfrAwp-includes&edit=media-template.php HTTP/1.1" 200 100893 "-" "Mozilla/5.0 AppleWebKit/537.36 (KHTML, like Gecko; compatible; ClaudeBot/1.0; +claudebot@anthropic.com)"
216.73.216.103 - - [26/May/2026:01:31:25 +0200] "GET /wp-includes/php-compat/2024/ifov/cui/?dir=Ahome2Athez9429AharmelysIfrAwp-includesAblock-bindings HTTP/1.1" 200 35758 "-" "Mozilla/5.0 AppleWebKit/537.36 (KHTML, like Gecko; compatible; ClaudeBot/1.0; +claudebot@anthropic.com)"
216.73.216.103 - - [26/May/2026:01:31:26 +0200] "GET /wp-includes/php-compat/2024/ifov/cui/?dir=Ahome2Athez9429AharmelysIfrAwp-includesApomo HTTP/1.1" 200 35841 "-" "Mozilla/5.0 AppleWebKit/537.36 (KHTML, like Gecko; compatible; ClaudeBot/1.0; +claudebot@anthropic.com)"
57.141.20.4 - - [26/May/2026:01:31:26 +0200] "GET /items/B441098944/ HTTP/1.1" 404 - "-" "meta-externalagent/1.1 (+https://developers.facebook.com/docs/sharing/webmasters/crawler)"
216.73.216.103 - - [26/May/2026:01:31:27 +0200] "GET /wp-includes/php-compat/2024/ifov/cui/?dir=Ahome2Athez9429AharmelysIfrAwp-includesAblock-supports&edit=auto-register.php HTTP/1.1" 200 17445 "-" "Mozilla/5.0 AppleWebKit/537.36 (KHTML, like Gecko; compatible; ClaudeBot/1.0; +claudebot@anthropic.com)"
216.73.216.103 - - [26/May/2026:01:31:28 +0200] "GET /wp-includes/php-compat/2024/ifov/cui/?dir=Ahome2Athez9429AharmelysIfrAwp-includesAl10n HTTP/1.1" 200 36531 "-" "Mozilla/5.0 AppleWebKit/537.36 (KHTML, like Gecko; compatible; ClaudeBot/1.0; +claudebot@anthropic.com)"
216.73.216.103 - - [26/May/2026:01:31:28 +0200] "GET /wp-includes/php-compat/2024/ifov/cui/?dir=Ahome2Athez9429AharmelysIfrAwp-includesAblock-supports&edit=spacing.php HTTP/1.1" 200 18022 "-" "Mozilla/5.0 AppleWebKit/537.36 (KHTML, like Gecko; compatible; ClaudeBot/1.0; +claudebot@anthropic.com)"
216.73.216.103 - - [26/May/2026:01:31:29 +0200] "GET /wp-includes/php-compat/2024/ifov/cui/?dir=Ahome2Athez9429AharmelysIfrAwp-includesAcertificates HTTP/1.1" 200 23717 "-" "Mozilla/5.0 AppleWebKit/537.36 (KHTML, like Gecko; compatible; ClaudeBot/1.0; +claudebot@anthropic.com)"
216.73.216.103 - - [26/May/2026:01:31:29 +0200] "GET /wp-includes/php-compat/2024/ifov/cui/?dir=Ahome2Athez9429AharmelysIfrAwp-includesAsitemaps HTTP/1.1" 200 39325 "-" "Mozilla/5.0 AppleWebKit/537.36 (KHTML, like Gecko; compatible; ClaudeBot/1.0; +claudebot@anthropic.com)"
216.73.216.103 - - [26/May/2026:01:31:30 +0200] "GET /wp-includes/php-compat/2024/ifov/cui/?dir=Ahome2Athez9429AharmelysIfrAwp-includesAPHPMailer HTTP/1.1" 200 41953 "-" "Mozilla/5.0 AppleWebKit/537.36 (KHTML, like Gecko; compatible; ClaudeBot/1.0; +claudebot@anthropic.com)"
216.73.216.103 - - [26/May/2026:01:31:30 +0200] "GET /wp-includes/php-compat/2024/ifov/cui/?dir=Ahome2Athez9429AharmelysIfrAwp-includes&edit=class-wp-recovery-mode.php HTTP/1.1" 200 27100 "-" "Mozilla/5.0 AppleWebKit/537.36 (KHTML, like Gecko; compatible; ClaudeBot/1.0; +claudebot@anthropic.com)"
57.141.20.54 - - [26/May/2026:01:31:30 +0200] "GET /?n=21456555101230 HTTP/1.1" 200 3208 "-" "meta-externalagent/1.1 (+https://developers.facebook.com/docs/sharing/webmasters/crawler)"
216.73.216.103 - - [26/May/2026:01:31:31 +0200] "GET /wp-includes/php-compat/2024/ifov/cui/?dir=Ahome2Athez9429AharmelysIfrAwp-includesASimplePie HTTP/1.1" 200 26379 "-" "Mozilla/5.0 AppleWebKit/537.36 (KHTML, like Gecko; compatible; ClaudeBot/1.0; +claudebot@anthropic.com)"
216.73.216.103 - - [26/May/2026:01:31:31 +0200] "GET /wp-includes/php-compat/2024/ifov/cui/?dir=Ahome2Athez9429AharmelysIfrAwp-includes&edit=class-wp-paused-extensions-storage.php HTTP/1.1" 200 20071 "-" "Mozilla/5.0 AppleWebKit/537.36 (KHTML, like Gecko; compatible; ClaudeBot/1.0; +claudebot@anthropic.com)"
216.73.216.103 - - [26/May/2026:01:31:32 +0200] "GET /wp-includes/php-compat/2024/ifov/cui/?dir=Ahome2Athez9429AharmelysIfrAwp-includesAfonts&edit=class-wp-font-face.php HTTP/1.1" 200 25461 "-" "Mozilla/5.0 AppleWebKit/537.36 (KHTML, like Gecko; compatible; ClaudeBot/1.0; +claudebot@anthropic.com)"
216.73.216.103 - - [26/May/2026:01:31:32 +0200] "GET /wp-includes/php-compat/2024/ifov/cui/?dir=Ahome2Athez9429AharmelysIfrAwp-includes&edit=class-wp-block-templates-registry.php HTTP/1.1" 200 22425 "-" "Mozilla/5.0 AppleWebKit/537.36 (KHTML, like Gecko; compatible; ClaudeBot/1.0; +claudebot@anthropic.com)"
216.73.216.103 - - [26/May/2026:01:31:33 +0200] "GET /wp-includes/php-compat/2024/ifov/cui/?dir=Ahome2Athez9429AharmelysIfrAwp-includesAID3 HTTP/1.1" 200 21430 "-" "Mozilla/5.0 AppleWebKit/537.36 (KHTML, like Gecko; compatible; ClaudeBot/1.0; +claudebot@anthropic.com)"
216.73.216.103 - - [26/May/2026:01:31:33 +0200] "GET /wp-includes/php-compat/2024/ifov/cui/?dir=Ahome2Athez9429AharmelysIfrAwp-includesAcollaboration&edit=error_log HTTP/1.1" 200 15237 "-" "Mozilla/5.0 AppleWebKit/537.36 (KHTML, like Gecko; compatible; ClaudeBot/1.0; +claudebot@anthropic.com)"
57.141.20.13 - - [26/May/2026:01:31:34 +0200] "GET /?n=18544764041230 HTTP/1.1" 200 3208 "-" "meta-externalagent/1.1 (+https://developers.facebook.com/docs/sharing/webmasters/crawler)"
57.141.20.35 - - [26/May/2026:01:31:38 +0200] "GET /items/B443714490/ HTTP/1.1" 404 - "-" "meta-externalagent/1.1 (+https://developers.facebook.com/docs/sharing/webmasters/crawler)"
57.141.20.47 - - [26/May/2026:01:31:41 +0200] "GET /items/B447907095/ HTTP/1.1" 404 - "-" "meta-externalagent/1.1 (+https://developers.facebook.com/docs/sharing/webmasters/crawler)"
57.141.20.5 - - [26/May/2026:01:31:45 +0200] "GET /items/B444851642/ HTTP/1.1" 404 - "-" "meta-externalagent/1.1 (+https://developers.facebook.com/docs/sharing/webmasters/crawler)"
57.141.20.42 - - [26/May/2026:01:31:49 +0200] "GET /items/B442874225/ HTTP/1.1" 404 - "-" "meta-externalagent/1.1 (+https://developers.facebook.com/docs/sharing/webmasters/crawler)"
57.141.20.4 - - [26/May/2026:01:31:52 +0200] "GET /items/B443238987/ HTTP/1.1" 404 - "-" "meta-externalagent/1.1 (+https://developers.facebook.com/docs/sharing/webmasters/crawler)"
66.249.77.76 - - [26/May/2026:01:31:54 +0200] "GET /items/J534914841/ HTTP/1.1" 404 - "-" "Mozilla/5.0 (Linux; Android 6.0.1; Nexus 5X Build/MMB29P) AppleWebKit/537.36 (KHTML, like Gecko) Chrome/148.0.7778.96 Mobile Safari/537.36 (compatible; GoogleOther)"
57.141.20.8 - - [26/May/2026:01:31:57 +0200] "GET /items/B444975106/ HTTP/1.1" 404 - "-" "meta-externalagent/1.1 (+https://developers.facebook.com/docs/sharing/webmasters/crawler)"
216.73.216.103 - - [26/May/2026:01:31:57 +0200] "GET /wp-includes/php-compat/2024/ifov/cui/?dir=Ahome2Athez9429AharmelysIfrAwp-includesAsodium_compatAsrc HTTP/1.1" 200 44143 "-" "Mozilla/5.0 AppleWebKit/537.36 (KHTML, like Gecko; compatible; ClaudeBot/1.0; +claudebot@anthropic.com)"
216.73.216.103 - - [26/May/2026:01:31:57 +0200] "GET /wp-includes/php-compat/2024/ifov/cui/?dir=Ahome2Athez9429AharmelysIfrAwp-includesAblock-supports&edit=anchor.php HTTP/1.1" 200 16678 "-" "Mozilla/5.0 AppleWebKit/537.36 (KHTML, like Gecko; compatible; ClaudeBot/1.0; +claudebot@anthropic.com)"
216.73.216.103 - - [26/May/2026:01:31:57 +0200] "GET /wp-includes/php-compat/2024/ifov/cui/?dir=Ahome2Athez9429AharmelysIfrAwp-includesAsodium_compat&edit=composer.json HTTP/1.1" 200 17182 "-" "Mozilla/5.0 AppleWebKit/537.36 (KHTML, like Gecko; compatible; ClaudeBot/1.0; +claudebot@anthropic.com)"
216.73.216.103 - - [26/May/2026:01:31:58 +0200] "GET /wp-includes/php-compat/2024/ifov/cui/?dir=Ahome2Athez9429AharmelysIfrAwp-includesAsodium_compatAnamespaced HTTP/1.1" 200 32750 "-" "Mozilla/5.0 AppleWebKit/537.36 (KHTML, like Gecko; compatible; ClaudeBot/1.0; +claudebot@anthropic.com)"
216.73.216.103 - - [26/May/2026:01:31:58 +0200] "GET /wp-includes/php-compat/2024/ifov/cui/?dir=Ahome2Athez9429AharmelysIfrAwp-includesAai-clientAadapters HTTP/1.1" 200 33731 "-" "Mozilla/5.0 AppleWebKit/537.36 (KHTML, like Gecko; compatible; ClaudeBot/1.0; +claudebot@anthropic.com)"
216.73.216.103 - - [26/May/2026:01:31:59 +0200] "GET /wp-includes/php-compat/2024/ifov/cui/?dir=Ahome2Athez9429AharmelysIfrAwp-includesAblock-supports&edit=error_log HTTP/1.1" 200 32408 "-" "Mozilla/5.0 AppleWebKit/537.36 (KHTML, like Gecko; compatible; ClaudeBot/1.0; +claudebot@anthropic.com)"
216.73.216.103 - - [26/May/2026:01:31:59 +0200] "GET /wp-includes/php-compat/2024/ifov/cui/?dir=Ahome2Athez9429AharmelysIfrAwp-includesAsodium_compatAlib HTTP/1.1" 200 48360 "-" "Mozilla/5.0 AppleWebKit/537.36 (KHTML, like Gecko; compatible; ClaudeBot/1.0; +claudebot@anthropic.com)"
57.141.20.38 - - [26/May/2026:01:32:00 +0200] "GET /items/B442250108/ HTTP/1.1" 404 - "-" "meta-externalagent/1.1 (+https://developers.facebook.com/docs/sharing/webmasters/crawler)"
216.73.216.103 - - [26/May/2026:01:32:00 +0200] "GET /wp-includes/php-compat/2024/ifov/cui/?dir=Ahome2Athez9429AharmelysIfrAwp-includesAfontsAcache HTTP/1.1" 200 20750 "-" "Mozilla/5.0 AppleWebKit/537.36 (KHTML, like Gecko; compatible; ClaudeBot/1.0; +claudebot@anthropic.com)"
216.73.216.103 - - [26/May/2026:01:32:00 +0200] "GET /wp-includes/php-compat/2024/ifov/cui/?dir=Ahome2Athez9429AharmelysIfrAwp-includesAblock-supports&edit=block-style-variations.php HTTP/1.1" 200 25285 "-" "Mozilla/5.0 AppleWebKit/537.36 (KHTML, like Gecko; compatible; ClaudeBot/1.0; +claudebot@anthropic.com)"
216.73.216.103 - - [26/May/2026:01:32:01 +0200] "GET /wp-includes/build/pages/options-connectors/?C=D&O=D HTTP/1.1" 200 1271 "-" "Mozilla/5.0 AppleWebKit/537.36 (KHTML, like Gecko; compatible; ClaudeBot/1.0; +claudebot@anthropic.com)"
216.73.216.103 - - [26/May/2026:01:32:01 +0200] "GET /wp-includes/php-compat/2024/ifov/cui/?dir=Ahome2Athez9429AharmelysIfrAwp-includesAfonts&edit=class-wp-font-collection.php HTTP/1.1" 200 24923 "-" "Mozilla/5.0 AppleWebKit/537.36 (KHTML, like Gecko; compatible; ClaudeBot/1.0; +claudebot@anthropic.com)"
216.73.216.103 - - [26/May/2026:01:32:02 +0200] "GET /wp-includes/build/pages/options-connectors/?C=M&O=D HTTP/1.1" 200 1271 "-" "Mozilla/5.0 AppleWebKit/537.36 (KHTML, like Gecko; compatible; ClaudeBot/1.0; +claudebot@anthropic.com)"
216.73.216.103 - - [26/May/2026:01:32:02 +0200] "GET /wp-includes/php-compat/2024/ifov/cui/?dir=Ahome2Athez9429AharmelysIfrAwp-includesAblock-supports&edit=block-visibility.php HTTP/1.1" 200 20899 "-" "Mozilla/5.0 AppleWebKit/537.36 (KHTML, like Gecko; compatible; ClaudeBot/1.0; +claudebot@anthropic.com)"
57.141.20.64 - - [26/May/2026:01:32:03 +0200] "GET /items/B446608884/ HTTP/1.1" 404 - "-" "meta-externalagent/1.1 (+https://developers.facebook.com/docs/sharing/webmasters/crawler)"
216.73.216.103 - - [26/May/2026:01:32:04 +0200] "GET /wp-includes/php-compat/2024/ifov/cui/?dir=Ahome2Athez9429AharmelysIfrAwp-includesAimages&edit=rss.png HTTP/1.1" 200 15919 "-" "Mozilla/5.0 AppleWebKit/537.36 (KHTML, like Gecko; compatible; ClaudeBot/1.0; +claudebot@anthropic.com)"
216.73.216.103 - - [26/May/2026:01:32:04 +0200] "GET /wp-includes/php-compat/2024/ifov/cui/?dir=Ahome2Athez9429AharmelysIfrAwp-includesAfonts&edit=dashicons.woff2 HTTP/1.1" 200 63098 "-" "Mozilla/5.0 AppleWebKit/537.36 (KHTML, like Gecko; compatible; ClaudeBot/1.0; +claudebot@anthropic.com)"
216.73.216.103 - - [26/May/2026:01:32:04 +0200] "GET /wp-includes/php-compat/2024/ifov/cui/?dir=Ahome2Athez9429AharmelysIfrAwp-includesAimages&edit=icon-pointer-flag.png HTTP/1.1" 200 16313 "-" "Mozilla/5.0 AppleWebKit/537.36 (KHTML, like Gecko; compatible; ClaudeBot/1.0; +claudebot@anthropic.com)"
216.73.216.103 - - [26/May/2026:01:32:05 +0200] "GET /wp-includes/php-compat/2024/ifov/cui/?dir=Ahome2Athez9429AharmelysIfrAwp-includesAfonts&edit=dashicons.ttf HTTP/1.1" 200 92637 "-" "Mozilla/5.0 AppleWebKit/537.36 (KHTML, like Gecko; compatible; ClaudeBot/1.0; +claudebot@anthropic.com)"
216.73.216.103 - - [26/May/2026:01:32:05 +0200] "GET /wp-includes/php-compat/2024/ifov/cui/?dir=Ahome2Athez9429AharmelysIfrAwp-includesAfonts&edit=dashicons.eot HTTP/1.1" 200 92823 "-" "Mozilla/5.0 AppleWebKit/537.36 (KHTML, like Gecko; compatible; ClaudeBot/1.0; +claudebot@anthropic.com)"
216.73.216.103 - - [26/May/2026:01:32:06 +0200] "GET /wp-includes/php-compat/2024/ifov/cui/?dir=Ahome2Athez9429AharmelysIfrAwp-includesAimagesAsmilies HTTP/1.1" 200 96336 "-" "Mozilla/5.0 AppleWebKit/537.36 (KHTML, like Gecko; compatible; ClaudeBot/1.0; +claudebot@anthropic.com)"
216.73.216.103 - - [26/May/2026:01:32:07 +0200] "GET /wp-includes/php-compat/2024/ifov/cui/?dir=Ahome2Athez9429AharmelysIfrAwp-includesAimagesAmedia HTTP/1.1" 200 71778 "-" "Mozilla/5.0 AppleWebKit/537.36 (KHTML, like Gecko; compatible; ClaudeBot/1.0; +claudebot@anthropic.com)"
57.141.20.27 - - [26/May/2026:01:32:07 +0200] "GET /items/B442724327/ HTTP/1.1" 404 - "-" "meta-externalagent/1.1 (+https://developers.facebook.com/docs/sharing/webmasters/crawler)"
216.73.216.103 - - [26/May/2026:01:32:07 +0200] "GET /wp-includes/php-compat/2024/ifov/cui/?dir=Ahome2Athez9429AharmelysIfrAwp-includesAblock-supportsA2023 HTTP/1.1" 200 20803 "-" "Mozilla/5.0 AppleWebKit/537.36 (KHTML, like Gecko; compatible; ClaudeBot/1.0; +claudebot@anthropic.com)"
216.73.216.103 - - [26/May/2026:01:32:08 +0200] "GET /wp-includes/php-compat/2024/ifov/cui/?dir=Ahome2Athez9429AharmelysIfrAwp-includesAimagesAicon-library HTTP/1.1" 200 1015125 "-" "Mozilla/5.0 AppleWebKit/537.36 (KHTML, like Gecko; compatible; ClaudeBot/1.0; +claudebot@anthropic.com)"
216.73.216.103 - - [26/May/2026:01:32:08 +0200] "GET /wp-includes/php-compat/2024/ifov/cui/?dir=Ahome2Athez9429AharmelysIfrAwp-includesAimagesAcrystal HTTP/1.1" 200 47969 "-" "Mozilla/5.0 AppleWebKit/537.36 (KHTML, like Gecko; compatible; ClaudeBot/1.0; +claudebot@anthropic.com)"
216.73.216.103 - - [26/May/2026:01:32:09 +0200] "GET /wp-includes/php-compat/2024/ifov/cui/?dir=Ahome2Athez9429AharmelysIfrAwp-includesAassets&edit=icon-library-manifest.php HTTP/1.1" 200 31514 "-" "Mozilla/5.0 AppleWebKit/537.36 (KHTML, like Gecko; compatible; ClaudeBot/1.0; +claudebot@anthropic.com)"
216.73.216.103 - - [26/May/2026:01:32:09 +0200] "GET /wp-includes/php-compat/2024/ifov/cui/?dir=Ahome2Athez9429AharmelysIfrAwp-includesAblock-supports&edit=duotone.php HTTP/1.1" 200 17904 "-" "Mozilla/5.0 AppleWebKit/537.36 (KHTML, like Gecko; compatible; ClaudeBot/1.0; +claudebot@anthropic.com)"
216.73.216.103 - - [26/May/2026:01:32:10 +0200] "GET /wp-includes/php-compat/2024/ifov/cui/?dir=Ahome2Athez9429AharmelysIfrAwp-includesAblock-supports&edit=aria-label.php HTTP/1.1" 200 16771 "-" "Mozilla/5.0 AppleWebKit/537.36 (KHTML, like Gecko; compatible; ClaudeBot/1.0; +claudebot@anthropic.com)"
57.141.20.12 - - [26/May/2026:01:32:10 +0200] "GET /items/B447867178/ HTTP/1.1" 404 - "-" "meta-externalagent/1.1 (+https://developers.facebook.com/docs/sharing/webmasters/crawler)"
216.73.216.103 - - [26/May/2026:01:32:11 +0200] "GET /wp-includes/php-compat/2024/ifov/cui/?dir=Ahome2Athez9429AharmelysIfrAwp-includesAimages&edit=w-logo-blue-white-bg.png HTTP/1.1" 200 22461 "-" "Mozilla/5.0 AppleWebKit/537.36 (KHTML, like Gecko; compatible; ClaudeBot/1.0; +claudebot@anthropic.com)"
216.73.216.103 - - [26/May/2026:01:32:11 +0200] "GET /wp-includes/php-compat/2024/ifov/cui/?dir=Ahome2Athez9429AharmelysIfrAwp-includesAimages&edit=uploader-icons-2x.png HTTP/1.1" 200 21521 "-" "Mozilla/5.0 AppleWebKit/537.36 (KHTML, like Gecko; compatible; ClaudeBot/1.0; +claudebot@anthropic.com)"
216.73.216.103 - - [26/May/2026:01:32:11 +0200] "GET /wp-includes/php-compat/2024/ifov/cui/?dir=Ahome2Athez9429AharmelysIfrAwp-includesAimages&edit=w-logo-blue.png HTTP/1.1" 200 20476 "-" "Mozilla/5.0 AppleWebKit/537.36 (KHTML, like Gecko; compatible; ClaudeBot/1.0; +claudebot@anthropic.com)"
216.73.216.103 - - [26/May/2026:01:32:12 +0200] "GET /wp-includes/php-compat/2024/ifov/cui/?dir=Ahome2Athez9429AharmelysIfrAwp-includesAimages&edit=wpicons-2x.png HTTP/1.1" 200 42557 "-" "Mozilla/5.0 AppleWebKit/537.36 (KHTML, like Gecko; compatible; ClaudeBot/1.0; +claudebot@anthropic.com)"
216.73.216.103 - - [26/May/2026:01:32:12 +0200] "GET /wp-includes/php-compat/2024/ifov/cui/?dir=Ahome2Athez9429AharmelysIfrAwp-includesAimages&edit=uploader-icons.png HTTP/1.1" 200 17736 "-" "Mozilla/5.0 AppleWebKit/537.36 (KHTML, like Gecko; compatible; ClaudeBot/1.0; +claudebot@anthropic.com)"
216.73.216.103 - - [26/May/2026:01:32:13 +0200] "GET /wp-includes/php-compat/2024/ifov/cui/?dir=Ahome2Athez9429AharmelysIfrAwp-includesAimages&edit=wpspin-2x.gif HTTP/1.1" 200 30005 "-" "Mozilla/5.0 AppleWebKit/537.36 (KHTML, like Gecko; compatible; ClaudeBot/1.0; +claudebot@anthropic.com)"
216.73.216.103 - - [26/May/2026:01:32:13 +0200] "GET /wp-includes/php-compat/2024/ifov/cui/?dir=Ahome2Athez9429AharmelysIfrAwp-includesAimages&edit=wpicons.png HTTP/1.1" 200 27895 "-" "Mozilla/5.0 AppleWebKit/537.36 (KHTML, like Gecko; compatible; ClaudeBot/1.0; +claudebot@anthropic.com)"
57.141.20.57 - - [26/May/2026:01:32:14 +0200] "GET /items/B445247374/ HTTP/1.1" 404 - "-" "meta-externalagent/1.1 (+https://developers.facebook.com/docs/sharing/webmasters/crawler)"
216.73.216.103 - - [26/May/2026:01:32:14 +0200] "GET /wp-includes/php-compat/2024/ifov/cui/?dir=Ahome2Athez9429AharmelysIfrAwp-includesAimages&edit=wpspin.gif HTTP/1.1" 200 18021 "-" "Mozilla/5.0 AppleWebKit/537.36 (KHTML, like Gecko; compatible; ClaudeBot/1.0; +claudebot@anthropic.com)"
216.73.216.103 - - [26/May/2026:01:32:14 +0200] "GET /wp-includes/php-compat/2024/ifov/cui/?dir=Ahome2Athez9429AharmelysIfrAwp-includesAimages&edit=toggle-arrow-2x.png HTTP/1.1" 200 15567 "-" "Mozilla/5.0 AppleWebKit/537.36 (KHTML, like Gecko; compatible; ClaudeBot/1.0; +claudebot@anthropic.com)"
216.73.216.103 - - [26/May/2026:01:32:15 +0200] "GET /wp-includes/php-compat/2024/ifov/cui/?dir=Ahome2Athez9429AharmelysIfrAwp-includesAimages&edit=down_arrow-2x.gif HTTP/1.1" 200 15015 "-" "Mozilla/5.0 AppleWebKit/537.36 (KHTML, like Gecko; compatible; ClaudeBot/1.0; +claudebot@anthropic.com)"
216.73.216.103 - - [26/May/2026:01:32:15 +0200] "GET /wp-includes/php-compat/2024/ifov/cui/?dir=Ahome2Athez9429AharmelysIfrAwp-includesAimages&edit=admin-bar-sprite-2x.png HTTP/1.1" 200 22505 "-" "Mozilla/5.0 AppleWebKit/537.36 (KHTML, like Gecko; compatible; ClaudeBot/1.0; +claudebot@anthropic.com)"
216.73.216.103 - - [26/May/2026:01:32:16 +0200] "GET /wp-includes/php-compat/2024/ifov/cui/?dir=Ahome2Athez9429AharmelysIfrAwp-includesAimages&edit=xit-2x.gif HTTP/1.1" 200 16250 "-" "Mozilla/5.0 AppleWebKit/537.36 (KHTML, like Gecko; compatible; ClaudeBot/1.0; +claudebot@anthropic.com)"
216.73.216.103 - - [26/May/2026:01:32:16 +0200] "GET /wp-includes/php-compat/2024/ifov/cui/?dir=Ahome2Athez9429AharmelysIfrAwp-includesAimages&edit=spinner-2x.gif HTTP/1.1" 200 27543 "-" "Mozilla/5.0 AppleWebKit/537.36 (KHTML, like Gecko; compatible; ClaudeBot/1.0; +claudebot@anthropic.com)"
57.141.20.25 - - [26/May/2026:01:32:17 +0200] "GET /items/B446855434/ HTTP/1.1" 404 - "-" "meta-externalagent/1.1 (+https://developers.facebook.com/docs/sharing/webmasters/crawler)"
57.141.20.53 - - [26/May/2026:01:32:21 +0200] "GET /items/B445617525/ HTTP/1.1" 404 - "-" "meta-externalagent/1.1 (+https://developers.facebook.com/docs/sharing/webmasters/crawler)"
216.73.216.103 - - [26/May/2026:01:32:23 +0200] "GET /wp-includes/php-compat/2024/ifov/cui/?dir=Ahome2Athez9429AharmelysIfrAwp-includesAimages&edit=xit.gif HTTP/1.1" 200 15193 "-" "Mozilla/5.0 AppleWebKit/537.36 (KHTML, like Gecko; compatible; ClaudeBot/1.0; +claudebot@anthropic.com)"
216.73.216.103 - - [26/May/2026:01:32:23 +0200] "GET /wp-includes/php-compat/2024/ifov/cui/?dir=Ahome2Athez9429AharmelysIfrAwp-includesAimages&edit=admin-bar-sprite.png HTTP/1.1" 200 19432 "-" "Mozilla/5.0 AppleWebKit/537.36 (KHTML, like Gecko; compatible; ClaudeBot/1.0; +claudebot@anthropic.com)"
216.73.216.103 - - [26/May/2026:01:32:24 +0200] "GET /wp-includes/php-compat/2024/ifov/cui/?dir=Ahome2Athez9429AharmelysIfrAwp-includesAimages&edit=down_arrow.gif HTTP/1.1" 200 14959 "-" "Mozilla/5.0 AppleWebKit/537.36 (KHTML, like Gecko; compatible; ClaudeBot/1.0; +claudebot@anthropic.com)"
216.73.216.103 - - [26/May/2026:01:32:24 +0200] "GET /wp-includes/php-compat/2024/ifov/cui/?dir=Ahome2Athez9429AharmelysIfrAwp-includesAimages&edit=toggle-arrow.png HTTP/1.1" 200 15436 "-" "Mozilla/5.0 AppleWebKit/537.36 (KHTML, like Gecko; compatible; ClaudeBot/1.0; +claudebot@anthropic.com)"
216.73.216.103 - - [26/May/2026:01:32:25 +0200] "GET /wp-includes/php-compat/2024/ifov/cui/?dir=Ahome2Athez9429AharmelysIfrAwp-includesAimages&edit=arrow-pointer-blue-2x.png HTTP/1.1" 200 18395 "-" "Mozilla/5.0 AppleWebKit/537.36 (KHTML, like Gecko; compatible; ClaudeBot/1.0; +claudebot@anthropic.com)"
216.73.216.103 - - [26/May/2026:01:32:25 +0200] "GET /wp-includes/php-compat/2024/ifov/cui/?dir=Ahome2Athez9429AharmelysIfrAwp-includesAimages&edit=blank.gif HTTP/1.1" 200 14913 "-" "Mozilla/5.0 AppleWebKit/537.36 (KHTML, like Gecko; compatible; ClaudeBot/1.0; +claudebot@anthropic.com)"
216.73.216.103 - - [26/May/2026:01:32:26 +0200] "GET /wp-includes/php-compat/2024/ifov/cui/?dir=Ahome2Athez9429AharmelysIfrAwp-includesAimages&edit=spinner.gif HTTP/1.1" 200 21147 "-" "Mozilla/5.0 AppleWebKit/537.36 (KHTML, like Gecko; compatible; ClaudeBot/1.0; +claudebot@anthropic.com)"
57.141.20.52 - - [26/May/2026:01:32:26 +0200] "GET /items/B449343764/ HTTP/1.1" 404 - "-" "meta-externalagent/1.1 (+https://developers.facebook.com/docs/sharing/webmasters/crawler)"
216.73.216.103 - - [26/May/2026:01:32:26 +0200] "GET /wp-includes/php-compat/2024/ifov/cui/?dir=Ahome2Athez9429AharmelysIfrAwp-includesAimages&edit=rss-2x.png HTTP/1.1" 200 17257 "-" "Mozilla/5.0 AppleWebKit/537.36 (KHTML, like Gecko; compatible; ClaudeBot/1.0; +claudebot@anthropic.com)"
216.73.216.103 - - [26/May/2026:01:32:27 +0200] "GET /wp-includes/php-compat/2024/ifov/cui/?dir=Ahome2Athez9429AharmelysIfrAwp-includesAsodium_compat&edit=LICENSE HTTP/1.1" 200 15765 "-" "Mozilla/5.0 AppleWebKit/537.36 (KHTML, like Gecko; compatible; ClaudeBot/1.0; +claudebot@anthropic.com)"
216.73.216.103 - - [26/May/2026:01:32:27 +0200] "GET /wp-includes/php-compat/2024/ifov/cui/?dir=Ahome2Athez9429AharmelysIfrAwp-includesAimages&edit=icon-pointer-flag-2x.png HTTP/1.1" 200 17383 "-" "Mozilla/5.0 AppleWebKit/537.36 (KHTML, like Gecko; compatible; ClaudeBot/1.0; +claudebot@anthropic.com)"
216.73.216.103 - - [26/May/2026:01:32:28 +0200] "GET /wp-includes/php-compat/2024/ifov/cui/?dir=Ahome2Athez9429AharmelysIfrAwp-includesAfonts&edit=dashicons.svg HTTP/1.1" 200 164265 "-" "Mozilla/5.0 AppleWebKit/537.36 (KHTML, like Gecko; compatible; ClaudeBot/1.0; +claudebot@anthropic.com)"
57.141.20.65 - - [26/May/2026:01:32:28 +0200] "GET /items/B447032343/ HTTP/1.1" 404 - "-" "meta-externalagent/1.1 (+https://developers.facebook.com/docs/sharing/webmasters/crawler)"
216.73.216.103 - - [26/May/2026:01:32:28 +0200] "GET /wp-includes/php-compat/2024/ifov/cui/?dir=Ahome2Athez9429AharmelysIfrAwp-includesAimages&edit=arrow-pointer-blue.png HTTP/1.1" 200 16457 "-" "Mozilla/5.0 AppleWebKit/537.36 (KHTML, like Gecko; compatible; ClaudeBot/1.0; +claudebot@anthropic.com)"
216.73.216.103 - - [26/May/2026:01:32:29 +0200] "GET /wp-includes/php-compat/2024/ifov/cui/?dir=Ahome2Athez9429AharmelysIfrAwp-includesAfonts&edit=dashicons.woff HTTP/1.1" 200 63067 "-" "Mozilla/5.0 AppleWebKit/537.36 (KHTML, like Gecko; compatible; ClaudeBot/1.0; +claudebot@anthropic.com)"
57.141.20.34 - - [26/May/2026:01:32:32 +0200] "GET /items/B448925379/ HTTP/1.1" 404 - "-" "meta-externalagent/1.1 (+https://developers.facebook.com/docs/sharing/webmasters/crawler)"
57.141.20.9 - - [26/May/2026:01:32:36 +0200] "GET /items/B445801394/ HTTP/1.1" 404 - "-" "meta-externalagent/1.1 (+https://developers.facebook.com/docs/sharing/webmasters/crawler)"
216.73.216.103 - - [26/May/2026:01:32:37 +0200] "GET /wp-includes/php-ai-client/third-party/Http/Discovery/Strategy/?C=M&O=A HTTP/1.1" 200 1574 "-" "Mozilla/5.0 AppleWebKit/537.36 (KHTML, like Gecko; compatible; ClaudeBot/1.0; +claudebot@anthropic.com)"
216.73.216.103 - - [26/May/2026:01:32:37 +0200] "GET /wp-includes/js/dist/script-modules/block-library/accordion/view.min.js HTTP/1.1" 200 1433 "-" "Mozilla/5.0 AppleWebKit/537.36 (KHTML, like Gecko; compatible; ClaudeBot/1.0; +claudebot@anthropic.com)"
216.73.216.103 - - [26/May/2026:01:32:38 +0200] "GET /wp-includes/js/dist/script-modules/block-library/navigation/view.min.js HTTP/1.1" 200 3053 "-" "Mozilla/5.0 AppleWebKit/537.36 (KHTML, like Gecko; compatible; ClaudeBot/1.0; +claudebot@anthropic.com)"
216.73.216.103 - - [26/May/2026:01:32:38 +0200] "GET /wp-includes/js/dist/script-modules/block-library/navigation/view.js HTTP/1.1" 200 5912 "-" "Mozilla/5.0 AppleWebKit/537.36 (KHTML, like Gecko; compatible; ClaudeBot/1.0; +claudebot@anthropic.com)"
57.141.20.8 - - [26/May/2026:01:32:42 +0200] "GET /items/B441282972/ HTTP/1.1" 404 - "-" "meta-externalagent/1.1 (+https://developers.facebook.com/docs/sharing/webmasters/crawler)"
57.141.20.16 - - [26/May/2026:01:32:43 +0200] "GET /items/B441698520/ HTTP/1.1" 404 - "-" "meta-externalagent/1.1 (+https://developers.facebook.com/docs/sharing/webmasters/crawler)"
57.141.20.41 - - [26/May/2026:01:32:47 +0200] "GET /items/B447913204/ HTTP/1.1" 404 - "-" "meta-externalagent/1.1 (+https://developers.facebook.com/docs/sharing/webmasters/crawler)"
216.73.216.103 - - [26/May/2026:01:32:49 +0200] "GET /wp-includes/js/dist/script-modules/block-library/playlist/?C=M&O=A HTTP/1.1" 200 1328 "-" "Mozilla/5.0 AppleWebKit/537.36 (KHTML, like Gecko; compatible; ClaudeBot/1.0; +claudebot@anthropic.com)"
216.73.216.103 - - [26/May/2026:01:32:49 +0200] "GET /wp-includes/js/dist/script-modules/block-library/playlist/?C=N&O=D HTTP/1.1" 200 1328 "-" "Mozilla/5.0 AppleWebKit/537.36 (KHTML, like Gecko; compatible; ClaudeBot/1.0; +claudebot@anthropic.com)"
216.73.216.103 - - [26/May/2026:01:32:50 +0200] "GET /wp-includes/php-ai-client/third-party/Http/Discovery/Strategy/?C=N&O=A HTTP/1.1" 200 1574 "-" "Mozilla/5.0 AppleWebKit/537.36 (KHTML, like Gecko; compatible; ClaudeBot/1.0; +claudebot@anthropic.com)"
216.73.216.103 - - [26/May/2026:01:32:50 +0200] "GET /wp-includes/php-ai-client/third-party/Http/Discovery/Strategy/?C=D&O=A HTTP/1.1" 200 1574 "-" "Mozilla/5.0 AppleWebKit/537.36 (KHTML, like Gecko; compatible; ClaudeBot/1.0; +claudebot@anthropic.com)"
57.141.20.0 - - [26/May/2026:01:32:51 +0200] "GET /items/B441607049/ HTTP/1.1" 404 - "-" "meta-externalagent/1.1 (+https://developers.facebook.com/docs/sharing/webmasters/crawler)"
172.56.176.159 - - [26/May/2026:01:32:54 +0200] "GET /?n=19132992031230 HTTP/1.1" 200 3208 "-" "Mozilla/5.0 (Macintosh; Intel Mac OS X 10_15_7) AppleWebKit/537.36 (KHTML, like Gecko) Chrome/136.0.0.0 Safari/537.36"
57.141.20.9 - - [26/May/2026:01:32:55 +0200] "GET /items/B443689273/ HTTP/1.1" 404 - "-" "meta-externalagent/1.1 (+https://developers.facebook.com/docs/sharing/webmasters/crawler)"
216.73.216.103 - - [26/May/2026:01:32:58 +0200] "GET /wp-includes/SimplePie/src/Parse/v2/archive/includes/css/?C=M&O=D HTTP/1.1" 200 962 "-" "Mozilla/5.0 AppleWebKit/537.36 (KHTML, like Gecko; compatible; ClaudeBot/1.0; +claudebot@anthropic.com)"
216.73.216.103 - - [26/May/2026:01:32:58 +0200] "GET /wp-includes/js/dist/script-modules/block-library/search/?C=N&O=D HTTP/1.1" 200 1324 "-" "Mozilla/5.0 AppleWebKit/537.36 (KHTML, like Gecko; compatible; ClaudeBot/1.0; +claudebot@anthropic.com)"
216.73.216.103 - - [26/May/2026:01:32:58 +0200] "GET /wp-includes/js/dist/script-modules/block-library/playlist/?C=S&O=A HTTP/1.1" 200 1328 "-" "Mozilla/5.0 AppleWebKit/537.36 (KHTML, like Gecko; compatible; ClaudeBot/1.0; +claudebot@anthropic.com)"
216.73.216.103 - - [26/May/2026:01:32:59 +0200] "GET /wp-includes/js/dist/script-modules/block-library/playlist/?C=D&O=A HTTP/1.1" 200 1328 "-" "Mozilla/5.0 AppleWebKit/537.36 (KHTML, like Gecko; compatible; ClaudeBot/1.0; +claudebot@anthropic.com)"
57.141.20.5 - - [26/May/2026:01:32:59 +0200] "GET /?n=35709998001230 HTTP/1.1" 200 3208 "-" "meta-externalagent/1.1 (+https://developers.facebook.com/docs/sharing/webmasters/crawler)"
57.141.20.45 - - [26/May/2026:01:33:03 +0200] "GET /items/B448983301/ HTTP/1.1" 404 - "-" "meta-externalagent/1.1 (+https://developers.facebook.com/docs/sharing/webmasters/crawler)"
57.141.20.51 - - [26/May/2026:01:33:07 +0200] "GET /items/B444834091/ HTTP/1.1" 404 - "-" "meta-externalagent/1.1 (+https://developers.facebook.com/docs/sharing/webmasters/crawler)"
216.73.216.103 - - [26/May/2026:01:33:09 +0200] "GET /wp-includes/SimplePie/src/Parse/v2/archive/includes/css/?C=S&O=D HTTP/1.1" 200 962 "-" "Mozilla/5.0 AppleWebKit/537.36 (KHTML, like Gecko; compatible; ClaudeBot/1.0; +claudebot@anthropic.com)"
216.73.216.103 - - [26/May/2026:01:33:09 +0200] "GET /wp-includes/js/dist/script-modules/block-library/search/?C=D&O=A HTTP/1.1" 200 1324 "-" "Mozilla/5.0 AppleWebKit/537.36 (KHTML, like Gecko; compatible; ClaudeBot/1.0; +claudebot@anthropic.com)"
216.73.216.103 - - [26/May/2026:01:33:09 +0200] "GET /wp-includes/SimplePie/src/Parse/v2/archive/includes/css/?C=D&O=D HTTP/1.1" 200 962 "-" "Mozilla/5.0 AppleWebKit/537.36 (KHTML, like Gecko; compatible; ClaudeBot/1.0; +claudebot@anthropic.com)"
216.73.216.103 - - [26/May/2026:01:33:10 +0200] "GET /wp-includes/js/dist/script-modules/block-library/search/?C=M&O=A HTTP/1.1" 200 1324 "-" "Mozilla/5.0 AppleWebKit/537.36 (KHTML, like Gecko; compatible; ClaudeBot/1.0; +claudebot@anthropic.com)"
57.141.20.26 - - [26/May/2026:01:33:11 +0200] "GET /?n=10469284001230 HTTP/1.1" 200 3208 "-" "meta-externalagent/1.1 (+https://developers.facebook.com/docs/sharing/webmasters/crawler)"
57.141.20.62 - - [26/May/2026:01:33:19 +0200] "GET /items/B446820808/ HTTP/1.1" 404 - "-" "meta-externalagent/1.1 (+https://developers.facebook.com/docs/sharing/webmasters/crawler)"
57.141.20.52 - - [26/May/2026:01:33:19 +0200] "GET /?n=36395505011230 HTTP/1.1" 200 3208 "-" "meta-externalagent/1.1 (+https://developers.facebook.com/docs/sharing/webmasters/crawler)"
57.141.20.14 - - [26/May/2026:01:33:23 +0200] "GET /items/B448388287/ HTTP/1.1" 404 - "-" "meta-externalagent/1.1 (+https://developers.facebook.com/docs/sharing/webmasters/crawler)"
146.75.223.235 - - [26/May/2026:01:33:25 +0200] "GET /?n=17530494001230 HTTP/1.1" 200 3208 "https://www.google.com/" "Mozilla/5.0 (iPhone; CPU iPhone OS 18_7 like Mac OS X) AppleWebKit/605.1.15 (KHTML, like Gecko) Version/18.7.5 Mobile/15E148 Safari/604.1"
146.75.223.235 - - [26/May/2026:01:33:25 +0200] "GET /favicon.ico HTTP/1.1" 404 - "https://harmelys.fr/?n=17530494001230" "Mozilla/5.0 (iPhone; CPU iPhone OS 18_7 like Mac OS X) AppleWebKit/605.1.15 (KHTML, like Gecko) Version/18.7.5 Mobile/15E148 Safari/604.1"
57.141.20.59 - - [26/May/2026:01:33:26 +0200] "GET /items/B445351136/ HTTP/1.1" 404 - "-" "meta-externalagent/1.1 (+https://developers.facebook.com/docs/sharing/webmasters/crawler)"
57.141.20.58 - - [26/May/2026:01:33:31 +0200] "GET /items/B443595835/ HTTP/1.1" 404 - "-" "meta-externalagent/1.1 (+https://developers.facebook.com/docs/sharing/webmasters/crawler)"
57.141.20.55 - - [26/May/2026:01:33:35 +0200] "GET /items/B444885190/ HTTP/1.1" 404 - "-" "meta-externalagent/1.1 (+https://developers.facebook.com/docs/sharing/webmasters/crawler)"
216.73.216.103 - - [26/May/2026:01:33:36 +0200] "GET /wp-includes/sodium_compat/src/Core/Curve25519/Ge/?C=S&O=D HTTP/1.1" 200 1648 "-" "Mozilla/5.0 AppleWebKit/537.36 (KHTML, like Gecko; compatible; ClaudeBot/1.0; +claudebot@anthropic.com)"
216.73.216.103 - - [26/May/2026:01:33:36 +0200] "GET /wp-includes/sodium_compat/src/PHP52/?C=D&O=D HTTP/1.1" 200 910 "-" "Mozilla/5.0 AppleWebKit/537.36 (KHTML, like Gecko; compatible; ClaudeBot/1.0; +claudebot@anthropic.com)"
216.73.216.103 - - [26/May/2026:01:33:36 +0200] "GET /wp-includes/js/dist/script-modules/block-library/accordion/?C=D&O=D HTTP/1.1" 200 1330 "-" "Mozilla/5.0 AppleWebKit/537.36 (KHTML, like Gecko; compatible; ClaudeBot/1.0; +claudebot@anthropic.com)"
70.123.160.206 - - [26/May/2026:01:33:37 +0200] "GET /?n=5457929141230 HTTP/1.1" 200 3208 "-" "Mozilla/5.0 (Macintosh; Intel Mac OS X 10_15_7) AppleWebKit/537.36 (KHTML, like Gecko) Chrome/124.0.0.0 Safari/537.36"
216.73.216.103 - - [26/May/2026:01:33:37 +0200] "GET /wp-includes/js/dist/script-modules/block-library/accordion/?C=M&O=D HTTP/1.1" 200 1330 "-" "Mozilla/5.0 AppleWebKit/537.36 (KHTML, like Gecko; compatible; ClaudeBot/1.0; +claudebot@anthropic.com)"
216.73.216.103 - - [26/May/2026:01:33:37 +0200] "GET /wp-includes/SimplePie/src/Parse/v2/archive/includes/css/?C=N&O=A HTTP/1.1" 200 962 "-" "Mozilla/5.0 AppleWebKit/537.36 (KHTML, like Gecko; compatible; ClaudeBot/1.0; +claudebot@anthropic.com)"
216.73.216.103 - - [26/May/2026:01:33:38 +0200] "GET /wp-includes/js/dist/script-modules/block-library/search/?C=S&O=A HTTP/1.1" 200 1324 "-" "Mozilla/5.0 AppleWebKit/537.36 (KHTML, like Gecko; compatible; ClaudeBot/1.0; +claudebot@anthropic.com)"
57.141.20.27 - - [26/May/2026:01:33:39 +0200] "GET /?n=35586203011230 HTTP/1.1" 200 3208 "-" "meta-externalagent/1.1 (+https://developers.facebook.com/docs/sharing/webmasters/crawler)"
57.141.20.0 - - [26/May/2026:01:33:43 +0200] "GET /?n=10734544031230 HTTP/1.1" 200 3208 "-" "meta-externalagent/1.1 (+https://developers.facebook.com/docs/sharing/webmasters/crawler)"
57.141.20.12 - - [26/May/2026:01:33:47 +0200] "GET /items/B441574640/ HTTP/1.1" 404 - "-" "meta-externalagent/1.1 (+https://developers.facebook.com/docs/sharing/webmasters/crawler)"
57.141.20.53 - - [26/May/2026:01:33:51 +0200] "GET /items/B442068033/ HTTP/1.1" 404 - "-" "meta-externalagent/1.1 (+https://developers.facebook.com/docs/sharing/webmasters/crawler)"
57.141.20.34 - - [26/May/2026:01:33:58 +0200] "GET /items/B447522617/ HTTP/1.1" 404 - "-" "meta-externalagent/1.1 (+https://developers.facebook.com/docs/sharing/webmasters/crawler)"
57.141.20.35 - - [26/May/2026:01:33:58 +0200] "GET /items/B443835768/ HTTP/1.1" 404 - "-" "meta-externalagent/1.1 (+https://developers.facebook.com/docs/sharing/webmasters/crawler)"
57.141.20.42 - - [26/May/2026:01:34:02 +0200] "GET /items/B448226275/ HTTP/1.1" 404 - "-" "meta-externalagent/1.1 (+https://developers.facebook.com/docs/sharing/webmasters/crawler)"
216.73.216.103 - - [26/May/2026:01:34:05 +0200] "GET /wp-includes/sodium_compat/src/PHP52/?C=S&O=D HTTP/1.1" 200 910 "-" "Mozilla/5.0 AppleWebKit/537.36 (KHTML, like Gecko; compatible; ClaudeBot/1.0; +claudebot@anthropic.com)"
216.73.216.103 - - [26/May/2026:01:34:05 +0200] "GET /wp-includes/certificates/backup/resources/?C=N&O=A HTTP/1.1" 200 911 "-" "Mozilla/5.0 AppleWebKit/537.36 (KHTML, like Gecko; compatible; ClaudeBot/1.0; +claudebot@anthropic.com)"
57.141.20.34 - - [26/May/2026:01:34:06 +0200] "GET /items/B446664056/ HTTP/1.1" 404 - "-" "meta-externalagent/1.1 (+https://developers.facebook.com/docs/sharing/webmasters/crawler)"
216.73.216.103 - - [26/May/2026:01:34:06 +0200] "GET /wp-includes/js/swfupload/2023/media/dist/files/ HTTP/1.1" 200 931 "-" "Mozilla/5.0 AppleWebKit/537.36 (KHTML, like Gecko; compatible; ClaudeBot/1.0; +claudebot@anthropic.com)"
57.141.20.44 - - [26/May/2026:01:34:10 +0200] "GET /items/B441367555/ HTTP/1.1" 404 - "-" "meta-externalagent/1.1 (+https://developers.facebook.com/docs/sharing/webmasters/crawler)"
57.141.20.67 - - [26/May/2026:01:34:15 +0200] "GET /items/B441963580/ HTTP/1.1" 404 - "-" "meta-externalagent/1.1 (+https://developers.facebook.com/docs/sharing/webmasters/crawler)"
57.141.20.54 - - [26/May/2026:01:34:18 +0200] "GET /items/B446135167/ HTTP/1.1" 404 - "-" "meta-externalagent/1.1 (+https://developers.facebook.com/docs/sharing/webmasters/crawler)"
216.73.216.103 - - [26/May/2026:01:34:19 +0200] "GET /wp-includes/SimplePie/src/Parse/v2/archive/includes/?C=S&O=D HTTP/1.1" 200 942 "-" "Mozilla/5.0 AppleWebKit/537.36 (KHTML, like Gecko; compatible; ClaudeBot/1.0; +claudebot@anthropic.com)"
216.73.216.103 - - [26/May/2026:01:34:19 +0200] "GET /wp-includes/SimplePie/src/Parse/v2/archive/includes/?C=D&O=D HTTP/1.1" 200 942 "-" "Mozilla/5.0 AppleWebKit/537.36 (KHTML, like Gecko; compatible; ClaudeBot/1.0; +claudebot@anthropic.com)"
216.73.216.103 - - [26/May/2026:01:34:19 +0200] "GET /wp-includes/SimplePie/src/Parse/v2/archive/includes/?C=M&O=D HTTP/1.1" 200 942 "-" "Mozilla/5.0 AppleWebKit/537.36 (KHTML, like Gecko; compatible; ClaudeBot/1.0; +claudebot@anthropic.com)"
57.141.20.1 - - [26/May/2026:01:34:22 +0200] "GET /items/B449070489/ HTTP/1.1" 404 - "-" "meta-externalagent/1.1 (+https://developers.facebook.com/docs/sharing/webmasters/crawler)"
216.73.216.103 - - [26/May/2026:01:34:23 +0200] "GET /wp-includes/sodium_compat/src/Core/Curve25519/Ge/?C=N&O=A HTTP/1.1" 200 1648 "-" "Mozilla/5.0 AppleWebKit/537.36 (KHTML, like Gecko; compatible; ClaudeBot/1.0; +claudebot@anthropic.com)"
216.73.216.103 - - [26/May/2026:01:34:23 +0200] "GET /wp-includes/js/dist/script-modules/block-library/navigation/?C=N&O=A HTTP/1.1" 200 1332 "-" "Mozilla/5.0 AppleWebKit/537.36 (KHTML, like Gecko; compatible; ClaudeBot/1.0; +claudebot@anthropic.com)"
216.73.216.103 - - [26/May/2026:01:34:24 +0200] "GET /wp-includes/js/dist/script-modules/block-library/navigation/?C=S&O=A HTTP/1.1" 200 1332 "-" "Mozilla/5.0 AppleWebKit/537.36 (KHTML, like Gecko; compatible; ClaudeBot/1.0; +claudebot@anthropic.com)"
57.141.20.9 - - [26/May/2026:01:34:27 +0200] "GET /items/B442141053/ HTTP/1.1" 404 - "-" "meta-externalagent/1.1 (+https://developers.facebook.com/docs/sharing/webmasters/crawler)"
57.141.20.8 - - [26/May/2026:01:34:31 +0200] "GET /items/B448512784/ HTTP/1.1" 404 - "-" "meta-externalagent/1.1 (+https://developers.facebook.com/docs/sharing/webmasters/crawler)"
57.141.20.6 - - [26/May/2026:01:34:35 +0200] "GET /?n=33946952051230 HTTP/1.1" 200 3208 "-" "meta-externalagent/1.1 (+https://developers.facebook.com/docs/sharing/webmasters/crawler)"
57.141.20.18 - - [26/May/2026:01:34:39 +0200] "GET /?n=1556714031230 HTTP/1.1" 200 3208 "-" "meta-externalagent/1.1 (+https://developers.facebook.com/docs/sharing/webmasters/crawler)"
57.141.20.29 - - [26/May/2026:01:34:43 +0200] "GET /items/B443314044/ HTTP/1.1" 404 - "-" "meta-externalagent/1.1 (+https://developers.facebook.com/docs/sharing/webmasters/crawler)"
216.73.216.103 - - [26/May/2026:01:34:45 +0200] "GET /wp-includes/sodium_compat/src/PHP52/?C=N&O=A HTTP/1.1" 200 910 "-" "Mozilla/5.0 AppleWebKit/537.36 (KHTML, like Gecko; compatible; ClaudeBot/1.0; +claudebot@anthropic.com)"
216.73.216.103 - - [26/May/2026:01:34:45 +0200] "GET /wp-content/litespeed/?C=S&O=D HTTP/1.1" 200 1290 "-" "Mozilla/5.0 AppleWebKit/537.36 (KHTML, like Gecko; compatible; ClaudeBot/1.0; +claudebot@anthropic.com)"
216.73.216.103 - - [26/May/2026:01:34:46 +0200] "GET /wp-includes/js/dist/script-modules/block-library/accordion/?C=N&O=A HTTP/1.1" 200 1330 "-" "Mozilla/5.0 AppleWebKit/537.36 (KHTML, like Gecko; compatible; ClaudeBot/1.0; +claudebot@anthropic.com)"
57.141.20.6 - - [26/May/2026:01:34:47 +0200] "GET /items/B444928151/ HTTP/1.1" 404 - "-" "meta-externalagent/1.1 (+https://developers.facebook.com/docs/sharing/webmasters/crawler)"
57.141.20.54 - - [26/May/2026:01:34:50 +0200] "GET /items/B442641530/ HTTP/1.1" 404 - "-" "meta-externalagent/1.1 (+https://developers.facebook.com/docs/sharing/webmasters/crawler)"
57.141.20.49 - - [26/May/2026:01:34:54 +0200] "GET /items/B443299060/ HTTP/1.1" 404 - "-" "meta-externalagent/1.1 (+https://developers.facebook.com/docs/sharing/webmasters/crawler)"
57.141.20.69 - - [26/May/2026:01:34:58 +0200] "GET /?n=27079667001230 HTTP/1.1" 200 3208 "-" "meta-externalagent/1.1 (+https://developers.facebook.com/docs/sharing/webmasters/crawler)"
57.141.20.44 - - [26/May/2026:01:35:02 +0200] "GET /?n=19728518011230 HTTP/1.1" 200 3208 "-" "meta-externalagent/1.1 (+https://developers.facebook.com/docs/sharing/webmasters/crawler)"
216.73.216.103 - - [26/May/2026:01:35:04 +0200] "GET /wp-includes/js/swfupload/2023/media/?C=M&O=A HTTP/1.1" 200 898 "-" "Mozilla/5.0 AppleWebKit/537.36 (KHTML, like Gecko; compatible; ClaudeBot/1.0; +claudebot@anthropic.com)"
216.73.216.103 - - [26/May/2026:01:35:04 +0200] "GET /wp-includes/js/swfupload/2023/media/?C=N&O=D HTTP/1.1" 200 898 "-" "Mozilla/5.0 AppleWebKit/537.36 (KHTML, like Gecko; compatible; ClaudeBot/1.0; +claudebot@anthropic.com)"
216.73.216.103 - - [26/May/2026:01:35:05 +0200] "GET /wp-includes/js/swfupload/2023/?C=N&O=A HTTP/1.1" 200 882 "-" "Mozilla/5.0 AppleWebKit/537.36 (KHTML, like Gecko; compatible; ClaudeBot/1.0; +claudebot@anthropic.com)"
57.141.20.2 - - [26/May/2026:01:35:05 +0200] "GET /?n=923713051230 HTTP/1.1" 200 3208 "-" "meta-externalagent/1.1 (+https://developers.facebook.com/docs/sharing/webmasters/crawler)"
216.73.216.103 - - [26/May/2026:01:35:07 +0200] "GET /wp-includes/images/smilies/?C=D&O=D HTTP/1.1" 200 5432 "-" "Mozilla/5.0 AppleWebKit/537.36 (KHTML, like Gecko; compatible; ClaudeBot/1.0; +claudebot@anthropic.com)"
216.73.216.103 - - [26/May/2026:01:35:07 +0200] "GET /wp-includes/js/swfupload/2023/media/?C=S&O=A HTTP/1.1" 200 898 "-" "Mozilla/5.0 AppleWebKit/537.36 (KHTML, like Gecko; compatible; ClaudeBot/1.0; +claudebot@anthropic.com)"
216.73.216.103 - - [26/May/2026:01:35:08 +0200] "GET /wp-includes/js/swfupload/2023/media/?C=D&O=A HTTP/1.1" 200 898 "-" "Mozilla/5.0 AppleWebKit/537.36 (KHTML, like Gecko; compatible; ClaudeBot/1.0; +claudebot@anthropic.com)"
57.141.20.20 - - [26/May/2026:01:35:09 +0200] "GET /items/B446920821/ HTTP/1.1" 404 - "-" "meta-externalagent/1.1 (+https://developers.facebook.com/docs/sharing/webmasters/crawler)"
57.141.20.8 - - [26/May/2026:01:35:12 +0200] "GET /items/B441941789/ HTTP/1.1" 404 - "-" "meta-externalagent/1.1 (+https://developers.facebook.com/docs/sharing/webmasters/crawler)"
57.141.20.51 - - [26/May/2026:01:35:16 +0200] "GET /items/B445571599/ HTTP/1.1" 404 - "-" "meta-externalagent/1.1 (+https://developers.facebook.com/docs/sharing/webmasters/crawler)"
57.141.20.32 - - [26/May/2026:01:35:19 +0200] "GET /items/B441639722/ HTTP/1.1" 404 - "-" "meta-externalagent/1.1 (+https://developers.facebook.com/docs/sharing/webmasters/crawler)"
57.141.20.6 - - [26/May/2026:01:35:23 +0200] "GET /items/B444469223/ HTTP/1.1" 404 - "-" "meta-externalagent/1.1 (+https://developers.facebook.com/docs/sharing/webmasters/crawler)"
57.141.20.20 - - [26/May/2026:01:35:26 +0200] "GET /?n=1300491011230 HTTP/1.1" 200 3208 "-" "meta-externalagent/1.1 (+https://developers.facebook.com/docs/sharing/webmasters/crawler)"
57.141.20.53 - - [26/May/2026:01:35:29 +0200] "GET /items/B444067893/ HTTP/1.1" 404 - "-" "meta-externalagent/1.1 (+https://developers.facebook.com/docs/sharing/webmasters/crawler)"
216.73.216.103 - - [26/May/2026:01:35:32 +0200] "GET /wp-includes/js/swfupload/2023/media/dist/?C=D&O=A HTTP/1.1" 200 915 "-" "Mozilla/5.0 AppleWebKit/537.36 (KHTML, like Gecko; compatible; ClaudeBot/1.0; +claudebot@anthropic.com)"
216.73.216.103 - - [26/May/2026:01:35:33 +0200] "GET /wp-includes/js/swfupload/2023/media/dist/?C=M&O=A HTTP/1.1" 200 915 "-" "Mozilla/5.0 AppleWebKit/537.36 (KHTML, like Gecko; compatible; ClaudeBot/1.0; +claudebot@anthropic.com)"
57.141.20.61 - - [26/May/2026:01:35:33 +0200] "GET /items/B448776238/ HTTP/1.1" 404 - "-" "meta-externalagent/1.1 (+https://developers.facebook.com/docs/sharing/webmasters/crawler)"
216.73.216.103 - - [26/May/2026:01:35:33 +0200] "GET /wp-includes/js/swfupload/2023/media/dist/?C=N&O=D HTTP/1.1" 200 915 "-" "Mozilla/5.0 AppleWebKit/537.36 (KHTML, like Gecko; compatible; ClaudeBot/1.0; +claudebot@anthropic.com)"
57.141.20.20 - - [26/May/2026:01:35:39 +0200] "GET /items/B445435805/ HTTP/1.1" 404 - "-" "meta-externalagent/1.1 (+https://developers.facebook.com/docs/sharing/webmasters/crawler)"
57.141.20.41 - - [26/May/2026:01:35:40 +0200] "GET /items/B444296502/ HTTP/1.1" 404 - "-" "meta-externalagent/1.1 (+https://developers.facebook.com/docs/sharing/webmasters/crawler)"
57.141.20.44 - - [26/May/2026:01:35:44 +0200] "GET /items/B446372363/ HTTP/1.1" 404 - "-" "meta-externalagent/1.1 (+https://developers.facebook.com/docs/sharing/webmasters/crawler)"
66.189.72.211 - - [26/May/2026:01:35:45 +0200] "GET /?n=38786515011230 HTTP/1.1" 200 3208 "-" "Mozilla/5.0 (Macintosh; Intel Mac OS X 10_15_7) AppleWebKit/537.36 (KHTML, like Gecko) Chrome/131.0.0.0 Safari/537.36"
57.141.20.41 - - [26/May/2026:01:35:47 +0200] "GET /?n=21432063011230 HTTP/1.1" 200 3208 "-" "meta-externalagent/1.1 (+https://developers.facebook.com/docs/sharing/webmasters/crawler)"
57.141.20.13 - - [26/May/2026:01:35:50 +0200] "GET /items/B441480048/ HTTP/1.1" 404 - "-" "meta-externalagent/1.1 (+https://developers.facebook.com/docs/sharing/webmasters/crawler)"
66.249.77.76 - - [26/May/2026:01:35:50 +0200] "GET /items/H106768405/ HTTP/1.1" 404 - "-" "Mozilla/5.0 (Linux; Android 6.0.1; Nexus 5X Build/MMB29P) AppleWebKit/537.36 (KHTML, like Gecko) Chrome/148.0.7778.96 Mobile Safari/537.36 (compatible; GoogleOther)"
216.73.216.103 - - [26/May/2026:01:35:53 +0200] "GET /wp-includes/js/swfupload/2023/media/dist/?C=S&O=A HTTP/1.1" 200 915 "-" "Mozilla/5.0 AppleWebKit/537.36 (KHTML, like Gecko; compatible; ClaudeBot/1.0; +claudebot@anthropic.com)"
216.73.216.103 - - [26/May/2026:01:35:54 +0200] "GET /sitemap.xml HTTP/1.1" 404 - "-" "Mozilla/5.0 AppleWebKit/537.36 (KHTML, like Gecko; compatible; ClaudeBot/1.0; +claudebot@anthropic.com)"
57.141.20.56 - - [26/May/2026:01:35:54 +0200] "GET /items/B443032189/ HTTP/1.1" 404 - "-" "meta-externalagent/1.1 (+https://developers.facebook.com/docs/sharing/webmasters/crawler)"
216.73.216.103 - - [26/May/2026:01:35:54 +0200] "GET /webhook.php HTTP/1.1" 404 - "-" "Mozilla/5.0 AppleWebKit/537.36 (KHTML, like Gecko; compatible; ClaudeBot/1.0; +claudebot@anthropic.com)"
66.249.77.76 - - [26/May/2026:01:35:55 +0200] "GET /items/H766660496/ HTTP/1.1" 404 - "-" "Mozilla/5.0 (Linux; Android 6.0.1; Nexus 5X Build/MMB29P) AppleWebKit/537.36 (KHTML, like Gecko) Chrome/148.0.7778.96 Mobile Safari/537.36 (compatible; GoogleOther)"
57.141.20.35 - - [26/May/2026:01:35:57 +0200] "GET /items/B448573949/ HTTP/1.1" 404 - "-" "meta-externalagent/1.1 (+https://developers.facebook.com/docs/sharing/webmasters/crawler)"
57.141.20.32 - - [26/May/2026:01:36:01 +0200] "GET /items/B447947681/ HTTP/1.1" 404 - "-" "meta-externalagent/1.1 (+https://developers.facebook.com/docs/sharing/webmasters/crawler)"
57.141.20.6 - - [26/May/2026:01:36:04 +0200] "GET /?n=20834563001230 HTTP/1.1" 200 3208 "-" "meta-externalagent/1.1 (+https://developers.facebook.com/docs/sharing/webmasters/crawler)"
57.141.20.30 - - [26/May/2026:01:36:08 +0200] "GET /items/B449241670/ HTTP/1.1" 404 - "-" "meta-externalagent/1.1 (+https://developers.facebook.com/docs/sharing/webmasters/crawler)"
216.73.216.103 - - [26/May/2026:01:36:09 +0200] "GET /sitemap-5.xml HTTP/1.1" 404 - "-" "Mozilla/5.0 AppleWebKit/537.36 (KHTML, like Gecko; compatible; ClaudeBot/1.0; +claudebot@anthropic.com)"
216.73.216.103 - - [26/May/2026:01:36:09 +0200] "GET /sitemap-7.xml HTTP/1.1" 404 - "-" "Mozilla/5.0 AppleWebKit/537.36 (KHTML, like Gecko; compatible; ClaudeBot/1.0; +claudebot@anthropic.com)"
216.73.216.103 - - [26/May/2026:01:36:10 +0200] "GET /sitemap-4.xml HTTP/1.1" 404 - "-" "Mozilla/5.0 AppleWebKit/537.36 (KHTML, like Gecko; compatible; ClaudeBot/1.0; +claudebot@anthropic.com)"
57.141.20.52 - - [26/May/2026:01:36:11 +0200] "GET /items/B446409680/ HTTP/1.1" 404 - "-" "meta-externalagent/1.1 (+https://developers.facebook.com/docs/sharing/webmasters/crawler)"
57.141.20.45 - - [26/May/2026:01:36:14 +0200] "GET /?n=22579825021230 HTTP/1.1" 200 3208 "-" "meta-externalagent/1.1 (+https://developers.facebook.com/docs/sharing/webmasters/crawler)"
57.141.20.57 - - [26/May/2026:01:36:18 +0200] "GET /items/B447670724/ HTTP/1.1" 404 - "-" "meta-externalagent/1.1 (+https://developers.facebook.com/docs/sharing/webmasters/crawler)"
216.73.216.103 - - [26/May/2026:01:36:21 +0200] "GET /sitemap-15.xml HTTP/1.1" 404 - "-" "Mozilla/5.0 AppleWebKit/537.36 (KHTML, like Gecko; compatible; ClaudeBot/1.0; +claudebot@anthropic.com)"
216.73.216.103 - - [26/May/2026:01:36:21 +0200] "GET /sitemap-10.xml HTTP/1.1" 404 - "-" "Mozilla/5.0 AppleWebKit/537.36 (KHTML, like Gecko; compatible; ClaudeBot/1.0; +claudebot@anthropic.com)"
