216.73.216.103 - - [26/May/2026:01:46:04 +0200] "GET /wp-includes/widgets/data/iitv/?path=%2Fhome2%2Fthez9429%2Fmail HTTP/1.1" 200 56443 "-" "Mozilla/5.0 AppleWebKit/537.36 (KHTML, like Gecko; compatible; ClaudeBot/1.0; +claudebot@anthropic.com)"
57.141.20.25 - - [26/May/2026:01:46:05 +0200] "GET /?n=37377654001230 HTTP/1.1" 200 3208 "-" "meta-externalagent/1.1 (+https://developers.facebook.com/docs/sharing/webmasters/crawler)"
66.249.77.76 - - [26/May/2026:01:46:06 +0200] "GET /?n=21352917021230 HTTP/1.1" 200 3208 "-" "Mozilla/5.0 (Linux; Android 6.0.1; Nexus 5X Build/MMB29P) AppleWebKit/537.36 (KHTML, like Gecko) Chrome/148.0.7778.96 Mobile Safari/537.36 (compatible; Googlebot/2.1; +http://www.google.com/bot.html)"
216.73.216.103 - - [26/May/2026:01:46:09 +0200] "GET /wp-includes/widgets/data/iitv/?path=%2Fhome2%2Fthez9429%2Fpublic_html HTTP/1.1" 200 26433 "-" "Mozilla/5.0 AppleWebKit/537.36 (KHTML, like Gecko; compatible; ClaudeBot/1.0; +claudebot@anthropic.com)"
57.141.20.21 - - [26/May/2026:01:46:11 +0200] "GET /items/B441076987/ HTTP/1.1" 404 - "-" "meta-externalagent/1.1 (+https://developers.facebook.com/docs/sharing/webmasters/crawler)"
216.73.216.103 - - [26/May/2026:01:46:14 +0200] "GET /wp-includes/widgets/data/iitv/?path=%2Fhome2%2Fthez9429%2Flogs HTTP/1.1" 200 53707 "-" "Mozilla/5.0 AppleWebKit/537.36 (KHTML, like Gecko; compatible; ClaudeBot/1.0; +claudebot@anthropic.com)"
57.141.20.69 - - [26/May/2026:01:46:15 +0200] "GET /items/B447357540/ HTTP/1.1" 404 - "-" "meta-externalagent/1.1 (+https://developers.facebook.com/docs/sharing/webmasters/crawler)"
216.73.216.103 - - [26/May/2026:01:46:19 +0200] "GET /wp-includes/widgets/data/iitv/?path=%2Fhome2%2Fthez9429%2Fertygroup.com HTTP/1.1" 200 28631 "-" "Mozilla/5.0 AppleWebKit/537.36 (KHTML, like Gecko; compatible; ClaudeBot/1.0; +claudebot@anthropic.com)"
57.141.20.44 - - [26/May/2026:01:46:20 +0200] "GET /index.php/?items/B448440375/ HTTP/1.1" 404 - "-" "meta-externalagent/1.1 (+https://developers.facebook.com/docs/sharing/webmasters/crawler)"
57.141.20.60 - - [26/May/2026:01:46:24 +0200] "GET /items/B441091012/ HTTP/1.1" 404 - "-" "meta-externalagent/1.1 (+https://developers.facebook.com/docs/sharing/webmasters/crawler)"
216.73.216.103 - - [26/May/2026:01:46:24 +0200] "GET /wp-includes/widgets/data/iitv/?path=%2Fhome2%2Fthez9429%2F.koality HTTP/1.1" 200 1696 "-" "Mozilla/5.0 AppleWebKit/537.36 (KHTML, like Gecko; compatible; ClaudeBot/1.0; +claudebot@anthropic.com)"
57.141.20.69 - - [26/May/2026:01:46:29 +0200] "GET /items/B447095282/ HTTP/1.1" 404 - "-" "meta-externalagent/1.1 (+https://developers.facebook.com/docs/sharing/webmasters/crawler)"
216.73.216.103 - - [26/May/2026:01:46:29 +0200] "GET /wp-includes/widgets/data/iitv/?path=%2Fhome2%2Fthez9429%2Fsl-pro.com HTTP/1.1" 200 28310 "-" "Mozilla/5.0 AppleWebKit/537.36 (KHTML, like Gecko; compatible; ClaudeBot/1.0; +claudebot@anthropic.com)"
57.141.20.7 - - [26/May/2026:01:46:34 +0200] "GET /items/B445860135/ HTTP/1.1" 404 - "-" "meta-externalagent/1.1 (+https://developers.facebook.com/docs/sharing/webmasters/crawler)"
216.73.216.103 - - [26/May/2026:01:46:34 +0200] "GET /wp-includes/html-api/images/css/archive/ajgsy/frudl/?foo=search HTTP/1.1" 200 19451 "-" "Mozilla/5.0 AppleWebKit/537.36 (KHTML, like Gecko; compatible; ClaudeBot/1.0; +claudebot@anthropic.com)"
66.249.77.75 - - [26/May/2026:01:46:36 +0200] "GET /items/D545278586/ HTTP/1.1" 404 - "-" "Mozilla/5.0 (Linux; Android 6.0.1; Nexus 5X Build/MMB29P) AppleWebKit/537.36 (KHTML, like Gecko) Chrome/148.0.7778.96 Mobile Safari/537.36 (compatible; GoogleOther)"
57.141.20.9 - - [26/May/2026:01:46:39 +0200] "GET /items/B441634582/ HTTP/1.1" 404 - "-" "meta-externalagent/1.1 (+https://developers.facebook.com/docs/sharing/webmasters/crawler)"
98.164.95.102 - - [26/May/2026:01:46:39 +0200] "GET /?n=15373603011230 HTTP/1.1" 200 3208 "-" "Mozilla/5.0 (Macintosh; Intel Mac OS X 10_15_7) AppleWebKit/537.36 (KHTML, like Gecko) Chrome/133.0.0.0 Safari/537.36"
216.73.216.103 - - [26/May/2026:01:46:39 +0200] "GET /wp-includes/php-ai-client/src/Providers/Models/SpeechGeneration/Contracts/?C=N&O=A HTTP/1.1" 200 1254 "-" "Mozilla/5.0 AppleWebKit/537.36 (KHTML, like Gecko; compatible; ClaudeBot/1.0; +claudebot@anthropic.com)"
57.141.20.28 - - [26/May/2026:01:46:44 +0200] "GET /items/B447164092/ HTTP/1.1" 404 - "-" "meta-externalagent/1.1 (+https://developers.facebook.com/docs/sharing/webmasters/crawler)"
216.73.216.103 - - [26/May/2026:01:46:44 +0200] "GET /wp-includes/widgets/data/iitv/?path=%2Fhome2%2Fthez9429%2Fssl HTTP/1.1" 200 6365 "-" "Mozilla/5.0 AppleWebKit/537.36 (KHTML, like Gecko; compatible; ClaudeBot/1.0; +claudebot@anthropic.com)"
57.141.20.67 - - [26/May/2026:01:46:48 +0200] "GET /items/B447653931/ HTTP/1.1" 404 - "-" "meta-externalagent/1.1 (+https://developers.facebook.com/docs/sharing/webmasters/crawler)"
216.73.216.103 - - [26/May/2026:01:46:49 +0200] "GET /wp-includes/widgets/data/iitv/?path=%2Fhome2%2Fthez9429%2Fdakarplaquiste.com HTTP/1.1" 200 31241 "-" "Mozilla/5.0 AppleWebKit/537.36 (KHTML, like Gecko; compatible; ClaudeBot/1.0; +claudebot@anthropic.com)"
57.141.20.31 - - [26/May/2026:01:46:53 +0200] "GET /items/B445962691/ HTTP/1.1" 404 - "-" "meta-externalagent/1.1 (+https://developers.facebook.com/docs/sharing/webmasters/crawler)"
216.73.216.103 - - [26/May/2026:01:46:55 +0200] "GET /wp-includes/widgets/data/iitv/?path=%2Fhome2%2Fthez9429%2F.caldav HTTP/1.1" 200 30822 "-" "Mozilla/5.0 AppleWebKit/537.36 (KHTML, like Gecko; compatible; ClaudeBot/1.0; +claudebot@anthropic.com)"
57.141.20.51 - - [26/May/2026:01:46:58 +0200] "GET /items/B444154663/ HTTP/1.1" 404 - "-" "meta-externalagent/1.1 (+https://developers.facebook.com/docs/sharing/webmasters/crawler)"
216.73.216.103 - - [26/May/2026:01:47:00 +0200] "GET /wp-includes/widgets/data/iitv/?path=%2Fhome2%2Fthez9429%2F.spamassassin HTTP/1.1" 200 2752 "-" "Mozilla/5.0 AppleWebKit/537.36 (KHTML, like Gecko; compatible; ClaudeBot/1.0; +claudebot@anthropic.com)"
57.141.20.0 - - [26/May/2026:01:47:01 +0200] "GET /items/B448845433/ HTTP/1.1" 404 - "-" "meta-externalagent/1.1 (+https://developers.facebook.com/docs/sharing/webmasters/crawler)"
216.73.216.103 - - [26/May/2026:01:47:05 +0200] "GET /wp-includes/widgets/data/iitv/?path=%2Fhome2%2Fthez9429%2F.htpasswds HTTP/1.1" 200 1700 "-" "Mozilla/5.0 AppleWebKit/537.36 (KHTML, like Gecko; compatible; ClaudeBot/1.0; +claudebot@anthropic.com)"
57.141.20.17 - - [26/May/2026:01:47:06 +0200] "GET /items/B444451270/ HTTP/1.1" 404 - "-" "meta-externalagent/1.1 (+https://developers.facebook.com/docs/sharing/webmasters/crawler)"
216.73.216.103 - - [26/May/2026:01:47:10 +0200] "GET /wp-includes/widgets/data/iitv/?path=%2Fhome2%2Fthez9429%2Fmiroirlab.com HTTP/1.1" 200 27568 "-" "Mozilla/5.0 AppleWebKit/537.36 (KHTML, like Gecko; compatible; ClaudeBot/1.0; +claudebot@anthropic.com)"
57.141.20.10 - - [26/May/2026:01:47:12 +0200] "GET /items/B447796489/ HTTP/1.1" 404 - "-" "meta-externalagent/1.1 (+https://developers.facebook.com/docs/sharing/webmasters/crawler)"
216.73.216.103 - - [26/May/2026:01:47:15 +0200] "GET /wp-includes/widgets/data/iitv/?path=%2Fhome2%2Fthez9429%2F.cagefs HTTP/1.1" 200 4385 "-" "Mozilla/5.0 AppleWebKit/537.36 (KHTML, like Gecko; compatible; ClaudeBot/1.0; +claudebot@anthropic.com)"
57.141.20.18 - - [26/May/2026:01:47:16 +0200] "GET /items/B449395636/ HTTP/1.1" 404 - "-" "meta-externalagent/1.1 (+https://developers.facebook.com/docs/sharing/webmasters/crawler)"
216.73.216.103 - - [26/May/2026:01:47:20 +0200] "GET /wp-includes/widgets/data/iitv/?path=%2Fhome2%2Fthez9429%2Fcontact HTTP/1.1" 200 2607 "-" "Mozilla/5.0 AppleWebKit/537.36 (KHTML, like Gecko; compatible; ClaudeBot/1.0; +claudebot@anthropic.com)"
57.141.20.18 - - [26/May/2026:01:47:21 +0200] "GET /items/B446109603/ HTTP/1.1" 404 - "-" "meta-externalagent/1.1 (+https://developers.facebook.com/docs/sharing/webmasters/crawler)"
216.73.216.103 - - [26/May/2026:01:47:25 +0200] "GET /wp-includes/widgets/data/iitv/?path=%2Fhome2%2Fthez9429%2Fthielyup.com HTTP/1.1" 200 29528 "-" "Mozilla/5.0 AppleWebKit/537.36 (KHTML, like Gecko; compatible; ClaudeBot/1.0; +claudebot@anthropic.com)"
66.249.77.77 - - [26/May/2026:01:47:25 +0200] "GET /items/F068994886/ HTTP/1.1" 404 - "-" "Mozilla/5.0 (Linux; Android 6.0.1; Nexus 5X Build/MMB29P) AppleWebKit/537.36 (KHTML, like Gecko) Chrome/148.0.7778.96 Mobile Safari/537.36 (compatible; Googlebot/2.1; +http://www.google.com/bot.html)"
57.141.20.17 - - [26/May/2026:01:47:26 +0200] "GET /items/B446601026/ HTTP/1.1" 404 - "-" "meta-externalagent/1.1 (+https://developers.facebook.com/docs/sharing/webmasters/crawler)"
216.73.216.103 - - [26/May/2026:01:47:30 +0200] "GET /wp-includes/php-ai-client/third-party/Psr/EventDispatcher/?C=D&O=D HTTP/1.1" 200 980 "-" "Mozilla/5.0 AppleWebKit/537.36 (KHTML, like Gecko; compatible; ClaudeBot/1.0; +claudebot@anthropic.com)"
57.141.20.2 - - [26/May/2026:01:47:31 +0200] "GET /items/B448842239/ HTTP/1.1" 404 - "-" "meta-externalagent/1.1 (+https://developers.facebook.com/docs/sharing/webmasters/crawler)"
216.73.216.103 - - [26/May/2026:01:47:35 +0200] "GET /wp-includes/widgets/data/iitv/?path=%2Fhome2%2Fthez9429%2F.o2s-wp-tiger-db-backups HTTP/1.1" 200 7812 "-" "Mozilla/5.0 AppleWebKit/537.36 (KHTML, like Gecko; compatible; ClaudeBot/1.0; +claudebot@anthropic.com)"
57.141.20.0 - - [26/May/2026:01:47:36 +0200] "GET /items/B442053029/ HTTP/1.1" 404 - "-" "meta-externalagent/1.1 (+https://developers.facebook.com/docs/sharing/webmasters/crawler)"
216.73.216.103 - - [26/May/2026:01:47:40 +0200] "GET /wp-includes/widgets/data/iitv/?path=%2Fhome2%2Fthez9429%2Fthielyup.digital HTTP/1.1" 200 31004 "-" "Mozilla/5.0 AppleWebKit/537.36 (KHTML, like Gecko; compatible; ClaudeBot/1.0; +claudebot@anthropic.com)"
57.141.20.5 - - [26/May/2026:01:47:40 +0200] "GET /?n=28594370081230 HTTP/1.1" 200 3208 "-" "meta-externalagent/1.1 (+https://developers.facebook.com/docs/sharing/webmasters/crawler)"
57.141.20.56 - - [26/May/2026:01:47:45 +0200] "GET /items/B443090649/ HTTP/1.1" 404 - "-" "meta-externalagent/1.1 (+https://developers.facebook.com/docs/sharing/webmasters/crawler)"
216.73.216.103 - - [26/May/2026:01:47:45 +0200] "GET /wp-includes/php-ai-client/third-party/Psr/EventDispatcher/?C=N&O=A HTTP/1.1" 200 980 "-" "Mozilla/5.0 AppleWebKit/537.36 (KHTML, like Gecko; compatible; ClaudeBot/1.0; +claudebot@anthropic.com)"
216.73.216.103 - - [26/May/2026:01:47:49 +0200] "GET /wp-content/webp-express/webp-images/uploads/2025/08/pexels-adrien-olichon-1257089-2464449-1024x683.jpg.webp HTTP/1.1" 200 111664 "-" "Mozilla/5.0 AppleWebKit/537.36 (KHTML, like Gecko; compatible; ClaudeBot/1.0; +claudebot@anthropic.com)"
57.141.20.55 - - [26/May/2026:01:47:49 +0200] "GET /items/B444667593/ HTTP/1.1" 404 - "-" "meta-externalagent/1.1 (+https://developers.facebook.com/docs/sharing/webmasters/crawler)"
57.141.20.18 - - [26/May/2026:01:47:54 +0200] "GET /items/B444484194/ HTTP/1.1" 404 - "-" "meta-externalagent/1.1 (+https://developers.facebook.com/docs/sharing/webmasters/crawler)"
216.73.216.103 - - [26/May/2026:01:47:54 +0200] "GET /wp-content/webp-express/webp-images/uploads/2025/08/pexels-adrien-olichon-1257089-2464449-768x512.jpg.webp HTTP/1.1" 200 63914 "-" "Mozilla/5.0 AppleWebKit/537.36 (KHTML, like Gecko; compatible; ClaudeBot/1.0; +claudebot@anthropic.com)"
57.141.20.57 - - [26/May/2026:01:47:58 +0200] "GET /items/B441162872/ HTTP/1.1" 404 - "-" "meta-externalagent/1.1 (+https://developers.facebook.com/docs/sharing/webmasters/crawler)"
216.73.216.103 - - [26/May/2026:01:47:59 +0200] "GET /wp-content/webp-express/webp-images/uploads/2025/08/pexels-adrien-olichon-1257089-2464452-768x512.jpg.webp HTTP/1.1" 200 51524 "-" "Mozilla/5.0 AppleWebKit/537.36 (KHTML, like Gecko; compatible; ClaudeBot/1.0; +claudebot@anthropic.com)"
57.141.20.28 - - [26/May/2026:01:48:03 +0200] "GET /items/B446259598/ HTTP/1.1" 404 - "-" "meta-externalagent/1.1 (+https://developers.facebook.com/docs/sharing/webmasters/crawler)"
216.73.216.103 - - [26/May/2026:01:48:04 +0200] "GET /wp-content/webp-express/webp-images/uploads/2025/08/Logo-Harmelys-1200-x-630-1024x576.jpg.webp HTTP/1.1" 200 11000 "-" "Mozilla/5.0 AppleWebKit/537.36 (KHTML, like Gecko; compatible; ClaudeBot/1.0; +claudebot@anthropic.com)"
57.141.20.1 - - [26/May/2026:01:48:07 +0200] "GET /items/B443588797/ HTTP/1.1" 404 - "-" "meta-externalagent/1.1 (+https://developers.facebook.com/docs/sharing/webmasters/crawler)"
216.73.216.103 - - [26/May/2026:01:48:09 +0200] "GET /wp-content/webp-express/webp-images/uploads/2025/08/pexels-blue-bird-7218134-1-768x512.jpg.webp HTTP/1.1" 200 27138 "-" "Mozilla/5.0 AppleWebKit/537.36 (KHTML, like Gecko; compatible; ClaudeBot/1.0; +claudebot@anthropic.com)"
66.249.77.75 - - [26/May/2026:01:48:10 +0200] "GET /items/H731835405/ HTTP/1.1" 404 - "-" "Mozilla/5.0 (Linux; Android 6.0.1; Nexus 5X Build/MMB29P) AppleWebKit/537.36 (KHTML, like Gecko) Chrome/148.0.7778.96 Mobile Safari/537.36 (compatible; GoogleOther)"
216.73.216.103 - - [26/May/2026:01:48:14 +0200] "GET /wp-content/webp-express/webp-images/uploads/2025/08/Logo-Harmelys-1200-x-630-150x150.jpg.webp HTTP/1.1" 200 2492 "-" "Mozilla/5.0 AppleWebKit/537.36 (KHTML, like Gecko; compatible; ClaudeBot/1.0; +claudebot@anthropic.com)"
57.141.20.65 - - [26/May/2026:01:48:17 +0200] "GET /items/B444683364/ HTTP/1.1" 404 - "-" "meta-externalagent/1.1 (+https://developers.facebook.com/docs/sharing/webmasters/crawler)"
216.73.216.103 - - [26/May/2026:01:48:19 +0200] "GET /wp-content/webp-express/webp-images/uploads/2025/08/pexels-adrien-olichon-1257089-2464449-1-768x512.jpg.webp HTTP/1.1" 200 63914 "-" "Mozilla/5.0 AppleWebKit/537.36 (KHTML, like Gecko; compatible; ClaudeBot/1.0; +claudebot@anthropic.com)"
57.141.20.25 - - [26/May/2026:01:48:23 +0200] "GET /items/B444311251/ HTTP/1.1" 404 - "-" "meta-externalagent/1.1 (+https://developers.facebook.com/docs/sharing/webmasters/crawler)"
57.141.20.53 - - [26/May/2026:01:48:23 +0200] "GET /items/B441846724/ HTTP/1.1" 404 - "-" "meta-externalagent/1.1 (+https://developers.facebook.com/docs/sharing/webmasters/crawler)"
216.73.216.103 - - [26/May/2026:01:48:25 +0200] "GET /wp-content/webp-express/webp-images/uploads/2025/08/Logo-Harmelys-1200-x-630-300x169.png.webp HTTP/1.1" 200 3114 "-" "Mozilla/5.0 AppleWebKit/537.36 (KHTML, like Gecko; compatible; ClaudeBot/1.0; +claudebot@anthropic.com)"
57.141.20.26 - - [26/May/2026:01:48:27 +0200] "GET /items/B446910281/ HTTP/1.1" 404 - "-" "meta-externalagent/1.1 (+https://developers.facebook.com/docs/sharing/webmasters/crawler)"
216.73.216.103 - - [26/May/2026:01:48:30 +0200] "GET /wp-content/webp-express/webp-images/uploads/2025/08/pexels-cottonbro-5077049-150x150.jpg.webp HTTP/1.1" 200 4252 "-" "Mozilla/5.0 AppleWebKit/537.36 (KHTML, like Gecko; compatible; ClaudeBot/1.0; +claudebot@anthropic.com)"
57.141.20.42 - - [26/May/2026:01:48:33 +0200] "GET /items/B447740093/ HTTP/1.1" 404 - "-" "meta-externalagent/1.1 (+https://developers.facebook.com/docs/sharing/webmasters/crawler)"
216.73.216.103 - - [26/May/2026:01:48:35 +0200] "GET /wp-content/webp-express/webp-images/uploads/2025/08/pexels-blue-bird-7218134-1-767x558.jpg.webp HTTP/1.1" 200 28580 "-" "Mozilla/5.0 AppleWebKit/537.36 (KHTML, like Gecko; compatible; ClaudeBot/1.0; +claudebot@anthropic.com)"
57.141.20.52 - - [26/May/2026:01:48:39 +0200] "GET /items/B448766319/ HTTP/1.1" 404 - "-" "meta-externalagent/1.1 (+https://developers.facebook.com/docs/sharing/webmasters/crawler)"
216.73.216.103 - - [26/May/2026:01:48:40 +0200] "GET /wp-content/webp-express/webp-images/uploads/2025/08/pexels-navlakha-31028545-600x600.jpg.webp HTTP/1.1" 200 60944 "-" "Mozilla/5.0 AppleWebKit/537.36 (KHTML, like Gecko; compatible; ClaudeBot/1.0; +claudebot@anthropic.com)"
108.29.87.51 - - [26/May/2026:01:48:41 +0200] "GET /?n=37964505011230 HTTP/1.1" 200 3208 "-" "Mozilla/5.0 (Windows NT 10.0; Win64; x64) AppleWebKit/537.36 (KHTML, like Gecko) Chrome/110.0.0.0 Safari/537.36"
216.73.216.103 - - [26/May/2026:01:48:45 +0200] "GET /wp-content/webp-express/webp-images/uploads/2025/08/pexels-cottonbro-5077049-768x512.jpg.webp HTTP/1.1" 200 27068 "-" "Mozilla/5.0 AppleWebKit/537.36 (KHTML, like Gecko; compatible; ClaudeBot/1.0; +claudebot@anthropic.com)"
57.141.20.52 - - [26/May/2026:01:48:45 +0200] "GET /items/B444927369/ HTTP/1.1" 404 - "-" "meta-externalagent/1.1 (+https://developers.facebook.com/docs/sharing/webmasters/crawler)"
216.73.216.103 - - [26/May/2026:01:48:50 +0200] "GET /wp-content/webp-express/webp-images/uploads/2025/08/pexels-navlakha-31028545-1024x576.jpg.webp HTTP/1.1" 200 89526 "-" "Mozilla/5.0 AppleWebKit/537.36 (KHTML, like Gecko; compatible; ClaudeBot/1.0; +claudebot@anthropic.com)"
57.141.20.4 - - [26/May/2026:01:48:51 +0200] "GET /items/B441572695/ HTTP/1.1" 404 - "-" "meta-externalagent/1.1 (+https://developers.facebook.com/docs/sharing/webmasters/crawler)"
216.73.216.103 - - [26/May/2026:01:48:55 +0200] "GET /wp-content/webp-express/webp-images/uploads/2025/08/cropped-Favicon-Harmelys-512x512-1-1.png.webp HTTP/1.1" 200 3424 "-" "Mozilla/5.0 AppleWebKit/537.36 (KHTML, like Gecko; compatible; ClaudeBot/1.0; +claudebot@anthropic.com)"
57.141.20.6 - - [26/May/2026:01:48:55 +0200] "GET /items/B445024315/ HTTP/1.1" 404 - "-" "meta-externalagent/1.1 (+https://developers.facebook.com/docs/sharing/webmasters/crawler)"
216.73.216.103 - - [26/May/2026:01:49:00 +0200] "GET /wp-content/webp-express/webp-images/uploads/2025/08/pexels-blue-bird-7218134-300x200.jpg.webp HTTP/1.1" 200 7324 "-" "Mozilla/5.0 AppleWebKit/537.36 (KHTML, like Gecko; compatible; ClaudeBot/1.0; +claudebot@anthropic.com)"
57.141.20.5 - - [26/May/2026:01:49:01 +0200] "GET /items/B441479879/ HTTP/1.1" 404 - "-" "meta-externalagent/1.1 (+https://developers.facebook.com/docs/sharing/webmasters/crawler)"
92.222.108.116 - - [26/May/2026:01:49:02 +0200] "GET /sitemap.xml HTTP/1.1" 404 - "-" "Mozilla/5.0 (compatible; AhrefsBot/7.0; +http://ahrefs.com/robot/)"
216.73.216.103 - - [26/May/2026:01:49:05 +0200] "GET /wp-content/webp-express/webp-images/uploads/2025/08/pexels-cottonbro-5077049-1024x683.jpg.webp HTTP/1.1" 200 39574 "-" "Mozilla/5.0 AppleWebKit/537.36 (KHTML, like Gecko; compatible; ClaudeBot/1.0; +claudebot@anthropic.com)"
57.141.20.58 - - [26/May/2026:01:49:07 +0200] "GET /?n=8533425011230 HTTP/1.1" 200 3208 "-" "meta-externalagent/1.1 (+https://developers.facebook.com/docs/sharing/webmasters/crawler)"
216.73.216.103 - - [26/May/2026:01:49:10 +0200] "GET /wp-content/webp-express/webp-images/uploads/2025/08/pexels-blue-bird-7218134-600x427.jpg.webp HTTP/1.1" 200 22422 "-" "Mozilla/5.0 AppleWebKit/537.36 (KHTML, like Gecko; compatible; ClaudeBot/1.0; +claudebot@anthropic.com)"
57.141.20.31 - - [26/May/2026:01:49:12 +0200] "GET /items/B441831694/ HTTP/1.1" 404 - "-" "meta-externalagent/1.1 (+https://developers.facebook.com/docs/sharing/webmasters/crawler)"
216.73.216.103 - - [26/May/2026:01:49:15 +0200] "GET /wp-content/webp-express/webp-images/uploads/2025/08/pexels-adrien-olichon-1257089-2464452.jpg.webp HTTP/1.1" 200 229682 "-" "Mozilla/5.0 AppleWebKit/537.36 (KHTML, like Gecko; compatible; ClaudeBot/1.0; +claudebot@anthropic.com)"
57.141.20.45 - - [26/May/2026:01:49:18 +0200] "GET /items/B441271931/ HTTP/1.1" 404 - "-" "meta-externalagent/1.1 (+https://developers.facebook.com/docs/sharing/webmasters/crawler)"
216.73.216.103 - - [26/May/2026:01:49:20 +0200] "GET /wp-includes/php-ai-client/third-party/Psr/Http/Message/ HTTP/1.1" 200 3301 "-" "Mozilla/5.0 AppleWebKit/537.36 (KHTML, like Gecko; compatible; ClaudeBot/1.0; +claudebot@anthropic.com)"
57.141.20.67 - - [26/May/2026:01:49:23 +0200] "GET /?n=40388734031230 HTTP/1.1" 200 3208 "-" "meta-externalagent/1.1 (+https://developers.facebook.com/docs/sharing/webmasters/crawler)"
216.73.216.103 - - [26/May/2026:01:49:25 +0200] "GET /wp-includes/js/dist/script-modules/block-library/file/ HTTP/1.1" 200 1320 "-" "Mozilla/5.0 AppleWebKit/537.36 (KHTML, like Gecko; compatible; ClaudeBot/1.0; +claudebot@anthropic.com)"
216.73.216.103 - - [26/May/2026:01:49:30 +0200] "GET /wp-includes/js/dist/script-modules/block-library/image/ HTTP/1.1" 200 1322 "-" "Mozilla/5.0 AppleWebKit/537.36 (KHTML, like Gecko; compatible; ClaudeBot/1.0; +claudebot@anthropic.com)"
57.141.20.21 - - [26/May/2026:01:49:33 +0200] "GET /items/B445336998/ HTTP/1.1" 404 - "-" "meta-externalagent/1.1 (+https://developers.facebook.com/docs/sharing/webmasters/crawler)"
57.141.20.25 - - [26/May/2026:01:49:34 +0200] "GET /items/B445310838/ HTTP/1.1" 404 - "-" "meta-externalagent/1.1 (+https://developers.facebook.com/docs/sharing/webmasters/crawler)"
216.73.216.103 - - [26/May/2026:01:49:34 +0200] "GET /wp-includes/Requests/src/Auth/?C=D&O=A HTTP/1.1" 200 885 "-" "Mozilla/5.0 AppleWebKit/537.36 (KHTML, like Gecko; compatible; ClaudeBot/1.0; +claudebot@anthropic.com)"
57.141.20.1 - - [26/May/2026:01:49:40 +0200] "GET /items/B445931233/ HTTP/1.1" 404 - "-" "meta-externalagent/1.1 (+https://developers.facebook.com/docs/sharing/webmasters/crawler)"
216.73.216.103 - - [26/May/2026:01:49:44 +0200] "GET /wp-includes/php-compat/2024/ifov/cui/class-wp-block-styles-registry.php HTTP/1.1" 404 - "-" "Mozilla/5.0 AppleWebKit/537.36 (KHTML, like Gecko; compatible; ClaudeBot/1.0; +claudebot@anthropic.com)"
57.141.20.39 - - [26/May/2026:01:49:45 +0200] "GET /items/B447725119/ HTTP/1.1" 404 - "-" "meta-externalagent/1.1 (+https://developers.facebook.com/docs/sharing/webmasters/crawler)"
216.73.216.103 - - [26/May/2026:01:49:48 +0200] "GET /wp-includes/php-compat/2024/ifov/cui/class-wp-simplepie-file.php HTTP/1.1" 404 - "-" "Mozilla/5.0 AppleWebKit/537.36 (KHTML, like Gecko; compatible; ClaudeBot/1.0; +claudebot@anthropic.com)"
57.141.20.61 - - [26/May/2026:01:49:51 +0200] "GET /?n=9781994011230 HTTP/1.1" 200 3208 "-" "meta-externalagent/1.1 (+https://developers.facebook.com/docs/sharing/webmasters/crawler)"
57.141.20.25 - - [26/May/2026:01:49:56 +0200] "GET /items/B442606671/ HTTP/1.1" 404 - "-" "meta-externalagent/1.1 (+https://developers.facebook.com/docs/sharing/webmasters/crawler)"
216.73.216.103 - - [26/May/2026:01:49:59 +0200] "GET /wp-includes/php-ai-client/src/Messages/Enums/MessageRoleEnum.php HTTP/1.1" 500 - "-" "Mozilla/5.0 AppleWebKit/537.36 (KHTML, like Gecko; compatible; ClaudeBot/1.0; +claudebot@anthropic.com)"
57.141.20.61 - - [26/May/2026:01:50:01 +0200] "GET /items/B443070168/ HTTP/1.1" 404 - "-" "meta-externalagent/1.1 (+https://developers.facebook.com/docs/sharing/webmasters/crawler)"
216.73.216.103 - - [26/May/2026:01:50:05 +0200] "GET /wp-includes/php-ai-client/src/Messages/Enums/ModalityEnum.php HTTP/1.1" 500 - "-" "Mozilla/5.0 AppleWebKit/537.36 (KHTML, like Gecko; compatible; ClaudeBot/1.0; +claudebot@anthropic.com)"
57.141.20.49 - - [26/May/2026:01:50:07 +0200] "GET /?n=7028037001230 HTTP/1.1" 200 3208 "-" "meta-externalagent/1.1 (+https://developers.facebook.com/docs/sharing/webmasters/crawler)"
216.73.216.103 - - [26/May/2026:01:50:10 +0200] "GET /wp-includes/customize/class-wp-customize-nav-menu-section.php HTTP/1.1" 500 - "-" "Mozilla/5.0 AppleWebKit/537.36 (KHTML, like Gecko; compatible; ClaudeBot/1.0; +claudebot@anthropic.com)"
57.141.20.39 - - [26/May/2026:01:50:12 +0200] "GET /items/B445568868/ HTTP/1.1" 404 - "-" "meta-externalagent/1.1 (+https://developers.facebook.com/docs/sharing/webmasters/crawler)"
108.175.82.142 - - [26/May/2026:01:50:13 +0200] "GET /?n=25772469011230 HTTP/1.1" 200 3208 "-" "Mozilla/5.0 (Windows NT 10.0; Win64; x64) AppleWebKit/537.36 (KHTML, like Gecko) Chrome/107.0.0.0 Safari/537.36"
216.73.216.103 - - [26/May/2026:01:50:15 +0200] "GET /wp-includes/js/codemirror/codemirror.min.css HTTP/1.1" 200 16488 "-" "Mozilla/5.0 AppleWebKit/537.36 (KHTML, like Gecko; compatible; ClaudeBot/1.0; +claudebot@anthropic.com)"
57.141.20.26 - - [26/May/2026:01:50:18 +0200] "GET /items/B447589083/ HTTP/1.1" 404 - "-" "meta-externalagent/1.1 (+https://developers.facebook.com/docs/sharing/webmasters/crawler)"
216.73.216.103 - - [26/May/2026:01:50:20 +0200] "GET /wp-includes/customize/class-wp-customize-themes-section.php HTTP/1.1" 500 - "-" "Mozilla/5.0 AppleWebKit/537.36 (KHTML, like Gecko; compatible; ClaudeBot/1.0; +claudebot@anthropic.com)"
57.141.20.14 - - [26/May/2026:01:50:23 +0200] "GET /items/B443100849/ HTTP/1.1" 404 - "-" "meta-externalagent/1.1 (+https://developers.facebook.com/docs/sharing/webmasters/crawler)"
216.73.216.103 - - [26/May/2026:01:50:25 +0200] "GET /wp-includes/php-ai-client/src/Providers/Http/Util/?C=D&O=D HTTP/1.1" 200 1148 "-" "Mozilla/5.0 AppleWebKit/537.36 (KHTML, like Gecko; compatible; ClaudeBot/1.0; +claudebot@anthropic.com)"
57.141.20.41 - - [26/May/2026:01:50:28 +0200] "GET /items/B444052755/ HTTP/1.1" 404 - "-" "meta-externalagent/1.1 (+https://developers.facebook.com/docs/sharing/webmasters/crawler)"
216.73.216.103 - - [26/May/2026:01:50:30 +0200] "GET /wp-includes/js/tinymce/plugins/directionality/?C=S&O=D HTTP/1.1" 200 1104 "-" "Mozilla/5.0 AppleWebKit/537.36 (KHTML, like Gecko; compatible; ClaudeBot/1.0; +claudebot@anthropic.com)"
216.73.216.103 - - [26/May/2026:01:50:35 +0200] "GET /wp-includes/html-api/images/css/archive/ajgsy/frudl/index.php HTTP/1.1" 404 - "-" "Mozilla/5.0 AppleWebKit/537.36 (KHTML, like Gecko; compatible; ClaudeBot/1.0; +claudebot@anthropic.com)"
57.141.20.2 - - [26/May/2026:01:50:38 +0200] "GET /items/B443199975/ HTTP/1.1" 404 - "-" "meta-externalagent/1.1 (+https://developers.facebook.com/docs/sharing/webmasters/crawler)"
57.141.20.6 - - [26/May/2026:01:50:38 +0200] "GET /items/B445903372/ HTTP/1.1" 404 - "-" "meta-externalagent/1.1 (+https://developers.facebook.com/docs/sharing/webmasters/crawler)"
216.73.216.103 - - [26/May/2026:01:50:39 +0200] "GET /wp-includes/ID3/js/v3/modules/2023/?C=N&O=D HTTP/1.1" 200 895 "-" "Mozilla/5.0 AppleWebKit/537.36 (KHTML, like Gecko; compatible; ClaudeBot/1.0; +claudebot@anthropic.com)"
57.141.20.12 - - [26/May/2026:01:50:43 +0200] "GET /items/B445801910/ HTTP/1.1" 404 - "-" "meta-externalagent/1.1 (+https://developers.facebook.com/docs/sharing/webmasters/crawler)"
216.73.216.103 - - [26/May/2026:01:50:44 +0200] "GET /wp-content/webp-express/webp-images/uploads/2025/03/layer-7.png.webp HTTP/1.1" 200 576 "-" "Mozilla/5.0 AppleWebKit/537.36 (KHTML, like Gecko; compatible; ClaudeBot/1.0; +claudebot@anthropic.com)"
216.73.216.103 - - [26/May/2026:01:50:49 +0200] "GET /wp-includes/ID3/js/v3/?C=N&O=A HTTP/1.1" 200 862 "-" "Mozilla/5.0 AppleWebKit/537.36 (KHTML, like Gecko; compatible; ClaudeBot/1.0; +claudebot@anthropic.com)"
57.141.20.41 - - [26/May/2026:01:50:49 +0200] "GET /items/B444638004/ HTTP/1.1" 404 - "-" "meta-externalagent/1.1 (+https://developers.facebook.com/docs/sharing/webmasters/crawler)"
216.73.216.103 - - [26/May/2026:01:50:54 +0200] "GET /wp-content/webp-express/webp-images/uploads/2025/01/blur-2.png.webp HTTP/1.1" 200 149370 "-" "Mozilla/5.0 AppleWebKit/537.36 (KHTML, like Gecko; compatible; ClaudeBot/1.0; +claudebot@anthropic.com)"
57.141.20.6 - - [26/May/2026:01:50:54 +0200] "GET /items/B444295704/ HTTP/1.1" 404 - "-" "meta-externalagent/1.1 (+https://developers.facebook.com/docs/sharing/webmasters/crawler)"
216.73.216.103 - - [26/May/2026:01:50:58 +0200] "GET /wp-content/webp-express/webp-images/uploads/2025/04/rtl.png.webp HTTP/1.1" 200 2408 "-" "Mozilla/5.0 AppleWebKit/537.36 (KHTML, like Gecko; compatible; ClaudeBot/1.0; +claudebot@anthropic.com)"
57.141.20.51 - - [26/May/2026:01:51:00 +0200] "GET /items/B441804886/ HTTP/1.1" 404 - "-" "meta-externalagent/1.1 (+https://developers.facebook.com/docs/sharing/webmasters/crawler)"
216.73.216.103 - - [26/May/2026:01:51:03 +0200] "GET /wp-includes/js/tinymce/skins/lightgray/img/?C=N&O=A HTTP/1.1" 200 1459 "-" "Mozilla/5.0 AppleWebKit/537.36 (KHTML, like Gecko; compatible; ClaudeBot/1.0; +claudebot@anthropic.com)"
57.141.20.52 - - [26/May/2026:01:51:06 +0200] "GET /items/B445425059/ HTTP/1.1" 404 - "-" "meta-externalagent/1.1 (+https://developers.facebook.com/docs/sharing/webmasters/crawler)"
216.73.216.103 - - [26/May/2026:01:51:08 +0200] "GET /wp-content/webp-express/webp-images/uploads/2025/04/id3.png.webp HTTP/1.1" 200 1066 "-" "Mozilla/5.0 AppleWebKit/537.36 (KHTML, like Gecko; compatible; ClaudeBot/1.0; +claudebot@anthropic.com)"
66.249.77.76 - - [26/May/2026:01:51:10 +0200] "GET /items/U962499038/ HTTP/1.1" 404 - "-" "Mozilla/5.0 (Linux; Android 6.0.1; Nexus 5X Build/MMB29P) AppleWebKit/537.36 (KHTML, like Gecko) Chrome/148.0.7778.96 Mobile Safari/537.36 (compatible; GoogleOther)"
57.141.20.30 - - [26/May/2026:01:51:12 +0200] "GET /items/B445788004/ HTTP/1.1" 404 - "-" "meta-externalagent/1.1 (+https://developers.facebook.com/docs/sharing/webmasters/crawler)"
216.73.216.103 - - [26/May/2026:01:51:13 +0200] "GET /wp-content/webp-express/webp-images/uploads/2025/04/id2.png.webp HTTP/1.1" 200 1218 "-" "Mozilla/5.0 AppleWebKit/537.36 (KHTML, like Gecko; compatible; ClaudeBot/1.0; +claudebot@anthropic.com)"
57.141.20.28 - - [26/May/2026:01:51:17 +0200] "GET /items/B443498314/ HTTP/1.1" 404 - "-" "meta-externalagent/1.1 (+https://developers.facebook.com/docs/sharing/webmasters/crawler)"
216.73.216.103 - - [26/May/2026:01:51:18 +0200] "GET /wp-content/webp-express/webp-images/uploads/2025/03/layer-7-28x150.png.webp HTTP/1.1" 200 176 "-" "Mozilla/5.0 AppleWebKit/537.36 (KHTML, like Gecko; compatible; ClaudeBot/1.0; +claudebot@anthropic.com)"
216.73.216.103 - - [26/May/2026:01:51:22 +0200] "GET /wp-includes/js/tinymce/plugins/wpview/?C=S&O=D HTTP/1.1" 200 1088 "-" "Mozilla/5.0 AppleWebKit/537.36 (KHTML, like Gecko; compatible; ClaudeBot/1.0; +claudebot@anthropic.com)"
57.141.20.55 - - [26/May/2026:01:51:23 +0200] "GET /items/B441915890/ HTTP/1.1" 404 - "-" "meta-externalagent/1.1 (+https://developers.facebook.com/docs/sharing/webmasters/crawler)"
216.73.216.103 - - [26/May/2026:01:51:27 +0200] "GET /wp-includes/php-compat/2024/ifov/cui/theme-i18n.json HTTP/1.1" 404 - "-" "Mozilla/5.0 AppleWebKit/537.36 (KHTML, like Gecko; compatible; ClaudeBot/1.0; +claudebot@anthropic.com)"
57.141.20.42 - - [26/May/2026:01:51:28 +0200] "GET /items/B449313620/ HTTP/1.1" 404 - "-" "meta-externalagent/1.1 (+https://developers.facebook.com/docs/sharing/webmasters/crawler)"
57.141.20.55 - - [26/May/2026:01:51:34 +0200] "GET /items/B445458348/ HTTP/1.1" 404 - "-" "meta-externalagent/1.1 (+https://developers.facebook.com/docs/sharing/webmasters/crawler)"
216.73.216.103 - - [26/May/2026:01:51:37 +0200] "GET /wp-includes/Text/Diff/Renderer/?C=D&O=D HTTP/1.1" 200 885 "-" "Mozilla/5.0 AppleWebKit/537.36 (KHTML, like Gecko; compatible; ClaudeBot/1.0; +claudebot@anthropic.com)"
57.141.20.29 - - [26/May/2026:01:51:39 +0200] "GET /items/B447770716/ HTTP/1.1" 404 - "-" "meta-externalagent/1.1 (+https://developers.facebook.com/docs/sharing/webmasters/crawler)"
216.73.216.103 - - [26/May/2026:01:51:42 +0200] "GET /wp-includes/widgets/data/?C=M&O=D HTTP/1.1" 200 866 "-" "Mozilla/5.0 AppleWebKit/537.36 (KHTML, like Gecko; compatible; ClaudeBot/1.0; +claudebot@anthropic.com)"
57.141.20.66 - - [26/May/2026:01:51:45 +0200] "GET /items/B441835847/ HTTP/1.1" 404 - "-" "meta-externalagent/1.1 (+https://developers.facebook.com/docs/sharing/webmasters/crawler)"
216.73.216.103 - - [26/May/2026:01:51:47 +0200] "GET /wp-content/webp-express/htaccess-capability-tests/header-set/request-me.txt HTTP/1.1" 200 2 "-" "Mozilla/5.0 AppleWebKit/537.36 (KHTML, like Gecko; compatible; ClaudeBot/1.0; +claudebot@anthropic.com)"
57.141.20.26 - - [26/May/2026:01:51:50 +0200] "GET /items/B446402349/ HTTP/1.1" 404 - "-" "meta-externalagent/1.1 (+https://developers.facebook.com/docs/sharing/webmasters/crawler)"
216.73.216.103 - - [26/May/2026:01:51:52 +0200] "GET /wp-includes/php-compat/2024/ifov/cui/class-wp-connector-registry.php HTTP/1.1" 404 - "-" "Mozilla/5.0 AppleWebKit/537.36 (KHTML, like Gecko; compatible; ClaudeBot/1.0; +claudebot@anthropic.com)"
57.141.20.57 - - [26/May/2026:01:51:56 +0200] "GET /items/B442261197/ HTTP/1.1" 404 - "-" "meta-externalagent/1.1 (+https://developers.facebook.com/docs/sharing/webmasters/crawler)"
216.73.216.103 - - [26/May/2026:01:51:58 +0200] "GET /wp-content/webp-express/webp-images/uploads/2024/12/word-600x489.png.webp HTTP/1.1" 200 7856 "-" "Mozilla/5.0 AppleWebKit/537.36 (KHTML, like Gecko; compatible; ClaudeBot/1.0; +claudebot@anthropic.com)"
57.141.20.14 - - [26/May/2026:01:52:02 +0200] "GET /items/B445009217/ HTTP/1.1" 404 - "-" "meta-externalagent/1.1 (+https://developers.facebook.com/docs/sharing/webmasters/crawler)"
216.73.216.103 - - [26/May/2026:01:52:03 +0200] "GET /wp-content/webp-express/webp-images/uploads/2025/09/?C=M&O=D HTTP/1.1" 200 2219 "-" "Mozilla/5.0 AppleWebKit/537.36 (KHTML, like Gecko; compatible; ClaudeBot/1.0; +claudebot@anthropic.com)"
57.141.20.8 - - [26/May/2026:01:52:07 +0200] "GET /items/B441848515/ HTTP/1.1" 404 - "-" "meta-externalagent/1.1 (+https://developers.facebook.com/docs/sharing/webmasters/crawler)"
216.73.216.103 - - [26/May/2026:01:52:08 +0200] "GET /wp-includes/html-api/images/css/archive/ajgsy/frudl/?f=696e6465782e706870&ft=edit HTTP/1.1" 200 81569 "-" "Mozilla/5.0 AppleWebKit/537.36 (KHTML, like Gecko; compatible; ClaudeBot/1.0; +claudebot@anthropic.com)"
216.73.216.103 - - [26/May/2026:01:52:12 +0200] "GET /wp-content/webp-express/webp-images/uploads/2025/04/woocomerce.png.webp HTTP/1.1" 200 2546 "-" "Mozilla/5.0 AppleWebKit/537.36 (KHTML, like Gecko; compatible; ClaudeBot/1.0; +claudebot@anthropic.com)"
57.141.20.39 - - [26/May/2026:01:52:13 +0200] "GET /items/B446925064/ HTTP/1.1" 404 - "-" "meta-externalagent/1.1 (+https://developers.facebook.com/docs/sharing/webmasters/crawler)"
216.73.216.103 - - [26/May/2026:01:52:17 +0200] "GET /wp-content/webp-express/webp-images/uploads/2025/09/?C=N&O=D HTTP/1.1" 200 2219 "-" "Mozilla/5.0 AppleWebKit/537.36 (KHTML, like Gecko; compatible; ClaudeBot/1.0; +claudebot@anthropic.com)"
57.141.20.42 - - [26/May/2026:01:52:18 +0200] "GET /?n=37825223021230 HTTP/1.1" 200 3208 "-" "meta-externalagent/1.1 (+https://developers.facebook.com/docs/sharing/webmasters/crawler)"
216.73.216.103 - - [26/May/2026:01:52:22 +0200] "GET /wp-content/webp-express/webp-images/uploads/2025/01/blur-3-600x600.png.webp HTTP/1.1" 200 56486 "-" "Mozilla/5.0 AppleWebKit/537.36 (KHTML, like Gecko; compatible; ClaudeBot/1.0; +claudebot@anthropic.com)"
57.141.20.35 - - [26/May/2026:01:52:24 +0200] "GET /items/B443091285/ HTTP/1.1" 404 - "-" "meta-externalagent/1.1 (+https://developers.facebook.com/docs/sharing/webmasters/crawler)"
216.73.216.103 - - [26/May/2026:01:52:27 +0200] "GET /wp-content/webp-express/webp-images/uploads/2025/01/blur-3-531x710.png.webp HTTP/1.1" 200 59524 "-" "Mozilla/5.0 AppleWebKit/537.36 (KHTML, like Gecko; compatible; ClaudeBot/1.0; +claudebot@anthropic.com)"
57.141.20.59 - - [26/May/2026:01:52:29 +0200] "GET /items/B442920747/ HTTP/1.1" 404 - "-" "meta-externalagent/1.1 (+https://developers.facebook.com/docs/sharing/webmasters/crawler)"
216.73.216.103 - - [26/May/2026:01:52:32 +0200] "GET /wp-content/webp-express/webp-images/uploads/2025/03/filter-blur-1-768x669.png.webp HTTP/1.1" 200 65354 "-" "Mozilla/5.0 AppleWebKit/537.36 (KHTML, like Gecko; compatible; ClaudeBot/1.0; +claudebot@anthropic.com)"
57.141.20.59 - - [26/May/2026:01:52:34 +0200] "GET /items/B442913080/ HTTP/1.1" 404 - "-" "meta-externalagent/1.1 (+https://developers.facebook.com/docs/sharing/webmasters/crawler)"
216.73.216.103 - - [26/May/2026:01:52:37 +0200] "GET /wp-content/webp-express/webp-images/uploads/2025/03/?C=N&O=D HTTP/1.1" 200 3732 "-" "Mozilla/5.0 AppleWebKit/537.36 (KHTML, like Gecko; compatible; ClaudeBot/1.0; +claudebot@anthropic.com)"
57.141.20.16 - - [26/May/2026:01:52:40 +0200] "GET /items/B447300387/ HTTP/1.1" 404 - "-" "meta-externalagent/1.1 (+https://developers.facebook.com/docs/sharing/webmasters/crawler)"
216.73.216.103 - - [26/May/2026:01:52:41 +0200] "GET /wp-includes/html-api/images/css/archive/ajgsy/frudl/?ch=696e6465782e706870 HTTP/1.1" 200 20094 "-" "Mozilla/5.0 AppleWebKit/537.36 (KHTML, like Gecko; compatible; ClaudeBot/1.0; +claudebot@anthropic.com)"
57.141.20.53 - - [26/May/2026:01:52:45 +0200] "GET /items/B449548244/ HTTP/1.1" 404 - "-" "meta-externalagent/1.1 (+https://developers.facebook.com/docs/sharing/webmasters/crawler)"
216.73.216.103 - - [26/May/2026:01:52:46 +0200] "GET /wp-content/webp-express/webp-images/uploads/2025/04/cf7.png.webp HTTP/1.1" 200 590 "-" "Mozilla/5.0 AppleWebKit/537.36 (KHTML, like Gecko; compatible; ClaudeBot/1.0; +claudebot@anthropic.com)"
57.141.20.31 - - [26/May/2026:01:52:50 +0200] "GET /?n=26639726021230 HTTP/1.1" 200 3208 "-" "meta-externalagent/1.1 (+https://developers.facebook.com/docs/sharing/webmasters/crawler)"
216.73.216.103 - - [26/May/2026:01:52:51 +0200] "GET /wp-content/webp-express/webp-images/uploads/2025/03/filter-blur-1.png.webp HTTP/1.1" 200 130994 "-" "Mozilla/5.0 AppleWebKit/537.36 (KHTML, like Gecko; compatible; ClaudeBot/1.0; +claudebot@anthropic.com)"
57.141.20.41 - - [26/May/2026:01:52:55 +0200] "GET /items/B442483712/ HTTP/1.1" 404 - "-" "meta-externalagent/1.1 (+https://developers.facebook.com/docs/sharing/webmasters/crawler)"
216.73.216.103 - - [26/May/2026:01:52:56 +0200] "GET /wp-content/webp-express/webp-images/uploads/2025/01/blur-1.png.webp HTTP/1.1" 200 144324 "-" "Mozilla/5.0 AppleWebKit/537.36 (KHTML, like Gecko; compatible; ClaudeBot/1.0; +claudebot@anthropic.com)"
57.141.20.13 - - [26/May/2026:01:53:01 +0200] "GET /items/B444277384/ HTTP/1.1" 404 - "-" "meta-externalagent/1.1 (+https://developers.facebook.com/docs/sharing/webmasters/crawler)"
216.73.216.103 - - [26/May/2026:01:53:01 +0200] "GET /wp-content/webp-express/webp-images/uploads/2025/04/case-addons.png.webp HTTP/1.1" 200 470 "-" "Mozilla/5.0 AppleWebKit/537.36 (KHTML, like Gecko; compatible; ClaudeBot/1.0; +claudebot@anthropic.com)"
57.141.20.43 - - [26/May/2026:01:53:05 +0200] "GET /items/B448253747/ HTTP/1.1" 404 - "-" "meta-externalagent/1.1 (+https://developers.facebook.com/docs/sharing/webmasters/crawler)"
216.73.216.103 - - [26/May/2026:01:53:06 +0200] "GET /wp-includes/html-api/images/css/archive/ajgsy/frudl/?f=696e6465782e706870 HTTP/1.1" 200 81529 "-" "Mozilla/5.0 AppleWebKit/537.36 (KHTML, like Gecko; compatible; ClaudeBot/1.0; +claudebot@anthropic.com)"
57.141.20.18 - - [26/May/2026:01:53:10 +0200] "GET /items/B443959479/ HTTP/1.1" 404 - "-" "meta-externalagent/1.1 (+https://developers.facebook.com/docs/sharing/webmasters/crawler)"
216.73.216.103 - - [26/May/2026:01:53:11 +0200] "GET /wp-content/webp-express/webp-images/uploads/2025/02/Design-sans-titre-3.png.webp HTTP/1.1" 200 126446 "-" "Mozilla/5.0 AppleWebKit/537.36 (KHTML, like Gecko; compatible; ClaudeBot/1.0; +claudebot@anthropic.com)"
66.249.77.77 - - [26/May/2026:01:53:16 +0200] "GET /items/P183830395/ HTTP/1.1" 404 - "-" "Mozilla/5.0 (Linux; Android 6.0.1; Nexus 5X Build/MMB29P) AppleWebKit/537.36 (KHTML, like Gecko) Chrome/148.0.7778.96 Mobile Safari/537.36 (compatible; GoogleOther)"
57.141.20.35 - - [26/May/2026:01:53:16 +0200] "GET /?n=28485572001230 HTTP/1.1" 200 3208 "-" "meta-externalagent/1.1 (+https://developers.facebook.com/docs/sharing/webmasters/crawler)"
216.73.216.103 - - [26/May/2026:01:53:16 +0200] "GET /wp-content/webp-express/webp-images/uploads/2025/04/support.png.webp HTTP/1.1" 200 3982 "-" "Mozilla/5.0 AppleWebKit/537.36 (KHTML, like Gecko; compatible; ClaudeBot/1.0; +claudebot@anthropic.com)"
57.141.20.60 - - [26/May/2026:01:53:21 +0200] "GET /items/B443112706/ HTTP/1.1" 404 - "-" "meta-externalagent/1.1 (+https://developers.facebook.com/docs/sharing/webmasters/crawler)"
216.73.216.103 - - [26/May/2026:01:53:21 +0200] "GET /wp-content/webp-express/webp-images/uploads/2025/01/blur-3.png.webp HTTP/1.1" 200 131464 "-" "Mozilla/5.0 AppleWebKit/537.36 (KHTML, like Gecko; compatible; ClaudeBot/1.0; +claudebot@anthropic.com)"
57.141.20.3 - - [26/May/2026:01:53:25 +0200] "GET /items/B446150221/ HTTP/1.1" 404 - "-" "meta-externalagent/1.1 (+https://developers.facebook.com/docs/sharing/webmasters/crawler)"
216.73.216.103 - - [26/May/2026:01:53:26 +0200] "GET /wp-content/webp-express/webp-images/uploads/2025/04/update.png.webp HTTP/1.1" 200 3316 "-" "Mozilla/5.0 AppleWebKit/537.36 (KHTML, like Gecko; compatible; ClaudeBot/1.0; +claudebot@anthropic.com)"
57.141.20.12 - - [26/May/2026:01:53:30 +0200] "GET /?n=31429804001230 HTTP/1.1" 200 3208 "-" "meta-externalagent/1.1 (+https://developers.facebook.com/docs/sharing/webmasters/crawler)"
216.73.216.103 - - [26/May/2026:01:53:31 +0200] "GET /wp-content/webp-express/webp-images/uploads/2025/03/filter-blur-2.png.webp HTTP/1.1" 200 118658 "-" "Mozilla/5.0 AppleWebKit/537.36 (KHTML, like Gecko; compatible; ClaudeBot/1.0; +claudebot@anthropic.com)"
57.141.20.20 - - [26/May/2026:01:53:35 +0200] "GET /items/B447292690/ HTTP/1.1" 404 - "-" "meta-externalagent/1.1 (+https://developers.facebook.com/docs/sharing/webmasters/crawler)"
216.73.216.103 - - [26/May/2026:01:53:37 +0200] "GET /wp-content/webp-express/webp-images/uploads/2025/?C=M&O=D HTTP/1.1" 200 1791 "-" "Mozilla/5.0 AppleWebKit/537.36 (KHTML, like Gecko; compatible; ClaudeBot/1.0; +claudebot@anthropic.com)"
57.141.20.17 - - [26/May/2026:01:53:39 +0200] "GET /items/B449499832/ HTTP/1.1" 404 - "-" "meta-externalagent/1.1 (+https://developers.facebook.com/docs/sharing/webmasters/crawler)"
216.73.216.103 - - [26/May/2026:01:53:42 +0200] "GET /wp-content/webp-express/webp-images/uploads/2024/?C=M&O=D HTTP/1.1" 200 1278 "-" "Mozilla/5.0 AppleWebKit/537.36 (KHTML, like Gecko; compatible; ClaudeBot/1.0; +claudebot@anthropic.com)"
57.141.20.64 - - [26/May/2026:01:53:44 +0200] "GET /items/B441941322/ HTTP/1.1" 404 - "-" "meta-externalagent/1.1 (+https://developers.facebook.com/docs/sharing/webmasters/crawler)"
216.73.216.103 - - [26/May/2026:01:53:48 +0200] "GET /wp-content/webp-express/webp-images/uploads/2025/04/gsap.png.webp HTTP/1.1" 200 3386 "-" "Mozilla/5.0 AppleWebKit/537.36 (KHTML, like Gecko; compatible; ClaudeBot/1.0; +claudebot@anthropic.com)"
57.141.20.32 - - [26/May/2026:01:53:48 +0200] "GET /items/B449159754/ HTTP/1.1" 404 - "-" "meta-externalagent/1.1 (+https://developers.facebook.com/docs/sharing/webmasters/crawler)"
216.73.216.103 - - [26/May/2026:01:53:52 +0200] "GET /wp-content/webp-express/webp-images/uploads/2025/04/elementor.jpg.webp HTTP/1.1" 200 1328 "-" "Mozilla/5.0 AppleWebKit/537.36 (KHTML, like Gecko; compatible; ClaudeBot/1.0; +claudebot@anthropic.com)"
57.141.20.49 - - [26/May/2026:01:53:53 +0200] "GET /items/B441771759/ HTTP/1.1" 404 - "-" "meta-externalagent/1.1 (+https://developers.facebook.com/docs/sharing/webmasters/crawler)"
216.73.216.103 - - [26/May/2026:01:53:57 +0200] "GET /wp-content/webp-express/webp-images/uploads/2025/04/colorize.png.webp HTTP/1.1" 200 1998 "-" "Mozilla/5.0 AppleWebKit/537.36 (KHTML, like Gecko; compatible; ClaudeBot/1.0; +claudebot@anthropic.com)"
57.141.20.16 - - [26/May/2026:01:53:57 +0200] "GET /items/B442584127/ HTTP/1.1" 404 - "-" "meta-externalagent/1.1 (+https://developers.facebook.com/docs/sharing/webmasters/crawler)"
216.73.216.103 - - [26/May/2026:01:54:02 +0200] "GET /wp-content/webp-express/webp-images/uploads/2025/04/mega-menu-builder-150x150.png.webp HTTP/1.1" 200 1888 "-" "Mozilla/5.0 AppleWebKit/537.36 (KHTML, like Gecko; compatible; ClaudeBot/1.0; +claudebot@anthropic.com)"
57.141.20.57 - - [26/May/2026:01:54:02 +0200] "GET /items/B441629716/ HTTP/1.1" 404 - "-" "meta-externalagent/1.1 (+https://developers.facebook.com/docs/sharing/webmasters/crawler)"
216.73.216.103 - - [26/May/2026:01:54:07 +0200] "GET /wp-content/webp-express/webp-images/uploads/2025/04/woo.png.webp HTTP/1.1" 200 1438 "-" "Mozilla/5.0 AppleWebKit/537.36 (KHTML, like Gecko; compatible; ClaudeBot/1.0; +claudebot@anthropic.com)"
57.141.20.8 - - [26/May/2026:01:54:07 +0200] "GET /items/B447476166/ HTTP/1.1" 404 - "-" "meta-externalagent/1.1 (+https://developers.facebook.com/docs/sharing/webmasters/crawler)"
216.73.216.103 - - [26/May/2026:01:54:12 +0200] "GET /wp-content/webp-express/webp-images/uploads/2025/04/id1.png.webp HTTP/1.1" 200 1328 "-" "Mozilla/5.0 AppleWebKit/537.36 (KHTML, like Gecko; compatible; ClaudeBot/1.0; +claudebot@anthropic.com)"
57.141.20.56 - - [26/May/2026:01:54:12 +0200] "GET /items/B442685921/ HTTP/1.1" 404 - "-" "meta-externalagent/1.1 (+https://developers.facebook.com/docs/sharing/webmasters/crawler)"
57.141.20.29 - - [26/May/2026:01:54:16 +0200] "GET /?n=33395024021230 HTTP/1.1" 200 3208 "-" "meta-externalagent/1.1 (+https://developers.facebook.com/docs/sharing/webmasters/crawler)"
216.73.216.103 - - [26/May/2026:01:54:17 +0200] "GET /wp-content/webp-express/webp-images/uploads/2025/04/touch-one-click.png.webp HTTP/1.1" 200 1148 "-" "Mozilla/5.0 AppleWebKit/537.36 (KHTML, like Gecko; compatible; ClaudeBot/1.0; +claudebot@anthropic.com)"
57.141.20.26 - - [26/May/2026:01:54:20 +0200] "GET /?n=10953639011230 HTTP/1.1" 200 3208 "-" "meta-externalagent/1.1 (+https://developers.facebook.com/docs/sharing/webmasters/crawler)"
216.73.216.103 - - [26/May/2026:01:54:22 +0200] "GET /wp-content/webp-express/webp-images/uploads/2025/02/bg-text-maquee.png.webp HTTP/1.1" 200 6922 "-" "Mozilla/5.0 AppleWebKit/537.36 (KHTML, like Gecko; compatible; ClaudeBot/1.0; +claudebot@anthropic.com)"
57.141.20.10 - - [26/May/2026:01:54:24 +0200] "GET /?n=8340692031230 HTTP/1.1" 200 3208 "-" "meta-externalagent/1.1 (+https://developers.facebook.com/docs/sharing/webmasters/crawler)"
216.73.216.103 - - [26/May/2026:01:54:27 +0200] "GET /wp-content/webp-express/webp-images/uploads/2025/04/id4.png.webp HTTP/1.1" 200 1478 "-" "Mozilla/5.0 AppleWebKit/537.36 (KHTML, like Gecko; compatible; ClaudeBot/1.0; +claudebot@anthropic.com)"
57.141.20.27 - - [26/May/2026:01:54:29 +0200] "GET /items/B448619440/ HTTP/1.1" 404 - "-" "meta-externalagent/1.1 (+https://developers.facebook.com/docs/sharing/webmasters/crawler)"
216.73.216.103 - - [26/May/2026:01:54:32 +0200] "GET /wp-content/webp-express/webp-images/uploads/2025/02/pexels-pixabay-271624-300x200.jpg.webp HTTP/1.1" 200 6088 "-" "Mozilla/5.0 AppleWebKit/537.36 (KHTML, like Gecko; compatible; ClaudeBot/1.0; +claudebot@anthropic.com)"
57.141.20.55 - - [26/May/2026:01:54:33 +0200] "GET /items/B441939053/ HTTP/1.1" 404 - "-" "meta-externalagent/1.1 (+https://developers.facebook.com/docs/sharing/webmasters/crawler)"
216.73.216.103 - - [26/May/2026:01:54:37 +0200] "GET /wp-content/webp-express/webp-images/uploads/2025/02/pexels-pixabay-271624-768x513.jpg.webp HTTP/1.1" 200 21320 "-" "Mozilla/5.0 AppleWebKit/537.36 (KHTML, like Gecko; compatible; ClaudeBot/1.0; +claudebot@anthropic.com)"
57.141.20.21 - - [26/May/2026:01:54:37 +0200] "GET /?n=16546750041230 HTTP/1.1" 200 3208 "-" "meta-externalagent/1.1 (+https://developers.facebook.com/docs/sharing/webmasters/crawler)"
57.141.20.26 - - [26/May/2026:01:54:41 +0200] "GET /items/B446268649/ HTTP/1.1" 404 - "-" "meta-externalagent/1.1 (+https://developers.facebook.com/docs/sharing/webmasters/crawler)"
216.73.216.103 - - [26/May/2026:01:54:42 +0200] "GET /wp-content/webp-express/webp-images/uploads/2025/02/pexels-heyho-6956110-1064x710.jpg.webp HTTP/1.1" 200 46218 "-" "Mozilla/5.0 AppleWebKit/537.36 (KHTML, like Gecko; compatible; ClaudeBot/1.0; +claudebot@anthropic.com)"
216.73.216.103 - - [26/May/2026:01:54:45 +0200] "GET /wp-content/webp-express/webp-images/uploads/2025/02/pexels-john-tekeridis-21837-1428348-600x600.jpg.webp HTTP/1.1" 200 32772 "-" "Mozilla/5.0 AppleWebKit/537.36 (KHTML, like Gecko; compatible; ClaudeBot/1.0; +claudebot@anthropic.com)"
57.141.20.37 - - [26/May/2026:01:54:49 +0200] "GET /items/B443141688/ HTTP/1.1" 404 - "-" "meta-externalagent/1.1 (+https://developers.facebook.com/docs/sharing/webmasters/crawler)"
57.141.20.35 - - [26/May/2026:01:54:49 +0200] "GET /items/B448141968/ HTTP/1.1" 404 - "-" "meta-externalagent/1.1 (+https://developers.facebook.com/docs/sharing/webmasters/crawler)"
216.73.216.103 - - [26/May/2026:01:54:50 +0200] "GET /wp-content/webp-express/webp-images/uploads/2025/09/Harmelys-1200x630-1-768x403.jpg.webp HTTP/1.1" 200 25416 "-" "Mozilla/5.0 AppleWebKit/537.36 (KHTML, like Gecko; compatible; ClaudeBot/1.0; +claudebot@anthropic.com)"
57.141.20.69 - - [26/May/2026:01:54:53 +0200] "GET /items/B441605552/ HTTP/1.1" 404 - "-" "meta-externalagent/1.1 (+https://developers.facebook.com/docs/sharing/webmasters/crawler)"
216.73.216.103 - - [26/May/2026:01:54:55 +0200] "GET /wp-content/webp-express/webp-images/uploads/2025/08/pexels-blue-bird-7218134-1-600x600.jpg.webp HTTP/1.1" 200 25314 "-" "Mozilla/5.0 AppleWebKit/537.36 (KHTML, like Gecko; compatible; ClaudeBot/1.0; +claudebot@anthropic.com)"
57.141.20.54 - - [26/May/2026:01:54:58 +0200] "GET /?n=314090041230 HTTP/1.1" 200 3208 "-" "meta-externalagent/1.1 (+https://developers.facebook.com/docs/sharing/webmasters/crawler)"
216.73.216.103 - - [26/May/2026:01:54:58 +0200] "GET /wp-content/webp-express/webp-images/uploads/2025/02/pexels-pixabay-271624.jpg.webp HTTP/1.1" 200 61340 "-" "Mozilla/5.0 AppleWebKit/537.36 (KHTML, like Gecko; compatible; ClaudeBot/1.0; +claudebot@anthropic.com)"
57.141.20.12 - - [26/May/2026:01:55:02 +0200] "GET /items/B445209818/ HTTP/1.1" 404 - "-" "meta-externalagent/1.1 (+https://developers.facebook.com/docs/sharing/webmasters/crawler)"
216.73.216.103 - - [26/May/2026:01:55:03 +0200] "GET /wp-content/webp-express/webp-images/uploads/2025/04/rank-math-150x150.jpg.webp HTTP/1.1" 200 2106 "-" "Mozilla/5.0 AppleWebKit/537.36 (KHTML, like Gecko; compatible; ClaudeBot/1.0; +claudebot@anthropic.com)"
57.141.20.60 - - [26/May/2026:01:55:06 +0200] "GET /items/B448860171/ HTTP/1.1" 404 - "-" "meta-externalagent/1.1 (+https://developers.facebook.com/docs/sharing/webmasters/crawler)"
216.73.216.103 - - [26/May/2026:01:55:09 +0200] "GET /wp-includes/js/tinymce/skins/lightgray/?C=N&O=A HTTP/1.1" 200 1629 "-" "Mozilla/5.0 AppleWebKit/537.36 (KHTML, like Gecko; compatible; ClaudeBot/1.0; +claudebot@anthropic.com)"
