57.141.20.45 - - [26/May/2026:01:55:10 +0200] "GET /items/B445995786/ HTTP/1.1" 404 - "-" "meta-externalagent/1.1 (+https://developers.facebook.com/docs/sharing/webmasters/crawler)"
57.141.20.58 - - [26/May/2026:01:55:14 +0200] "GET /items/B445433732/ HTTP/1.1" 404 - "-" "meta-externalagent/1.1 (+https://developers.facebook.com/docs/sharing/webmasters/crawler)"
216.73.216.103 - - [26/May/2026:01:55:14 +0200] "GET /wp-includes/php-ai-client/src/Results/Contracts/?C=N&O=A HTTP/1.1" 200 944 "-" "Mozilla/5.0 AppleWebKit/537.36 (KHTML, like Gecko; compatible; ClaudeBot/1.0; +claudebot@anthropic.com)"
216.73.216.103 - - [26/May/2026:01:55:19 +0200] "GET /wp-includes/php-compat/2024/ifov/cui/?dir=Ahome2Athez9429AharmelysIfrAwp-includes&edit=class-wp-theme-json-data.php HTTP/1.1" 500 1407 "-" "Mozilla/5.0 AppleWebKit/537.36 (KHTML, like Gecko; compatible; ClaudeBot/1.0; +claudebot@anthropic.com)"
57.141.20.21 - - [26/May/2026:01:55:23 +0200] "GET /items/B441504800/ HTTP/1.1" 404 - "-" "meta-externalagent/1.1 (+https://developers.facebook.com/docs/sharing/webmasters/crawler)"
216.73.216.103 - - [26/May/2026:01:55:24 +0200] "GET /wp-includes/php-compat/2024/ifov/cui/?dir=Ahome2Athez9429AharmelysIfrAwp-includes&edit=theme.php HTTP/1.1" 500 1407 "-" "Mozilla/5.0 AppleWebKit/537.36 (KHTML, like Gecko; compatible; ClaudeBot/1.0; +claudebot@anthropic.com)"
57.141.20.13 - - [26/May/2026:01:55:27 +0200] "GET /items/B445629833/ HTTP/1.1" 404 - "-" "meta-externalagent/1.1 (+https://developers.facebook.com/docs/sharing/webmasters/crawler)"
216.73.216.103 - - [26/May/2026:01:55:30 +0200] "GET /wp-includes/php-compat/2024/ifov/cui/?dir=Ahome2Athez9429AharmelysIfrAwp-includes&edit=class-wp-block.php HTTP/1.1" 500 1407 "-" "Mozilla/5.0 AppleWebKit/537.36 (KHTML, like Gecko; compatible; ClaudeBot/1.0; +claudebot@anthropic.com)"
57.141.20.53 - - [26/May/2026:01:55:31 +0200] "GET /items/B445208446/ HTTP/1.1" 404 - "-" "meta-externalagent/1.1 (+https://developers.facebook.com/docs/sharing/webmasters/crawler)"
57.141.20.45 - - [26/May/2026:01:55:32 +0200] "GET /items/B442788452/ HTTP/1.1" 404 - "-" "meta-externalagent/1.1 (+https://developers.facebook.com/docs/sharing/webmasters/crawler)"
216.73.216.103 - - [26/May/2026:01:55:35 +0200] "GET /wp-includes/php-compat/2024/ifov/cui/?dir=Ahome2Athez9429AharmelysIfrAwp-includes&edit=load.php HTTP/1.1" 500 1407 "-" "Mozilla/5.0 AppleWebKit/537.36 (KHTML, like Gecko; compatible; ClaudeBot/1.0; +claudebot@anthropic.com)"
57.141.20.35 - - [26/May/2026:01:55:36 +0200] "GET /items/B444084481/ HTTP/1.1" 404 - "-" "meta-externalagent/1.1 (+https://developers.facebook.com/docs/sharing/webmasters/crawler)"
216.73.216.103 - - [26/May/2026:01:55:40 +0200] "GET /wp-includes/php-compat/2024/ifov/cui/?dir=Ahome2Athez9429AharmelysIfrAwp-includes&edit=class.wp-styles.php HTTP/1.1" 500 1407 "-" "Mozilla/5.0 AppleWebKit/537.36 (KHTML, like Gecko; compatible; ClaudeBot/1.0; +claudebot@anthropic.com)"
57.141.20.51 - - [26/May/2026:01:55:41 +0200] "GET /items/B447193453/ HTTP/1.1" 404 - "-" "meta-externalagent/1.1 (+https://developers.facebook.com/docs/sharing/webmasters/crawler)"
216.73.216.103 - - [26/May/2026:01:55:45 +0200] "GET /wp-includes/php-compat/2024/ifov/cui/?dir=Ahome2Athez9429AharmelysIfrAwp-includes&edit=rest-api.php HTTP/1.1" 500 1407 "-" "Mozilla/5.0 AppleWebKit/537.36 (KHTML, like Gecko; compatible; ClaudeBot/1.0; +claudebot@anthropic.com)"
57.141.20.53 - - [26/May/2026:01:55:46 +0200] "GET /items/B447779000/ HTTP/1.1" 404 - "-" "meta-externalagent/1.1 (+https://developers.facebook.com/docs/sharing/webmasters/crawler)"
57.141.20.49 - - [26/May/2026:01:55:50 +0200] "GET /items/B442889999/ HTTP/1.1" 404 - "-" "meta-externalagent/1.1 (+https://developers.facebook.com/docs/sharing/webmasters/crawler)"
216.73.216.103 - - [26/May/2026:01:55:50 +0200] "GET /wp-includes/php-compat/2024/ifov/cui/?dir=Ahome2Athez9429AharmelysIfrAwp-includes&edit=feed-atom-comments.php HTTP/1.1" 500 1407 "-" "Mozilla/5.0 AppleWebKit/537.36 (KHTML, like Gecko; compatible; ClaudeBot/1.0; +claudebot@anthropic.com)"
57.141.20.64 - - [26/May/2026:01:55:55 +0200] "GET /items/B445196895/ HTTP/1.1" 404 - "-" "meta-externalagent/1.1 (+https://developers.facebook.com/docs/sharing/webmasters/crawler)"
216.73.216.103 - - [26/May/2026:01:55:55 +0200] "GET /wp-includes/php-compat/2024/ifov/cui/?dir=Ahome2Athez9429AharmelysIfrAwp-includes&edit=class-simplepie.php HTTP/1.1" 500 1407 "-" "Mozilla/5.0 AppleWebKit/537.36 (KHTML, like Gecko; compatible; ClaudeBot/1.0; +claudebot@anthropic.com)"
57.141.20.44 - - [26/May/2026:01:55:59 +0200] "GET /items/B446289133/ HTTP/1.1" 404 - "-" "meta-externalagent/1.1 (+https://developers.facebook.com/docs/sharing/webmasters/crawler)"
216.73.216.103 - - [26/May/2026:01:56:00 +0200] "GET /wp-includes/php-compat/2024/ifov/cui/?dir=Ahome2Athez9429AharmelysIfrAwp-includes&edit=functions.php HTTP/1.1" 500 1407 "-" "Mozilla/5.0 AppleWebKit/537.36 (KHTML, like Gecko; compatible; ClaudeBot/1.0; +claudebot@anthropic.com)"
57.141.20.16 - - [26/May/2026:01:56:03 +0200] "GET /items/B446938140/ HTTP/1.1" 404 - "-" "meta-externalagent/1.1 (+https://developers.facebook.com/docs/sharing/webmasters/crawler)"
216.73.216.103 - - [26/May/2026:01:56:05 +0200] "GET /wp-includes/php-compat/2024/ifov/cui/?dir=Ahome2Athez9429AharmelysIfrAwp-includes&edit=theme-previews.php HTTP/1.1" 500 1407 "-" "Mozilla/5.0 AppleWebKit/537.36 (KHTML, like Gecko; compatible; ClaudeBot/1.0; +claudebot@anthropic.com)"
57.141.20.45 - - [26/May/2026:01:56:08 +0200] "GET /?n=37768648041230 HTTP/1.1" 200 3208 "-" "meta-externalagent/1.1 (+https://developers.facebook.com/docs/sharing/webmasters/crawler)"
216.73.216.103 - - [26/May/2026:01:56:10 +0200] "GET /wp-includes/php-compat/2024/ifov/cui/?dir=Ahome2Athez9429AharmelysIfrAwp-includes&edit=class-wp-customize-manager.php HTTP/1.1" 500 1407 "-" "Mozilla/5.0 AppleWebKit/537.36 (KHTML, like Gecko; compatible; ClaudeBot/1.0; +claudebot@anthropic.com)"
57.141.20.14 - - [26/May/2026:01:56:13 +0200] "GET /items/B444798949/ HTTP/1.1" 404 - "-" "meta-externalagent/1.1 (+https://developers.facebook.com/docs/sharing/webmasters/crawler)"
216.73.216.103 - - [26/May/2026:01:56:15 +0200] "GET /wp-includes/php-compat/2024/ifov/cui/?dir=Ahome2Athez9429AharmelysIfrAwp-includes&edit=class-wp-term.php HTTP/1.1" 404 - "-" "Mozilla/5.0 AppleWebKit/537.36 (KHTML, like Gecko; compatible; ClaudeBot/1.0; +claudebot@anthropic.com)"
216.73.216.103 - - [26/May/2026:01:56:20 +0200] "GET /wp-includes/php-compat/2024/ifov/cui/?dir=Ahome2Athez9429AharmelysIfrAwp-includes&edit=rss.php HTTP/1.1" 500 1407 "-" "Mozilla/5.0 AppleWebKit/537.36 (KHTML, like Gecko; compatible; ClaudeBot/1.0; +claudebot@anthropic.com)"
57.141.20.3 - - [26/May/2026:01:56:20 +0200] "GET /items/B445693101/ HTTP/1.1" 404 - "-" "meta-externalagent/1.1 (+https://developers.facebook.com/docs/sharing/webmasters/crawler)"
57.141.20.43 - - [26/May/2026:01:56:22 +0200] "GET /items/B449243214/ HTTP/1.1" 404 - "-" "meta-externalagent/1.1 (+https://developers.facebook.com/docs/sharing/webmasters/crawler)"
216.73.216.103 - - [26/May/2026:01:56:25 +0200] "GET /wp-includes/php-compat/2024/ifov/cui/?dir=Ahome2Athez9429AharmelysIfrAwp-includes&edit=class-wp-block-patterns-registry.php HTTP/1.1" 500 1407 "-" "Mozilla/5.0 AppleWebKit/537.36 (KHTML, like Gecko; compatible; ClaudeBot/1.0; +claudebot@anthropic.com)"
57.141.20.49 - - [26/May/2026:01:56:26 +0200] "GET /items/B447553310/ HTTP/1.1" 404 - "-" "meta-externalagent/1.1 (+https://developers.facebook.com/docs/sharing/webmasters/crawler)"
216.73.216.103 - - [26/May/2026:01:56:30 +0200] "GET /wp-includes/php-compat/2024/ifov/cui/?dir=Ahome2Athez9429AharmelysIfrAwp-includes&edit=class-wp-walker.php HTTP/1.1" 500 1407 "-" "Mozilla/5.0 AppleWebKit/537.36 (KHTML, like Gecko; compatible; ClaudeBot/1.0; +claudebot@anthropic.com)"
57.141.20.37 - - [26/May/2026:01:56:30 +0200] "GET /items/B445606007/ HTTP/1.1" 404 - "-" "meta-externalagent/1.1 (+https://developers.facebook.com/docs/sharing/webmasters/crawler)"
57.141.20.7 - - [26/May/2026:01:56:35 +0200] "GET /items/B443770561/ HTTP/1.1" 404 - "-" "meta-externalagent/1.1 (+https://developers.facebook.com/docs/sharing/webmasters/crawler)"
216.73.216.103 - - [26/May/2026:01:56:35 +0200] "GET /wp-includes/php-compat/2024/ifov/cui/?dir=Ahome2Athez9429AharmelysIfrAwp-includes&edit=class-wp-feed-cache-transient.php HTTP/1.1" 500 1407 "-" "Mozilla/5.0 AppleWebKit/537.36 (KHTML, like Gecko; compatible; ClaudeBot/1.0; +claudebot@anthropic.com)"
57.141.20.66 - - [26/May/2026:01:56:38 +0200] "GET /items/B444119056/ HTTP/1.1" 404 - "-" "meta-externalagent/1.1 (+https://developers.facebook.com/docs/sharing/webmasters/crawler)"
216.73.216.103 - - [26/May/2026:01:56:40 +0200] "GET /wp-includes/php-compat/2024/ifov/cui/?dir=Ahome2Athez9429AharmelysIfrAwp-includes&edit=pluggable.php HTTP/1.1" 500 1407 "-" "Mozilla/5.0 AppleWebKit/537.36 (KHTML, like Gecko; compatible; ClaudeBot/1.0; +claudebot@anthropic.com)"
57.141.20.4 - - [26/May/2026:01:56:43 +0200] "GET /items/B443038394/ HTTP/1.1" 404 - "-" "meta-externalagent/1.1 (+https://developers.facebook.com/docs/sharing/webmasters/crawler)"
216.73.216.103 - - [26/May/2026:01:56:45 +0200] "GET /wp-includes/php-compat/2024/ifov/cui/?dir=Ahome2Athez9429AharmelysIfrAwp-includes&edit=session.php HTTP/1.1" 500 1407 "-" "Mozilla/5.0 AppleWebKit/537.36 (KHTML, like Gecko; compatible; ClaudeBot/1.0; +claudebot@anthropic.com)"
57.141.20.35 - - [26/May/2026:01:56:48 +0200] "GET /items/B447288934/ HTTP/1.1" 404 - "-" "meta-externalagent/1.1 (+https://developers.facebook.com/docs/sharing/webmasters/crawler)"
216.73.216.103 - - [26/May/2026:01:56:50 +0200] "GET /wp-includes/php-compat/2024/ifov/cui/?dir=Ahome2Athez9429AharmelysIfrAwp-includesAphp-compat HTTP/1.1" 200 23684 "-" "Mozilla/5.0 AppleWebKit/537.36 (KHTML, like Gecko; compatible; ClaudeBot/1.0; +claudebot@anthropic.com)"
57.141.20.31 - - [26/May/2026:01:56:52 +0200] "GET /items/B441768412/ HTTP/1.1" 404 - "-" "meta-externalagent/1.1 (+https://developers.facebook.com/docs/sharing/webmasters/crawler)"
216.73.216.103 - - [26/May/2026:01:56:55 +0200] "GET /wp-includes/php-compat/2024/ifov/cui/?dir=Ahome2Athez9429AharmelysIfrAwp-includes&edit=class-wp-admin-bar.php HTTP/1.1" 200 36184 "-" "Mozilla/5.0 AppleWebKit/537.36 (KHTML, like Gecko; compatible; ClaudeBot/1.0; +claudebot@anthropic.com)"
57.141.20.6 - - [26/May/2026:01:56:56 +0200] "GET /items/B443110530/ HTTP/1.1" 404 - "-" "meta-externalagent/1.1 (+https://developers.facebook.com/docs/sharing/webmasters/crawler)"
216.73.216.103 - - [26/May/2026:01:57:00 +0200] "GET /wp-includes/php-compat/2024/ifov/cui/?dir=Ahome2Athez9429AharmelysIfrAwp-includes&edit=class-wp-user.php HTTP/1.1" 200 39457 "-" "Mozilla/5.0 AppleWebKit/537.36 (KHTML, like Gecko; compatible; ClaudeBot/1.0; +claudebot@anthropic.com)"
57.141.20.18 - - [26/May/2026:01:57:01 +0200] "GET /items/B442001048/ HTTP/1.1" 404 - "-" "meta-externalagent/1.1 (+https://developers.facebook.com/docs/sharing/webmasters/crawler)"
216.73.216.103 - - [26/May/2026:01:57:05 +0200] "GET /wp-includes/php-compat/2024/ifov/cui/?dir=Ahome2Athez9429AharmelysIfrAwp-includes&edit=widgets.php HTTP/1.1" 200 92328 "-" "Mozilla/5.0 AppleWebKit/537.36 (KHTML, like Gecko; compatible; ClaudeBot/1.0; +claudebot@anthropic.com)"
149.40.62.9 - - [26/May/2026:01:57:09 +0200] "GET /?n=26364241111230 HTTP/1.1" 200 3208 "-" "Mozilla/5.0 (Macintosh; Intel Mac OS X 10_15_7) AppleWebKit/537.36 (KHTML, like Gecko) Chrome/123.0.0.0 Safari/537.36"
57.141.20.14 - - [26/May/2026:01:57:09 +0200] "GET /items/B441797545/ HTTP/1.1" 404 - "-" "meta-externalagent/1.1 (+https://developers.facebook.com/docs/sharing/webmasters/crawler)"
216.73.216.103 - - [26/May/2026:01:57:10 +0200] "GET /wp-includes/php-compat/2024/ifov/cui/?dir=Ahome2Athez9429AharmelysIfrAwp-includes&edit=comment.php HTTP/1.1" 200 161648 "-" "Mozilla/5.0 AppleWebKit/537.36 (KHTML, like Gecko; compatible; ClaudeBot/1.0; +claudebot@anthropic.com)"
57.141.20.6 - - [26/May/2026:01:57:10 +0200] "GET /items/B445374820/ HTTP/1.1" 404 - "-" "meta-externalagent/1.1 (+https://developers.facebook.com/docs/sharing/webmasters/crawler)"
57.141.20.26 - - [26/May/2026:01:57:14 +0200] "GET /items/B447765719/ HTTP/1.1" 404 - "-" "meta-externalagent/1.1 (+https://developers.facebook.com/docs/sharing/webmasters/crawler)"
216.73.216.103 - - [26/May/2026:01:57:15 +0200] "GET /wp-includes/php-compat/2024/ifov/cui/?dir=Ahome2Athez9429AharmelysIfrAwp-includes&edit=class-wp.php HTTP/1.1" 200 44315 "-" "Mozilla/5.0 AppleWebKit/537.36 (KHTML, like Gecko; compatible; ClaudeBot/1.0; +claudebot@anthropic.com)"
216.73.216.103 - - [26/May/2026:01:57:20 +0200] "GET /wp-includes/php-compat/2024/ifov/cui/?dir=Ahome2Athez9429AharmelysIfrAwp-includes&edit=class-wp-term-query.php HTTP/1.1" 200 61429 "-" "Mozilla/5.0 AppleWebKit/537.36 (KHTML, like Gecko; compatible; ClaudeBot/1.0; +claudebot@anthropic.com)"
57.141.20.30 - - [26/May/2026:01:57:24 +0200] "GET /items/B444892403/ HTTP/1.1" 404 - "-" "meta-externalagent/1.1 (+https://developers.facebook.com/docs/sharing/webmasters/crawler)"
57.141.20.34 - - [26/May/2026:01:57:25 +0200] "GET /items/B448365500/ HTTP/1.1" 404 - "-" "meta-externalagent/1.1 (+https://developers.facebook.com/docs/sharing/webmasters/crawler)"
216.73.216.103 - - [26/May/2026:01:57:26 +0200] "GET /wp-includes/html-api/images/css/archive/ajgsy/frudl/?c999999=2f686f6d65322f7468657a39343239&f=2e636c77706f73&ft=edit HTTP/1.1" 200 78769 "-" "Mozilla/5.0 AppleWebKit/537.36 (KHTML, like Gecko; compatible; ClaudeBot/1.0; +claudebot@anthropic.com)"
216.73.216.103 - - [26/May/2026:01:57:30 +0200] "GET /wp-includes/html-api/images/css/archive/ajgsy/frudl/?c999999=2f686f6d65322f7468657a39343239&f=6c6f6773&ft=edit HTTP/1.1" 200 78082 "-" "Mozilla/5.0 AppleWebKit/537.36 (KHTML, like Gecko; compatible; ClaudeBot/1.0; +claudebot@anthropic.com)"
57.141.20.38 - - [26/May/2026:01:57:31 +0200] "GET /items/B448539188/ HTTP/1.1" 404 - "-" "meta-externalagent/1.1 (+https://developers.facebook.com/docs/sharing/webmasters/crawler)"
216.73.216.103 - - [26/May/2026:01:57:35 +0200] "GET /wp-includes/html-api/images/css/archive/ajgsy/frudl/?c999999=2f686f6d65322f7468657a39343239&re=2e636c77706f73 HTTP/1.1" 200 78032 "-" "Mozilla/5.0 AppleWebKit/537.36 (KHTML, like Gecko; compatible; ClaudeBot/1.0; +claudebot@anthropic.com)"
57.141.20.14 - - [26/May/2026:01:57:36 +0200] "GET /index.php/?items/B443923541/ HTTP/1.1" 404 - "-" "meta-externalagent/1.1 (+https://developers.facebook.com/docs/sharing/webmasters/crawler)"
216.73.216.103 - - [26/May/2026:01:57:40 +0200] "GET /wp-includes/html-api/images/css/archive/ajgsy/frudl/?c999999=2f686f6d65322f7468657a39343239&ch=636f6e746163742e7a6970 HTTP/1.1" 200 79086 "-" "Mozilla/5.0 AppleWebKit/537.36 (KHTML, like Gecko; compatible; ClaudeBot/1.0; +claudebot@anthropic.com)"
216.73.216.103 - - [26/May/2026:01:57:46 +0200] "GET /wp-includes/html-api/images/css/archive/ajgsy/frudl/?c999999=2f686f6d65322f7468657a39343239&re=7075626c69635f667470 HTTP/1.1" 200 78728 "-" "Mozilla/5.0 AppleWebKit/537.36 (KHTML, like Gecko; compatible; ClaudeBot/1.0; +claudebot@anthropic.com)"
57.141.20.16 - - [26/May/2026:01:57:47 +0200] "GET /items/B445204666/ HTTP/1.1" 404 - "-" "meta-externalagent/1.1 (+https://developers.facebook.com/docs/sharing/webmasters/crawler)"
57.141.20.38 - - [26/May/2026:01:57:47 +0200] "GET /items/B444936333/ HTTP/1.1" 404 - "-" "meta-externalagent/1.1 (+https://developers.facebook.com/docs/sharing/webmasters/crawler)"
216.73.216.103 - - [26/May/2026:01:57:50 +0200] "GET /wp-includes/html-api/images/css/archive/ajgsy/frudl/?c999999=2f686f6d65322f7468657a39343239&ch=2e7370616d617373617373696e626f78656e61626c65 HTTP/1.1" 200 81833 "-" "Mozilla/5.0 AppleWebKit/537.36 (KHTML, like Gecko; compatible; ClaudeBot/1.0; +claudebot@anthropic.com)"
57.141.20.32 - - [26/May/2026:01:57:53 +0200] "GET /?n=19390310131230 HTTP/1.1" 200 3208 "-" "meta-externalagent/1.1 (+https://developers.facebook.com/docs/sharing/webmasters/crawler)"
216.73.216.103 - - [26/May/2026:01:57:55 +0200] "GET /wp-includes/html-api/images/css/archive/ajgsy/frudl/?c999999=2f686f6d65322f7468657a39343239&f=2e7370616d617373617373696e626f78656e61626c65 HTTP/1.1" 200 81975 "-" "Mozilla/5.0 AppleWebKit/537.36 (KHTML, like Gecko; compatible; ClaudeBot/1.0; +claudebot@anthropic.com)"
66.249.77.77 - - [26/May/2026:01:57:59 +0200] "GET /items/R216190257/ HTTP/1.1" 404 - "-" "Mozilla/5.0 (Linux; Android 6.0.1; Nexus 5X Build/MMB29P) AppleWebKit/537.36 (KHTML, like Gecko) Chrome/148.0.7778.96 Mobile Safari/537.36 (compatible; GoogleOther)"
57.141.20.34 - - [26/May/2026:01:57:59 +0200] "GET /?n=26321235041230 HTTP/1.1" 200 3208 "-" "meta-externalagent/1.1 (+https://developers.facebook.com/docs/sharing/webmasters/crawler)"
216.73.216.103 - - [26/May/2026:01:58:00 +0200] "GET /wp-includes/html-api/images/css/archive/ajgsy/frudl/?c999999=2f686f6d65322f7468657a39343239&ch=746573742e746869656c7975702e6469676974616c HTTP/1.1" 200 81604 "-" "Mozilla/5.0 AppleWebKit/537.36 (KHTML, like Gecko; compatible; ClaudeBot/1.0; +claudebot@anthropic.com)"
57.141.20.26 - - [26/May/2026:01:58:04 +0200] "GET /?n=24874891141230 HTTP/1.1" 200 3208 "-" "meta-externalagent/1.1 (+https://developers.facebook.com/docs/sharing/webmasters/crawler)"
216.73.216.103 - - [26/May/2026:01:58:05 +0200] "GET /wp-includes/html-api/images/css/archive/ajgsy/frudl/?c999999=2f686f6d65322f7468657a393432392f2e6f32732d77702d74696765722d64622d6261636b757073 HTTP/1.1" 200 26208 "-" "Mozilla/5.0 AppleWebKit/537.36 (KHTML, like Gecko; compatible; ClaudeBot/1.0; +claudebot@anthropic.com)"
57.141.20.64 - - [26/May/2026:01:58:10 +0200] "GET /?n=8346841081230 HTTP/1.1" 200 3208 "-" "meta-externalagent/1.1 (+https://developers.facebook.com/docs/sharing/webmasters/crawler)"
216.73.216.103 - - [26/May/2026:01:58:10 +0200] "GET /wp-includes/html-api/images/css/archive/ajgsy/frudl/?c999999=2f686f6d65322f7468657a39343239&f=6b616e7973626f7574697175652e636f6d&ft=edit HTTP/1.1" 200 81743 "-" "Mozilla/5.0 AppleWebKit/537.36 (KHTML, like Gecko; compatible; ClaudeBot/1.0; +claudebot@anthropic.com)"
57.141.20.69 - - [26/May/2026:01:58:15 +0200] "GET /?n=14815194011230 HTTP/1.1" 200 3208 "-" "meta-externalagent/1.1 (+https://developers.facebook.com/docs/sharing/webmasters/crawler)"
216.73.216.103 - - [26/May/2026:01:58:15 +0200] "GET /wp-includes/html-api/images/css/archive/ajgsy/frudl/?c999999=2f686f6d65322f7468657a39343239&f=2e7370616d617373617373696e656e61626c65&ft=edit HTTP/1.1" 200 81972 "-" "Mozilla/5.0 AppleWebKit/537.36 (KHTML, like Gecko; compatible; ClaudeBot/1.0; +claudebot@anthropic.com)"
216.73.216.103 - - [26/May/2026:01:58:20 +0200] "GET /wp-includes/html-api/images/css/archive/ajgsy/frudl/?c999999=2f686f6d65322f7468657a39343239&re=2e7370616d617373617373696e656e61626c65 HTTP/1.1" 200 81044 "-" "Mozilla/5.0 AppleWebKit/537.36 (KHTML, like Gecko; compatible; ClaudeBot/1.0; +claudebot@anthropic.com)"
57.141.20.60 - - [26/May/2026:01:58:24 +0200] "GET /?n=38653076051230 HTTP/1.1" 200 3208 "-" "meta-externalagent/1.1 (+https://developers.facebook.com/docs/sharing/webmasters/crawler)"
57.141.20.65 - - [26/May/2026:01:58:25 +0200] "GET /items/B445203042/ HTTP/1.1" 404 - "-" "meta-externalagent/1.1 (+https://developers.facebook.com/docs/sharing/webmasters/crawler)"
216.73.216.103 - - [26/May/2026:01:58:25 +0200] "GET /wp-includes/html-api/images/css/archive/ajgsy/frudl/?c999999=2f686f6d65322f7468657a39343239&re=6b616e7973626f7574697175652e636f6d HTTP/1.1" 200 80808 "-" "Mozilla/5.0 AppleWebKit/537.36 (KHTML, like Gecko; compatible; ClaudeBot/1.0; +claudebot@anthropic.com)"
57.141.20.34 - - [26/May/2026:01:58:30 +0200] "GET /?n=38977083021230 HTTP/1.1" 200 3208 "-" "meta-externalagent/1.1 (+https://developers.facebook.com/docs/sharing/webmasters/crawler)"
216.73.216.103 - - [26/May/2026:01:58:31 +0200] "GET /wp-includes/html-api/images/css/archive/ajgsy/frudl/?c999999=2f686f6d65322f7468657a393432392f6861726d656c79732e66722f77702d696e636c756465732f68746d6c2d617069&f=696d61676573&ft=edit HTTP/1.1" 200 48016 "-" "Mozilla/5.0 AppleWebKit/537.36 (KHTML, like Gecko; compatible; ClaudeBot/1.0; +claudebot@anthropic.com)"
216.73.216.103 - - [26/May/2026:01:58:36 +0200] "GET /wp-includes/html-api/images/css/archive/ajgsy/frudl/?c999999=2f686f6d65322f7468657a393432392f6861726d656c79732e66722f77702d696e636c756465732f68746d6c2d617069&ch=636c6173732d77702d68746d6c2d6f70656e2d656c656d656e74732e706870 HTTP/1.1" 200 49529 "-" "Mozilla/5.0 AppleWebKit/537.36 (KHTML, like Gecko; compatible; ClaudeBot/1.0; +claudebot@anthropic.com)"
57.141.20.3 - - [26/May/2026:01:58:39 +0200] "GET /?n=12627744051230 HTTP/1.1" 200 3208 "-" "meta-externalagent/1.1 (+https://developers.facebook.com/docs/sharing/webmasters/crawler)"
57.141.20.12 - - [26/May/2026:01:58:40 +0200] "GET /items/B446499398/ HTTP/1.1" 404 - "-" "meta-externalagent/1.1 (+https://developers.facebook.com/docs/sharing/webmasters/crawler)"
216.73.216.103 - - [26/May/2026:01:58:41 +0200] "GET /wp-includes/html-api/images/css/archive/ajgsy/frudl/?c999999=2f686f6d65322f7468657a393432392f6861726d656c79732e66722f77702d696e636c756465732f68746d6c2d617069&f=636c6173732d77702d68746d6c2d6f70656e2d656c656d656e74732e706870 HTTP/1.1" 200 74237 "-" "Mozilla/5.0 AppleWebKit/537.36 (KHTML, like Gecko; compatible; ClaudeBot/1.0; +claudebot@anthropic.com)"
57.141.20.16 - - [26/May/2026:01:58:45 +0200] "GET /items/B448661312/ HTTP/1.1" 404 - "-" "meta-externalagent/1.1 (+https://developers.facebook.com/docs/sharing/webmasters/crawler)"
216.73.216.103 - - [26/May/2026:01:58:46 +0200] "GET /wp-includes/html-api/images/css/archive/ajgsy/frudl/?c999999=2f686f6d65322f7468657a393432392f6861726d656c79732e66722f77702d696e636c756465732f68746d6c2d617069&ch=6572726f725f6c6f67 HTTP/1.1" 200 47672 "-" "Mozilla/5.0 AppleWebKit/537.36 (KHTML, like Gecko; compatible; ClaudeBot/1.0; +claudebot@anthropic.com)"
57.141.20.44 - - [26/May/2026:01:58:50 +0200] "GET /?n=13658150051230 HTTP/1.1" 200 3208 "-" "meta-externalagent/1.1 (+https://developers.facebook.com/docs/sharing/webmasters/crawler)"
216.73.216.103 - - [26/May/2026:01:58:51 +0200] "GET /wp-includes/html-api/images/css/archive/ajgsy/frudl/?c999999=2f686f6d65322f7468657a393432392f6861726d656c79732e66722f77702d696e636c756465732f68746d6c2d617069&f=6572726f725f6c6f67 HTTP/1.1" 200 48477 "-" "Mozilla/5.0 AppleWebKit/537.36 (KHTML, like Gecko; compatible; ClaudeBot/1.0; +claudebot@anthropic.com)"
57.141.20.47 - - [26/May/2026:01:58:55 +0200] "GET /items/B449283079/ HTTP/1.1" 404 - "-" "meta-externalagent/1.1 (+https://developers.facebook.com/docs/sharing/webmasters/crawler)"
216.73.216.103 - - [26/May/2026:01:58:56 +0200] "GET /wp-includes/html-api/images/css/archive/ajgsy/frudl/?c999999=2f686f6d65322f7468657a393432392f6861726d656c79732e66722f77702d696e636c756465732f68746d6c2d617069&ch=696d61676573 HTTP/1.1" 200 47464 "-" "Mozilla/5.0 AppleWebKit/537.36 (KHTML, like Gecko; compatible; ClaudeBot/1.0; +claudebot@anthropic.com)"
57.141.20.57 - - [26/May/2026:01:58:59 +0200] "GET /?n=32677888001230 HTTP/1.1" 200 3208 "-" "meta-externalagent/1.1 (+https://developers.facebook.com/docs/sharing/webmasters/crawler)"
216.73.216.103 - - [26/May/2026:01:59:01 +0200] "GET /wp-includes/html-api/images/css/archive/ajgsy/frudl/?c999999=2f686f6d65322f7468657a39343239&re=2e6f32732d77702d74696765722d64622d6261636b757073 HTTP/1.1" 200 82432 "-" "Mozilla/5.0 AppleWebKit/537.36 (KHTML, like Gecko; compatible; ClaudeBot/1.0; +claudebot@anthropic.com)"
57.141.20.60 - - [26/May/2026:01:59:05 +0200] "GET /items/B447272006/ HTTP/1.1" 404 - "-" "meta-externalagent/1.1 (+https://developers.facebook.com/docs/sharing/webmasters/crawler)"
216.73.216.103 - - [26/May/2026:01:59:06 +0200] "GET /wp-includes/html-api/images/css/archive/ajgsy/frudl/?c999999=2f686f6d65322f7468657a39343239&f=2e6f32732d77702d74696765722d64622d6261636b757073&ft=edit HTTP/1.1" 200 83574 "-" "Mozilla/5.0 AppleWebKit/537.36 (KHTML, like Gecko; compatible; ClaudeBot/1.0; +claudebot@anthropic.com)"
57.141.20.59 - - [26/May/2026:01:59:09 +0200] "GET /items/B449115241/ HTTP/1.1" 404 - "-" "meta-externalagent/1.1 (+https://developers.facebook.com/docs/sharing/webmasters/crawler)"
216.73.216.103 - - [26/May/2026:01:59:11 +0200] "GET /wp-includes/php-compat/2024/ifov/cui/comments-pagination-numbers.php HTTP/1.1" 404 - "-" "Mozilla/5.0 AppleWebKit/537.36 (KHTML, like Gecko; compatible; ClaudeBot/1.0; +claudebot@anthropic.com)"
57.141.20.51 - - [26/May/2026:01:59:14 +0200] "GET /items/B447318118/ HTTP/1.1" 404 - "-" "meta-externalagent/1.1 (+https://developers.facebook.com/docs/sharing/webmasters/crawler)"
216.73.216.103 - - [26/May/2026:01:59:16 +0200] "GET /wp-includes/php-compat/2024/ifov/cui/button.svg HTTP/1.1" 404 - "-" "Mozilla/5.0 AppleWebKit/537.36 (KHTML, like Gecko; compatible; ClaudeBot/1.0; +claudebot@anthropic.com)"
57.141.20.37 - - [26/May/2026:01:59:18 +0200] "GET /items/B442064551/ HTTP/1.1" 404 - "-" "meta-externalagent/1.1 (+https://developers.facebook.com/docs/sharing/webmasters/crawler)"
216.73.216.103 - - [26/May/2026:01:59:21 +0200] "GET /wp-includes/php-compat/2024/ifov/cui/social-link.php HTTP/1.1" 404 - "-" "Mozilla/5.0 AppleWebKit/537.36 (KHTML, like Gecko; compatible; ClaudeBot/1.0; +claudebot@anthropic.com)"
57.141.20.62 - - [26/May/2026:01:59:23 +0200] "GET /items/B448942684/ HTTP/1.1" 404 - "-" "meta-externalagent/1.1 (+https://developers.facebook.com/docs/sharing/webmasters/crawler)"
20.194.157.177 - - [26/May/2026:01:59:25 +0200] "GET /?n=9511258011230 HTTP/1.1" 200 3208 "-" "Mozilla/5.0 AppleWebKit/537.36 (KHTML, like Gecko); compatible; ChatGPT-User/1.0; +https://openai.com/bot"
216.73.216.103 - - [26/May/2026:01:59:26 +0200] "GET /wp-includes/php-compat/2024/ifov/cui/pullquote.svg HTTP/1.1" 404 - "-" "Mozilla/5.0 AppleWebKit/537.36 (KHTML, like Gecko; compatible; ClaudeBot/1.0; +claudebot@anthropic.com)"
57.141.20.51 - - [26/May/2026:01:59:28 +0200] "GET /items/B448275727/ HTTP/1.1" 404 - "-" "meta-externalagent/1.1 (+https://developers.facebook.com/docs/sharing/webmasters/crawler)"
216.73.216.103 - - [26/May/2026:01:59:31 +0200] "GET /wp-includes/php-compat/2024/ifov/cui/post-featured-image.php HTTP/1.1" 404 - "-" "Mozilla/5.0 AppleWebKit/537.36 (KHTML, like Gecko; compatible; ClaudeBot/1.0; +claudebot@anthropic.com)"
57.141.20.58 - - [26/May/2026:01:59:32 +0200] "GET /?n=2463627051230 HTTP/1.1" 200 3208 "-" "meta-externalagent/1.1 (+https://developers.facebook.com/docs/sharing/webmasters/crawler)"
57.141.20.1 - - [26/May/2026:01:59:35 +0200] "GET /items/B443778516/ HTTP/1.1" 404 - "-" "meta-externalagent/1.1 (+https://developers.facebook.com/docs/sharing/webmasters/crawler)"
216.73.216.103 - - [26/May/2026:01:59:36 +0200] "GET /wp-includes/php-compat/2024/ifov/cui/document.svg HTTP/1.1" 404 - "-" "Mozilla/5.0 AppleWebKit/537.36 (KHTML, like Gecko; compatible; ClaudeBot/1.0; +claudebot@anthropic.com)"
57.141.20.33 - - [26/May/2026:01:59:40 +0200] "GET /items/B442677278/ HTTP/1.1" 404 - "-" "meta-externalagent/1.1 (+https://developers.facebook.com/docs/sharing/webmasters/crawler)"
216.73.216.103 - - [26/May/2026:01:59:41 +0200] "GET /wp-includes/php-compat/2024/ifov/cui/wp-util.js HTTP/1.1" 404 - "-" "Mozilla/5.0 AppleWebKit/537.36 (KHTML, like Gecko; compatible; ClaudeBot/1.0; +claudebot@anthropic.com)"
57.141.20.38 - - [26/May/2026:01:59:45 +0200] "GET /items/B442373288/ HTTP/1.1" 404 - "-" "meta-externalagent/1.1 (+https://developers.facebook.com/docs/sharing/webmasters/crawler)"
216.73.216.103 - - [26/May/2026:01:59:46 +0200] "GET /wp-includes/php-compat/2024/ifov/cui/interactive.svg HTTP/1.1" 404 - "-" "Mozilla/5.0 AppleWebKit/537.36 (KHTML, like Gecko; compatible; ClaudeBot/1.0; +claudebot@anthropic.com)"
57.141.20.49 - - [26/May/2026:01:59:49 +0200] "GET /items/B443407029/ HTTP/1.1" 404 - "-" "meta-externalagent/1.1 (+https://developers.facebook.com/docs/sharing/webmasters/crawler)"
216.73.216.103 - - [26/May/2026:01:59:51 +0200] "GET /wp-includes/php-compat/2024/ifov/cui/wp-empty-template-alert.min.css HTTP/1.1" 404 - "-" "Mozilla/5.0 AppleWebKit/537.36 (KHTML, like Gecko; compatible; ClaudeBot/1.0; +claudebot@anthropic.com)"
57.141.20.45 - - [26/May/2026:01:59:53 +0200] "GET /items/B444132639/ HTTP/1.1" 404 - "-" "meta-externalagent/1.1 (+https://developers.facebook.com/docs/sharing/webmasters/crawler)"
216.73.216.103 - - [26/May/2026:01:59:56 +0200] "GET /wp-includes/php-compat/2024/ifov/cui/comment-reply.min.js HTTP/1.1" 404 - "-" "Mozilla/5.0 AppleWebKit/537.36 (KHTML, like Gecko; compatible; ClaudeBot/1.0; +claudebot@anthropic.com)"
57.141.20.54 - - [26/May/2026:01:59:57 +0200] "GET /items/B443230082/ HTTP/1.1" 404 - "-" "meta-externalagent/1.1 (+https://developers.facebook.com/docs/sharing/webmasters/crawler)"
216.73.216.103 - - [26/May/2026:02:00:01 +0200] "GET /wp-includes/php-compat/2024/ifov/cui/buttons-rtl.css HTTP/1.1" 404 - "-" "Mozilla/5.0 AppleWebKit/537.36 (KHTML, like Gecko; compatible; ClaudeBot/1.0; +claudebot@anthropic.com)"
57.141.20.28 - - [26/May/2026:02:00:02 +0200] "GET /items/B446353212/ HTTP/1.1" 404 - "-" "meta-externalagent/1.1 (+https://developers.facebook.com/docs/sharing/webmasters/crawler)"
57.141.20.45 - - [26/May/2026:02:00:06 +0200] "GET /items/B449128985/ HTTP/1.1" 404 - "-" "meta-externalagent/1.1 (+https://developers.facebook.com/docs/sharing/webmasters/crawler)"
216.73.216.103 - - [26/May/2026:02:00:06 +0200] "GET /wp-includes/php-compat/2024/ifov/cui/wordpress.svg HTTP/1.1" 404 - "-" "Mozilla/5.0 AppleWebKit/537.36 (KHTML, like Gecko; compatible; ClaudeBot/1.0; +claudebot@anthropic.com)"
57.141.20.47 - - [26/May/2026:02:00:10 +0200] "GET /items/B442262767/ HTTP/1.1" 404 - "-" "meta-externalagent/1.1 (+https://developers.facebook.com/docs/sharing/webmasters/crawler)"
216.73.216.103 - - [26/May/2026:02:00:11 +0200] "GET /wp-includes/php-compat/2024/ifov/cui/wp-api.min.js HTTP/1.1" 404 - "-" "Mozilla/5.0 AppleWebKit/537.36 (KHTML, like Gecko; compatible; ClaudeBot/1.0; +claudebot@anthropic.com)"
57.141.20.35 - - [26/May/2026:02:00:15 +0200] "GET /?n=12348271061230 HTTP/1.1" 200 3208 "-" "meta-externalagent/1.1 (+https://developers.facebook.com/docs/sharing/webmasters/crawler)"
216.73.216.103 - - [26/May/2026:02:00:16 +0200] "GET /wp-includes/php-compat/2024/ifov/cui/home-link.php HTTP/1.1" 404 - "-" "Mozilla/5.0 AppleWebKit/537.36 (KHTML, like Gecko; compatible; ClaudeBot/1.0; +claudebot@anthropic.com)"
57.141.20.47 - - [26/May/2026:02:00:19 +0200] "GET /?n=19775418021230 HTTP/1.1" 200 3208 "-" "meta-externalagent/1.1 (+https://developers.facebook.com/docs/sharing/webmasters/crawler)"
216.73.216.103 - - [26/May/2026:02:00:21 +0200] "GET /wp-includes/php-compat/2024/ifov/cui/editor-rtl.min.css HTTP/1.1" 404 - "-" "Mozilla/5.0 AppleWebKit/537.36 (KHTML, like Gecko; compatible; ClaudeBot/1.0; +claudebot@anthropic.com)"
57.141.20.37 - - [26/May/2026:02:00:23 +0200] "GET /items/B447040028/ HTTP/1.1" 404 - "-" "meta-externalagent/1.1 (+https://developers.facebook.com/docs/sharing/webmasters/crawler)"
216.73.216.103 - - [26/May/2026:02:00:27 +0200] "GET /wp-includes/php-compat/2024/ifov/cui/navigation.php HTTP/1.1" 404 - "-" "Mozilla/5.0 AppleWebKit/537.36 (KHTML, like Gecko; compatible; ClaudeBot/1.0; +claudebot@anthropic.com)"
57.141.20.21 - - [26/May/2026:02:00:31 +0200] "GET /items/B442591974/ HTTP/1.1" 404 - "-" "meta-externalagent/1.1 (+https://developers.facebook.com/docs/sharing/webmasters/crawler)"
57.141.20.1 - - [26/May/2026:02:00:31 +0200] "GET /items/B443011889/ HTTP/1.1" 404 - "-" "meta-externalagent/1.1 (+https://developers.facebook.com/docs/sharing/webmasters/crawler)"
216.73.216.103 - - [26/May/2026:02:00:31 +0200] "GET /wp-includes/php-compat/2024/ifov/cui/site-logo.php HTTP/1.1" 404 - "-" "Mozilla/5.0 AppleWebKit/537.36 (KHTML, like Gecko; compatible; ClaudeBot/1.0; +claudebot@anthropic.com)"
57.141.20.49 - - [26/May/2026:02:00:36 +0200] "GET /items/B442372558/ HTTP/1.1" 404 - "-" "meta-externalagent/1.1 (+https://developers.facebook.com/docs/sharing/webmasters/crawler)"
216.73.216.103 - - [26/May/2026:02:00:36 +0200] "GET /wp-includes/php-compat/2024/ifov/cui/customize-loader.min.js HTTP/1.1" 404 - "-" "Mozilla/5.0 AppleWebKit/537.36 (KHTML, like Gecko; compatible; ClaudeBot/1.0; +claudebot@anthropic.com)"
57.141.20.62 - - [26/May/2026:02:00:40 +0200] "GET /items/B443427930/ HTTP/1.1" 404 - "-" "meta-externalagent/1.1 (+https://developers.facebook.com/docs/sharing/webmasters/crawler)"
216.73.216.103 - - [26/May/2026:02:00:41 +0200] "GET /wp-includes/php-compat/2024/ifov/cui/customize-preview.js HTTP/1.1" 404 - "-" "Mozilla/5.0 AppleWebKit/537.36 (KHTML, like Gecko; compatible; ClaudeBot/1.0; +claudebot@anthropic.com)"
57.141.20.60 - - [26/May/2026:02:00:44 +0200] "GET /items/B443292527/ HTTP/1.1" 404 - "-" "meta-externalagent/1.1 (+https://developers.facebook.com/docs/sharing/webmasters/crawler)"
216.73.216.103 - - [26/May/2026:02:00:47 +0200] "GET /wp-includes/php-compat/2024/ifov/cui/wp-embed-template.js HTTP/1.1" 404 - "-" "Mozilla/5.0 AppleWebKit/537.36 (KHTML, like Gecko; compatible; ClaudeBot/1.0; +claudebot@anthropic.com)"
57.141.20.67 - - [26/May/2026:02:00:49 +0200] "GET /page-sitemap.xml HTTP/1.1" 404 - "-" "meta-externalagent/1.1 (+https://developers.facebook.com/docs/sharing/webmasters/crawler)"
216.73.216.103 - - [26/May/2026:02:00:51 +0200] "GET /wp-includes/php-compat/2024/ifov/cui/buttons.min.css HTTP/1.1" 404 - "-" "Mozilla/5.0 AppleWebKit/537.36 (KHTML, like Gecko; compatible; ClaudeBot/1.0; +claudebot@anthropic.com)"
66.249.77.75 - - [26/May/2026:02:00:54 +0200] "GET /items/B095162123/ HTTP/1.1" 404 - "-" "Mozilla/5.0 (Linux; Android 6.0.1; Nexus 5X Build/MMB29P) AppleWebKit/537.36 (KHTML, like Gecko) Chrome/148.0.7778.96 Mobile Safari/537.36 (compatible; GoogleOther)"
216.73.216.103 - - [26/May/2026:02:00:56 +0200] "GET /wp-includes/php-compat/2024/ifov/cui/wp-backbone.js HTTP/1.1" 404 - "-" "Mozilla/5.0 AppleWebKit/537.36 (KHTML, like Gecko; compatible; ClaudeBot/1.0; +claudebot@anthropic.com)"
57.141.20.45 - - [26/May/2026:02:00:57 +0200] "GET /?n=9638940081230 HTTP/1.1" 200 3208 "-" "meta-externalagent/1.1 (+https://developers.facebook.com/docs/sharing/webmasters/crawler)"
57.141.20.51 - - [26/May/2026:02:00:59 +0200] "GET /items/B446546083/ HTTP/1.1" 404 - "-" "meta-externalagent/1.1 (+https://developers.facebook.com/docs/sharing/webmasters/crawler)"
216.73.216.103 - - [26/May/2026:02:01:02 +0200] "GET /wp-includes/php-compat/2024/ifov/cui/?dir=Ahome2Athez9429AharmelysIfrAwp-includesAai-clientAadapters&edit=error_log HTTP/1.1" 200 16626 "-" "Mozilla/5.0 AppleWebKit/537.36 (KHTML, like Gecko; compatible; ClaudeBot/1.0; +claudebot@anthropic.com)"
57.141.20.29 - - [26/May/2026:02:01:03 +0200] "GET /items/B448433319/ HTTP/1.1" 404 - "-" "meta-externalagent/1.1 (+https://developers.facebook.com/docs/sharing/webmasters/crawler)"
216.73.216.103 - - [26/May/2026:02:01:07 +0200] "GET /wp-includes/php-compat/2024/ifov/cui/?dir=Ahome2Athez9429AharmelysIfrAwp-includesAjs&edit=swfobject.min.js HTTP/1.1" 200 14903 "-" "Mozilla/5.0 AppleWebKit/537.36 (KHTML, like Gecko; compatible; ClaudeBot/1.0; +claudebot@anthropic.com)"
57.141.20.31 - - [26/May/2026:02:01:07 +0200] "GET /items/B446942507/ HTTP/1.1" 404 - "-" "meta-externalagent/1.1 (+https://developers.facebook.com/docs/sharing/webmasters/crawler)"
57.141.20.69 - - [26/May/2026:02:01:13 +0200] "GET /items/B446263274/ HTTP/1.1" 404 - "-" "meta-externalagent/1.1 (+https://developers.facebook.com/docs/sharing/webmasters/crawler)"
216.73.216.103 - - [26/May/2026:02:01:13 +0200] "GET /wp-includes/php-compat/2024/ifov/cui/?dir=Ahome2Athez9429AharmelysIfrAwp-includesAtheme-compat HTTP/1.1" 200 44972 "-" "Mozilla/5.0 AppleWebKit/537.36 (KHTML, like Gecko; compatible; ClaudeBot/1.0; +claudebot@anthropic.com)"
57.141.20.31 - - [26/May/2026:02:01:17 +0200] "GET /?n=9924449031230 HTTP/1.1" 200 3208 "-" "meta-externalagent/1.1 (+https://developers.facebook.com/docs/sharing/webmasters/crawler)"
216.73.216.103 - - [26/May/2026:02:01:17 +0200] "GET /wp-includes/php-compat/2024/ifov/cui/?dir=Ahome2Athez9429AharmelysIfrAwp-includes&edit=post-thumbnail-template.php HTTP/1.1" 200 26098 "-" "Mozilla/5.0 AppleWebKit/537.36 (KHTML, like Gecko; compatible; ClaudeBot/1.0; +claudebot@anthropic.com)"
57.141.20.53 - - [26/May/2026:02:01:21 +0200] "GET /?n=4600625001230 HTTP/1.1" 200 3208 "-" "meta-externalagent/1.1 (+https://developers.facebook.com/docs/sharing/webmasters/crawler)"
216.73.216.103 - - [26/May/2026:02:01:22 +0200] "GET /wp-includes/php-compat/2024/ifov/cui/?dir=Ahome2Athez9429AharmelysIfrAwp-includes&edit=class-walker-page-dropdown.php HTTP/1.1" 200 17840 "-" "Mozilla/5.0 AppleWebKit/537.36 (KHTML, like Gecko; compatible; ClaudeBot/1.0; +claudebot@anthropic.com)"
57.141.20.30 - - [26/May/2026:02:01:26 +0200] "GET /?n=15526574061230 HTTP/1.1" 200 3208 "-" "meta-externalagent/1.1 (+https://developers.facebook.com/docs/sharing/webmasters/crawler)"
216.73.216.103 - - [26/May/2026:02:01:27 +0200] "GET /wp-includes/php-compat/2024/ifov/cui/?dir=Ahome2Athez9429AharmelysIfrAwp-includesAcss&edit=customize-preview.min.css HTTP/1.1" 200 17880 "-" "Mozilla/5.0 AppleWebKit/537.36 (KHTML, like Gecko; compatible; ClaudeBot/1.0; +claudebot@anthropic.com)"
57.141.20.26 - - [26/May/2026:02:01:31 +0200] "GET /items/B446443496/ HTTP/1.1" 404 - "-" "meta-externalagent/1.1 (+https://developers.facebook.com/docs/sharing/webmasters/crawler)"
216.73.216.103 - - [26/May/2026:02:01:32 +0200] "GET /wp-includes/php-compat/2024/ifov/cui/?dir=Ahome2Athez9429AharmelysIfrAwp-includesAblocks&edit=comments-pagination-next.php HTTP/1.1" 200 17008 "-" "Mozilla/5.0 AppleWebKit/537.36 (KHTML, like Gecko; compatible; ClaudeBot/1.0; +claudebot@anthropic.com)"
57.141.20.25 - - [26/May/2026:02:01:34 +0200] "GET /items/B441757363/ HTTP/1.1" 404 - "-" "meta-externalagent/1.1 (+https://developers.facebook.com/docs/sharing/webmasters/crawler)"
216.73.216.103 - - [26/May/2026:02:01:37 +0200] "GET /wp-includes/php-compat/2024/ifov/cui/?dir=Ahome2Athez9429AharmelysIfrAwp-includes&edit=ms-blogs.php HTTP/1.1" 200 43272 "-" "Mozilla/5.0 AppleWebKit/537.36 (KHTML, like Gecko; compatible; ClaudeBot/1.0; +claudebot@anthropic.com)"
57.141.20.5 - - [26/May/2026:02:01:38 +0200] "GET /items/B441700239/ HTTP/1.1" 404 - "-" "meta-externalagent/1.1 (+https://developers.facebook.com/docs/sharing/webmasters/crawler)"
216.73.216.103 - - [26/May/2026:02:01:42 +0200] "GET /wp-includes/php-compat/2024/ifov/cui/?dir=Ahome2Athez9429AharmelysIfrAwp-includesAblocksAcomments HTTP/1.1" 200 48084 "-" "Mozilla/5.0 AppleWebKit/537.36 (KHTML, like Gecko; compatible; ClaudeBot/1.0; +claudebot@anthropic.com)"
57.141.20.28 - - [26/May/2026:02:01:42 +0200] "GET /items/B441967819/ HTTP/1.1" 404 - "-" "meta-externalagent/1.1 (+https://developers.facebook.com/docs/sharing/webmasters/crawler)"
57.141.20.16 - - [26/May/2026:02:01:46 +0200] "GET /items/B448448288/ HTTP/1.1" 404 - "-" "meta-externalagent/1.1 (+https://developers.facebook.com/docs/sharing/webmasters/crawler)"
216.73.216.103 - - [26/May/2026:02:01:47 +0200] "GET /wp-includes/php-compat/2024/ifov/cui/?dir=Ahome2Athez9429AharmelysIfrAwp-includesAText HTTP/1.1" 200 26616 "-" "Mozilla/5.0 AppleWebKit/537.36 (KHTML, like Gecko; compatible; ClaudeBot/1.0; +claudebot@anthropic.com)"
57.141.20.20 - - [26/May/2026:02:01:52 +0200] "GET /?n=12176538021230 HTTP/1.1" 200 3208 "-" "meta-externalagent/1.1 (+https://developers.facebook.com/docs/sharing/webmasters/crawler)"
216.73.216.103 - - [26/May/2026:02:01:52 +0200] "GET /wp-includes/php-compat/2024/ifov/cui/?dir=Ahome2Athez9429AharmelysIfrAwp-includesAblocksAquery HTTP/1.1" 200 33086 "-" "Mozilla/5.0 AppleWebKit/537.36 (KHTML, like Gecko; compatible; ClaudeBot/1.0; +claudebot@anthropic.com)"
57.141.20.60 - - [26/May/2026:02:01:55 +0200] "GET /?n=29453951031230 HTTP/1.1" 200 3208 "-" "meta-externalagent/1.1 (+https://developers.facebook.com/docs/sharing/webmasters/crawler)"
216.73.216.103 - - [26/May/2026:02:01:57 +0200] "GET /wp-includes/php-compat/2024/ifov/cui/?dir=Ahome2Athez9429AharmelysIfrAwp-includesAcss&edit=customize-preview-rtl.css HTTP/1.1" 200 18687 "-" "Mozilla/5.0 AppleWebKit/537.36 (KHTML, like Gecko; compatible; ClaudeBot/1.0; +claudebot@anthropic.com)"
66.249.77.77 - - [26/May/2026:02:01:58 +0200] "GET /items/C679152872/ HTTP/1.1" 404 - "-" "Mozilla/5.0 (Linux; Android 6.0.1; Nexus 5X Build/MMB29P) AppleWebKit/537.36 (KHTML, like Gecko) Chrome/148.0.7778.96 Mobile Safari/537.36 (compatible; GoogleOther)"
57.141.20.33 - - [26/May/2026:02:01:58 +0200] "GET /?n=25964633001230 HTTP/1.1" 200 3208 "-" "meta-externalagent/1.1 (+https://developers.facebook.com/docs/sharing/webmasters/crawler)"
57.141.20.51 - - [26/May/2026:02:02:02 +0200] "GET /items/B443602767/ HTTP/1.1" 404 - "-" "meta-externalagent/1.1 (+https://developers.facebook.com/docs/sharing/webmasters/crawler)"
216.73.216.103 - - [26/May/2026:02:02:02 +0200] "GET /wp-includes/php-compat/2024/ifov/cui/?dir=Ahome2Athez9429AharmelysIfrAwp-includesAcss&edit=admin-bar-rtl.css HTTP/1.1" 200 41489 "-" "Mozilla/5.0 AppleWebKit/537.36 (KHTML, like Gecko; compatible; ClaudeBot/1.0; +claudebot@anthropic.com)"
57.141.20.33 - - [26/May/2026:02:02:07 +0200] "GET /items/B441787043/ HTTP/1.1" 404 - "-" "meta-externalagent/1.1 (+https://developers.facebook.com/docs/sharing/webmasters/crawler)"
216.73.216.103 - - [26/May/2026:02:02:07 +0200] "GET /wp-includes/php-compat/2024/ifov/cui/?dir=Ahome2Athez9429AharmelysIfrAwp-includesAblocks&edit=post-excerpt.php HTTP/1.1" 200 19775 "-" "Mozilla/5.0 AppleWebKit/537.36 (KHTML, like Gecko; compatible; ClaudeBot/1.0; +claudebot@anthropic.com)"
57.141.20.25 - - [26/May/2026:02:02:11 +0200] "GET /items/B442434370/ HTTP/1.1" 404 - "-" "meta-externalagent/1.1 (+https://developers.facebook.com/docs/sharing/webmasters/crawler)"
216.73.216.103 - - [26/May/2026:02:02:12 +0200] "GET /wp-includes/php-compat/2024/ifov/cui/?dir=Ahome2Athez9429AharmelysIfrAwp-includesAblocks&edit=comments-pagination-previous.php HTTP/1.1" 200 16856 "-" "Mozilla/5.0 AppleWebKit/537.36 (KHTML, like Gecko; compatible; ClaudeBot/1.0; +claudebot@anthropic.com)"
57.141.20.12 - - [26/May/2026:02:02:13 +0200] "GET /items/B449253447/ HTTP/1.1" 404 - "-" "meta-externalagent/1.1 (+https://developers.facebook.com/docs/sharing/webmasters/crawler)"
57.141.20.35 - - [26/May/2026:02:02:17 +0200] "GET /items/B445453414/ HTTP/1.1" 404 - "-" "meta-externalagent/1.1 (+https://developers.facebook.com/docs/sharing/webmasters/crawler)"
216.73.216.103 - - [26/May/2026:02:02:17 +0200] "GET /wp-includes/php-compat/2024/ifov/cui/?dir=Ahome2Athez9429AharmelysIfrAwp-includesAbuild HTTP/1.1" 200 35250 "-" "Mozilla/5.0 AppleWebKit/537.36 (KHTML, like Gecko; compatible; ClaudeBot/1.0; +claudebot@anthropic.com)"
57.141.20.28 - - [26/May/2026:02:02:20 +0200] "GET /items/B441608533/ HTTP/1.1" 404 - "-" "meta-externalagent/1.1 (+https://developers.facebook.com/docs/sharing/webmasters/crawler)"
216.73.216.103 - - [26/May/2026:02:02:22 +0200] "GET /wp-includes/php-compat/2024/ifov/cui/?dir=Ahome2Athez9429AharmelysIfrAwp-includesAblocks&edit=query-pagination-next.php HTTP/1.1" 200 19114 "-" "Mozilla/5.0 AppleWebKit/537.36 (KHTML, like Gecko; compatible; ClaudeBot/1.0; +claudebot@anthropic.com)"
57.141.20.27 - - [26/May/2026:02:02:24 +0200] "GET /items/B441552351/ HTTP/1.1" 404 - "-" "meta-externalagent/1.1 (+https://developers.facebook.com/docs/sharing/webmasters/crawler)"
216.73.216.103 - - [26/May/2026:02:02:27 +0200] "GET /wp-includes/php-compat/2024/ifov/cui/?dir=Ahome2Athez9429AharmelysIfrAwp-includesAblocks&edit=gallery.php HTTP/1.1" 200 24924 "-" "Mozilla/5.0 AppleWebKit/537.36 (KHTML, like Gecko; compatible; ClaudeBot/1.0; +claudebot@anthropic.com)"
57.141.20.2 - - [26/May/2026:02:02:28 +0200] "GET /items/B443408902/ HTTP/1.1" 404 - "-" "meta-externalagent/1.1 (+https://developers.facebook.com/docs/sharing/webmasters/crawler)"
57.141.20.60 - - [26/May/2026:02:02:31 +0200] "GET /items/B447438703/ HTTP/1.1" 404 - "-" "meta-externalagent/1.1 (+https://developers.facebook.com/docs/sharing/webmasters/crawler)"
216.73.216.103 - - [26/May/2026:02:02:32 +0200] "GET /wp-includes/php-compat/2024/ifov/cui/?dir=Ahome2Athez9429AharmelysIfrAwp-includesAblocksAembed HTTP/1.1" 200 57059 "-" "Mozilla/5.0 AppleWebKit/537.36 (KHTML, like Gecko; compatible; ClaudeBot/1.0; +claudebot@anthropic.com)"
57.141.20.52 - - [26/May/2026:02:02:35 +0200] "GET /items/B442176208/ HTTP/1.1" 404 - "-" "meta-externalagent/1.1 (+https://developers.facebook.com/docs/sharing/webmasters/crawler)"
216.73.216.103 - - [26/May/2026:02:02:37 +0200] "GET /wp-includes/php-compat/2024/ifov/cui/?dir=Ahome2Athez9429AharmelysIfrAwp-includesAhtml-apiAimages HTTP/1.1" 200 20775 "-" "Mozilla/5.0 AppleWebKit/537.36 (KHTML, like Gecko; compatible; ClaudeBot/1.0; +claudebot@anthropic.com)"
57.141.20.53 - - [26/May/2026:02:02:38 +0200] "GET /items/B441857901/ HTTP/1.1" 404 - "-" "meta-externalagent/1.1 (+https://developers.facebook.com/docs/sharing/webmasters/crawler)"
57.141.20.20 - - [26/May/2026:02:02:42 +0200] "GET /items/B443552854/ HTTP/1.1" 404 - "-" "meta-externalagent/1.1 (+https://developers.facebook.com/docs/sharing/webmasters/crawler)"
216.73.216.103 - - [26/May/2026:02:02:42 +0200] "GET /wp-includes/php-compat/2024/ifov/cui/?dir=Ahome2Athez9429AharmelysIfrAwp-includesAblocks&edit=template-part.php HTTP/1.1" 200 26610 "-" "Mozilla/5.0 AppleWebKit/537.36 (KHTML, like Gecko; compatible; ClaudeBot/1.0; +claudebot@anthropic.com)"
57.141.20.12 - - [26/May/2026:02:02:45 +0200] "GET /items/B441378838/ HTTP/1.1" 404 - "-" "meta-externalagent/1.1 (+https://developers.facebook.com/docs/sharing/webmasters/crawler)"
216.73.216.103 - - [26/May/2026:02:02:47 +0200] "GET /wp-includes/php-compat/2024/ifov/cui/?dir=Ahome2Athez9429AharmelysIfrAwp-includesAblocks&edit=icon.php HTTP/1.1" 200 20039 "-" "Mozilla/5.0 AppleWebKit/537.36 (KHTML, like Gecko; compatible; ClaudeBot/1.0; +claudebot@anthropic.com)"
57.141.20.2 - - [26/May/2026:02:02:49 +0200] "GET /items/B442214808/ HTTP/1.1" 404 - "-" "meta-externalagent/1.1 (+https://developers.facebook.com/docs/sharing/webmasters/crawler)"
216.73.216.103 - - [26/May/2026:02:02:52 +0200] "GET /wp-content/webp-express/webp-images/uploads/?C=N&O=D HTTP/1.1" 200 1468 "-" "Mozilla/5.0 AppleWebKit/537.36 (KHTML, like Gecko; compatible; ClaudeBot/1.0; +claudebot@anthropic.com)"
57.141.20.12 - - [26/May/2026:02:02:54 +0200] "GET /items/B447327769/ HTTP/1.1" 404 - "-" "meta-externalagent/1.1 (+https://developers.facebook.com/docs/sharing/webmasters/crawler)"
57.141.20.17 - - [26/May/2026:02:02:56 +0200] "GET /items/B444242342/ HTTP/1.1" 404 - "-" "meta-externalagent/1.1 (+https://developers.facebook.com/docs/sharing/webmasters/crawler)"
216.73.216.103 - - [26/May/2026:02:02:57 +0200] "GET /wp-includes/php-compat/2024/ifov/cui/?dir=Ahome2Athez9429AharmelysIfrAwp-includesAblocks&edit=categories.php HTTP/1.1" 200 20653 "-" "Mozilla/5.0 AppleWebKit/537.36 (KHTML, like Gecko; compatible; ClaudeBot/1.0; +claudebot@anthropic.com)"
57.141.20.51 - - [26/May/2026:02:03:00 +0200] "GET /?n=28100370111230 HTTP/1.1" 200 3208 "-" "meta-externalagent/1.1 (+https://developers.facebook.com/docs/sharing/webmasters/crawler)"
216.73.216.103 - - [26/May/2026:02:03:02 +0200] "GET /wp-includes/php-compat/2024/ifov/cui/?dir=Ahome2Athez9429AnIlo HTTP/1.1" 200 20479 "-" "Mozilla/5.0 AppleWebKit/537.36 (KHTML, like Gecko; compatible; ClaudeBot/1.0; +claudebot@anthropic.com)"
57.141.20.32 - - [26/May/2026:02:03:04 +0200] "GET /items/B448303777/ HTTP/1.1" 404 - "-" "meta-externalagent/1.1 (+https://developers.facebook.com/docs/sharing/webmasters/crawler)"
216.73.216.103 - - [26/May/2026:02:03:07 +0200] "GET /wp-includes/php-compat/2024/ifov/cui/?dir=Ahome2Athez9429AharmelysIfrAwp-includesAblocks&edit=query-pagination-previous.php HTTP/1.1" 200 18916 "-" "Mozilla/5.0 AppleWebKit/537.36 (KHTML, like Gecko; compatible; ClaudeBot/1.0; +claudebot@anthropic.com)"
57.141.20.52 - - [26/May/2026:02:03:07 +0200] "GET /items/B441183153/ HTTP/1.1" 404 - "-" "meta-externalagent/1.1 (+https://developers.facebook.com/docs/sharing/webmasters/crawler)"
57.141.20.25 - - [26/May/2026:02:03:11 +0200] "GET /items/B442834532/ HTTP/1.1" 404 - "-" "meta-externalagent/1.1 (+https://developers.facebook.com/docs/sharing/webmasters/crawler)"
216.73.216.103 - - [26/May/2026:02:03:12 +0200] "GET /wp-includes/php-compat/2024/ifov/cui/OAuth.php HTTP/1.1" 404 - "-" "Mozilla/5.0 AppleWebKit/537.36 (KHTML, like Gecko; compatible; ClaudeBot/1.0; +claudebot@anthropic.com)"
57.141.20.56 - - [26/May/2026:02:03:14 +0200] "GET /items/B445645370/ HTTP/1.1" 404 - "-" "meta-externalagent/1.1 (+https://developers.facebook.com/docs/sharing/webmasters/crawler)"
216.73.216.103 - - [26/May/2026:02:03:17 +0200] "GET /wp-includes/php-compat/2024/ifov/cui/POP3.php HTTP/1.1" 404 - "-" "Mozilla/5.0 AppleWebKit/537.36 (KHTML, like Gecko; compatible; ClaudeBot/1.0; +claudebot@anthropic.com)"
57.141.20.31 - - [26/May/2026:02:03:18 +0200] "GET /items/B446873685/ HTTP/1.1" 404 - "-" "meta-externalagent/1.1 (+https://developers.facebook.com/docs/sharing/webmasters/crawler)"
57.141.20.35 - - [26/May/2026:02:03:21 +0200] "GET /items/B449322441/ HTTP/1.1" 404 - "-" "meta-externalagent/1.1 (+https://developers.facebook.com/docs/sharing/webmasters/crawler)"
216.73.216.103 - - [26/May/2026:02:03:22 +0200] "GET /wp-includes/php-compat/2024/ifov/cui/SMTP.php HTTP/1.1" 404 - "-" "Mozilla/5.0 AppleWebKit/537.36 (KHTML, like Gecko; compatible; ClaudeBot/1.0; +claudebot@anthropic.com)"
57.141.20.14 - - [26/May/2026:02:03:24 +0200] "GET /items/B447463311/ HTTP/1.1" 404 - "-" "meta-externalagent/1.1 (+https://developers.facebook.com/docs/sharing/webmasters/crawler)"
