66.249.77.142 - - [26/May/2026:01:34:10 +0200] "GET /items/P714823407/ HTTP/1.1" 200 182556 "-" "Mozilla/5.0 (Linux; Android 6.0.1; Nexus 5X Build/MMB29P) AppleWebKit/537.36 (KHTML, like Gecko) Chrome/148.0.7778.96 Mobile Safari/537.36 (compatible; Googlebot/2.1; +http://www.google.com/bot.html)"
57.141.20.52 - - [26/May/2026:01:34:14 +0200] "GET /items/F505813825/ HTTP/1.1" 404 5871 "-" "meta-externalagent/1.1 (+https://developers.facebook.com/docs/sharing/webmasters/crawler)"
66.249.77.142 - - [26/May/2026:01:34:15 +0200] "GET /items/X706099022/ HTTP/1.1" 200 181676 "-" "Mozilla/5.0 (Linux; Android 6.0.1; Nexus 5X Build/MMB29P) AppleWebKit/537.36 (KHTML, like Gecko) Chrome/148.0.7778.96 Mobile Safari/537.36 (compatible; Googlebot/2.1; +http://www.google.com/bot.html)"
66.249.77.142 - - [26/May/2026:01:34:16 +0200] "GET /items/O935398688/ HTTP/1.1" 200 184429 "-" "Mozilla/5.0 (Linux; Android 6.0.1; Nexus 5X Build/MMB29P) AppleWebKit/537.36 (KHTML, like Gecko) Chrome/148.0.7778.96 Mobile Safari/537.36 (compatible; Googlebot/2.1; +http://www.google.com/bot.html)"
66.249.77.142 - - [26/May/2026:01:34:22 +0200] "GET /items/I922218238/ HTTP/1.1" 200 185746 "-" "Mozilla/5.0 (Linux; Android 6.0.1; Nexus 5X Build/MMB29P) AppleWebKit/537.36 (KHTML, like Gecko) Chrome/148.0.7778.96 Mobile Safari/537.36 (compatible; Googlebot/2.1; +http://www.google.com/bot.html)"
66.249.77.142 - - [26/May/2026:01:34:27 +0200] "GET /items/Y095763379 HTTP/1.1" 200 181996 "-" "Mozilla/5.0 (Linux; Android 6.0.1; Nexus 5X Build/MMB29P) AppleWebKit/537.36 (KHTML, like Gecko) Chrome/148.0.7778.96 Mobile Safari/537.36 (compatible; Googlebot/2.1; +http://www.google.com/bot.html)"
66.249.77.142 - - [26/May/2026:01:34:28 +0200] "GET /items/F712987869 HTTP/1.1" 200 181734 "-" "Mozilla/5.0 (Linux; Android 6.0.1; Nexus 5X Build/MMB29P) AppleWebKit/537.36 (KHTML, like Gecko) Chrome/148.0.7778.96 Mobile Safari/537.36 (compatible; Googlebot/2.1; +http://www.google.com/bot.html)"
66.249.77.142 - - [26/May/2026:01:34:35 +0200] "GET /items/P475949972/ HTTP/1.1" 200 185300 "-" "Mozilla/5.0 (Linux; Android 6.0.1; Nexus 5X Build/MMB29P) AppleWebKit/537.36 (KHTML, like Gecko) Chrome/148.0.7778.96 Mobile Safari/537.36 (compatible; Googlebot/2.1; +http://www.google.com/bot.html)"
66.249.77.142 - - [26/May/2026:01:34:54 +0200] "GET /items/L485538565/ HTTP/1.1" 200 190239 "-" "Mozilla/5.0 (Linux; Android 6.0.1; Nexus 5X Build/MMB29P) AppleWebKit/537.36 (KHTML, like Gecko) Chrome/148.0.7778.96 Mobile Safari/537.36 (compatible; Googlebot/2.1; +http://www.google.com/bot.html)"
66.249.77.129 - - [26/May/2026:01:35:01 +0200] "GET /items/E833502918/ HTTP/1.1" 200 180569 "-" "Mozilla/5.0 (Linux; Android 6.0.1; Nexus 5X Build/MMB29P) AppleWebKit/537.36 (KHTML, like Gecko) Chrome/148.0.7778.96 Mobile Safari/537.36 (compatible; Googlebot/2.1; +http://www.google.com/bot.html)"
66.249.77.142 - - [26/May/2026:01:35:12 +0200] "GET /items/G282207796/ HTTP/1.1" 200 192689 "-" "Mozilla/5.0 (Linux; Android 6.0.1; Nexus 5X Build/MMB29P) AppleWebKit/537.36 (KHTML, like Gecko) Chrome/148.0.7778.96 Mobile Safari/537.36 (compatible; Googlebot/2.1; +http://www.google.com/bot.html)"
66.249.77.128 - - [26/May/2026:01:35:15 +0200] "GET /items/Y524057669/ HTTP/1.1" 200 183481 "-" "Mozilla/5.0 (Linux; Android 6.0.1; Nexus 5X Build/MMB29P) AppleWebKit/537.36 (KHTML, like Gecko) Chrome/148.0.7778.96 Mobile Safari/537.36 (compatible; Googlebot/2.1; +http://www.google.com/bot.html)"
66.249.77.142 - - [26/May/2026:01:35:20 +0200] "GET /items/C171562454/ HTTP/1.1" 200 182671 "-" "Mozilla/5.0 (Linux; Android 6.0.1; Nexus 5X Build/MMB29P) AppleWebKit/537.36 (KHTML, like Gecko) Chrome/148.0.7778.96 Mobile Safari/537.36 (compatible; Googlebot/2.1; +http://www.google.com/bot.html)"
66.249.77.142 - - [26/May/2026:01:35:25 +0200] "GET /items/O304409329/ HTTP/1.1" 200 180530 "-" "Mozilla/5.0 (Linux; Android 6.0.1; Nexus 5X Build/MMB29P) AppleWebKit/537.36 (KHTML, like Gecko) Chrome/148.0.7778.96 Mobile Safari/537.36 (compatible; Googlebot/2.1; +http://www.google.com/bot.html)"
66.249.77.142 - - [26/May/2026:01:35:28 +0200] "GET /items/Q252638970/ HTTP/1.1" 200 183701 "-" "Mozilla/5.0 (Linux; Android 6.0.1; Nexus 5X Build/MMB29P) AppleWebKit/537.36 (KHTML, like Gecko) Chrome/148.0.7778.96 Mobile Safari/537.36 (compatible; Googlebot/2.1; +http://www.google.com/bot.html)"
66.249.77.142 - - [26/May/2026:01:35:50 +0200] "GET /items/V394045154/ HTTP/1.1" 200 182916 "-" "Mozilla/5.0 (Linux; Android 6.0.1; Nexus 5X Build/MMB29P) AppleWebKit/537.36 (KHTML, like Gecko) Chrome/148.0.7778.96 Mobile Safari/537.36 (compatible; Googlebot/2.1; +http://www.google.com/bot.html)"
66.249.77.142 - - [26/May/2026:01:35:53 +0200] "GET /items/V455948420/ HTTP/1.1" 200 184708 "-" "Mozilla/5.0 (Linux; Android 6.0.1; Nexus 5X Build/MMB29P) AppleWebKit/537.36 (KHTML, like Gecko) Chrome/148.0.7778.96 Mobile Safari/537.36 (compatible; Googlebot/2.1; +http://www.google.com/bot.html)"
66.249.77.129 - - [26/May/2026:01:36:04 +0200] "GET /items/Y215865250/ HTTP/1.1" 200 186831 "-" "Mozilla/5.0 (Linux; Android 6.0.1; Nexus 5X Build/MMB29P) AppleWebKit/537.36 (KHTML, like Gecko) Chrome/148.0.7778.96 Mobile Safari/537.36 (compatible; Googlebot/2.1; +http://www.google.com/bot.html)"
66.249.77.128 - - [26/May/2026:01:36:08 +0200] "GET /items/E815119690/ HTTP/1.1" 200 180832 "-" "Mozilla/5.0 (Linux; Android 6.0.1; Nexus 5X Build/MMB29P) AppleWebKit/537.36 (KHTML, like Gecko) Chrome/148.0.7778.96 Mobile Safari/537.36 (compatible; Googlebot/2.1; +http://www.google.com/bot.html)"
66.249.77.128 - - [26/May/2026:01:36:09 +0200] "GET /items/D271721205/ HTTP/1.1" 200 184657 "-" "Mozilla/5.0 (Linux; Android 6.0.1; Nexus 5X Build/MMB29P) AppleWebKit/537.36 (KHTML, like Gecko) Chrome/148.0.7778.96 Mobile Safari/537.36 (compatible; Googlebot/2.1; +http://www.google.com/bot.html)"
66.249.77.142 - - [26/May/2026:01:36:17 +0200] "GET /items/L781640220/ HTTP/1.1" 200 194762 "-" "Mozilla/5.0 (Linux; Android 6.0.1; Nexus 5X Build/MMB29P) AppleWebKit/537.36 (KHTML, like Gecko) Chrome/148.0.7778.96 Mobile Safari/537.36 (compatible; Googlebot/2.1; +http://www.google.com/bot.html)"
109.234.161.42 - - [26/May/2026:01:36:27 +0200] "POST /wp-cron.php?doing_wp_cron=1779752187.4098830223083496093750 HTTP/1.1" 200 - "-" "WordPress/7.0; https://kanysboutique.com"
57.141.20.47 - - [26/May/2026:01:36:26 +0200] "GET /items/R306042507/ HTTP/1.1" 404 5871 "-" "meta-externalagent/1.1 (+https://developers.facebook.com/docs/sharing/webmasters/crawler)"
66.249.77.142 - - [26/May/2026:01:36:51 +0200] "GET /items/D882657917/ HTTP/1.1" 200 184852 "-" "Mozilla/5.0 (Linux; Android 6.0.1; Nexus 5X Build/MMB29P) AppleWebKit/537.36 (KHTML, like Gecko) Chrome/148.0.7778.96 Mobile Safari/537.36 (compatible; Googlebot/2.1; +http://www.google.com/bot.html)"
66.249.77.142 - - [26/May/2026:01:36:53 +0200] "GET /items/Z293846280/ HTTP/1.1" 200 190051 "-" "Mozilla/5.0 (Linux; Android 6.0.1; Nexus 5X Build/MMB29P) AppleWebKit/537.36 (KHTML, like Gecko) Chrome/148.0.7778.96 Mobile Safari/537.36 (compatible; Googlebot/2.1; +http://www.google.com/bot.html)"
66.249.77.128 - - [26/May/2026:01:37:20 +0200] "GET /items/X185035503/ HTTP/1.1" 200 181324 "-" "Mozilla/5.0 (Linux; Android 6.0.1; Nexus 5X Build/MMB29P) AppleWebKit/537.36 (KHTML, like Gecko) Chrome/148.0.7778.96 Mobile Safari/537.36 (compatible; Googlebot/2.1; +http://www.google.com/bot.html)"
66.249.77.142 - - [26/May/2026:01:37:27 +0200] "GET /items/C081058008/ HTTP/1.1" 200 180897 "-" "Mozilla/5.0 (Linux; Android 6.0.1; Nexus 5X Build/MMB29P) AppleWebKit/537.36 (KHTML, like Gecko) Chrome/148.0.7778.96 Mobile Safari/537.36 (compatible; Googlebot/2.1; +http://www.google.com/bot.html)"
66.249.77.142 - - [26/May/2026:01:37:30 +0200] "GET /items/L627009170/ HTTP/1.1" 200 180848 "-" "Mozilla/5.0 (Linux; Android 6.0.1; Nexus 5X Build/MMB29P) AppleWebKit/537.36 (KHTML, like Gecko) Chrome/148.0.7778.96 Mobile Safari/537.36 (compatible; Googlebot/2.1; +http://www.google.com/bot.html)"
109.234.161.42 - - [26/May/2026:01:37:35 +0200] "POST /wp-cron.php?doing_wp_cron=1779752255.0202250480651855468750 HTTP/1.1" 200 - "-" "WordPress/7.0; https://kanysboutique.com"
57.141.20.43 - - [26/May/2026:01:37:34 +0200] "GET /items/R405789533/ HTTP/1.1" 404 5871 "-" "meta-externalagent/1.1 (+https://developers.facebook.com/docs/sharing/webmasters/crawler)"
66.249.77.128 - - [26/May/2026:01:38:15 +0200] "GET /items/S793694376/ HTTP/1.1" 200 189147 "-" "Mozilla/5.0 (Linux; Android 6.0.1; Nexus 5X Build/MMB29P) AppleWebKit/537.36 (KHTML, like Gecko) Chrome/148.0.7778.96 Mobile Safari/537.36 (compatible; Googlebot/2.1; +http://www.google.com/bot.html)"
109.234.161.42 - - [26/May/2026:01:38:16 +0200] "POST /wp-cron.php?doing_wp_cron=1779752296.9363019466400146484375 HTTP/1.1" 200 - "-" "WordPress/7.0; https://kanysboutique.com"
186.189.71.2 - - [26/May/2026:01:38:16 +0200] "GET /items/K075709545/ HTTP/1.1" 301 - "-" "Mozilla/5.0 (Macintosh; Intel Mac OS X 10_15_5) AppleWebKit/537.36 (KHTML, like Gecko) Brave Chrome/84.0.4147.105 Safari/537.36"
103.151.74.85 - - [26/May/2026:01:38:19 +0200] "GET /items/K075709545/ HTTP/1.1" 404 5871 "-" "Mozilla/5.0 (Macintosh; Intel Mac OS X 10_15_5) AppleWebKit/537.36 (KHTML, like Gecko) Brave Chrome/84.0.4147.105 Safari/537.36"
66.249.77.142 - - [26/May/2026:01:38:33 +0200] "GET /items/T966981105/ HTTP/1.1" 200 190105 "-" "Mozilla/5.0 (Linux; Android 6.0.1; Nexus 5X Build/MMB29P) AppleWebKit/537.36 (KHTML, like Gecko) Chrome/148.0.7778.96 Mobile Safari/537.36 (compatible; Googlebot/2.1; +http://www.google.com/bot.html)"
109.234.161.42 - - [26/May/2026:01:38:41 +0200] "POST /wp-cron.php?doing_wp_cron=1779752321.4110779762268066406250 HTTP/1.1" 200 - "-" "WordPress/7.0; https://kanysboutique.com"
57.141.20.65 - - [26/May/2026:01:38:40 +0200] "GET /items/Y585159533/ HTTP/1.1" 404 5871 "-" "meta-externalagent/1.1 (+https://developers.facebook.com/docs/sharing/webmasters/crawler)"
66.249.77.142 - - [26/May/2026:01:38:52 +0200] "GET /items/J801277628/ HTTP/1.1" 200 180581 "-" "Mozilla/5.0 (Linux; Android 6.0.1; Nexus 5X Build/MMB29P) AppleWebKit/537.36 (KHTML, like Gecko) Chrome/148.0.7778.96 Mobile Safari/537.36 (compatible; Googlebot/2.1; +http://www.google.com/bot.html)"
66.249.77.142 - - [26/May/2026:01:38:54 +0200] "GET /items/T932911627/ HTTP/1.1" 200 182770 "-" "Mozilla/5.0 (Linux; Android 6.0.1; Nexus 5X Build/MMB29P) AppleWebKit/537.36 (KHTML, like Gecko) Chrome/148.0.7778.96 Mobile Safari/537.36 (compatible; Googlebot/2.1; +http://www.google.com/bot.html)"
66.249.77.142 - - [26/May/2026:01:38:56 +0200] "GET /items/X414640832/ HTTP/1.1" 200 182675 "-" "Mozilla/5.0 (Linux; Android 6.0.1; Nexus 5X Build/MMB29P) AppleWebKit/537.36 (KHTML, like Gecko) Chrome/148.0.7778.96 Mobile Safari/537.36 (compatible; Googlebot/2.1; +http://www.google.com/bot.html)"
66.249.77.128 - - [26/May/2026:01:39:32 +0200] "GET /items/J925207343/ HTTP/1.1" 200 188463 "-" "Mozilla/5.0 (Linux; Android 6.0.1; Nexus 5X Build/MMB29P) AppleWebKit/537.36 (KHTML, like Gecko) Chrome/148.0.7778.96 Mobile Safari/537.36 (compatible; Googlebot/2.1; +http://www.google.com/bot.html)"
109.234.161.42 - - [26/May/2026:01:39:47 +0200] "POST /wp-cron.php?doing_wp_cron=1779752387.7980959415435791015625 HTTP/1.1" 200 - "-" "WordPress/7.0; https://kanysboutique.com"
57.141.20.33 - - [26/May/2026:01:39:47 +0200] "GET /items/F683311133/ HTTP/1.1" 404 5871 "-" "meta-externalagent/1.1 (+https://developers.facebook.com/docs/sharing/webmasters/crawler)"
66.249.77.142 - - [26/May/2026:01:39:50 +0200] "GET /items/H836822235/ HTTP/1.1" 200 185573 "-" "Mozilla/5.0 (Linux; Android 6.0.1; Nexus 5X Build/MMB29P) AppleWebKit/537.36 (KHTML, like Gecko) Chrome/148.0.7778.96 Mobile Safari/537.36 (compatible; Googlebot/2.1; +http://www.google.com/bot.html)"
66.249.77.142 - - [26/May/2026:01:39:56 +0200] "GET /items/A875332349/ HTTP/1.1" 200 182812 "-" "Mozilla/5.0 (Linux; Android 6.0.1; Nexus 5X Build/MMB29P) AppleWebKit/537.36 (KHTML, like Gecko) Chrome/148.0.7778.96 Mobile Safari/537.36 (compatible; Googlebot/2.1; +http://www.google.com/bot.html)"
66.249.77.142 - - [26/May/2026:01:39:58 +0200] "GET /items/S851548467/ HTTP/1.1" 200 182267 "-" "Mozilla/5.0 (Linux; Android 6.0.1; Nexus 5X Build/MMB29P) AppleWebKit/537.36 (KHTML, like Gecko) Chrome/148.0.7778.96 Mobile Safari/537.36 (compatible; Googlebot/2.1; +http://www.google.com/bot.html)"
66.249.77.142 - - [26/May/2026:01:40:14 +0200] "GET /items/F522004844/ HTTP/1.1" 200 181226 "-" "Mozilla/5.0 (Linux; Android 6.0.1; Nexus 5X Build/MMB29P) AppleWebKit/537.36 (KHTML, like Gecko) Chrome/148.0.7778.96 Mobile Safari/537.36 (compatible; Googlebot/2.1; +http://www.google.com/bot.html)"
66.249.77.142 - - [26/May/2026:01:40:19 +0200] "GET /items/D321425198/ HTTP/1.1" 200 196476 "-" "Mozilla/5.0 (Linux; Android 6.0.1; Nexus 5X Build/MMB29P) AppleWebKit/537.36 (KHTML, like Gecko) Chrome/148.0.7778.96 Mobile Safari/537.36 (compatible; Googlebot/2.1; +http://www.google.com/bot.html)"
109.234.161.42 - - [26/May/2026:01:40:55 +0200] "POST /wp-cron.php?doing_wp_cron=1779752455.1908049583435058593750 HTTP/1.1" 200 - "-" "WordPress/7.0; https://kanysboutique.com"
57.141.20.54 - - [26/May/2026:01:40:54 +0200] "GET /items/S972269015/ HTTP/1.1" 404 5871 "-" "meta-externalagent/1.1 (+https://developers.facebook.com/docs/sharing/webmasters/crawler)"
66.249.77.142 - - [26/May/2026:01:40:57 +0200] "GET /items/N192927471/ HTTP/1.1" 200 182553 "-" "Mozilla/5.0 (Linux; Android 6.0.1; Nexus 5X Build/MMB29P) AppleWebKit/537.36 (KHTML, like Gecko) Chrome/148.0.7778.96 Mobile Safari/537.36 (compatible; Googlebot/2.1; +http://www.google.com/bot.html)"
66.249.77.129 - - [26/May/2026:01:41:19 +0200] "GET /items/M455673565/ HTTP/1.1" 200 186550 "-" "Mozilla/5.0 (Linux; Android 6.0.1; Nexus 5X Build/MMB29P) AppleWebKit/537.36 (KHTML, like Gecko) Chrome/148.0.7778.96 Mobile Safari/537.36 (compatible; Googlebot/2.1; +http://www.google.com/bot.html)"
66.249.77.142 - - [26/May/2026:01:41:21 +0200] "GET /items/P663436914/ HTTP/1.1" 200 179630 "-" "Mozilla/5.0 (Linux; Android 6.0.1; Nexus 5X Build/MMB29P) AppleWebKit/537.36 (KHTML, like Gecko) Chrome/148.0.7778.96 Mobile Safari/537.36 (compatible; Googlebot/2.1; +http://www.google.com/bot.html)"
66.249.77.142 - - [26/May/2026:01:41:25 +0200] "GET /items/U045093603/ HTTP/1.1" 200 194546 "-" "Mozilla/5.0 (Linux; Android 6.0.1; Nexus 5X Build/MMB29P) AppleWebKit/537.36 (KHTML, like Gecko) Chrome/148.0.7778.96 Mobile Safari/537.36 (compatible; Googlebot/2.1; +http://www.google.com/bot.html)"
66.249.77.142 - - [26/May/2026:01:41:58 +0200] "GET /items/L526400719/ HTTP/1.1" 200 186120 "-" "Mozilla/5.0 (Linux; Android 6.0.1; Nexus 5X Build/MMB29P) AppleWebKit/537.36 (KHTML, like Gecko) Chrome/148.0.7778.96 Mobile Safari/537.36 (compatible; Googlebot/2.1; +http://www.google.com/bot.html)"
109.234.161.42 - - [26/May/2026:01:42:01 +0200] "POST /wp-cron.php?doing_wp_cron=1779752521.9289200305938720703125 HTTP/1.1" 200 - "-" "WordPress/7.0; https://kanysboutique.com"
57.141.20.39 - - [26/May/2026:01:42:01 +0200] "GET /items/E354761263/ HTTP/1.1" 404 5871 "-" "meta-externalagent/1.1 (+https://developers.facebook.com/docs/sharing/webmasters/crawler)"
66.249.77.142 - - [26/May/2026:01:42:06 +0200] "GET /items/L826004350/ HTTP/1.1" 200 181654 "-" "Mozilla/5.0 (Linux; Android 6.0.1; Nexus 5X Build/MMB29P) AppleWebKit/537.36 (KHTML, like Gecko) Chrome/148.0.7778.96 Mobile Safari/537.36 (compatible; Googlebot/2.1; +http://www.google.com/bot.html)"
66.249.77.142 - - [26/May/2026:01:42:08 +0200] "GET /items/P986785684/ HTTP/1.1" 200 189175 "-" "Mozilla/5.0 (Linux; Android 6.0.1; Nexus 5X Build/MMB29P) AppleWebKit/537.36 (KHTML, like Gecko) Chrome/148.0.7778.96 Mobile Safari/537.36 (compatible; Googlebot/2.1; +http://www.google.com/bot.html)"
66.249.77.142 - - [26/May/2026:01:42:46 +0200] "GET /items/L863262318/ HTTP/1.1" 200 197146 "-" "Mozilla/5.0 (Linux; Android 6.0.1; Nexus 5X Build/MMB29P) AppleWebKit/537.36 (KHTML, like Gecko) Chrome/148.0.7778.96 Mobile Safari/537.36 (compatible; Googlebot/2.1; +http://www.google.com/bot.html)"
66.249.77.142 - - [26/May/2026:01:42:52 +0200] "GET /items/U315909326/ HTTP/1.1" 200 188477 "-" "Mozilla/5.0 (Linux; Android 6.0.1; Nexus 5X Build/MMB29P) AppleWebKit/537.36 (KHTML, like Gecko) Chrome/148.0.7778.96 Mobile Safari/537.36 (compatible; Googlebot/2.1; +http://www.google.com/bot.html)"
109.234.161.42 - - [26/May/2026:01:43:08 +0200] "POST /wp-cron.php?doing_wp_cron=1779752588.0935070514678955078125 HTTP/1.1" 200 - "-" "WordPress/7.0; https://kanysboutique.com"
57.141.20.56 - - [26/May/2026:01:43:07 +0200] "GET /items/C076257741/ HTTP/1.1" 404 5871 "-" "meta-externalagent/1.1 (+https://developers.facebook.com/docs/sharing/webmasters/crawler)"
66.249.77.129 - - [26/May/2026:01:44:05 +0200] "GET /items/H546878513/ HTTP/1.1" 200 184815 "-" "Mozilla/5.0 (Linux; Android 6.0.1; Nexus 5X Build/MMB29P) AppleWebKit/537.36 (KHTML, like Gecko) Chrome/148.0.7778.96 Mobile Safari/537.36 (compatible; Googlebot/2.1; +http://www.google.com/bot.html)"
109.234.161.42 - - [26/May/2026:01:44:14 +0200] "POST /wp-cron.php?doing_wp_cron=1779752654.6134359836578369140625 HTTP/1.1" 200 - "-" "WordPress/7.0; https://kanysboutique.com"
57.141.20.45 - - [26/May/2026:01:44:14 +0200] "GET /items/A903022433/ HTTP/1.1" 404 5871 "-" "meta-externalagent/1.1 (+https://developers.facebook.com/docs/sharing/webmasters/crawler)"
66.249.77.142 - - [26/May/2026:01:44:49 +0200] "GET /items/B154851977/ HTTP/1.1" 200 183074 "-" "Mozilla/5.0 (Linux; Android 6.0.1; Nexus 5X Build/MMB29P) AppleWebKit/537.36 (KHTML, like Gecko) Chrome/148.0.7778.96 Mobile Safari/537.36 (compatible; Googlebot/2.1; +http://www.google.com/bot.html)"
66.249.77.142 - - [26/May/2026:01:44:57 +0200] "GET /items/H942381290/ HTTP/1.1" 200 185947 "-" "Mozilla/5.0 (Linux; Android 6.0.1; Nexus 5X Build/MMB29P) AppleWebKit/537.36 (KHTML, like Gecko) Chrome/148.0.7778.96 Mobile Safari/537.36 (compatible; Googlebot/2.1; +http://www.google.com/bot.html)"
109.234.161.42 - - [26/May/2026:01:45:21 +0200] "POST /wp-cron.php?doing_wp_cron=1779752721.6848540306091308593750 HTTP/1.1" 200 - "-" "WordPress/7.0; https://kanysboutique.com"
57.141.20.21 - - [26/May/2026:01:45:21 +0200] "GET /items/R085669728/ HTTP/1.1" 404 5871 "-" "meta-externalagent/1.1 (+https://developers.facebook.com/docs/sharing/webmasters/crawler)"
66.249.77.129 - - [26/May/2026:01:46:04 +0200] "GET /items/G111546434/ HTTP/1.1" 200 187715 "-" "Mozilla/5.0 (Linux; Android 6.0.1; Nexus 5X Build/MMB29P) AppleWebKit/537.36 (KHTML, like Gecko) Chrome/148.0.7778.96 Mobile Safari/537.36 (compatible; Googlebot/2.1; +http://www.google.com/bot.html)"
109.234.161.42 - - [26/May/2026:01:46:28 +0200] "POST /wp-cron.php?doing_wp_cron=1779752787.9883770942687988281250 HTTP/1.1" 200 - "-" "WordPress/7.0; https://kanysboutique.com"
57.141.20.49 - - [26/May/2026:01:46:27 +0200] "GET /items/F866478435/ HTTP/1.1" 404 5871 "-" "meta-externalagent/1.1 (+https://developers.facebook.com/docs/sharing/webmasters/crawler)"
14.191.93.142 - - [26/May/2026:01:46:32 +0200] "GET /items/R302931533/ HTTP/1.1" 301 - "-" "Mozilla/5.0 (Windows NT 10.0; Win64; x64) AppleWebKit/537.36 (KHTML, like Gecko) Chrome/88.0.4324.41 Safari/537.36"
41.102.110.196 - - [26/May/2026:01:46:34 +0200] "GET /items/R302931533/ HTTP/1.1" 404 5871 "-" "Mozilla/5.0 (Windows NT 10.0; Win64; x64) AppleWebKit/537.36 (KHTML, like Gecko) Chrome/88.0.4324.41 Safari/537.36"
66.249.77.142 - - [26/May/2026:01:46:40 +0200] "GET /items/A662108025/ HTTP/1.1" 200 180553 "-" "Mozilla/5.0 (Linux; Android 6.0.1; Nexus 5X Build/MMB29P) AppleWebKit/537.36 (KHTML, like Gecko) Chrome/148.0.7778.96 Mobile Safari/537.36 (compatible; Googlebot/2.1; +http://www.google.com/bot.html)"
66.249.77.142 - - [26/May/2026:01:46:56 +0200] "GET /items/K956432677/ HTTP/1.1" 200 182841 "-" "Mozilla/5.0 (Linux; Android 6.0.1; Nexus 5X Build/MMB29P) AppleWebKit/537.36 (KHTML, like Gecko) Chrome/148.0.7778.96 Mobile Safari/537.36 (compatible; Googlebot/2.1; +http://www.google.com/bot.html)"
66.249.77.129 - - [26/May/2026:01:47:22 +0200] "GET /items/J125547082/ HTTP/1.1" 200 181125 "-" "Mozilla/5.0 (Linux; Android 6.0.1; Nexus 5X Build/MMB29P) AppleWebKit/537.36 (KHTML, like Gecko) Chrome/148.0.7778.96 Mobile Safari/537.36 (compatible; Googlebot/2.1; +http://www.google.com/bot.html)"
109.234.161.42 - - [26/May/2026:01:47:34 +0200] "POST /wp-cron.php?doing_wp_cron=1779752854.5116701126098632812500 HTTP/1.1" 200 - "-" "WordPress/7.0; https://kanysboutique.com"
57.141.20.47 - - [26/May/2026:01:47:34 +0200] "GET /items/S382224872/ HTTP/1.1" 404 5871 "-" "meta-externalagent/1.1 (+https://developers.facebook.com/docs/sharing/webmasters/crawler)"
152.170.42.78 - - [26/May/2026:01:47:34 +0200] "GET /items/W395258490/ HTTP/1.1" 301 - "-" "Mozilla/5.0 (Windows NT 10.0; WOW64) AppleWebKit/537.36 (KHTML, like Gecko) Chrome/75.0.3770.100 Safari/537.36"
177.222.61.218 - - [26/May/2026:01:47:38 +0200] "GET /items/W395258490/ HTTP/1.1" 404 5871 "-" "Mozilla/5.0 (Windows NT 10.0; WOW64) AppleWebKit/537.36 (KHTML, like Gecko) Chrome/75.0.3770.100 Safari/537.36"
109.234.161.42 - - [26/May/2026:01:48:01 +0200] "POST /wp-cron.php?doing_wp_cron=1779752881.5888419151306152343750 HTTP/1.1" 200 - "-" "WordPress/7.0; https://kanysboutique.com"
92.240.218.208 - - [26/May/2026:01:48:01 +0200] "GET /produit/classic-coat/ HTTP/1.1" 404 5879 "-" "Mozilla/5.0 (Macintosh; Intel Mac OS X 10.15; rv:134.0) Gecko/20100101 Firefox/134.0"
66.249.77.129 - - [26/May/2026:01:48:36 +0200] "GET /items/R564209102/ HTTP/1.1" 200 182325 "-" "Mozilla/5.0 (Linux; Android 6.0.1; Nexus 5X Build/MMB29P) AppleWebKit/537.36 (KHTML, like Gecko) Chrome/148.0.7778.96 Mobile Safari/537.36 (compatible; Googlebot/2.1; +http://www.google.com/bot.html)"
109.234.161.42 - - [26/May/2026:01:48:41 +0200] "POST /wp-cron.php?doing_wp_cron=1779752921.2380640506744384765625 HTTP/1.1" 200 - "-" "WordPress/7.0; https://kanysboutique.com"
57.141.20.7 - - [26/May/2026:01:48:40 +0200] "GET /items/Q945866756/ HTTP/1.1" 404 5871 "-" "meta-externalagent/1.1 (+https://developers.facebook.com/docs/sharing/webmasters/crawler)"
66.249.77.142 - - [26/May/2026:01:48:40 +0200] "GET /items/G521138492/ HTTP/1.1" 200 184627 "-" "Mozilla/5.0 (Linux; Android 6.0.1; Nexus 5X Build/MMB29P) AppleWebKit/537.36 (KHTML, like Gecko) Chrome/148.0.7778.96 Mobile Safari/537.36 (compatible; Googlebot/2.1; +http://www.google.com/bot.html)"
109.234.161.42 - - [26/May/2026:01:49:48 +0200] "POST /wp-cron.php?doing_wp_cron=1779752988.0519759654998779296875 HTTP/1.1" 200 - "-" "WordPress/7.0; https://kanysboutique.com"
57.141.20.30 - - [26/May/2026:01:49:47 +0200] "GET /items/S862514619/ HTTP/1.1" 404 5871 "-" "meta-externalagent/1.1 (+https://developers.facebook.com/docs/sharing/webmasters/crawler)"
66.249.77.129 - - [26/May/2026:01:50:32 +0200] "GET /items/Q681426227/ HTTP/1.1" 200 190558 "-" "Mozilla/5.0 (Linux; Android 6.0.1; Nexus 5X Build/MMB29P) AppleWebKit/537.36 (KHTML, like Gecko) Chrome/148.0.7778.96 Mobile Safari/537.36 (compatible; Googlebot/2.1; +http://www.google.com/bot.html)"
66.249.77.128 - - [26/May/2026:01:50:51 +0200] "GET /items/C852547583/ HTTP/1.1" 200 189564 "-" "Mozilla/5.0 (Linux; Android 6.0.1; Nexus 5X Build/MMB29P) AppleWebKit/537.36 (KHTML, like Gecko) Chrome/148.0.7778.96 Mobile Safari/537.36 (compatible; Googlebot/2.1; +http://www.google.com/bot.html)"
109.234.161.42 - - [26/May/2026:01:50:55 +0200] "POST /wp-cron.php?doing_wp_cron=1779753055.5903520584106445312500 HTTP/1.1" 200 - "-" "WordPress/7.0; https://kanysboutique.com"
57.141.20.5 - - [26/May/2026:01:50:55 +0200] "GET /items/W323501851/ HTTP/1.1" 404 5871 "-" "meta-externalagent/1.1 (+https://developers.facebook.com/docs/sharing/webmasters/crawler)"
109.234.161.42 - - [26/May/2026:01:52:02 +0200] "POST /wp-cron.php?doing_wp_cron=1779753122.1570110321044921875000 HTTP/1.1" 200 - "-" "WordPress/7.0; https://kanysboutique.com"
57.141.20.57 - - [26/May/2026:01:52:01 +0200] "GET /items/C861093093/ HTTP/1.1" 404 5871 "-" "meta-externalagent/1.1 (+https://developers.facebook.com/docs/sharing/webmasters/crawler)"
52.167.144.166 - - [26/May/2026:01:52:05 +0200] "GET /pages/21888258.htm HTTP/1.1" 200 186938 "-" "Mozilla/5.0 AppleWebKit/537.36 (KHTML, like Gecko; compatible; bingbot/2.0; +http://www.bing.com/bingbot.htm) Chrome/116.0.1938.76 Safari/537.36"
66.249.77.129 - - [26/May/2026:01:52:25 +0200] "GET /items/I934360605/ HTTP/1.1" 200 182468 "-" "Mozilla/5.0 (Linux; Android 6.0.1; Nexus 5X Build/MMB29P) AppleWebKit/537.36 (KHTML, like Gecko) Chrome/148.0.7778.96 Mobile Safari/537.36 (compatible; Googlebot/2.1; +http://www.google.com/bot.html)"
66.249.77.142 - - [26/May/2026:01:52:47 +0200] "GET /items/B413471047/ HTTP/1.1" 200 201383 "-" "Mozilla/5.0 (Linux; Android 6.0.1; Nexus 5X Build/MMB29P) AppleWebKit/537.36 (KHTML, like Gecko) Chrome/148.0.7778.96 Mobile Safari/537.36 (compatible; Googlebot/2.1; +http://www.google.com/bot.html)"
109.234.161.42 - - [26/May/2026:01:53:08 +0200] "POST /wp-cron.php?doing_wp_cron=1779753188.0996730327606201171875 HTTP/1.1" 200 - "-" "WordPress/7.0; https://kanysboutique.com"
57.141.20.8 - - [26/May/2026:01:53:07 +0200] "GET /items/R114301486/ HTTP/1.1" 404 5871 "-" "meta-externalagent/1.1 (+https://developers.facebook.com/docs/sharing/webmasters/crawler)"
109.234.161.42 - - [26/May/2026:01:54:14 +0200] "POST /wp-cron.php?doing_wp_cron=1779753254.6515018939971923828125 HTTP/1.1" 200 - "-" "WordPress/7.0; https://kanysboutique.com"
57.141.20.20 - - [26/May/2026:01:54:14 +0200] "GET /items/N682816659/ HTTP/1.1" 404 5871 "-" "meta-externalagent/1.1 (+https://developers.facebook.com/docs/sharing/webmasters/crawler)"
66.249.77.142 - - [26/May/2026:01:54:37 +0200] "GET /items/V586046144/ HTTP/1.1" 200 190502 "-" "Mozilla/5.0 (Linux; Android 6.0.1; Nexus 5X Build/MMB29P) AppleWebKit/537.36 (KHTML, like Gecko) Chrome/148.0.7778.96 Mobile Safari/537.36 (compatible; Googlebot/2.1; +http://www.google.com/bot.html)"
66.249.77.142 - - [26/May/2026:01:54:46 +0200] "GET /items/F713307278/ HTTP/1.1" 200 182857 "-" "Mozilla/5.0 (Linux; Android 6.0.1; Nexus 5X Build/MMB29P) AppleWebKit/537.36 (KHTML, like Gecko) Chrome/148.0.7778.96 Mobile Safari/537.36 (compatible; Googlebot/2.1; +http://www.google.com/bot.html)"
109.234.161.42 - - [26/May/2026:01:55:21 +0200] "POST /wp-cron.php?doing_wp_cron=1779753321.7670838832855224609375 HTTP/1.1" 200 - "-" "WordPress/7.0; https://kanysboutique.com"
57.141.20.66 - - [26/May/2026:01:55:21 +0200] "GET /items/O561687806/ HTTP/1.1" 404 5871 "-" "meta-externalagent/1.1 (+https://developers.facebook.com/docs/sharing/webmasters/crawler)"
109.234.161.42 - - [26/May/2026:01:56:28 +0200] "POST /wp-cron.php?doing_wp_cron=1779753388.0379939079284667968750 HTTP/1.1" 200 - "-" "WordPress/7.0; https://kanysboutique.com"
57.141.20.44 - - [26/May/2026:01:56:27 +0200] "GET /items/N721598496/ HTTP/1.1" 404 5871 "-" "meta-externalagent/1.1 (+https://developers.facebook.com/docs/sharing/webmasters/crawler)"
66.249.77.129 - - [26/May/2026:01:56:43 +0200] "GET /items/L945585576/ HTTP/1.1" 200 182762 "-" "Mozilla/5.0 (Linux; Android 6.0.1; Nexus 5X Build/MMB29P) AppleWebKit/537.36 (KHTML, like Gecko) Chrome/148.0.7778.96 Mobile Safari/537.36 (compatible; Googlebot/2.1; +http://www.google.com/bot.html)"
66.249.77.128 - - [26/May/2026:01:56:45 +0200] "GET /items/Y584866600/ HTTP/1.1" 200 182640 "-" "Mozilla/5.0 (Linux; Android 6.0.1; Nexus 5X Build/MMB29P) AppleWebKit/537.36 (KHTML, like Gecko) Chrome/148.0.7778.96 Mobile Safari/537.36 (compatible; Googlebot/2.1; +http://www.google.com/bot.html)"
109.234.161.42 - - [26/May/2026:01:57:34 +0200] "POST /wp-cron.php?doing_wp_cron=1779753454.5629920959472656250000 HTTP/1.1" 200 - "-" "WordPress/7.0; https://kanysboutique.com"
57.141.20.62 - - [26/May/2026:01:57:34 +0200] "GET /items/N965946933/ HTTP/1.1" 404 5871 "-" "meta-externalagent/1.1 (+https://developers.facebook.com/docs/sharing/webmasters/crawler)"
66.249.77.128 - - [26/May/2026:01:57:43 +0200] "GET /5912103734c576d800000 HTTP/1.1" 200 183545 "-" "Mozilla/5.0 (Linux; Android 6.0.1; Nexus 5X Build/MMB29P) AppleWebKit/537.36 (KHTML, like Gecko) Chrome/148.0.7778.96 Mobile Safari/537.36 (compatible; Googlebot/2.1; +http://www.google.com/bot.html)"
66.249.77.142 - - [26/May/2026:01:57:45 +0200] "GET /items/Z341502396/ HTTP/1.1" 200 186746 "-" "Mozilla/5.0 (Linux; Android 6.0.1; Nexus 5X Build/MMB29P) AppleWebKit/537.36 (KHTML, like Gecko) Chrome/148.0.7778.96 Mobile Safari/537.36 (compatible; Googlebot/2.1; +http://www.google.com/bot.html)"
109.234.161.42 - - [26/May/2026:01:58:41 +0200] "POST /wp-cron.php?doing_wp_cron=1779753521.3950591087341308593750 HTTP/1.1" 200 - "-" "WordPress/7.0; https://kanysboutique.com"
57.141.20.32 - - [26/May/2026:01:58:40 +0200] "GET /items/W323295474/ HTTP/1.1" 404 5871 "-" "meta-externalagent/1.1 (+https://developers.facebook.com/docs/sharing/webmasters/crawler)"
193.23.200.161 - - [26/May/2026:01:59:21 +0200] "GET /wp-content/uploads/2023/09/articles-kanys-7-370x444.jpg HTTP/1.1" 404 5947 "-" "Mozilla/5.0 (Windows NT 10.0; Win64; x64) AppleWebKit/537.36 (KHTML, like Gecko) Chrome/140.0.0.0 Safari/537.36"
109.234.161.42 - - [26/May/2026:01:59:47 +0200] "POST /wp-cron.php?doing_wp_cron=1779753587.9598219394683837890625 HTTP/1.1" 200 - "-" "WordPress/7.0; https://kanysboutique.com"
57.141.20.42 - - [26/May/2026:01:59:47 +0200] "GET /items/T461162932/ HTTP/1.1" 404 5871 "-" "meta-externalagent/1.1 (+https://developers.facebook.com/docs/sharing/webmasters/crawler)"
66.249.77.129 - - [26/May/2026:02:00:31 +0200] "GET /items/Q342790723/ HTTP/1.1" 200 182818 "-" "Mozilla/5.0 (Linux; Android 6.0.1; Nexus 5X Build/MMB29P) AppleWebKit/537.36 (KHTML, like Gecko) Chrome/148.0.7778.96 Mobile Safari/537.36 (compatible; Googlebot/2.1; +http://www.google.com/bot.html)"
66.249.77.142 - - [26/May/2026:02:00:37 +0200] "GET /items/P604602245 HTTP/1.1" 200 184668 "-" "Mozilla/5.0 (Linux; Android 6.0.1; Nexus 5X Build/MMB29P) AppleWebKit/537.36 (KHTML, like Gecko) Chrome/148.0.7778.96 Mobile Safari/537.36 (compatible; Googlebot/2.1; +http://www.google.com/bot.html)"
66.249.77.142 - - [26/May/2026:02:00:53 +0200] "GET /items/R273825103 HTTP/1.1" 200 186022 "-" "Mozilla/5.0 (Linux; Android 6.0.1; Nexus 5X Build/MMB29P) AppleWebKit/537.36 (KHTML, like Gecko) Chrome/148.0.7778.96 Mobile Safari/537.36 (compatible; Googlebot/2.1; +http://www.google.com/bot.html)"
109.234.161.42 - - [26/May/2026:02:00:55 +0200] "POST /wp-cron.php?doing_wp_cron=1779753655.4731979370117187500000 HTTP/1.1" 200 - "-" "WordPress/7.0; https://kanysboutique.com"
57.141.20.6 - - [26/May/2026:02:00:54 +0200] "GET /items/H541779335/ HTTP/1.1" 404 5871 "-" "meta-externalagent/1.1 (+https://developers.facebook.com/docs/sharing/webmasters/crawler)"
14.163.172.29 - - [26/May/2026:02:01:03 +0200] "GET / HTTP/1.1" 301 - "-" "Mozilla/5.0 (Windows NT 6.2; WOW64) AppleWebKit/537.36 (KHTML, like Gecko) Chrome/29.0.1547.2 Safari/537.36"
223.123.84.97 - - [26/May/2026:02:01:06 +0200] "GET / HTTP/1.1" 200 5837 "-" "Mozilla/5.0 (Windows NT 6.2; WOW64) AppleWebKit/537.36 (KHTML, like Gecko) Chrome/29.0.1547.2 Safari/537.36"
66.249.77.142 - - [26/May/2026:02:01:27 +0200] "GET /items/X871056974 HTTP/1.1" 200 183845 "-" "Mozilla/5.0 (Linux; Android 6.0.1; Nexus 5X Build/MMB29P) AppleWebKit/537.36 (KHTML, like Gecko) Chrome/148.0.7778.96 Mobile Safari/537.36 (compatible; Googlebot/2.1; +http://www.google.com/bot.html)"
66.249.77.128 - - [26/May/2026:02:01:35 +0200] "GET /items/R712741808 HTTP/1.1" 200 189336 "-" "Mozilla/5.0 (Linux; Android 6.0.1; Nexus 5X Build/MMB29P) AppleWebKit/537.36 (KHTML, like Gecko) Chrome/148.0.7778.96 Mobile Safari/537.36 (compatible; Googlebot/2.1; +http://www.google.com/bot.html)"
66.249.77.142 - - [26/May/2026:02:01:48 +0200] "GET /items/V796590198 HTTP/1.1" 200 190512 "-" "Mozilla/5.0 (Linux; Android 6.0.1; Nexus 5X Build/MMB29P) AppleWebKit/537.36 (KHTML, like Gecko) Chrome/148.0.7778.96 Mobile Safari/537.36 (compatible; Googlebot/2.1; +http://www.google.com/bot.html)"
109.234.161.42 - - [26/May/2026:02:02:02 +0200] "POST /wp-cron.php?doing_wp_cron=1779753722.0611639022827148437500 HTTP/1.1" 200 - "-" "WordPress/7.0; https://kanysboutique.com"
57.141.20.49 - - [26/May/2026:02:02:01 +0200] "GET /items/R201029364/ HTTP/1.1" 404 5871 "-" "meta-externalagent/1.1 (+https://developers.facebook.com/docs/sharing/webmasters/crawler)"
109.234.161.42 - - [26/May/2026:02:03:09 +0200] "POST /wp-cron.php?doing_wp_cron=1779753789.0215530395507812500000 HTTP/1.1" 200 - "-" "WordPress/7.0; https://kanysboutique.com"
57.141.20.1 - - [26/May/2026:02:03:08 +0200] "GET /items/I333250543/ HTTP/1.1" 404 5871 "-" "meta-externalagent/1.1 (+https://developers.facebook.com/docs/sharing/webmasters/crawler)"
66.249.77.128 - - [26/May/2026:02:03:21 +0200] "GET /items/Y715934723/ HTTP/1.1" 200 184082 "-" "Mozilla/5.0 (Linux; Android 6.0.1; Nexus 5X Build/MMB29P) AppleWebKit/537.36 (KHTML, like Gecko) Chrome/148.0.7778.96 Mobile Safari/537.36 (compatible; Googlebot/2.1; +http://www.google.com/bot.html)"
66.249.77.128 - - [26/May/2026:02:03:27 +0200] "GET /items/K154242423/ HTTP/1.1" 200 181229 "-" "Mozilla/5.0 (Linux; Android 6.0.1; Nexus 5X Build/MMB29P) AppleWebKit/537.36 (KHTML, like Gecko) Chrome/148.0.7778.96 Mobile Safari/537.36 (compatible; Googlebot/2.1; +http://www.google.com/bot.html)"
66.249.77.142 - - [26/May/2026:02:03:29 +0200] "GET /items/N231903781/ HTTP/1.1" 200 183454 "-" "Mozilla/5.0 (Linux; Android 6.0.1; Nexus 5X Build/MMB29P) AppleWebKit/537.36 (KHTML, like Gecko) Chrome/148.0.7778.96 Mobile Safari/537.36 (compatible; Googlebot/2.1; +http://www.google.com/bot.html)"
109.234.161.42 - - [26/May/2026:02:03:53 +0200] "POST /wp-cron.php?doing_wp_cron=1779753833.2290549278259277343750 HTTP/1.1" 200 - "-" "WordPress/7.0; https://kanysboutique.com"
45.197.133.47 - - [26/May/2026:02:03:52 +0200] "GET /wp-content/uploads/2023/09/1694165074158.png HTTP/1.1" 404 5925 "-" "Mozilla/5.0 (Windows NT 10.0; Win64; x64) AppleWebKit/537.36 (KHTML, like Gecko) Chrome/140.0.0.0 Safari/537.36"
57.141.20.55 - - [26/May/2026:02:04:14 +0200] "GET /items/A671650780/ HTTP/1.1" 404 5871 "-" "meta-externalagent/1.1 (+https://developers.facebook.com/docs/sharing/webmasters/crawler)"
66.249.77.142 - - [26/May/2026:02:04:22 +0200] "GET /items/L383612729 HTTP/1.1" 200 185657 "-" "Mozilla/5.0 (Linux; Android 6.0.1; Nexus 5X Build/MMB29P) AppleWebKit/537.36 (KHTML, like Gecko) Chrome/148.0.7778.96 Mobile Safari/537.36 (compatible; Googlebot/2.1; +http://www.google.com/bot.html)"
66.249.77.129 - - [26/May/2026:02:04:24 +0200] "GET /items/Q916334526 HTTP/1.1" 200 190465 "-" "Mozilla/5.0 (Linux; Android 6.0.1; Nexus 5X Build/MMB29P) AppleWebKit/537.36 (KHTML, like Gecko) Chrome/148.0.7778.96 Mobile Safari/537.36 (compatible; Googlebot/2.1; +http://www.google.com/bot.html)"
66.249.77.142 - - [26/May/2026:02:04:26 +0200] "GET /items/G721699826 HTTP/1.1" 200 189485 "-" "Mozilla/5.0 (Linux; Android 6.0.1; Nexus 5X Build/MMB29P) AppleWebKit/537.36 (KHTML, like Gecko) Chrome/148.0.7778.96 Mobile Safari/537.36 (compatible; Googlebot/2.1; +http://www.google.com/bot.html)"
66.249.77.142 - - [26/May/2026:02:04:28 +0200] "GET /items/B554062802 HTTP/1.1" 200 184542 "-" "Mozilla/5.0 (Linux; Android 6.0.1; Nexus 5X Build/MMB29P) AppleWebKit/537.36 (KHTML, like Gecko) Chrome/148.0.7778.96 Mobile Safari/537.36 (compatible; Googlebot/2.1; +http://www.google.com/bot.html)"
66.249.77.142 - - [26/May/2026:02:04:30 +0200] "GET /items/C152186624 HTTP/1.1" 200 201876 "-" "Mozilla/5.0 (Linux; Android 6.0.1; Nexus 5X Build/MMB29P) AppleWebKit/537.36 (KHTML, like Gecko) Chrome/148.0.7778.96 Mobile Safari/537.36 (compatible; Googlebot/2.1; +http://www.google.com/bot.html)"
109.234.161.42 - - [26/May/2026:02:05:21 +0200] "POST /wp-cron.php?doing_wp_cron=1779753921.6255860328674316406250 HTTP/1.1" 200 - "-" "WordPress/7.0; https://kanysboutique.com"
57.141.20.21 - - [26/May/2026:02:05:21 +0200] "GET /items/R881962294/ HTTP/1.1" 404 5871 "-" "meta-externalagent/1.1 (+https://developers.facebook.com/docs/sharing/webmasters/crawler)"
109.234.161.42 - - [26/May/2026:02:06:30 +0200] "POST /wp-cron.php?doing_wp_cron=1779753990.2026770114898681640625 HTTP/1.1" 200 - "-" "WordPress/7.0; https://kanysboutique.com"
57.141.20.42 - - [26/May/2026:02:06:29 +0200] "GET /items/H483992525/ HTTP/1.1" 404 5871 "-" "meta-externalagent/1.1 (+https://developers.facebook.com/docs/sharing/webmasters/crawler)"
109.234.161.42 - - [26/May/2026:02:07:34 +0200] "POST /wp-cron.php?doing_wp_cron=1779754054.8751919269561767578125 HTTP/1.1" 200 - "-" "WordPress/7.0; https://kanysboutique.com"
57.141.20.60 - - [26/May/2026:02:07:34 +0200] "GET /items/Y233804663/ HTTP/1.1" 404 5871 "-" "meta-externalagent/1.1 (+https://developers.facebook.com/docs/sharing/webmasters/crawler)"
109.234.161.42 - - [26/May/2026:02:07:46 +0200] "POST /wp-cron.php?doing_wp_cron=1779754065.9953310489654541015625 HTTP/1.1" 200 - "-" "WordPress/7.0; https://kanysboutique.com"
147.45.51.191 - - [26/May/2026:02:07:45 +0200] "GET /wp-content/uploads/2023/09/Pochette2-2-370x444.jpg HTTP/1.1" 404 5937 "-" "Mozilla/5.0 (Windows NT 10.0; Win64; x64) AppleWebKit/537.36 (KHTML, like Gecko) Chrome/140.0.0.0 Safari/537.36"
202.47.34.203 - - [26/May/2026:02:08:03 +0200] "GET /items/E241211930/ HTTP/1.1" 301 - "-" "Mozilla/5.0 (Macintosh; Intel Mac OS X 10_14_5) AppleWebKit/537.36 (KHTML, like Gecko) Chrome/88.0.4324.192 Safari/537.36"
113.191.94.116 - - [26/May/2026:02:08:05 +0200] "GET /items/E241211930/ HTTP/1.1" 404 5871 "-" "Mozilla/5.0 (Macintosh; Intel Mac OS X 10_14_5) AppleWebKit/537.36 (KHTML, like Gecko) Chrome/88.0.4324.192 Safari/537.36"
66.249.77.128 - - [26/May/2026:02:08:16 +0200] "GET /items/Z052590110/ HTTP/1.1" 200 187550 "-" "Mozilla/5.0 (Linux; Android 6.0.1; Nexus 5X Build/MMB29P) AppleWebKit/537.36 (KHTML, like Gecko) Chrome/148.0.7778.96 Mobile Safari/537.36 (compatible; Googlebot/2.1; +http://www.google.com/bot.html)"
66.249.77.142 - - [26/May/2026:02:08:18 +0200] "GET /items/P901117610/ HTTP/1.1" 200 186874 "-" "Mozilla/5.0 (Linux; Android 6.0.1; Nexus 5X Build/MMB29P) AppleWebKit/537.36 (KHTML, like Gecko) Chrome/148.0.7778.96 Mobile Safari/537.36 (compatible; Googlebot/2.1; +http://www.google.com/bot.html)"
66.249.77.142 - - [26/May/2026:02:09:10 +0200] "GET /items/P545807493/ HTTP/1.1" 200 186582 "-" "Mozilla/5.0 (Linux; Android 6.0.1; Nexus 5X Build/MMB29P) AppleWebKit/537.36 (KHTML, like Gecko) Chrome/148.0.7778.96 Mobile Safari/537.36 (compatible; Googlebot/2.1; +http://www.google.com/bot.html)"
66.249.77.142 - - [26/May/2026:02:09:16 +0200] "GET /items/Z791749052 HTTP/1.1" 200 189031 "-" "Mozilla/5.0 (Linux; Android 6.0.1; Nexus 5X Build/MMB29P) AppleWebKit/537.36 (KHTML, like Gecko) Chrome/148.0.7778.96 Mobile Safari/537.36 (compatible; Googlebot/2.1; +http://www.google.com/bot.html)"
66.249.77.142 - - [26/May/2026:02:09:20 +0200] "GET /items/C672508273 HTTP/1.1" 200 185410 "-" "Mozilla/5.0 (Linux; Android 6.0.1; Nexus 5X Build/MMB29P) AppleWebKit/537.36 (KHTML, like Gecko) Chrome/148.0.7778.96 Mobile Safari/537.36 (compatible; Googlebot/2.1; +http://www.google.com/bot.html)"
66.249.77.142 - - [26/May/2026:02:09:26 +0200] "GET /items/H382154962 HTTP/1.1" 200 198764 "-" "Mozilla/5.0 (Linux; Android 6.0.1; Nexus 5X Build/MMB29P) AppleWebKit/537.36 (KHTML, like Gecko) Chrome/148.0.7778.96 Mobile Safari/537.36 (compatible; Googlebot/2.1; +http://www.google.com/bot.html)"
109.234.161.42 - - [26/May/2026:02:09:27 +0200] "POST /wp-cron.php?doing_wp_cron=1779754167.9545559883117675781250 HTTP/1.1" 200 - "-" "WordPress/7.0; https://kanysboutique.com"
123.22.104.12 - - [26/May/2026:02:09:27 +0200] "GET /produit/dress-10/ HTTP/1.1" 404 5871 "-" "Mozilla/5.0 (Macintosh; Intel Mac OS X 13.5; rv:131.0) Gecko/20100101 Firefox/131.0"
66.249.77.142 - - [26/May/2026:02:09:37 +0200] "GET /items/H262063002/ HTTP/1.1" 200 193691 "-" "Mozilla/5.0 (Linux; Android 6.0.1; Nexus 5X Build/MMB29P) AppleWebKit/537.36 (KHTML, like Gecko) Chrome/148.0.7778.96 Mobile Safari/537.36 (compatible; Googlebot/2.1; +http://www.google.com/bot.html)"
66.249.77.142 - - [26/May/2026:02:09:41 +0200] "GET /items/B344678401 HTTP/1.1" 200 190540 "-" "Mozilla/5.0 (Linux; Android 6.0.1; Nexus 5X Build/MMB29P) AppleWebKit/537.36 (KHTML, like Gecko) Chrome/148.0.7778.96 Mobile Safari/537.36 (compatible; Googlebot/2.1; +http://www.google.com/bot.html)"
109.234.161.42 - - [26/May/2026:02:09:49 +0200] "POST /wp-cron.php?doing_wp_cron=1779754189.0459110736846923828125 HTTP/1.1" 200 - "-" "WordPress/7.0; https://kanysboutique.com"
57.141.20.61 - - [26/May/2026:02:09:48 +0200] "GET /items/W671687838/ HTTP/1.1" 404 5871 "-" "meta-externalagent/1.1 (+https://developers.facebook.com/docs/sharing/webmasters/crawler)"
66.249.77.142 - - [26/May/2026:02:09:53 +0200] "GET /items/X323821987 HTTP/1.1" 200 194499 "-" "Mozilla/5.0 (Linux; Android 6.0.1; Nexus 5X Build/MMB29P) AppleWebKit/537.36 (KHTML, like Gecko) Chrome/148.0.7778.96 Mobile Safari/537.36 (compatible; Googlebot/2.1; +http://www.google.com/bot.html)"
66.249.77.129 - - [26/May/2026:02:10:13 +0200] "GET /items/P434310061 HTTP/1.1" 200 182391 "-" "Mozilla/5.0 (Linux; Android 6.0.1; Nexus 5X Build/MMB29P) AppleWebKit/537.36 (KHTML, like Gecko) Chrome/148.0.7778.96 Mobile Safari/537.36 (compatible; Googlebot/2.1; +http://www.google.com/bot.html)"
66.249.77.142 - - [26/May/2026:02:10:29 +0200] "GET /items/B626646595 HTTP/1.1" 200 188830 "-" "Mozilla/5.0 (Linux; Android 6.0.1; Nexus 5X Build/MMB29P) AppleWebKit/537.36 (KHTML, like Gecko) Chrome/148.0.7778.96 Mobile Safari/537.36 (compatible; Googlebot/2.1; +http://www.google.com/bot.html)"
109.234.161.42 - - [26/May/2026:02:10:54 +0200] "POST /wp-cron.php?doing_wp_cron=1779754254.8394238948822021484375 HTTP/1.1" 200 - "-" "WordPress/7.0; https://kanysboutique.com"
57.141.20.47 - - [26/May/2026:02:10:54 +0200] "GET /items/L543486177/ HTTP/1.1" 404 5871 "-" "meta-externalagent/1.1 (+https://developers.facebook.com/docs/sharing/webmasters/crawler)"
94.156.180.239 - - [26/May/2026:02:11:10 +0200] "GET /wp-content/uploads/2024/06/Screenshot_20240607_195219_Gallery-e1717996998747-670x1039.jpg HTTP/1.1" 404 6015 "-" "Mozilla/5.0 (Windows NT 10.0; Win64; x64) AppleWebKit/537.36 (KHTML, like Gecko) Chrome/140.0.0.0 Safari/537.36"
66.249.77.128 - - [26/May/2026:02:11:17 +0200] "GET /items/I312285315/ HTTP/1.1" 200 191458 "-" "Mozilla/5.0 (Linux; Android 6.0.1; Nexus 5X Build/MMB29P) AppleWebKit/537.36 (KHTML, like Gecko) Chrome/148.0.7778.96 Mobile Safari/537.36 (compatible; Googlebot/2.1; +http://www.google.com/bot.html)"
66.249.77.142 - - [26/May/2026:02:11:49 +0200] "GET /cate-48-49 HTTP/1.1" 200 181496 "-" "Mozilla/5.0 (Linux; Android 6.0.1; Nexus 5X Build/MMB29P) AppleWebKit/537.36 (KHTML, like Gecko) Chrome/148.0.7778.96 Mobile Safari/537.36 (compatible; Googlebot/2.1; +http://www.google.com/bot.html)"
109.234.161.42 - - [26/May/2026:02:12:01 +0200] "POST /wp-cron.php?doing_wp_cron=1779754321.9758110046386718750000 HTTP/1.1" 200 - "-" "WordPress/7.0; https://kanysboutique.com"
57.141.20.61 - - [26/May/2026:02:12:01 +0200] "GET /items/I521780431/ HTTP/1.1" 404 5871 "-" "meta-externalagent/1.1 (+https://developers.facebook.com/docs/sharing/webmasters/crawler)"
66.249.77.128 - - [26/May/2026:02:12:05 +0200] "GET /cate-6-253 HTTP/1.1" 200 197301 "-" "Mozilla/5.0 (Linux; Android 6.0.1; Nexus 5X Build/MMB29P) AppleWebKit/537.36 (KHTML, like Gecko) Chrome/148.0.7778.96 Mobile Safari/537.36 (compatible; Googlebot/2.1; +http://www.google.com/bot.html)"
85.159.229.123 - - [26/May/2026:02:12:16 +0200] "GET /wp-content/uploads/2023/09/Screenshot_20230913_170915_Chrome-e1694668787605-670x704.jpg HTTP/1.1" 404 6011 "-" "Mozilla/5.0 (Windows NT 10.0; Win64; x64) AppleWebKit/537.36 (KHTML, like Gecko) Chrome/140.0.0.0 Safari/537.36"
40.77.167.7 - - [26/May/2026:02:12:20 +0200] "GET /pages/10187714.htm HTTP/1.1" 200 185044 "-" "Mozilla/5.0 AppleWebKit/537.36 (KHTML, like Gecko; compatible; bingbot/2.0; +http://www.bing.com/bingbot.htm) Chrome/116.0.1938.76 Safari/537.36"
66.249.77.128 - - [26/May/2026:02:12:30 +0200] "GET /items/U861818341/ HTTP/1.1" 200 186104 "-" "Mozilla/5.0 (Linux; Android 6.0.1; Nexus 5X Build/MMB29P) AppleWebKit/537.36 (KHTML, like Gecko) Chrome/148.0.7778.96 Mobile Safari/537.36 (compatible; Googlebot/2.1; +http://www.google.com/bot.html)"
66.249.77.142 - - [26/May/2026:02:12:42 +0200] "GET /items/U432391409/ HTTP/1.1" 200 183453 "-" "Mozilla/5.0 (Linux; Android 6.0.1; Nexus 5X Build/MMB29P) AppleWebKit/537.36 (KHTML, like Gecko) Chrome/148.0.7778.96 Mobile Safari/537.36 (compatible; Googlebot/2.1; +http://www.google.com/bot.html)"
109.234.161.42 - - [26/May/2026:02:13:08 +0200] "POST /wp-cron.php?doing_wp_cron=1779754388.7639269828796386718750 HTTP/1.1" 200 - "-" "WordPress/7.0; https://kanysboutique.com"
57.141.20.32 - - [26/May/2026:02:13:08 +0200] "GET /items/H357012405/ HTTP/1.1" 404 5871 "-" "meta-externalagent/1.1 (+https://developers.facebook.com/docs/sharing/webmasters/crawler)"
66.249.77.128 - - [26/May/2026:02:14:10 +0200] "GET /items/F472062997/ HTTP/1.1" 200 195345 "-" "Mozilla/5.0 (Linux; Android 6.0.1; Nexus 5X Build/MMB29P) AppleWebKit/537.36 (KHTML, like Gecko) Chrome/148.0.7778.96 Mobile Safari/537.36 (compatible; Googlebot/2.1; +http://www.google.com/bot.html)"
57.141.20.5 - - [26/May/2026:02:14:15 +0200] "GET /post-sitemap.xml HTTP/1.1" 200 372609 "-" "meta-externalagent/1.1 (+https://developers.facebook.com/docs/sharing/webmasters/crawler)"
109.234.161.42 - - [26/May/2026:02:15:22 +0200] "POST /wp-cron.php?doing_wp_cron=1779754522.0082180500030517578125 HTTP/1.1" 200 - "-" "WordPress/7.0; https://kanysboutique.com"
57.141.20.60 - - [26/May/2026:02:15:21 +0200] "GET /items/S625771986/ HTTP/1.1" 404 5871 "-" "meta-externalagent/1.1 (+https://developers.facebook.com/docs/sharing/webmasters/crawler)"
66.249.77.128 - - [26/May/2026:02:15:32 +0200] "GET /items/V376202326/ HTTP/1.1" 200 195002 "-" "Mozilla/5.0 (Linux; Android 6.0.1; Nexus 5X Build/MMB29P) AppleWebKit/537.36 (KHTML, like Gecko) Chrome/148.0.7778.96 Mobile Safari/537.36 (compatible; Googlebot/2.1; +http://www.google.com/bot.html)"
66.249.77.142 - - [26/May/2026:02:15:46 +0200] "GET /items/W546158637/ HTTP/1.1" 200 183768 "-" "Mozilla/5.0 (Linux; Android 6.0.1; Nexus 5X Build/MMB29P) AppleWebKit/537.36 (KHTML, like Gecko) Chrome/148.0.7778.96 Mobile Safari/537.36 (compatible; Googlebot/2.1; +http://www.google.com/bot.html)"
109.234.161.42 - - [26/May/2026:02:16:02 +0200] "POST /wp-cron.php?doing_wp_cron=1779754562.2308249473571777343750 HTTP/1.1" 200 - "-" "WordPress/7.0; https://kanysboutique.com"
57.141.20.67 - - [26/May/2026:02:16:01 +0200] "GET /items/I831366645/ HTTP/1.1" 404 5871 "-" "meta-externalagent/1.1 (+https://developers.facebook.com/docs/sharing/webmasters/crawler)"
109.234.161.42 - - [26/May/2026:02:16:42 +0200] "POST /wp-cron.php?doing_wp_cron=1779754602.0427789688110351562500 HTTP/1.1" 200 - "-" "WordPress/7.0; https://kanysboutique.com"
57.141.20.64 - - [26/May/2026:02:16:41 +0200] "GET /items/F643967695/ HTTP/1.1" 404 5871 "-" "meta-externalagent/1.1 (+https://developers.facebook.com/docs/sharing/webmasters/crawler)"
66.249.77.142 - - [26/May/2026:02:17:02 +0200] "GET /items/V334301792/ HTTP/1.1" 200 190825 "-" "Mozilla/5.0 (Linux; Android 6.0.1; Nexus 5X Build/MMB29P) AppleWebKit/537.36 (KHTML, like Gecko) Chrome/148.0.7778.96 Mobile Safari/537.36 (compatible; Googlebot/2.1; +http://www.google.com/bot.html)"
66.249.77.128 - - [26/May/2026:02:17:16 +0200] "GET /items/Z531352186 HTTP/1.1" 200 182775 "-" "Mozilla/5.0 (Linux; Android 6.0.1; Nexus 5X Build/MMB29P) AppleWebKit/537.36 (KHTML, like Gecko) Chrome/148.0.7778.96 Mobile Safari/537.36 (compatible; Googlebot/2.1; +http://www.google.com/bot.html)"
57.141.20.43 - - [26/May/2026:02:17:21 +0200] "GET /items/N452338792/ HTTP/1.1" 404 5871 "-" "meta-externalagent/1.1 (+https://developers.facebook.com/docs/sharing/webmasters/crawler)"
66.249.77.142 - - [26/May/2026:02:17:22 +0200] "GET /items/E214341052/ HTTP/1.1" 200 186351 "-" "Mozilla/5.0 (Linux; Android 6.0.1; Nexus 5X Build/MMB29P) AppleWebKit/537.36 (KHTML, like Gecko) Chrome/148.0.7778.96 Mobile Safari/537.36 (compatible; Googlebot/2.1; +http://www.google.com/bot.html)"
66.249.77.142 - - [26/May/2026:02:17:24 +0200] "GET /items/V654019681/ HTTP/1.1" 200 184950 "-" "Mozilla/5.0 (Linux; Android 6.0.1; Nexus 5X Build/MMB29P) AppleWebKit/537.36 (KHTML, like Gecko) Chrome/148.0.7778.96 Mobile Safari/537.36 (compatible; Googlebot/2.1; +http://www.google.com/bot.html)"
66.249.77.142 - - [26/May/2026:02:17:26 +0200] "GET /items/I196147247 HTTP/1.1" 200 187324 "-" "Mozilla/5.0 (Linux; Android 6.0.1; Nexus 5X Build/MMB29P) AppleWebKit/537.36 (KHTML, like Gecko) Chrome/148.0.7778.96 Mobile Safari/537.36 (compatible; Googlebot/2.1; +http://www.google.com/bot.html)"
66.249.77.142 - - [26/May/2026:02:17:34 +0200] "GET /items/K122293328/ HTTP/1.1" 200 181951 "-" "Mozilla/5.0 (Linux; Android 6.0.1; Nexus 5X Build/MMB29P) AppleWebKit/537.36 (KHTML, like Gecko) Chrome/148.0.7778.96 Mobile Safari/537.36 (compatible; Googlebot/2.1; +http://www.google.com/bot.html)"
66.249.77.142 - - [26/May/2026:02:17:52 +0200] "GET /items/K453581131/ HTTP/1.1" 200 192380 "-" "Mozilla/5.0 (Linux; Android 6.0.1; Nexus 5X Build/MMB29P) AppleWebKit/537.36 (KHTML, like Gecko) Chrome/148.0.7778.96 Mobile Safari/537.36 (compatible; Googlebot/2.1; +http://www.google.com/bot.html)"
109.234.161.42 - - [26/May/2026:02:18:02 +0200] "POST /wp-cron.php?doing_wp_cron=1779754682.0043261051177978515625 HTTP/1.1" 200 - "-" "WordPress/7.0; https://kanysboutique.com"
57.141.20.62 - - [26/May/2026:02:18:01 +0200] "GET /items/X773801577/ HTTP/1.1" 404 5871 "-" "meta-externalagent/1.1 (+https://developers.facebook.com/docs/sharing/webmasters/crawler)"
