52.167.144.222 - - [26/May/2026:00:57:44 +0200] "GET /97418296509e7bda00000 HTTP/1.1" 200 190044 "-" "Mozilla/5.0 AppleWebKit/537.36 (KHTML, like Gecko; compatible; bingbot/2.0; +http://www.bing.com/bingbot.htm) Chrome/116.0.1938.76 Safari/537.36"
40.77.167.241 - - [26/May/2026:00:57:48 +0200] "GET /pages/10825781.htm HTTP/1.1" 200 179972 "-" "Mozilla/5.0 AppleWebKit/537.36 (KHTML, like Gecko; compatible; bingbot/2.0; +http://www.bing.com/bingbot.htm) Chrome/116.0.1938.76 Safari/537.36"
109.234.161.42 - - [26/May/2026:00:58:33 +0200] "POST /wp-cron.php?doing_wp_cron=1779749913.3204801082611083984375 HTTP/1.1" 200 - "-" "WordPress/7.0; https://kanysboutique.com"
5.129.226.159 - - [26/May/2026:00:58:32 +0200] "GET /wp-content/uploads/2023/09/articles-kanys-21-370x444.jpg HTTP/1.1" 404 5949 "-" "Mozilla/5.0 (Windows NT 10.0; Win64; x64) AppleWebKit/537.36 (KHTML, like Gecko) Chrome/140.0.0.0 Safari/537.36"
109.234.161.42 - - [26/May/2026:00:58:41 +0200] "POST /wp-cron.php?doing_wp_cron=1779749921.1366679668426513671875 HTTP/1.1" 200 - "-" "WordPress/7.0; https://kanysboutique.com"
57.141.20.38 - - [26/May/2026:00:58:40 +0200] "GET /items/P296971747/ HTTP/1.1" 404 5871 "-" "meta-externalagent/1.1 (+https://developers.facebook.com/docs/sharing/webmasters/crawler)"
147.45.51.176 - - [26/May/2026:00:59:03 +0200] "GET /wp-content/uploads/2023/09/1694165074158-370x444.png HTTP/1.1" 404 5941 "-" "Mozilla/5.0 (Windows NT 10.0; Win64; x64) AppleWebKit/537.36 (KHTML, like Gecko) Chrome/140.0.0.0 Safari/537.36"
109.234.161.42 - - [26/May/2026:00:59:47 +0200] "POST /wp-cron.php?doing_wp_cron=1779749987.9621839523315429687500 HTTP/1.1" 200 - "-" "WordPress/7.0; https://kanysboutique.com"
57.141.20.13 - - [26/May/2026:00:59:47 +0200] "GET /items/C584498601/ HTTP/1.1" 404 5871 "-" "meta-externalagent/1.1 (+https://developers.facebook.com/docs/sharing/webmasters/crawler)"
212.68.59.123 - - [26/May/2026:01:00:39 +0200] "GET /items/P964106559/ HTTP/1.1" 301 - "-" "Mozilla/5.0 (Macintosh; Intel Mac OS X 10_15_4) AppleWebKit/537.36 (KHTML, like Gecko) Brave Chrome/87.0.4280.101 Safari/537.36"
109.234.161.42 - - [26/May/2026:01:00:42 +0200] "POST /wp-cron.php?doing_wp_cron=1779750042.4552950859069824218750 HTTP/1.1" 200 - "-" "WordPress/7.0; https://kanysboutique.com"
185.97.92.66 - - [26/May/2026:01:00:41 +0200] "GET /items/P964106559/ HTTP/1.1" 404 5871 "-" "Mozilla/5.0 (Macintosh; Intel Mac OS X 10_15_4) AppleWebKit/537.36 (KHTML, like Gecko) Brave Chrome/87.0.4280.101 Safari/537.36"
57.141.20.70 - - [26/May/2026:01:00:54 +0200] "GET /items/M896734870/ HTTP/1.1" 404 5871 "-" "meta-externalagent/1.1 (+https://developers.facebook.com/docs/sharing/webmasters/crawler)"
66.249.77.128 - - [26/May/2026:01:01:29 +0200] "GET /items/Z123914429/ HTTP/1.1" 200 182032 "-" "Mozilla/5.0 (Linux; Android 6.0.1; Nexus 5X Build/MMB29P) AppleWebKit/537.36 (KHTML, like Gecko) Chrome/148.0.7778.96 Mobile Safari/537.36 (compatible; Googlebot/2.1; +http://www.google.com/bot.html)"
109.234.161.42 - - [26/May/2026:01:01:47 +0200] "POST /wp-cron.php?doing_wp_cron=1779750107.0628199577331542968750 HTTP/1.1" 200 - "-" "WordPress/7.0; https://kanysboutique.com"
102.205.212.115 - - [26/May/2026:01:01:46 +0200] "GET /items/P565497449/ HTTP/1.1" 301 - "-" "Mozilla/5.0 (Macintosh; Intel Mac OS X 10_9_0) AppleWebKit/537.36 (KHTML, like Gecko) Chrome/32.0.1664.3 Safari/537.36"
66.9.160.26 - - [26/May/2026:01:01:50 +0200] "GET /items/P565497449/ HTTP/1.1" 404 5871 "-" "Mozilla/5.0 (Macintosh; Intel Mac OS X 10_9_0) AppleWebKit/537.36 (KHTML, like Gecko) Chrome/32.0.1664.3 Safari/537.36"
66.249.77.128 - - [26/May/2026:01:02:23 +0200] "GET /items/K263066495/ HTTP/1.1" 200 188139 "-" "Mozilla/5.0 (Linux; Android 6.0.1; Nexus 5X Build/MMB29P) AppleWebKit/537.36 (KHTML, like Gecko) Chrome/148.0.7778.96 Mobile Safari/537.36 (compatible; Googlebot/2.1; +http://www.google.com/bot.html)"
145.223.131.65 - - [26/May/2026:01:02:33 +0200] "GET /produit/skirt-top-set/?add_to_wishlist=12250 HTTP/1.1" 404 5925 "-" "Mozilla/5.0 (Macintosh; Intel Mac OS X 10_15_7) AppleWebKit/537.36 (KHTML, like Gecko) Chrome/116.0.0.0 Safari/537.36"
109.234.161.42 - - [26/May/2026:01:03:08 +0200] "POST /wp-cron.php?doing_wp_cron=1779750188.2535080909729003906250 HTTP/1.1" 200 - "-" "WordPress/7.0; https://kanysboutique.com"
57.141.20.66 - - [26/May/2026:01:03:07 +0200] "GET /items/Q483415063/ HTTP/1.1" 404 5871 "-" "meta-externalagent/1.1 (+https://developers.facebook.com/docs/sharing/webmasters/crawler)"
109.234.161.42 - - [26/May/2026:01:04:14 +0200] "POST /wp-cron.php?doing_wp_cron=1779750254.5188119411468505859375 HTTP/1.1" 200 - "-" "WordPress/7.0; https://kanysboutique.com"
57.141.20.6 - - [26/May/2026:01:04:13 +0200] "GET /items/Q435733288/ HTTP/1.1" 404 5871 "-" "meta-externalagent/1.1 (+https://developers.facebook.com/docs/sharing/webmasters/crawler)"
109.234.161.42 - - [26/May/2026:01:05:21 +0200] "POST /wp-cron.php?doing_wp_cron=1779750321.6570160388946533203125 HTTP/1.1" 200 - "-" "WordPress/7.0; https://kanysboutique.com"
57.141.20.65 - - [26/May/2026:01:05:21 +0200] "GET /items/S871932824/ HTTP/1.1" 404 5871 "-" "meta-externalagent/1.1 (+https://developers.facebook.com/docs/sharing/webmasters/crawler)"
52.167.144.222 - - [26/May/2026:01:05:26 +0200] "GET /pages/10474136.htm HTTP/1.1" 200 193524 "-" "Mozilla/5.0 AppleWebKit/537.36 (KHTML, like Gecko; compatible; bingbot/2.0; +http://www.bing.com/bingbot.htm) Chrome/116.0.1938.76 Safari/537.36"
32.193.60.217 - - [26/May/2026:01:06:12 +0200] "GET /robots.txt HTTP/1.1" 200 68 "-" "Mozilla/5.0 (Macintosh; Intel Mac OS X 10_10_1) AppleWebKit/600.2.5 (KHTML, like Gecko) Version/8.0.2 Safari/600.2.5 (Gort)"
109.234.161.42 - - [26/May/2026:01:06:28 +0200] "POST /wp-cron.php?doing_wp_cron=1779750388.3766169548034667968750 HTTP/1.1" 200 - "-" "WordPress/7.0; https://kanysboutique.com"
57.141.20.62 - - [26/May/2026:01:06:27 +0200] "GET /items/H961457626/ HTTP/1.1" 404 5871 "-" "meta-externalagent/1.1 (+https://developers.facebook.com/docs/sharing/webmasters/crawler)"
109.234.161.42 - - [26/May/2026:01:07:35 +0200] "POST /wp-cron.php?doing_wp_cron=1779750455.1789720058441162109375 HTTP/1.1" 200 - "-" "WordPress/7.0; https://kanysboutique.com"
57.141.20.6 - - [26/May/2026:01:07:34 +0200] "GET /items/I825185255/ HTTP/1.1" 404 5871 "-" "meta-externalagent/1.1 (+https://developers.facebook.com/docs/sharing/webmasters/crawler)"
109.234.161.42 - - [26/May/2026:01:08:29 +0200] "POST /wp-cron.php?doing_wp_cron=1779750509.5326910018920898437500 HTTP/1.1" 200 - "-" "WordPress/7.0; https://kanysboutique.com"
80.66.72.154 - - [26/May/2026:01:08:29 +0200] "GET /wp-content/uploads/2023/09/articles-kanys-2-370x444.jpg HTTP/1.1" 404 5947 "-" "Mozilla/5.0 (Windows NT 10.0; Win64; x64) AppleWebKit/537.36 (KHTML, like Gecko) Chrome/140.0.0.0 Safari/537.36"
109.234.161.42 - - [26/May/2026:01:08:41 +0200] "POST /wp-cron.php?doing_wp_cron=1779750521.3168320655822753906250 HTTP/1.1" 200 - "-" "WordPress/7.0; https://kanysboutique.com"
57.141.20.44 - - [26/May/2026:01:08:40 +0200] "GET /items/B632605027/ HTTP/1.1" 404 5871 "-" "meta-externalagent/1.1 (+https://developers.facebook.com/docs/sharing/webmasters/crawler)"
109.234.161.42 - - [26/May/2026:01:09:47 +0200] "POST /wp-cron.php?doing_wp_cron=1779750587.7716100215911865234375 HTTP/1.1" 200 - "-" "WordPress/7.0; https://kanysboutique.com"
57.141.20.8 - - [26/May/2026:01:09:47 +0200] "GET /items/V656767720/ HTTP/1.1" 404 5871 "-" "meta-externalagent/1.1 (+https://developers.facebook.com/docs/sharing/webmasters/crawler)"
40.77.167.7 - - [26/May/2026:01:09:56 +0200] "GET /pages/28822914.htm HTTP/1.1" 200 189652 "-" "Mozilla/5.0 AppleWebKit/537.36 (KHTML, like Gecko; compatible; bingbot/2.0; +http://www.bing.com/bingbot.htm) Chrome/116.0.1938.76 Safari/537.36"
66.249.77.142 - - [26/May/2026:01:10:16 +0200] "GET /items/O772197247/ HTTP/1.1" 200 187986 "-" "Mozilla/5.0 (Linux; Android 6.0.1; Nexus 5X Build/MMB29P) AppleWebKit/537.36 (KHTML, like Gecko) Chrome/148.0.7778.96 Mobile Safari/537.36 (compatible; Googlebot/2.1; +http://www.google.com/bot.html)"
109.234.161.42 - - [26/May/2026:01:10:55 +0200] "POST /wp-cron.php?doing_wp_cron=1779750655.0222749710083007812500 HTTP/1.1" 200 - "-" "WordPress/7.0; https://kanysboutique.com"
57.141.20.56 - - [26/May/2026:01:10:54 +0200] "GET /items/B382688432/ HTTP/1.1" 404 5871 "-" "meta-externalagent/1.1 (+https://developers.facebook.com/docs/sharing/webmasters/crawler)"
66.249.77.128 - - [26/May/2026:01:11:18 +0200] "GET /items/T462936063/ HTTP/1.1" 200 180427 "-" "Mozilla/5.0 (Linux; Android 6.0.1; Nexus 5X Build/MMB29P) AppleWebKit/537.36 (KHTML, like Gecko) Chrome/148.0.7778.96 Mobile Safari/537.36 (compatible; Googlebot/2.1; +http://www.google.com/bot.html)"
66.249.77.128 - - [26/May/2026:01:11:24 +0200] "GET /items/L322911976 HTTP/1.1" 200 183769 "-" "Mozilla/5.0 (Linux; Android 6.0.1; Nexus 5X Build/MMB29P) AppleWebKit/537.36 (KHTML, like Gecko) Chrome/148.0.7778.96 Mobile Safari/537.36 (compatible; Googlebot/2.1; +http://www.google.com/bot.html)"
66.249.77.142 - - [26/May/2026:01:11:26 +0200] "GET /items/P923882084/ HTTP/1.1" 200 186546 "-" "Mozilla/5.0 (Linux; Android 6.0.1; Nexus 5X Build/MMB29P) AppleWebKit/537.36 (KHTML, like Gecko) Chrome/148.0.7778.96 Mobile Safari/537.36 (compatible; Googlebot/2.1; +http://www.google.com/bot.html)"
66.249.77.128 - - [26/May/2026:01:12:40 +0200] "GET /items/C274733214 HTTP/1.1" 200 181992 "-" "Mozilla/5.0 (Linux; Android 6.0.1; Nexus 5X Build/MMB29P) AppleWebKit/537.36 (KHTML, like Gecko) Chrome/148.0.7778.96 Mobile Safari/537.36 (compatible; Googlebot/2.1; +http://www.google.com/bot.html)"
66.249.77.128 - - [26/May/2026:01:12:52 +0200] "GET /items/Q174044375 HTTP/1.1" 200 184307 "-" "Mozilla/5.0 (Linux; Android 6.0.1; Nexus 5X Build/MMB29P) AppleWebKit/537.36 (KHTML, like Gecko) Chrome/148.0.7778.96 Mobile Safari/537.36 (compatible; Googlebot/2.1; +http://www.google.com/bot.html)"
109.234.161.42 - - [26/May/2026:01:13:08 +0200] "POST /wp-cron.php?doing_wp_cron=1779750788.3087909221649169921875 HTTP/1.1" 200 - "-" "WordPress/7.0; https://kanysboutique.com"
57.141.20.26 - - [26/May/2026:01:13:07 +0200] "GET /items/V706682315/ HTTP/1.1" 404 5871 "-" "meta-externalagent/1.1 (+https://developers.facebook.com/docs/sharing/webmasters/crawler)"
66.249.77.142 - - [26/May/2026:01:13:40 +0200] "GET /items/L465269881/ HTTP/1.1" 200 182207 "-" "Mozilla/5.0 (Linux; Android 6.0.1; Nexus 5X Build/MMB29P) AppleWebKit/537.36 (KHTML, like Gecko) Chrome/148.0.7778.96 Mobile Safari/537.36 (compatible; Googlebot/2.1; +http://www.google.com/bot.html)"
66.249.77.142 - - [26/May/2026:01:13:42 +0200] "GET /items/K146873084/ HTTP/1.1" 200 183442 "-" "Mozilla/5.0 (Linux; Android 6.0.1; Nexus 5X Build/MMB29P) AppleWebKit/537.36 (KHTML, like Gecko) Chrome/148.0.7778.96 Mobile Safari/537.36 (compatible; Googlebot/2.1; +http://www.google.com/bot.html)"
66.249.77.142 - - [26/May/2026:01:13:50 +0200] "GET /items/A034460501 HTTP/1.1" 200 180081 "-" "Mozilla/5.0 (Linux; Android 6.0.1; Nexus 5X Build/MMB29P) AppleWebKit/537.36 (KHTML, like Gecko) Chrome/148.0.7778.96 Mobile Safari/537.36 (compatible; Googlebot/2.1; +http://www.google.com/bot.html)"
66.249.77.142 - - [26/May/2026:01:13:58 +0200] "GET /items/M102785822 HTTP/1.1" 200 182004 "-" "Mozilla/5.0 (Linux; Android 6.0.1; Nexus 5X Build/MMB29P) AppleWebKit/537.36 (KHTML, like Gecko) Chrome/148.0.7778.96 Mobile Safari/537.36 (compatible; Googlebot/2.1; +http://www.google.com/bot.html)"
66.249.77.142 - - [26/May/2026:01:14:04 +0200] "GET /items/B152402644/ HTTP/1.1" 200 187517 "-" "Mozilla/5.0 (Linux; Android 6.0.1; Nexus 5X Build/MMB29P) AppleWebKit/537.36 (KHTML, like Gecko) Chrome/148.0.7778.96 Mobile Safari/537.36 (compatible; Googlebot/2.1; +http://www.google.com/bot.html)"
66.249.77.142 - - [26/May/2026:01:14:08 +0200] "GET /items/M316737227 HTTP/1.1" 200 196482 "-" "Mozilla/5.0 (Linux; Android 6.0.1; Nexus 5X Build/MMB29P) AppleWebKit/537.36 (KHTML, like Gecko) Chrome/148.0.7778.96 Mobile Safari/537.36 (compatible; Googlebot/2.1; +http://www.google.com/bot.html)"
109.234.161.42 - - [26/May/2026:01:14:10 +0200] "POST /wp-cron.php?doing_wp_cron=1779750850.3568789958953857421875 HTTP/1.1" 200 - "-" "WordPress/7.0; https://kanysboutique.com"
147.45.217.251 - - [26/May/2026:01:14:09 +0200] "GET /wp-content/uploads/2024/02/Screenshot_20240216_013431_Gallery-670x1717.jpg HTTP/1.1" 404 5985 "-" "Mozilla/5.0 (Windows NT 10.0; Win64; x64) AppleWebKit/537.36 (KHTML, like Gecko) Chrome/140.0.0.0 Safari/537.36"
57.141.20.51 - - [26/May/2026:01:14:13 +0200] "GET /items/O932133187/ HTTP/1.1" 404 5871 "-" "meta-externalagent/1.1 (+https://developers.facebook.com/docs/sharing/webmasters/crawler)"
66.249.77.142 - - [26/May/2026:01:14:16 +0200] "GET /items/V392308380 HTTP/1.1" 200 189681 "-" "Mozilla/5.0 (Linux; Android 6.0.1; Nexus 5X Build/MMB29P) AppleWebKit/537.36 (KHTML, like Gecko) Chrome/148.0.7778.96 Mobile Safari/537.36 (compatible; Googlebot/2.1; +http://www.google.com/bot.html)"
66.249.77.142 - - [26/May/2026:01:14:20 +0200] "GET /items/U344946835 HTTP/1.1" 200 185336 "-" "Mozilla/5.0 (Linux; Android 6.0.1; Nexus 5X Build/MMB29P) AppleWebKit/537.36 (KHTML, like Gecko) Chrome/148.0.7778.96 Mobile Safari/537.36 (compatible; Googlebot/2.1; +http://www.google.com/bot.html)"
66.249.77.142 - - [26/May/2026:01:14:24 +0200] "GET /items/D283181978 HTTP/1.1" 200 181352 "-" "Mozilla/5.0 (Linux; Android 6.0.1; Nexus 5X Build/MMB29P) AppleWebKit/537.36 (KHTML, like Gecko) Chrome/148.0.7778.96 Mobile Safari/537.36 (compatible; Googlebot/2.1; +http://www.google.com/bot.html)"
66.249.77.142 - - [26/May/2026:01:14:30 +0200] "GET /items/B253401276/ HTTP/1.1" 200 189756 "-" "Mozilla/5.0 (Linux; Android 6.0.1; Nexus 5X Build/MMB29P) AppleWebKit/537.36 (KHTML, like Gecko) Chrome/148.0.7778.96 Mobile Safari/537.36 (compatible; Googlebot/2.1; +http://www.google.com/bot.html)"
66.249.77.142 - - [26/May/2026:01:14:38 +0200] "GET /items/Y631452762/ HTTP/1.1" 200 185241 "-" "Mozilla/5.0 (Linux; Android 6.0.1; Nexus 5X Build/MMB29P) AppleWebKit/537.36 (KHTML, like Gecko) Chrome/148.0.7778.96 Mobile Safari/537.36 (compatible; Googlebot/2.1; +http://www.google.com/bot.html)"
66.249.77.142 - - [26/May/2026:01:14:40 +0200] "GET /items/W073608337/ HTTP/1.1" 200 191775 "-" "Mozilla/5.0 (Linux; Android 6.0.1; Nexus 5X Build/MMB29P) AppleWebKit/537.36 (KHTML, like Gecko) Chrome/148.0.7778.96 Mobile Safari/537.36 (compatible; Googlebot/2.1; +http://www.google.com/bot.html)"
66.249.77.142 - - [26/May/2026:01:14:44 +0200] "GET /items/B716257526 HTTP/1.1" 200 184002 "-" "Mozilla/5.0 (Linux; Android 6.0.1; Nexus 5X Build/MMB29P) AppleWebKit/537.36 (KHTML, like Gecko) Chrome/148.0.7778.96 Mobile Safari/537.36 (compatible; Googlebot/2.1; +http://www.google.com/bot.html)"
66.249.77.142 - - [26/May/2026:01:14:56 +0200] "GET /items/K581659853/ HTTP/1.1" 200 182299 "-" "Mozilla/5.0 (Linux; Android 6.0.1; Nexus 5X Build/MMB29P) AppleWebKit/537.36 (KHTML, like Gecko) Chrome/148.0.7778.96 Mobile Safari/537.36 (compatible; Googlebot/2.1; +http://www.google.com/bot.html)"
66.249.77.142 - - [26/May/2026:01:15:36 +0200] "GET /items/S421441406/ HTTP/1.1" 200 182093 "-" "Mozilla/5.0 (Linux; Android 6.0.1; Nexus 5X Build/MMB29P) AppleWebKit/537.36 (KHTML, like Gecko) Chrome/148.0.7778.96 Mobile Safari/537.36 (compatible; Googlebot/2.1; +http://www.google.com/bot.html)"
66.249.77.142 - - [26/May/2026:01:15:46 +0200] "GET /items/Y066660888/ HTTP/1.1" 200 180681 "-" "Mozilla/5.0 (Linux; Android 6.0.1; Nexus 5X Build/MMB29P) AppleWebKit/537.36 (KHTML, like Gecko) Chrome/148.0.7778.96 Mobile Safari/537.36 (compatible; Googlebot/2.1; +http://www.google.com/bot.html)"
66.249.77.142 - - [26/May/2026:01:15:56 +0200] "GET /items/R445860572 HTTP/1.1" 200 179910 "-" "Mozilla/5.0 (Linux; Android 6.0.1; Nexus 5X Build/MMB29P) AppleWebKit/537.36 (KHTML, like Gecko) Chrome/148.0.7778.96 Mobile Safari/537.36 (compatible; Googlebot/2.1; +http://www.google.com/bot.html)"
66.249.77.129 - - [26/May/2026:01:16:04 +0200] "GET /items/N633087926 HTTP/1.1" 200 187613 "-" "Mozilla/5.0 (Linux; Android 6.0.1; Nexus 5X Build/MMB29P) AppleWebKit/537.36 (KHTML, like Gecko) Chrome/148.0.7778.96 Mobile Safari/537.36 (compatible; Googlebot/2.1; +http://www.google.com/bot.html)"
66.249.77.142 - - [26/May/2026:01:16:06 +0200] "GET /items/C374434178/ HTTP/1.1" 200 187367 "-" "Mozilla/5.0 (Linux; Android 6.0.1; Nexus 5X Build/MMB29P) AppleWebKit/537.36 (KHTML, like Gecko) Chrome/148.0.7778.96 Mobile Safari/537.36 (compatible; Googlebot/2.1; +http://www.google.com/bot.html)"
66.249.77.142 - - [26/May/2026:01:16:08 +0200] "GET /items/J956932260 HTTP/1.1" 200 180360 "-" "Mozilla/5.0 (Linux; Android 6.0.1; Nexus 5X Build/MMB29P) AppleWebKit/537.36 (KHTML, like Gecko) Chrome/148.0.7778.96 Mobile Safari/537.36 (compatible; Googlebot/2.1; +http://www.google.com/bot.html)"
66.249.77.142 - - [26/May/2026:01:16:10 +0200] "GET /items/H403691831/ HTTP/1.1" 200 184411 "-" "Mozilla/5.0 (Linux; Android 6.0.1; Nexus 5X Build/MMB29P) AppleWebKit/537.36 (KHTML, like Gecko) Chrome/148.0.7778.96 Mobile Safari/537.36 (compatible; Googlebot/2.1; +http://www.google.com/bot.html)"
66.249.77.142 - - [26/May/2026:01:16:20 +0200] "GET /items/E422692770 HTTP/1.1" 200 194241 "-" "Mozilla/5.0 (Linux; Android 6.0.1; Nexus 5X Build/MMB29P) AppleWebKit/537.36 (KHTML, like Gecko) Chrome/148.0.7778.96 Mobile Safari/537.36 (compatible; Googlebot/2.1; +http://www.google.com/bot.html)"
66.249.77.142 - - [26/May/2026:01:16:22 +0200] "GET /items/E216134043/ HTTP/1.1" 200 187413 "-" "Mozilla/5.0 (Linux; Android 6.0.1; Nexus 5X Build/MMB29P) AppleWebKit/537.36 (KHTML, like Gecko) Chrome/148.0.7778.96 Mobile Safari/537.36 (compatible; Googlebot/2.1; +http://www.google.com/bot.html)"
109.234.161.42 - - [26/May/2026:01:16:30 +0200] "POST /wp-cron.php?doing_wp_cron=1779750990.0641291141510009765625 HTTP/1.1" 200 - "-" "WordPress/7.0; https://kanysboutique.com"
57.141.20.45 - - [26/May/2026:01:16:29 +0200] "GET /items/N191045508/ HTTP/1.1" 404 5871 "-" "meta-externalagent/1.1 (+https://developers.facebook.com/docs/sharing/webmasters/crawler)"
66.249.77.142 - - [26/May/2026:01:16:34 +0200] "GET /items/W785724459/ HTTP/1.1" 200 196176 "-" "Mozilla/5.0 (Linux; Android 6.0.1; Nexus 5X Build/MMB29P) AppleWebKit/537.36 (KHTML, like Gecko) Chrome/148.0.7778.96 Mobile Safari/537.36 (compatible; Googlebot/2.1; +http://www.google.com/bot.html)"
66.249.77.142 - - [26/May/2026:01:16:40 +0200] "GET /items/F466441988/ HTTP/1.1" 200 182513 "-" "Mozilla/5.0 (Linux; Android 6.0.1; Nexus 5X Build/MMB29P) AppleWebKit/537.36 (KHTML, like Gecko) Chrome/148.0.7778.96 Mobile Safari/537.36 (compatible; Googlebot/2.1; +http://www.google.com/bot.html)"
66.249.77.142 - - [26/May/2026:01:16:44 +0200] "GET /items/Z733711345 HTTP/1.1" 200 196716 "-" "Mozilla/5.0 (Linux; Android 6.0.1; Nexus 5X Build/MMB29P) AppleWebKit/537.36 (KHTML, like Gecko) Chrome/148.0.7778.96 Mobile Safari/537.36 (compatible; Googlebot/2.1; +http://www.google.com/bot.html)"
66.249.77.142 - - [26/May/2026:01:16:56 +0200] "GET /items/F302182425/ HTTP/1.1" 200 196272 "-" "Mozilla/5.0 (Linux; Android 6.0.1; Nexus 5X Build/MMB29P) AppleWebKit/537.36 (KHTML, like Gecko) Chrome/148.0.7778.96 Mobile Safari/537.36 (compatible; Googlebot/2.1; +http://www.google.com/bot.html)"
66.249.77.129 - - [26/May/2026:01:17:00 +0200] "GET /items/N874995188/ HTTP/1.1" 200 194878 "-" "Mozilla/5.0 (Linux; Android 6.0.1; Nexus 5X Build/MMB29P) AppleWebKit/537.36 (KHTML, like Gecko) Chrome/148.0.7778.96 Mobile Safari/537.36 (compatible; Googlebot/2.1; +http://www.google.com/bot.html)"
66.249.77.128 - - [26/May/2026:01:17:02 +0200] "GET /items/B203942318 HTTP/1.1" 200 188970 "-" "Mozilla/5.0 (Linux; Android 6.0.1; Nexus 5X Build/MMB29P) AppleWebKit/537.36 (KHTML, like Gecko) Chrome/148.0.7778.96 Mobile Safari/537.36 (compatible; Googlebot/2.1; +http://www.google.com/bot.html)"
66.249.77.129 - - [26/May/2026:01:17:04 +0200] "GET /items/R963494293/ HTTP/1.1" 200 192762 "-" "Mozilla/5.0 (Linux; Android 6.0.1; Nexus 5X Build/MMB29P) AppleWebKit/537.36 (KHTML, like Gecko) Chrome/148.0.7778.96 Mobile Safari/537.36 (compatible; Googlebot/2.1; +http://www.google.com/bot.html)"
66.249.77.128 - - [26/May/2026:01:17:10 +0200] "GET /items/U711813815 HTTP/1.1" 200 180559 "-" "Mozilla/5.0 (Linux; Android 6.0.1; Nexus 5X Build/MMB29P) AppleWebKit/537.36 (KHTML, like Gecko) Chrome/148.0.7778.96 Mobile Safari/537.36 (compatible; Googlebot/2.1; +http://www.google.com/bot.html)"
66.249.77.142 - - [26/May/2026:01:17:26 +0200] "GET /items/F781733794/ HTTP/1.1" 200 182577 "-" "Mozilla/5.0 (Linux; Android 6.0.1; Nexus 5X Build/MMB29P) AppleWebKit/537.36 (KHTML, like Gecko) Chrome/148.0.7778.96 Mobile Safari/537.36 (compatible; Googlebot/2.1; +http://www.google.com/bot.html)"
66.249.77.142 - - [26/May/2026:01:17:28 +0200] "GET /items/T744918865/ HTTP/1.1" 200 196506 "-" "Mozilla/5.0 (Linux; Android 6.0.1; Nexus 5X Build/MMB29P) AppleWebKit/537.36 (KHTML, like Gecko) Chrome/148.0.7778.96 Mobile Safari/537.36 (compatible; Googlebot/2.1; +http://www.google.com/bot.html)"
109.234.161.42 - - [26/May/2026:01:17:35 +0200] "POST /wp-cron.php?doing_wp_cron=1779751055.0496211051940917968750 HTTP/1.1" 200 - "-" "WordPress/7.0; https://kanysboutique.com"
57.141.20.16 - - [26/May/2026:01:17:34 +0200] "GET /items/C865518482/ HTTP/1.1" 404 5871 "-" "meta-externalagent/1.1 (+https://developers.facebook.com/docs/sharing/webmasters/crawler)"
66.249.77.142 - - [26/May/2026:01:17:52 +0200] "GET /items/U435889328/ HTTP/1.1" 200 184673 "-" "Mozilla/5.0 (Linux; Android 6.0.1; Nexus 5X Build/MMB29P) AppleWebKit/537.36 (KHTML, like Gecko) Chrome/148.0.7778.96 Mobile Safari/537.36 (compatible; Googlebot/2.1; +http://www.google.com/bot.html)"
109.234.161.42 - - [26/May/2026:01:18:00 +0200] "POST /wp-cron.php?doing_wp_cron=1779751080.8497700691223144531250 HTTP/1.1" 200 - "-" "WordPress/7.0; https://kanysboutique.com"
81.19.140.235 - - [26/May/2026:01:18:00 +0200] "GET /wp-content/uploads/2023/09/Pochette2-1-370x444.jpg HTTP/1.1" 404 5937 "-" "Mozilla/5.0 (Windows NT 10.0; Win64; x64) AppleWebKit/537.36 (KHTML, like Gecko) Chrome/140.0.0.0 Safari/537.36"
66.249.77.129 - - [26/May/2026:01:18:24 +0200] "GET /items/C012095485/ HTTP/1.1" 200 183470 "-" "Mozilla/5.0 (Linux; Android 6.0.1; Nexus 5X Build/MMB29P) AppleWebKit/537.36 (KHTML, like Gecko) Chrome/148.0.7778.96 Mobile Safari/537.36 (compatible; Googlebot/2.1; +http://www.google.com/bot.html)"
66.249.77.142 - - [26/May/2026:01:18:34 +0200] "GET /items/N755407980/ HTTP/1.1" 200 188702 "-" "Mozilla/5.0 (Linux; Android 6.0.1; Nexus 5X Build/MMB29P) AppleWebKit/537.36 (KHTML, like Gecko) Chrome/148.0.7778.96 Mobile Safari/537.36 (compatible; Googlebot/2.1; +http://www.google.com/bot.html)"
66.249.77.142 - - [26/May/2026:01:18:40 +0200] "GET /items/A646693919/ HTTP/1.1" 200 179065 "-" "Mozilla/5.0 (Linux; Android 6.0.1; Nexus 5X Build/MMB29P) AppleWebKit/537.36 (KHTML, like Gecko) Chrome/148.0.7778.96 Mobile Safari/537.36 (compatible; Googlebot/2.1; +http://www.google.com/bot.html)"
109.234.161.42 - - [26/May/2026:01:18:41 +0200] "POST /wp-cron.php?doing_wp_cron=1779751121.8109679222106933593750 HTTP/1.1" 200 - "-" "WordPress/7.0; https://kanysboutique.com"
57.141.20.54 - - [26/May/2026:01:18:41 +0200] "GET /items/S965291669/ HTTP/1.1" 404 5871 "-" "meta-externalagent/1.1 (+https://developers.facebook.com/docs/sharing/webmasters/crawler)"
109.234.161.42 - - [26/May/2026:01:19:48 +0200] "POST /wp-cron.php?doing_wp_cron=1779751188.4669120311737060546875 HTTP/1.1" 200 - "-" "WordPress/7.0; https://kanysboutique.com"
57.141.20.43 - - [26/May/2026:01:19:47 +0200] "GET /items/Q376978790/ HTTP/1.1" 404 5871 "-" "meta-externalagent/1.1 (+https://developers.facebook.com/docs/sharing/webmasters/crawler)"
66.249.77.142 - - [26/May/2026:01:20:21 +0200] "GET /items/L542318107/ HTTP/1.1" 200 194378 "-" "Mozilla/5.0 (Linux; Android 6.0.1; Nexus 5X Build/MMB29P) AppleWebKit/537.36 (KHTML, like Gecko) Chrome/148.0.7778.96 Mobile Safari/537.36 (compatible; Googlebot/2.1; +http://www.google.com/bot.html)"
66.249.77.142 - - [26/May/2026:01:21:23 +0200] "GET /items/X261201201/ HTTP/1.1" 200 188554 "-" "Mozilla/5.0 (Linux; Android 6.0.1; Nexus 5X Build/MMB29P) AppleWebKit/537.36 (KHTML, like Gecko) Chrome/148.0.7778.96 Mobile Safari/537.36 (compatible; Googlebot/2.1; +http://www.google.com/bot.html)"
66.249.77.129 - - [26/May/2026:01:22:19 +0200] "GET /items/P473651929/ HTTP/1.1" 200 191128 "-" "Mozilla/5.0 (Linux; Android 6.0.1; Nexus 5X Build/MMB29P) AppleWebKit/537.36 (KHTML, like Gecko) Chrome/148.0.7778.96 Mobile Safari/537.36 (compatible; Googlebot/2.1; +http://www.google.com/bot.html)"
109.234.161.42 - - [26/May/2026:01:22:44 +0200] "POST /wp-cron.php?doing_wp_cron=1779751364.8618741035461425781250 HTTP/1.1" 200 - "-" "WordPress/7.0; https://kanysboutique.com"
46.150.88.209 - - [26/May/2026:01:22:44 +0200] "GET /items/X865259503/ HTTP/1.1" 301 - "-" "Mozilla/5.0 (Windows NT 6.1) AppleWebKit/537.36 (KHTML, like Gecko) Chrome/77.0.3865.90 Safari/537.36"
113.189.62.89 - - [26/May/2026:01:22:46 +0200] "GET /items/X865259503/ HTTP/1.1" 404 5871 "-" "Mozilla/5.0 (Windows NT 6.1) AppleWebKit/537.36 (KHTML, like Gecko) Chrome/77.0.3865.90 Safari/537.36"
57.141.20.54 - - [26/May/2026:01:23:07 +0200] "GET /items/T166838830/ HTTP/1.1" 404 5871 "-" "meta-externalagent/1.1 (+https://developers.facebook.com/docs/sharing/webmasters/crawler)"
66.249.77.128 - - [26/May/2026:01:23:19 +0200] "GET /items/U332553995/ HTTP/1.1" 200 194183 "-" "Mozilla/5.0 (Linux; Android 6.0.1; Nexus 5X Build/MMB29P) AppleWebKit/537.36 (KHTML, like Gecko) Chrome/148.0.7778.96 Mobile Safari/537.36 (compatible; Googlebot/2.1; +http://www.google.com/bot.html)"
187.188.230.135 - - [26/May/2026:01:23:22 +0200] "GET /items/U843133893/ HTTP/1.1" 301 - "-" "Mozilla/5.0 (Macintosh; Intel Mac OS X 10_13_6) AppleWebKit/537.36 (KHTML, like Gecko) Chrome/89.0.4389.69 Safari/537.36"
187.49.63.244 - - [26/May/2026:01:23:24 +0200] "GET /items/U843133893/ HTTP/1.1" 404 5871 "-" "Mozilla/5.0 (Macintosh; Intel Mac OS X 10_13_6) AppleWebKit/537.36 (KHTML, like Gecko) Chrome/89.0.4389.69 Safari/537.36"
109.234.161.42 - - [26/May/2026:01:24:15 +0200] "POST /wp-cron.php?doing_wp_cron=1779751455.1541109085083007812500 HTTP/1.1" 200 - "-" "WordPress/7.0; https://kanysboutique.com"
57.141.20.12 - - [26/May/2026:01:24:14 +0200] "GET /items/A926142046/ HTTP/1.1" 404 5871 "-" "meta-externalagent/1.1 (+https://developers.facebook.com/docs/sharing/webmasters/crawler)"
66.249.77.129 - - [26/May/2026:01:24:19 +0200] "GET /items/I465177737/ HTTP/1.1" 200 185437 "-" "Mozilla/5.0 (Linux; Android 6.0.1; Nexus 5X Build/MMB29P) AppleWebKit/537.36 (KHTML, like Gecko) Chrome/148.0.7778.96 Mobile Safari/537.36 (compatible; Googlebot/2.1; +http://www.google.com/bot.html)"
66.249.77.128 - - [26/May/2026:01:24:58 +0200] "GET /items/E516129385/ HTTP/1.1" 200 191444 "-" "Mozilla/5.0 (Linux; Android 6.0.1; Nexus 5X Build/MMB29P) AppleWebKit/537.36 (KHTML, like Gecko) Chrome/148.0.7778.96 Mobile Safari/537.36 (compatible; Googlebot/2.1; +http://www.google.com/bot.html)"
66.249.77.142 - - [26/May/2026:01:25:14 +0200] "GET /items/A533367106/ HTTP/1.1" 200 182514 "-" "Mozilla/5.0 (Linux; Android 6.0.1; Nexus 5X Build/MMB29P) AppleWebKit/537.36 (KHTML, like Gecko) Chrome/148.0.7778.96 Mobile Safari/537.36 (compatible; Googlebot/2.1; +http://www.google.com/bot.html)"
66.249.77.142 - - [26/May/2026:01:25:18 +0200] "GET /items/V613169229/ HTTP/1.1" 200 188113 "-" "Mozilla/5.0 (Linux; Android 6.0.1; Nexus 5X Build/MMB29P) AppleWebKit/537.36 (KHTML, like Gecko) Chrome/148.0.7778.96 Mobile Safari/537.36 (compatible; Googlebot/2.1; +http://www.google.com/bot.html)"
109.234.161.42 - - [26/May/2026:01:25:21 +0200] "POST /wp-cron.php?doing_wp_cron=1779751521.0533149242401123046875 HTTP/1.1" 200 - "-" "WordPress/7.0; https://kanysboutique.com"
57.141.20.44 - - [26/May/2026:01:25:20 +0200] "GET /items/H475499805/ HTTP/1.1" 404 5871 "-" "meta-externalagent/1.1 (+https://developers.facebook.com/docs/sharing/webmasters/crawler)"
66.249.77.142 - - [26/May/2026:01:25:27 +0200] "GET /items/E124086099/ HTTP/1.1" 200 182942 "-" "Mozilla/5.0 (Linux; Android 6.0.1; Nexus 5X Build/MMB29P) AppleWebKit/537.36 (KHTML, like Gecko) Chrome/148.0.7778.96 Mobile Safari/537.36 (compatible; Googlebot/2.1; +http://www.google.com/bot.html)"
66.249.77.142 - - [26/May/2026:01:26:18 +0200] "GET /items/R322948734/ HTTP/1.1" 200 184707 "-" "Mozilla/5.0 (Linux; Android 6.0.1; Nexus 5X Build/MMB29P) AppleWebKit/537.36 (KHTML, like Gecko) Chrome/148.0.7778.96 Mobile Safari/537.36 (compatible; Googlebot/2.1; +http://www.google.com/bot.html)"
109.234.161.42 - - [26/May/2026:01:26:28 +0200] "POST /wp-cron.php?doing_wp_cron=1779751588.1252920627593994140625 HTTP/1.1" 200 - "-" "WordPress/7.0; https://kanysboutique.com"
57.141.20.43 - - [26/May/2026:01:26:27 +0200] "GET /items/H212813732/ HTTP/1.1" 404 5871 "-" "meta-externalagent/1.1 (+https://developers.facebook.com/docs/sharing/webmasters/crawler)"
109.234.161.42 - - [26/May/2026:01:27:14 +0200] "POST /wp-cron.php?doing_wp_cron=1779751634.4122619628906250000000 HTTP/1.1" 200 - "-" "WordPress/7.0; https://kanysboutique.com"
87.251.69.122 - - [26/May/2026:01:27:13 +0200] "GET /wp-content/uploads/2023/09/articles-kanys-19-370x444.jpg HTTP/1.1" 404 5949 "-" "Mozilla/5.0 (Windows NT 10.0; Win64; x64) AppleWebKit/537.36 (KHTML, like Gecko) Chrome/140.0.0.0 Safari/537.36"
66.249.77.128 - - [26/May/2026:01:27:17 +0200] "GET /items/Z611702636/ HTTP/1.1" 200 186742 "-" "Mozilla/5.0 (Linux; Android 6.0.1; Nexus 5X Build/MMB29P) AppleWebKit/537.36 (KHTML, like Gecko) Chrome/148.0.7778.96 Mobile Safari/537.36 (compatible; Googlebot/2.1; +http://www.google.com/bot.html)"
40.77.167.123 - - [26/May/2026:01:27:20 +0200] "GET /produit/elegant-evening-dress/ HTTP/1.1" 200 205110 "-" "Mozilla/5.0 AppleWebKit/537.36 (KHTML, like Gecko; compatible; bingbot/2.0; +http://www.bing.com/bingbot.htm) Chrome/116.0.1938.76 Safari/537.36"
66.249.77.128 - - [26/May/2026:01:27:21 +0200] "GET /items/O736643529/ HTTP/1.1" 200 190218 "-" "Mozilla/5.0 (Linux; Android 6.0.1; Nexus 5X Build/MMB29P) AppleWebKit/537.36 (KHTML, like Gecko) Chrome/148.0.7778.96 Mobile Safari/537.36 (compatible; Googlebot/2.1; +http://www.google.com/bot.html)"
66.249.77.128 - - [26/May/2026:01:27:22 +0200] "GET /items/K322735613/ HTTP/1.1" 200 190262 "-" "Mozilla/5.0 (Linux; Android 6.0.1; Nexus 5X Build/MMB29P) AppleWebKit/537.36 (KHTML, like Gecko) Chrome/148.0.7778.96 Mobile Safari/537.36 (compatible; Googlebot/2.1; +http://www.google.com/bot.html)"
57.141.20.37 - - [26/May/2026:01:27:34 +0200] "GET /items/H132728011/ HTTP/1.1" 404 5871 "-" "meta-externalagent/1.1 (+https://developers.facebook.com/docs/sharing/webmasters/crawler)"
40.77.167.29 - - [26/May/2026:01:27:40 +0200] "GET /pages/16487114.htm HTTP/1.1" 200 188087 "-" "Mozilla/5.0 AppleWebKit/537.36 (KHTML, like Gecko; compatible; bingbot/2.0; +http://www.bing.com/bingbot.htm) Chrome/116.0.1938.76 Safari/537.36"
66.249.77.142 - - [26/May/2026:01:28:10 +0200] "GET /items/M755897664/ HTTP/1.1" 200 187347 "-" "Mozilla/5.0 (Linux; Android 6.0.1; Nexus 5X Build/MMB29P) AppleWebKit/537.36 (KHTML, like Gecko) Chrome/148.0.7778.96 Mobile Safari/537.36 (compatible; Googlebot/2.1; +http://www.google.com/bot.html)"
66.249.77.142 - - [26/May/2026:01:28:13 +0200] "GET /items/G552180055/ HTTP/1.1" 200 185207 "-" "Mozilla/5.0 (Linux; Android 6.0.1; Nexus 5X Build/MMB29P) AppleWebKit/537.36 (KHTML, like Gecko) Chrome/148.0.7778.96 Mobile Safari/537.36 (compatible; Googlebot/2.1; +http://www.google.com/bot.html)"
66.249.77.142 - - [26/May/2026:01:28:18 +0200] "GET /items/M053339183 HTTP/1.1" 200 192092 "-" "Mozilla/5.0 (Linux; Android 6.0.1; Nexus 5X Build/MMB29P) AppleWebKit/537.36 (KHTML, like Gecko) Chrome/148.0.7778.96 Mobile Safari/537.36 (compatible; Googlebot/2.1; +http://www.google.com/bot.html)"
66.249.77.128 - - [26/May/2026:01:28:19 +0200] "GET /items/R402352721 HTTP/1.1" 200 183353 "-" "Mozilla/5.0 (Linux; Android 6.0.1; Nexus 5X Build/MMB29P) AppleWebKit/537.36 (KHTML, like Gecko) Chrome/148.0.7778.96 Mobile Safari/537.36 (compatible; Googlebot/2.1; +http://www.google.com/bot.html)"
66.249.77.142 - - [26/May/2026:01:28:28 +0200] "GET /items/Z663971313/ HTTP/1.1" 200 185531 "-" "Mozilla/5.0 (Linux; Android 6.0.1; Nexus 5X Build/MMB29P) AppleWebKit/537.36 (KHTML, like Gecko) Chrome/148.0.7778.96 Mobile Safari/537.36 (compatible; Googlebot/2.1; +http://www.google.com/bot.html)"
66.249.77.142 - - [26/May/2026:01:28:32 +0200] "GET /items/R002249335/ HTTP/1.1" 200 181331 "-" "Mozilla/5.0 (Linux; Android 6.0.1; Nexus 5X Build/MMB29P) AppleWebKit/537.36 (KHTML, like Gecko) Chrome/148.0.7778.96 Mobile Safari/537.36 (compatible; Googlebot/2.1; +http://www.google.com/bot.html)"
66.249.77.142 - - [26/May/2026:01:28:34 +0200] "GET /items/F004114055/ HTTP/1.1" 200 201047 "-" "Mozilla/5.0 (Linux; Android 6.0.1; Nexus 5X Build/MMB29P) AppleWebKit/537.36 (KHTML, like Gecko) Chrome/148.0.7778.96 Mobile Safari/537.36 (compatible; Googlebot/2.1; +http://www.google.com/bot.html)"
66.249.77.142 - - [26/May/2026:01:28:39 +0200] "GET /items/H376832013/ HTTP/1.1" 200 194349 "-" "Mozilla/5.0 (Linux; Android 6.0.1; Nexus 5X Build/MMB29P) AppleWebKit/537.36 (KHTML, like Gecko) Chrome/148.0.7778.96 Mobile Safari/537.36 (compatible; Googlebot/2.1; +http://www.google.com/bot.html)"
109.234.161.42 - - [26/May/2026:01:28:41 +0200] "POST /wp-cron.php?doing_wp_cron=1779751721.0981829166412353515625 HTTP/1.1" 200 - "-" "WordPress/7.0; https://kanysboutique.com"
57.141.20.44 - - [26/May/2026:01:28:40 +0200] "GET /items/S556489027/ HTTP/1.1" 404 5871 "-" "meta-externalagent/1.1 (+https://developers.facebook.com/docs/sharing/webmasters/crawler)"
66.249.77.142 - - [26/May/2026:01:28:41 +0200] "GET /items/L201891224/ HTTP/1.1" 200 181153 "-" "Mozilla/5.0 (Linux; Android 6.0.1; Nexus 5X Build/MMB29P) AppleWebKit/537.36 (KHTML, like Gecko) Chrome/148.0.7778.96 Mobile Safari/537.36 (compatible; Googlebot/2.1; +http://www.google.com/bot.html)"
66.249.77.142 - - [26/May/2026:01:28:43 +0200] "GET /items/K371955162/ HTTP/1.1" 200 180171 "-" "Mozilla/5.0 (Linux; Android 6.0.1; Nexus 5X Build/MMB29P) AppleWebKit/537.36 (KHTML, like Gecko) Chrome/148.0.7778.96 Mobile Safari/537.36 (compatible; Googlebot/2.1; +http://www.google.com/bot.html)"
66.249.77.142 - - [26/May/2026:01:28:45 +0200] "GET /items/X575764231/ HTTP/1.1" 200 180315 "-" "Mozilla/5.0 (Linux; Android 6.0.1; Nexus 5X Build/MMB29P) AppleWebKit/537.36 (KHTML, like Gecko) Chrome/148.0.7778.96 Mobile Safari/537.36 (compatible; Googlebot/2.1; +http://www.google.com/bot.html)"
66.249.77.142 - - [26/May/2026:01:28:59 +0200] "GET /authentic/759107395878 HTTP/1.1" 200 179904 "-" "Mozilla/5.0 (Linux; Android 6.0.1; Nexus 5X Build/MMB29P) AppleWebKit/537.36 (KHTML, like Gecko) Chrome/148.0.7778.96 Mobile Safari/537.36 (compatible; Googlebot/2.1; +http://www.google.com/bot.html)"
66.249.77.142 - - [26/May/2026:01:29:06 +0200] "GET /items/X352475231/ HTTP/1.1" 200 189138 "-" "Mozilla/5.0 (Linux; Android 6.0.1; Nexus 5X Build/MMB29P) AppleWebKit/537.36 (KHTML, like Gecko) Chrome/148.0.7778.96 Mobile Safari/537.36 (compatible; Googlebot/2.1; +http://www.google.com/bot.html)"
66.249.77.142 - - [26/May/2026:01:29:13 +0200] "GET /items/N591612090 HTTP/1.1" 200 190250 "-" "Mozilla/5.0 (Linux; Android 6.0.1; Nexus 5X Build/MMB29P) AppleWebKit/537.36 (KHTML, like Gecko) Chrome/148.0.7778.96 Mobile Safari/537.36 (compatible; Googlebot/2.1; +http://www.google.com/bot.html)"
193.23.200.73 - - [26/May/2026:01:29:14 +0200] "GET /wp-content/uploads/2024/03/Screenshot_20240318_195235_Gallery-e1710830198390-670x1045.jpg HTTP/1.1" 404 6015 "-" "Mozilla/5.0 (Windows NT 10.0; Win64; x64) AppleWebKit/537.36 (KHTML, like Gecko) Chrome/140.0.0.0 Safari/537.36"
66.249.77.142 - - [26/May/2026:01:29:17 +0200] "GET /items/B384348675 HTTP/1.1" 200 188899 "-" "Mozilla/5.0 (Linux; Android 6.0.1; Nexus 5X Build/MMB29P) AppleWebKit/537.36 (KHTML, like Gecko) Chrome/148.0.7778.96 Mobile Safari/537.36 (compatible; Googlebot/2.1; +http://www.google.com/bot.html)"
66.249.77.142 - - [26/May/2026:01:29:29 +0200] "GET /items/O491030970/ HTTP/1.1" 200 198971 "-" "Mozilla/5.0 (Linux; Android 6.0.1; Nexus 5X Build/MMB29P) AppleWebKit/537.36 (KHTML, like Gecko) Chrome/148.0.7778.96 Mobile Safari/537.36 (compatible; Googlebot/2.1; +http://www.google.com/bot.html)"
66.249.77.142 - - [26/May/2026:01:29:31 +0200] "GET /items/W334664654/ HTTP/1.1" 200 190404 "-" "Mozilla/5.0 (Linux; Android 6.0.1; Nexus 5X Build/MMB29P) AppleWebKit/537.36 (KHTML, like Gecko) Chrome/148.0.7778.96 Mobile Safari/537.36 (compatible; Googlebot/2.1; +http://www.google.com/bot.html)"
109.234.161.42 - - [26/May/2026:01:29:48 +0200] "POST /wp-cron.php?doing_wp_cron=1779751788.1429910659790039062500 HTTP/1.1" 200 - "-" "WordPress/7.0; https://kanysboutique.com"
57.141.20.4 - - [26/May/2026:01:29:47 +0200] "GET /items/W304361335/ HTTP/1.1" 404 5871 "-" "meta-externalagent/1.1 (+https://developers.facebook.com/docs/sharing/webmasters/crawler)"
66.249.77.142 - - [26/May/2026:01:29:53 +0200] "GET /items/H552575923/ HTTP/1.1" 200 186673 "-" "Mozilla/5.0 (Linux; Android 6.0.1; Nexus 5X Build/MMB29P) AppleWebKit/537.36 (KHTML, like Gecko) Chrome/148.0.7778.96 Mobile Safari/537.36 (compatible; Googlebot/2.1; +http://www.google.com/bot.html)"
66.249.77.128 - - [26/May/2026:01:30:02 +0200] "GET /items/Q133207173/ HTTP/1.1" 200 199863 "-" "Mozilla/5.0 (Linux; Android 6.0.1; Nexus 5X Build/MMB29P) AppleWebKit/537.36 (KHTML, like Gecko) Chrome/148.0.7778.96 Mobile Safari/537.36 (compatible; Googlebot/2.1; +http://www.google.com/bot.html)"
66.249.77.142 - - [26/May/2026:01:30:11 +0200] "GET /items/Q364144990/ HTTP/1.1" 200 197580 "-" "Mozilla/5.0 (Linux; Android 6.0.1; Nexus 5X Build/MMB29P) AppleWebKit/537.36 (KHTML, like Gecko) Chrome/148.0.7778.96 Mobile Safari/537.36 (compatible; Googlebot/2.1; +http://www.google.com/bot.html)"
66.249.77.142 - - [26/May/2026:01:30:21 +0200] "GET /items/E445364554/ HTTP/1.1" 200 186917 "-" "Mozilla/5.0 (Linux; Android 6.0.1; Nexus 5X Build/MMB29P) AppleWebKit/537.36 (KHTML, like Gecko) Chrome/148.0.7778.96 Mobile Safari/537.36 (compatible; Googlebot/2.1; +http://www.google.com/bot.html)"
66.249.77.142 - - [26/May/2026:01:30:24 +0200] "GET /items/T615244942 HTTP/1.1" 200 184554 "-" "Mozilla/5.0 (Linux; Android 6.0.1; Nexus 5X Build/MMB29P) AppleWebKit/537.36 (KHTML, like Gecko) Chrome/148.0.7778.96 Mobile Safari/537.36 (compatible; Googlebot/2.1; +http://www.google.com/bot.html)"
66.249.77.142 - - [26/May/2026:01:30:29 +0200] "GET /items/E904665258/ HTTP/1.1" 200 186835 "-" "Mozilla/5.0 (Linux; Android 6.0.1; Nexus 5X Build/MMB29P) AppleWebKit/537.36 (KHTML, like Gecko) Chrome/148.0.7778.96 Mobile Safari/537.36 (compatible; Googlebot/2.1; +http://www.google.com/bot.html)"
66.249.77.142 - - [26/May/2026:01:30:35 +0200] "GET /items/A964504569/ HTTP/1.1" 200 184230 "-" "Mozilla/5.0 (Linux; Android 6.0.1; Nexus 5X Build/MMB29P) AppleWebKit/537.36 (KHTML, like Gecko) Chrome/148.0.7778.96 Mobile Safari/537.36 (compatible; Googlebot/2.1; +http://www.google.com/bot.html)"
66.249.77.142 - - [26/May/2026:01:30:50 +0200] "GET /items/E404538841 HTTP/1.1" 200 186111 "-" "Mozilla/5.0 (Linux; Android 6.0.1; Nexus 5X Build/MMB29P) AppleWebKit/537.36 (KHTML, like Gecko) Chrome/148.0.7778.96 Mobile Safari/537.36 (compatible; Googlebot/2.1; +http://www.google.com/bot.html)"
109.234.161.42 - - [26/May/2026:01:30:54 +0200] "POST /wp-cron.php?doing_wp_cron=1779751854.1219129562377929687500 HTTP/1.1" 200 - "-" "WordPress/7.0; https://kanysboutique.com"
57.141.20.39 - - [26/May/2026:01:30:53 +0200] "GET /items/W532690484/ HTTP/1.1" 404 5871 "-" "meta-externalagent/1.1 (+https://developers.facebook.com/docs/sharing/webmasters/crawler)"
66.249.77.129 - - [26/May/2026:01:31:00 +0200] "GET /items/O033104819/ HTTP/1.1" 200 180899 "-" "Mozilla/5.0 (Linux; Android 6.0.1; Nexus 5X Build/MMB29P) AppleWebKit/537.36 (KHTML, like Gecko) Chrome/148.0.7778.96 Mobile Safari/537.36 (compatible; Googlebot/2.1; +http://www.google.com/bot.html)"
66.249.77.128 - - [26/May/2026:01:31:07 +0200] "GET /items/W824383000 HTTP/1.1" 200 187878 "-" "Mozilla/5.0 (Linux; Android 6.0.1; Nexus 5X Build/MMB29P) AppleWebKit/537.36 (KHTML, like Gecko) Chrome/148.0.7778.96 Mobile Safari/537.36 (compatible; Googlebot/2.1; +http://www.google.com/bot.html)"
66.249.77.142 - - [26/May/2026:01:31:22 +0200] "GET /items/L766058167 HTTP/1.1" 200 182118 "-" "Mozilla/5.0 (Linux; Android 6.0.1; Nexus 5X Build/MMB29P) AppleWebKit/537.36 (KHTML, like Gecko) Chrome/148.0.7778.96 Mobile Safari/537.36 (compatible; Googlebot/2.1; +http://www.google.com/bot.html)"
66.249.77.142 - - [26/May/2026:01:31:29 +0200] "GET /items/X902727694 HTTP/1.1" 200 198010 "-" "Mozilla/5.0 (Linux; Android 6.0.1; Nexus 5X Build/MMB29P) AppleWebKit/537.36 (KHTML, like Gecko) Chrome/148.0.7778.96 Mobile Safari/537.36 (compatible; Googlebot/2.1; +http://www.google.com/bot.html)"
66.249.77.142 - - [26/May/2026:01:31:30 +0200] "GET /items/W555576471 HTTP/1.1" 200 187415 "-" "Mozilla/5.0 (Linux; Android 6.0.1; Nexus 5X Build/MMB29P) AppleWebKit/537.36 (KHTML, like Gecko) Chrome/148.0.7778.96 Mobile Safari/537.36 (compatible; Googlebot/2.1; +http://www.google.com/bot.html)"
66.249.77.142 - - [26/May/2026:01:31:35 +0200] "GET /items/W896176909/ HTTP/1.1" 200 186215 "-" "Mozilla/5.0 (Linux; Android 6.0.1; Nexus 5X Build/MMB29P) AppleWebKit/537.36 (KHTML, like Gecko) Chrome/148.0.7778.96 Mobile Safari/537.36 (compatible; Googlebot/2.1; +http://www.google.com/bot.html)"
66.249.77.142 - - [26/May/2026:01:31:36 +0200] "GET /items/R073058625 HTTP/1.1" 200 185384 "-" "Mozilla/5.0 (Linux; Android 6.0.1; Nexus 5X Build/MMB29P) AppleWebKit/537.36 (KHTML, like Gecko) Chrome/148.0.7778.96 Mobile Safari/537.36 (compatible; Googlebot/2.1; +http://www.google.com/bot.html)"
66.249.77.142 - - [26/May/2026:01:31:39 +0200] "GET /items/O394287300 HTTP/1.1" 200 187781 "-" "Mozilla/5.0 (Linux; Android 6.0.1; Nexus 5X Build/MMB29P) AppleWebKit/537.36 (KHTML, like Gecko) Chrome/148.0.7778.96 Mobile Safari/537.36 (compatible; Googlebot/2.1; +http://www.google.com/bot.html)"
66.249.77.142 - - [26/May/2026:01:31:42 +0200] "GET /items/Z256275154/ HTTP/1.1" 200 183494 "-" "Mozilla/5.0 (Linux; Android 6.0.1; Nexus 5X Build/MMB29P) AppleWebKit/537.36 (KHTML, like Gecko) Chrome/148.0.7778.96 Mobile Safari/537.36 (compatible; Googlebot/2.1; +http://www.google.com/bot.html)"
109.234.161.42 - - [26/May/2026:01:32:01 +0200] "POST /wp-cron.php?doing_wp_cron=1779751921.3014259338378906250000 HTTP/1.1" 200 - "-" "WordPress/7.0; https://kanysboutique.com"
57.141.20.35 - - [26/May/2026:01:32:00 +0200] "GET /items/R296434608/ HTTP/1.1" 404 5871 "-" "meta-externalagent/1.1 (+https://developers.facebook.com/docs/sharing/webmasters/crawler)"
104.28.156.152 - - [26/May/2026:01:32:15 +0200] "GET /wp-login.php HTTP/1.1" 200 7267 "-" "Mozilla/5.0"
104.28.156.152 - - [26/May/2026:01:32:16 +0200] "GET /?author=1 HTTP/1.1" 301 - "-" "Mozilla/5.0"
104.28.156.152 - - [26/May/2026:01:32:17 +0200] "GET /?rest_route=/wp/v2/users HTTP/1.1" 200 6731 "-" "Mozilla/5.0"
66.249.77.129 - - [26/May/2026:01:32:18 +0200] "GET /items/K944829840/ HTTP/1.1" 200 184182 "-" "Mozilla/5.0 (Linux; Android 6.0.1; Nexus 5X Build/MMB29P) AppleWebKit/537.36 (KHTML, like Gecko) Chrome/148.0.7778.96 Mobile Safari/537.36 (compatible; Googlebot/2.1; +http://www.google.com/bot.html)"
66.249.77.142 - - [26/May/2026:01:32:20 +0200] "GET /items/Z221336322 HTTP/1.1" 200 179736 "-" "Mozilla/5.0 (Linux; Android 6.0.1; Nexus 5X Build/MMB29P) AppleWebKit/537.36 (KHTML, like Gecko) Chrome/148.0.7778.96 Mobile Safari/537.36 (compatible; Googlebot/2.1; +http://www.google.com/bot.html)"
66.249.77.142 - - [26/May/2026:01:32:30 +0200] "GET /items/K546069616/ HTTP/1.1" 200 186152 "-" "Mozilla/5.0 (Linux; Android 6.0.1; Nexus 5X Build/MMB29P) AppleWebKit/537.36 (KHTML, like Gecko) Chrome/148.0.7778.96 Mobile Safari/537.36 (compatible; Googlebot/2.1; +http://www.google.com/bot.html)"
66.249.77.142 - - [26/May/2026:01:32:38 +0200] "GET /items/X862931729/ HTTP/1.1" 200 191814 "-" "Mozilla/5.0 (Linux; Android 6.0.1; Nexus 5X Build/MMB29P) AppleWebKit/537.36 (KHTML, like Gecko) Chrome/148.0.7778.96 Mobile Safari/537.36 (compatible; Googlebot/2.1; +http://www.google.com/bot.html)"
66.249.77.142 - - [26/May/2026:01:32:48 +0200] "GET /items/X132463665 HTTP/1.1" 200 178658 "-" "Mozilla/5.0 (Linux; Android 6.0.1; Nexus 5X Build/MMB29P) AppleWebKit/537.36 (KHTML, like Gecko) Chrome/148.0.7778.96 Mobile Safari/537.36 (compatible; Googlebot/2.1; +http://www.google.com/bot.html)"
66.249.77.142 - - [26/May/2026:01:32:50 +0200] "GET /items/H561832124 HTTP/1.1" 200 182603 "-" "Mozilla/5.0 (Linux; Android 6.0.1; Nexus 5X Build/MMB29P) AppleWebKit/537.36 (KHTML, like Gecko) Chrome/148.0.7778.96 Mobile Safari/537.36 (compatible; Googlebot/2.1; +http://www.google.com/bot.html)"
66.249.77.142 - - [26/May/2026:01:32:50 +0200] "GET /items/L015416184 HTTP/1.1" 200 187932 "-" "Mozilla/5.0 (Linux; Android 6.0.1; Nexus 5X Build/MMB29P) AppleWebKit/537.36 (KHTML, like Gecko) Chrome/148.0.7778.96 Mobile Safari/537.36 (compatible; Googlebot/2.1; +http://www.google.com/bot.html)"
66.249.77.142 - - [26/May/2026:01:32:51 +0200] "GET /items/J794177461 HTTP/1.1" 200 183460 "-" "Mozilla/5.0 (Linux; Android 6.0.1; Nexus 5X Build/MMB29P) AppleWebKit/537.36 (KHTML, like Gecko) Chrome/148.0.7778.96 Mobile Safari/537.36 (compatible; Googlebot/2.1; +http://www.google.com/bot.html)"
66.249.77.142 - - [26/May/2026:01:32:52 +0200] "GET /items/E855701764 HTTP/1.1" 200 188664 "-" "Mozilla/5.0 (Linux; Android 6.0.1; Nexus 5X Build/MMB29P) AppleWebKit/537.36 (KHTML, like Gecko) Chrome/148.0.7778.96 Mobile Safari/537.36 (compatible; Googlebot/2.1; +http://www.google.com/bot.html)"
66.249.77.142 - - [26/May/2026:01:32:54 +0200] "GET /items/M241790387 HTTP/1.1" 200 186725 "-" "Mozilla/5.0 (Linux; Android 6.0.1; Nexus 5X Build/MMB29P) AppleWebKit/537.36 (KHTML, like Gecko) Chrome/148.0.7778.96 Mobile Safari/537.36 (compatible; Googlebot/2.1; +http://www.google.com/bot.html)"
66.249.77.128 - - [26/May/2026:01:33:03 +0200] "GET /authentic/346107369595 HTTP/1.1" 200 198628 "-" "Mozilla/5.0 (Linux; Android 6.0.1; Nexus 5X Build/MMB29P) AppleWebKit/537.36 (KHTML, like Gecko) Chrome/148.0.7778.96 Mobile Safari/537.36 (compatible; Googlebot/2.1; +http://www.google.com/bot.html)"
109.234.161.42 - - [26/May/2026:01:33:08 +0200] "POST /wp-cron.php?doing_wp_cron=1779751988.1436851024627685546875 HTTP/1.1" 200 - "-" "WordPress/7.0; https://kanysboutique.com"
57.141.20.18 - - [26/May/2026:01:33:07 +0200] "GET /items/T543689812/ HTTP/1.1" 404 5871 "-" "meta-externalagent/1.1 (+https://developers.facebook.com/docs/sharing/webmasters/crawler)"
66.249.77.128 - - [26/May/2026:01:33:17 +0200] "GET /items/X366074687/ HTTP/1.1" 200 183447 "-" "Mozilla/5.0 (Linux; Android 6.0.1; Nexus 5X Build/MMB29P) AppleWebKit/537.36 (KHTML, like Gecko) Chrome/148.0.7778.96 Mobile Safari/537.36 (compatible; Googlebot/2.1; +http://www.google.com/bot.html)"
66.249.77.142 - - [26/May/2026:01:33:23 +0200] "GET /items/S201242955/ HTTP/1.1" 200 180533 "-" "Mozilla/5.0 (Linux; Android 6.0.1; Nexus 5X Build/MMB29P) AppleWebKit/537.36 (KHTML, like Gecko) Chrome/148.0.7778.96 Mobile Safari/537.36 (compatible; Googlebot/2.1; +http://www.google.com/bot.html)"
66.249.77.142 - - [26/May/2026:01:33:51 +0200] "GET /items/G916977295 HTTP/1.1" 200 195358 "-" "Mozilla/5.0 (Linux; Android 6.0.1; Nexus 5X Build/MMB29P) AppleWebKit/537.36 (KHTML, like Gecko) Chrome/148.0.7778.96 Mobile Safari/537.36 (compatible; Googlebot/2.1; +http://www.google.com/bot.html)"
66.249.77.142 - - [26/May/2026:01:33:53 +0200] "GET /items/Z102365787/ HTTP/1.1" 200 195032 "-" "Mozilla/5.0 (Linux; Android 6.0.1; Nexus 5X Build/MMB29P) AppleWebKit/537.36 (KHTML, like Gecko) Chrome/148.0.7778.96 Mobile Safari/537.36 (compatible; Googlebot/2.1; +http://www.google.com/bot.html)"
66.249.77.142 - - [26/May/2026:01:33:54 +0200] "GET /items/Y301766487/ HTTP/1.1" 200 202190 "-" "Mozilla/5.0 (Linux; Android 6.0.1; Nexus 5X Build/MMB29P) AppleWebKit/537.36 (KHTML, like Gecko) Chrome/148.0.7778.96 Mobile Safari/537.36 (compatible; Googlebot/2.1; +http://www.google.com/bot.html)"
66.249.77.142 - - [26/May/2026:01:33:55 +0200] "GET /items/A546928172 HTTP/1.1" 200 179700 "-" "Mozilla/5.0 (Linux; Android 6.0.1; Nexus 5X Build/MMB29P) AppleWebKit/537.36 (KHTML, like Gecko) Chrome/148.0.7778.96 Mobile Safari/537.36 (compatible; Googlebot/2.1; +http://www.google.com/bot.html)"
66.249.77.129 - - [26/May/2026:01:33:59 +0200] "GET /items/Y776146345/ HTTP/1.1" 200 183005 "-" "Mozilla/5.0 (Linux; Android 6.0.1; Nexus 5X Build/MMB29P) AppleWebKit/537.36 (KHTML, like Gecko) Chrome/148.0.7778.96 Mobile Safari/537.36 (compatible; Googlebot/2.1; +http://www.google.com/bot.html)"
66.249.77.142 - - [26/May/2026:01:34:03 +0200] "GET /items/J935290002/ HTTP/1.1" 200 191131 "-" "Mozilla/5.0 (Linux; Android 6.0.1; Nexus 5X Build/MMB29P) AppleWebKit/537.36 (KHTML, like Gecko) Chrome/148.0.7778.96 Mobile Safari/537.36 (compatible; Googlebot/2.1; +http://www.google.com/bot.html)"
66.249.77.128 - - [26/May/2026:01:34:07 +0200] "GET /items/V622254891/ HTTP/1.1" 200 185144 "-" "Mozilla/5.0 (Linux; Android 6.0.1; Nexus 5X Build/MMB29P) AppleWebKit/537.36 (KHTML, like Gecko) Chrome/148.0.7778.96 Mobile Safari/537.36 (compatible; Googlebot/2.1; +http://www.google.com/bot.html)"
109.234.161.42 - - [26/May/2026:01:34:09 +0200] "POST /wp-cron.php?doing_wp_cron=1779752049.0110270977020263671875 HTTP/1.1" 200 - "-" "WordPress/7.0; https://kanysboutique.com"
45.143.200.227 - - [26/May/2026:01:34:08 +0200] "GET /wp-content/uploads/2023/09/articles-kanys-29.jpg HTTP/1.1" 404 5933 "-" "Mozilla/5.0 (Windows NT 10.0; Win64; x64) AppleWebKit/537.36 (KHTML, like Gecko) Chrome/140.0.0.0 Safari/537.36"
