Your IP : 216.73.216.103


Current Path : /home2/thez9429/access-logs/
Upload Files:
Current File: /home2/thez9429/access-logs/kanysboutiquecom.thez9429.odns.fr-ssl_log

57.141.20.21 - - [26/May/2026:00:06:27 +0200] "GET /items/A081111457/ HTTP/1.1" 404 5871 "-" "meta-externalagent/1.1 (+https://developers.facebook.com/docs/sharing/webmasters/crawler)"
66.249.77.129 - - [26/May/2026:00:07:11 +0200] "GET /items/Q064374521/ HTTP/1.1" 200 183562 "-" "Mozilla/5.0 (Linux; Android 6.0.1; Nexus 5X Build/MMB29P) AppleWebKit/537.36 (KHTML, like Gecko) Chrome/148.0.7778.96 Mobile Safari/537.36 (compatible; Googlebot/2.1; +http://www.google.com/bot.html)"
66.249.77.128 - - [26/May/2026:00:07:27 +0200] "GET /items/I643196944/ HTTP/1.1" 200 182422 "-" "Mozilla/5.0 (Linux; Android 6.0.1; Nexus 5X Build/MMB29P) AppleWebKit/537.36 (KHTML, like Gecko) Chrome/148.0.7778.96 Mobile Safari/537.36 (compatible; Googlebot/2.1; +http://www.google.com/bot.html)"
109.234.161.42 - - [26/May/2026:00:07:35 +0200] "POST /wp-cron.php?doing_wp_cron=1779746855.2788119316101074218750 HTTP/1.1" 200 - "-" "WordPress/7.0; https://kanysboutique.com"
57.141.20.14 - - [26/May/2026:00:07:34 +0200] "GET /items/M223811418/ HTTP/1.1" 404 5871 "-" "meta-externalagent/1.1 (+https://developers.facebook.com/docs/sharing/webmasters/crawler)"
109.234.161.42 - - [26/May/2026:00:08:41 +0200] "POST /wp-cron.php?doing_wp_cron=1779746921.9407300949096679687500 HTTP/1.1" 200 - "-" "WordPress/7.0; https://kanysboutique.com"
57.141.20.7 - - [26/May/2026:00:08:41 +0200] "GET /items/R166935481/ HTTP/1.1" 404 5871 "-" "meta-externalagent/1.1 (+https://developers.facebook.com/docs/sharing/webmasters/crawler)"
109.234.161.42 - - [26/May/2026:00:09:48 +0200] "POST /wp-cron.php?doing_wp_cron=1779746988.5207390785217285156250 HTTP/1.1" 200 - "-" "WordPress/7.0; https://kanysboutique.com"
57.141.20.33 - - [26/May/2026:00:09:48 +0200] "GET /items/D724571712/ HTTP/1.1" 404 5871 "-" "meta-externalagent/1.1 (+https://developers.facebook.com/docs/sharing/webmasters/crawler)"
66.249.77.142 - - [26/May/2026:00:10:35 +0200] "GET /items/S576951334/ HTTP/1.1" 200 179517 "-" "Mozilla/5.0 (Linux; Android 6.0.1; Nexus 5X Build/MMB29P) AppleWebKit/537.36 (KHTML, like Gecko) Chrome/148.0.7778.96 Mobile Safari/537.36 (compatible; Googlebot/2.1; +http://www.google.com/bot.html)"
109.234.161.42 - - [26/May/2026:00:10:54 +0200] "POST /wp-cron.php?doing_wp_cron=1779747054.5072970390319824218750 HTTP/1.1" 200 - "-" "WordPress/7.0; https://kanysboutique.com"
57.141.20.34 - - [26/May/2026:00:10:53 +0200] "GET /items/T074590598/ HTTP/1.1" 404 5871 "-" "meta-externalagent/1.1 (+https://developers.facebook.com/docs/sharing/webmasters/crawler)"
66.249.77.128 - - [26/May/2026:00:11:19 +0200] "GET /items/M735504550/ HTTP/1.1" 200 182666 "-" "Mozilla/5.0 (Linux; Android 6.0.1; Nexus 5X Build/MMB29P) AppleWebKit/537.36 (KHTML, like Gecko) Chrome/148.0.7778.96 Mobile Safari/537.36 (compatible; Googlebot/2.1; +http://www.google.com/bot.html)"
109.234.161.42 - - [26/May/2026:00:12:01 +0200] "POST /wp-cron.php?doing_wp_cron=1779747121.6577599048614501953125 HTTP/1.1" 200 - "-" "WordPress/7.0; https://kanysboutique.com"
57.141.20.37 - - [26/May/2026:00:12:01 +0200] "GET /items/S963979446/ HTTP/1.1" 404 5871 "-" "meta-externalagent/1.1 (+https://developers.facebook.com/docs/sharing/webmasters/crawler)"
66.249.77.128 - - [26/May/2026:00:12:29 +0200] "GET /items/P416616444/ HTTP/1.1" 200 182016 "-" "Mozilla/5.0 (Linux; Android 6.0.1; Nexus 5X Build/MMB29P) AppleWebKit/537.36 (KHTML, like Gecko) Chrome/148.0.7778.96 Mobile Safari/537.36 (compatible; Googlebot/2.1; +http://www.google.com/bot.html)"
66.249.77.142 - - [26/May/2026:00:13:00 +0200] "GET /items/X472596372 HTTP/1.1" 200 207129 "-" "Mozilla/5.0 (Linux; Android 6.0.1; Nexus 5X Build/MMB29P) AppleWebKit/537.36 (KHTML, like Gecko) Chrome/148.0.7778.96 Mobile Safari/537.36 (compatible; Googlebot/2.1; +http://www.google.com/bot.html)"
109.234.161.42 - - [26/May/2026:00:13:08 +0200] "POST /wp-cron.php?doing_wp_cron=1779747188.5051920413970947265625 HTTP/1.1" 200 - "-" "WordPress/7.0; https://kanysboutique.com"
57.141.20.41 - - [26/May/2026:00:13:07 +0200] "GET /items/C554461545/ HTTP/1.1" 404 5871 "-" "meta-externalagent/1.1 (+https://developers.facebook.com/docs/sharing/webmasters/crawler)"
109.234.161.42 - - [26/May/2026:00:14:14 +0200] "POST /wp-cron.php?doing_wp_cron=1779747254.8729019165039062500000 HTTP/1.1" 200 - "-" "WordPress/7.0; https://kanysboutique.com"
57.141.20.43 - - [26/May/2026:00:14:14 +0200] "GET /items/V255614209/ HTTP/1.1" 404 5871 "-" "meta-externalagent/1.1 (+https://developers.facebook.com/docs/sharing/webmasters/crawler)"
213.165.63.152 - - [26/May/2026:00:14:15 +0200] "GET /wp-content/uploads/2024/04/Screenshot_20240420_020332_Gallery-670x1717.jpg HTTP/1.1" 404 5985 "-" "Mozilla/5.0 (Windows NT 10.0; Win64; x64) AppleWebKit/537.36 (KHTML, like Gecko) Chrome/140.0.0.0 Safari/537.36"
66.249.77.142 - - [26/May/2026:00:14:17 +0200] "GET /items/U994779525/ HTTP/1.1" 200 195675 "-" "Mozilla/5.0 (Linux; Android 6.0.1; Nexus 5X Build/MMB29P) AppleWebKit/537.36 (KHTML, like Gecko) Chrome/148.0.7778.96 Mobile Safari/537.36 (compatible; Googlebot/2.1; +http://www.google.com/bot.html)"
66.249.77.142 - - [26/May/2026:00:15:19 +0200] "GET /items/N714862457/ HTTP/1.1" 200 196797 "-" "Mozilla/5.0 (Linux; Android 6.0.1; Nexus 5X Build/MMB29P) AppleWebKit/537.36 (KHTML, like Gecko) Chrome/148.0.7778.96 Mobile Safari/537.36 (compatible; Googlebot/2.1; +http://www.google.com/bot.html)"
109.234.161.42 - - [26/May/2026:00:15:21 +0200] "POST /wp-cron.php?doing_wp_cron=1779747321.6433119773864746093750 HTTP/1.1" 200 - "-" "WordPress/7.0; https://kanysboutique.com"
57.141.20.13 - - [26/May/2026:00:15:21 +0200] "GET /items/F462757391/ HTTP/1.1" 404 5871 "-" "meta-externalagent/1.1 (+https://developers.facebook.com/docs/sharing/webmasters/crawler)"
66.249.77.128 - - [26/May/2026:00:15:33 +0200] "GET /items/S204482103/ HTTP/1.1" 200 186275 "-" "Mozilla/5.0 (Linux; Android 6.0.1; Nexus 5X Build/MMB29P) AppleWebKit/537.36 (KHTML, like Gecko) Chrome/148.0.7778.96 Mobile Safari/537.36 (compatible; Googlebot/2.1; +http://www.google.com/bot.html)"
66.249.77.129 - - [26/May/2026:00:16:00 +0200] "GET /items/L684580480/ HTTP/1.1" 200 189013 "-" "Mozilla/5.0 (Linux; Android 6.0.1; Nexus 5X Build/MMB29P) AppleWebKit/537.36 (KHTML, like Gecko) Chrome/148.0.7778.96 Mobile Safari/537.36 (compatible; Googlebot/2.1; +http://www.google.com/bot.html)"
66.249.77.142 - - [26/May/2026:00:16:05 +0200] "GET /items/V166570950/ HTTP/1.1" 200 185104 "-" "Mozilla/5.0 (Linux; Android 6.0.1; Nexus 5X Build/MMB29P) AppleWebKit/537.36 (KHTML, like Gecko) Chrome/148.0.7778.96 Mobile Safari/537.36 (compatible; Googlebot/2.1; +http://www.google.com/bot.html)"
66.249.77.128 - - [26/May/2026:00:16:07 +0200] "GET /items/L493200363/ HTTP/1.1" 200 188518 "-" "Mozilla/5.0 (Linux; Android 6.0.1; Nexus 5X Build/MMB29P) AppleWebKit/537.36 (KHTML, like Gecko) Chrome/148.0.7778.96 Mobile Safari/537.36 (compatible; Googlebot/2.1; +http://www.google.com/bot.html)"
109.234.161.42 - - [26/May/2026:00:16:27 +0200] "POST /wp-cron.php?doing_wp_cron=1779747387.5860090255737304687500 HTTP/1.1" 200 - "-" "WordPress/7.0; https://kanysboutique.com"
57.141.20.45 - - [26/May/2026:00:16:27 +0200] "GET /items/S245283611/ HTTP/1.1" 404 5871 "-" "meta-externalagent/1.1 (+https://developers.facebook.com/docs/sharing/webmasters/crawler)"
66.249.77.142 - - [26/May/2026:00:16:41 +0200] "GET /items/L614050120/ HTTP/1.1" 200 184170 "-" "Mozilla/5.0 (Linux; Android 6.0.1; Nexus 5X Build/MMB29P) AppleWebKit/537.36 (KHTML, like Gecko) Chrome/148.0.7778.96 Mobile Safari/537.36 (compatible; Googlebot/2.1; +http://www.google.com/bot.html)"
66.249.77.142 - - [26/May/2026:00:17:02 +0200] "GET /items/H396481400/ HTTP/1.1" 200 185905 "-" "Mozilla/5.0 (Linux; Android 6.0.1; Nexus 5X Build/MMB29P) AppleWebKit/537.36 (KHTML, like Gecko) Chrome/148.0.7778.96 Mobile Safari/537.36 (compatible; Googlebot/2.1; +http://www.google.com/bot.html)"
109.234.161.42 - - [26/May/2026:00:17:22 +0200] "POST /wp-cron.php?doing_wp_cron=1779747442.1708889007568359375000 HTTP/1.1" 200 - "-" "WordPress/7.0; https://kanysboutique.com"
94.156.180.240 - - [26/May/2026:00:17:21 +0200] "GET /wp-content/uploads/2024/02/Screenshot_20240224_213240_Gallery-e1708846420521-670x1063.jpg HTTP/1.1" 404 6015 "-" "Mozilla/5.0 (Windows NT 10.0; Win64; x64) AppleWebKit/537.36 (KHTML, like Gecko) Chrome/140.0.0.0 Safari/537.36"
57.141.20.10 - - [26/May/2026:00:17:34 +0200] "GET /items/N066389813/ HTTP/1.1" 404 5871 "-" "meta-externalagent/1.1 (+https://developers.facebook.com/docs/sharing/webmasters/crawler)"
40.77.167.154 - - [26/May/2026:00:17:47 +0200] "GET /pages/15898458.htm HTTP/1.1" 200 180549 "-" "Mozilla/5.0 AppleWebKit/537.36 (KHTML, like Gecko; compatible; bingbot/2.0; +http://www.bing.com/bingbot.htm) Chrome/116.0.1938.76 Safari/537.36"
66.249.77.128 - - [26/May/2026:00:17:54 +0200] "GET /items/X965445125/ HTTP/1.1" 200 181340 "-" "Mozilla/5.0 (Linux; Android 6.0.1; Nexus 5X Build/MMB29P) AppleWebKit/537.36 (KHTML, like Gecko) Chrome/148.0.7778.96 Mobile Safari/537.36 (compatible; Googlebot/2.1; +http://www.google.com/bot.html)"
66.249.77.128 - - [26/May/2026:00:17:57 +0200] "GET /items/W932189791/ HTTP/1.1" 200 183003 "-" "Mozilla/5.0 (Linux; Android 6.0.1; Nexus 5X Build/MMB29P) AppleWebKit/537.36 (KHTML, like Gecko) Chrome/148.0.7778.96 Mobile Safari/537.36 (compatible; Googlebot/2.1; +http://www.google.com/bot.html)"
66.249.77.142 - - [26/May/2026:00:18:18 +0200] "GET /items/S226087900 HTTP/1.1" 200 183922 "-" "Mozilla/5.0 (Linux; Android 6.0.1; Nexus 5X Build/MMB29P) AppleWebKit/537.36 (KHTML, like Gecko) Chrome/148.0.7778.96 Mobile Safari/537.36 (compatible; Googlebot/2.1; +http://www.google.com/bot.html)"
66.249.77.142 - - [26/May/2026:00:18:38 +0200] "GET /items/K513364334/ HTTP/1.1" 200 195483 "-" "Mozilla/5.0 (Linux; Android 6.0.1; Nexus 5X Build/MMB29P) AppleWebKit/537.36 (KHTML, like Gecko) Chrome/148.0.7778.96 Mobile Safari/537.36 (compatible; Googlebot/2.1; +http://www.google.com/bot.html)"
66.249.77.142 - - [26/May/2026:00:18:39 +0200] "GET /items/P144500237/ HTTP/1.1" 200 181908 "-" "Mozilla/5.0 (Linux; Android 6.0.1; Nexus 5X Build/MMB29P) AppleWebKit/537.36 (KHTML, like Gecko) Chrome/148.0.7778.96 Mobile Safari/537.36 (compatible; Googlebot/2.1; +http://www.google.com/bot.html)"
109.234.161.42 - - [26/May/2026:00:18:41 +0200] "POST /wp-cron.php?doing_wp_cron=1779747521.5280759334564208984375 HTTP/1.1" 200 - "-" "WordPress/7.0; https://kanysboutique.com"
57.141.20.20 - - [26/May/2026:00:18:41 +0200] "GET /items/F784373071/ HTTP/1.1" 404 5871 "-" "meta-externalagent/1.1 (+https://developers.facebook.com/docs/sharing/webmasters/crawler)"
66.249.77.142 - - [26/May/2026:00:18:47 +0200] "GET /items/P295530661/ HTTP/1.1" 200 195124 "-" "Mozilla/5.0 (Linux; Android 6.0.1; Nexus 5X Build/MMB29P) AppleWebKit/537.36 (KHTML, like Gecko) Chrome/148.0.7778.96 Mobile Safari/537.36 (compatible; Googlebot/2.1; +http://www.google.com/bot.html)"
66.249.77.142 - - [26/May/2026:00:19:02 +0200] "GET /items/U093828733/ HTTP/1.1" 200 181564 "-" "Mozilla/5.0 (Linux; Android 6.0.1; Nexus 5X Build/MMB29P) AppleWebKit/537.36 (KHTML, like Gecko) Chrome/148.0.7778.96 Mobile Safari/537.36 (compatible; Googlebot/2.1; +http://www.google.com/bot.html)"
109.234.161.42 - - [26/May/2026:00:19:47 +0200] "POST /wp-cron.php?doing_wp_cron=1779747587.7269959449768066406250 HTTP/1.1" 200 - "-" "WordPress/7.0; https://kanysboutique.com"
57.141.20.65 - - [26/May/2026:00:19:47 +0200] "GET /items/A622877854/ HTTP/1.1" 404 5871 "-" "meta-externalagent/1.1 (+https://developers.facebook.com/docs/sharing/webmasters/crawler)"
66.249.77.142 - - [26/May/2026:00:19:48 +0200] "GET /items/V674974700/ HTTP/1.1" 200 188176 "-" "Mozilla/5.0 (Linux; Android 6.0.1; Nexus 5X Build/MMB29P) AppleWebKit/537.36 (KHTML, like Gecko) Chrome/148.0.7778.96 Mobile Safari/537.36 (compatible; Googlebot/2.1; +http://www.google.com/bot.html)"
66.249.77.142 - - [26/May/2026:00:19:51 +0200] "GET /items/I675582899/ HTTP/1.1" 200 184888 "-" "Mozilla/5.0 (Linux; Android 6.0.1; Nexus 5X Build/MMB29P) AppleWebKit/537.36 (KHTML, like Gecko) Chrome/148.0.7778.96 Mobile Safari/537.36 (compatible; Googlebot/2.1; +http://www.google.com/bot.html)"
66.249.77.142 - - [26/May/2026:00:20:24 +0200] "GET /items/J922628342 HTTP/1.1" 200 182794 "-" "Mozilla/5.0 (Linux; Android 6.0.1; Nexus 5X Build/MMB29P) AppleWebKit/537.36 (KHTML, like Gecko) Chrome/148.0.7778.96 Mobile Safari/537.36 (compatible; Googlebot/2.1; +http://www.google.com/bot.html)"
66.249.77.142 - - [26/May/2026:00:20:31 +0200] "GET /items/R374188465/ HTTP/1.1" 200 182392 "-" "Mozilla/5.0 (Linux; Android 6.0.1; Nexus 5X Build/MMB29P) AppleWebKit/537.36 (KHTML, like Gecko) Chrome/148.0.7778.96 Mobile Safari/537.36 (compatible; Googlebot/2.1; +http://www.google.com/bot.html)"
66.249.77.142 - - [26/May/2026:00:20:44 +0200] "GET /items/Q326229490/ HTTP/1.1" 200 181418 "-" "Mozilla/5.0 (Linux; Android 6.0.1; Nexus 5X Build/MMB29P) AppleWebKit/537.36 (KHTML, like Gecko) Chrome/148.0.7778.96 Mobile Safari/537.36 (compatible; Googlebot/2.1; +http://www.google.com/bot.html)"
109.234.161.42 - - [26/May/2026:00:20:54 +0200] "POST /wp-cron.php?doing_wp_cron=1779747654.4714829921722412109375 HTTP/1.1" 200 - "-" "WordPress/7.0; https://kanysboutique.com"
57.141.20.20 - - [26/May/2026:00:20:53 +0200] "GET /items/S822736525/ HTTP/1.1" 404 5871 "-" "meta-externalagent/1.1 (+https://developers.facebook.com/docs/sharing/webmasters/crawler)"
66.249.77.142 - - [26/May/2026:00:20:58 +0200] "GET /items/U256580494/ HTTP/1.1" 200 190273 "-" "Mozilla/5.0 (Linux; Android 6.0.1; Nexus 5X Build/MMB29P) AppleWebKit/537.36 (KHTML, like Gecko) Chrome/148.0.7778.96 Mobile Safari/537.36 (compatible; Googlebot/2.1; +http://www.google.com/bot.html)"
14.174.141.178 - - [26/May/2026:00:21:05 +0200] "GET /wp-sitemap.xml HTTP/1.1" 200 372609 "-" "Mozilla/5.0 (Macintosh; Intel Mac OS X 12_5_1) AppleWebKit/537.36 (KHTML, like Gecko) Chrome/124.0.6367.207 Safari/537.36"
66.249.77.142 - - [26/May/2026:00:21:36 +0200] "GET /items/T264199527/ HTTP/1.1" 200 180910 "-" "Mozilla/5.0 (Linux; Android 6.0.1; Nexus 5X Build/MMB29P) AppleWebKit/537.36 (KHTML, like Gecko) Chrome/148.0.7778.96 Mobile Safari/537.36 (compatible; Googlebot/2.1; +http://www.google.com/bot.html)"
40.77.167.154 - - [26/May/2026:00:21:53 +0200] "GET /pages/9746869.htm HTTP/1.1" 200 187240 "-" "Mozilla/5.0 AppleWebKit/537.36 (KHTML, like Gecko; compatible; bingbot/2.0; +http://www.bing.com/bingbot.htm) Chrome/116.0.1938.76 Safari/537.36"
109.234.161.42 - - [26/May/2026:00:22:01 +0200] "POST /wp-cron.php?doing_wp_cron=1779747721.6506109237670898437500 HTTP/1.1" 200 - "-" "WordPress/7.0; https://kanysboutique.com"
57.141.20.49 - - [26/May/2026:00:22:01 +0200] "GET /items/F195333824/ HTTP/1.1" 404 5871 "-" "meta-externalagent/1.1 (+https://developers.facebook.com/docs/sharing/webmasters/crawler)"
66.249.77.142 - - [26/May/2026:00:22:50 +0200] "GET /items/Q841341511/ HTTP/1.1" 200 182722 "-" "Mozilla/5.0 (Linux; Android 6.0.1; Nexus 5X Build/MMB29P) AppleWebKit/537.36 (KHTML, like Gecko) Chrome/148.0.7778.96 Mobile Safari/537.36 (compatible; Googlebot/2.1; +http://www.google.com/bot.html)"
66.249.77.128 - - [26/May/2026:00:22:58 +0200] "GET /items/V336703531/ HTTP/1.1" 200 186832 "-" "Mozilla/5.0 (Linux; Android 6.0.1; Nexus 5X Build/MMB29P) AppleWebKit/537.36 (KHTML, like Gecko) Chrome/148.0.7778.96 Mobile Safari/537.36 (compatible; Googlebot/2.1; +http://www.google.com/bot.html)"
109.234.161.42 - - [26/May/2026:00:23:08 +0200] "POST /wp-cron.php?doing_wp_cron=1779747788.2075850963592529296875 HTTP/1.1" 200 - "-" "WordPress/7.0; https://kanysboutique.com"
57.141.20.59 - - [26/May/2026:00:23:07 +0200] "GET /items/A014432637/ HTTP/1.1" 404 5871 "-" "meta-externalagent/1.1 (+https://developers.facebook.com/docs/sharing/webmasters/crawler)"
109.234.161.42 - - [26/May/2026:00:23:58 +0200] "POST /wp-cron.php?doing_wp_cron=1779747838.4287970066070556640625 HTTP/1.1" 200 - "-" "WordPress/7.0; https://kanysboutique.com"
185.100.159.92 - - [26/May/2026:00:23:57 +0200] "GET /wp-content/uploads/2023/10/1696985290295.png HTTP/1.1" 404 5925 "-" "Mozilla/5.0 (Windows NT 10.0; Win64; x64) AppleWebKit/537.36 (KHTML, like Gecko) Chrome/140.0.0.0 Safari/537.36"
57.141.20.28 - - [26/May/2026:00:24:14 +0200] "GET /items/C804609868/ HTTP/1.1" 404 5871 "-" "meta-externalagent/1.1 (+https://developers.facebook.com/docs/sharing/webmasters/crawler)"
109.234.161.42 - - [26/May/2026:00:25:21 +0200] "POST /wp-cron.php?doing_wp_cron=1779747921.5064361095428466796875 HTTP/1.1" 200 - "-" "WordPress/7.0; https://kanysboutique.com"
57.141.20.33 - - [26/May/2026:00:25:20 +0200] "GET /items/D031588198/ HTTP/1.1" 404 5871 "-" "meta-externalagent/1.1 (+https://developers.facebook.com/docs/sharing/webmasters/crawler)"
66.249.77.142 - - [26/May/2026:00:25:50 +0200] "GET /items/M544694172/ HTTP/1.1" 200 180570 "-" "Mozilla/5.0 (Linux; Android 6.0.1; Nexus 5X Build/MMB29P) AppleWebKit/537.36 (KHTML, like Gecko) Chrome/148.0.7778.96 Mobile Safari/537.36 (compatible; Googlebot/2.1; +http://www.google.com/bot.html)"
40.77.167.61 - - [26/May/2026:00:26:23 +0200] "GET /pages/11088447.htm HTTP/1.1" 200 182631 "-" "Mozilla/5.0 AppleWebKit/537.36 (KHTML, like Gecko; compatible; bingbot/2.0; +http://www.bing.com/bingbot.htm) Chrome/116.0.1938.76 Safari/537.36"
109.234.161.42 - - [26/May/2026:00:26:28 +0200] "POST /wp-cron.php?doing_wp_cron=1779747988.5054669380187988281250 HTTP/1.1" 200 - "-" "WordPress/7.0; https://kanysboutique.com"
57.141.20.9 - - [26/May/2026:00:26:28 +0200] "GET /items/Q435679777/ HTTP/1.1" 404 5871 "-" "meta-externalagent/1.1 (+https://developers.facebook.com/docs/sharing/webmasters/crawler)"
74.125.218.142 - - [26/May/2026:00:26:36 +0200] "GET /.well-known/apple-app-site-association HTTP/1.1" 200 181775 "-" "Mozilla/5.0 (Linux; Android 6.0.1; Nexus 5X Build/MMB29P) AppleWebKit/537.36 (KHTML, like Gecko) Chrome/148.0.7778.96 Mobile Safari/537.36 (compatible; AdsBot-Google-Mobile; +http://www.google.com/mobile/adsbot.html)"
109.234.161.42 - - [26/May/2026:00:27:35 +0200] "POST /wp-cron.php?doing_wp_cron=1779748055.0917179584503173828125 HTTP/1.1" 200 - "-" "WordPress/7.0; https://kanysboutique.com"
57.141.20.57 - - [26/May/2026:00:27:34 +0200] "GET /items/S703131223/ HTTP/1.1" 404 5871 "-" "meta-externalagent/1.1 (+https://developers.facebook.com/docs/sharing/webmasters/crawler)"
66.249.77.142 - - [26/May/2026:00:28:17 +0200] "GET /items/S443139311/ HTTP/1.1" 200 182601 "-" "Mozilla/5.0 (Linux; Android 6.0.1; Nexus 5X Build/MMB29P) AppleWebKit/537.36 (KHTML, like Gecko) Chrome/148.0.7778.96 Mobile Safari/537.36 (compatible; Googlebot/2.1; +http://www.google.com/bot.html)"
109.234.161.42 - - [26/May/2026:00:28:42 +0200] "POST /wp-cron.php?doing_wp_cron=1779748122.0187380313873291015625 HTTP/1.1" 200 - "-" "WordPress/7.0; https://kanysboutique.com"
57.141.20.62 - - [26/May/2026:00:28:41 +0200] "GET /items/P862012746/ HTTP/1.1" 404 5871 "-" "meta-externalagent/1.1 (+https://developers.facebook.com/docs/sharing/webmasters/crawler)"
66.249.77.142 - - [26/May/2026:00:28:52 +0200] "GET /items/I953119885/ HTTP/1.1" 200 187080 "-" "Mozilla/5.0 (Linux; Android 6.0.1; Nexus 5X Build/MMB29P) AppleWebKit/537.36 (KHTML, like Gecko) Chrome/148.0.7778.96 Mobile Safari/537.36 (compatible; Googlebot/2.1; +http://www.google.com/bot.html)"
74.125.218.142 - - [26/May/2026:00:28:57 +0200] "GET /apple-app-site-association HTTP/1.1" 200 184525 "-" "Mozilla/5.0 (Linux; Android 6.0.1; Nexus 5X Build/MMB29P) AppleWebKit/537.36 (KHTML, like Gecko) Chrome/148.0.7778.96 Mobile Safari/537.36 (compatible; AdsBot-Google-Mobile; +http://www.google.com/mobile/adsbot.html)"
66.249.77.142 - - [26/May/2026:00:28:58 +0200] "GET /items/C475220809/ HTTP/1.1" 200 180882 "-" "Mozilla/5.0 (Linux; Android 6.0.1; Nexus 5X Build/MMB29P) AppleWebKit/537.36 (KHTML, like Gecko) Chrome/148.0.7778.96 Mobile Safari/537.36 (compatible; Googlebot/2.1; +http://www.google.com/bot.html)"
109.234.161.42 - - [26/May/2026:00:29:48 +0200] "POST /wp-cron.php?doing_wp_cron=1779748188.5156350135803222656250 HTTP/1.1" 200 - "-" "WordPress/7.0; https://kanysboutique.com"
57.141.20.39 - - [26/May/2026:00:29:48 +0200] "GET /items/O941376441/ HTTP/1.1" 404 5871 "-" "meta-externalagent/1.1 (+https://developers.facebook.com/docs/sharing/webmasters/crawler)"
66.249.77.129 - - [26/May/2026:00:29:48 +0200] "GET /items/V803228004/ HTTP/1.1" 200 204443 "-" "Mozilla/5.0 (Linux; Android 6.0.1; Nexus 5X Build/MMB29P) AppleWebKit/537.36 (KHTML, like Gecko) Chrome/148.0.7778.96 Mobile Safari/537.36 (compatible; Googlebot/2.1; +http://www.google.com/bot.html)"
66.249.77.142 - - [26/May/2026:00:29:56 +0200] "GET /items/T316770099/ HTTP/1.1" 200 179705 "-" "Mozilla/5.0 (Linux; Android 6.0.1; Nexus 5X Build/MMB29P) AppleWebKit/537.36 (KHTML, like Gecko) Chrome/148.0.7778.96 Mobile Safari/537.36 (compatible; Googlebot/2.1; +http://www.google.com/bot.html)"
144.31.217.46 - - [26/May/2026:00:30:01 +0200] "GET /wp-content/uploads/2025/01/Photoroom-20250116_215101-370x444.png HTTP/1.1" 404 5965 "-" "Mozilla/5.0 (Windows NT 10.0; Win64; x64) AppleWebKit/537.36 (KHTML, like Gecko) Chrome/140.0.0.0 Safari/537.36"
66.249.77.142 - - [26/May/2026:00:30:38 +0200] "GET /items/C431922042/ HTTP/1.1" 200 186429 "-" "Mozilla/5.0 (Linux; Android 6.0.1; Nexus 5X Build/MMB29P) AppleWebKit/537.36 (KHTML, like Gecko) Chrome/148.0.7778.96 Mobile Safari/537.36 (compatible; Googlebot/2.1; +http://www.google.com/bot.html)"
66.249.77.142 - - [26/May/2026:00:30:52 +0200] "GET /items/R906102365/ HTTP/1.1" 200 183786 "-" "Mozilla/5.0 (Linux; Android 6.0.1; Nexus 5X Build/MMB29P) AppleWebKit/537.36 (KHTML, like Gecko) Chrome/148.0.7778.96 Mobile Safari/537.36 (compatible; Googlebot/2.1; +http://www.google.com/bot.html)"
109.234.161.42 - - [26/May/2026:00:30:54 +0200] "POST /wp-cron.php?doing_wp_cron=1779748254.8835690021514892578125 HTTP/1.1" 200 - "-" "WordPress/7.0; https://kanysboutique.com"
57.141.20.52 - - [26/May/2026:00:30:54 +0200] "GET /items/L723447776/ HTTP/1.1" 404 5871 "-" "meta-externalagent/1.1 (+https://developers.facebook.com/docs/sharing/webmasters/crawler)"
66.249.77.142 - - [26/May/2026:00:31:50 +0200] "GET /items/Z816348517/ HTTP/1.1" 200 184397 "-" "Mozilla/5.0 (Linux; Android 6.0.1; Nexus 5X Build/MMB29P) AppleWebKit/537.36 (KHTML, like Gecko) Chrome/148.0.7778.96 Mobile Safari/537.36 (compatible; Googlebot/2.1; +http://www.google.com/bot.html)"
109.234.161.42 - - [26/May/2026:00:32:01 +0200] "POST /wp-cron.php?doing_wp_cron=1779748321.8536250591278076171875 HTTP/1.1" 200 - "-" "WordPress/7.0; https://kanysboutique.com"
57.141.20.47 - - [26/May/2026:00:32:01 +0200] "GET /items/R471167375/ HTTP/1.1" 404 5871 "-" "meta-externalagent/1.1 (+https://developers.facebook.com/docs/sharing/webmasters/crawler)"
66.249.77.129 - - [26/May/2026:00:33:00 +0200] "GET /items/N204566305/ HTTP/1.1" 200 181791 "-" "Mozilla/5.0 (Linux; Android 6.0.1; Nexus 5X Build/MMB29P) AppleWebKit/537.36 (KHTML, like Gecko) Chrome/148.0.7778.96 Mobile Safari/537.36 (compatible; Googlebot/2.1; +http://www.google.com/bot.html)"
109.234.161.42 - - [26/May/2026:00:33:08 +0200] "POST /wp-cron.php?doing_wp_cron=1779748388.5350549221038818359375 HTTP/1.1" 200 - "-" "WordPress/7.0; https://kanysboutique.com"
57.141.20.7 - - [26/May/2026:00:33:08 +0200] "GET /items/H173859985/ HTTP/1.1" 404 5871 "-" "meta-externalagent/1.1 (+https://developers.facebook.com/docs/sharing/webmasters/crawler)"
109.234.161.42 - - [26/May/2026:00:34:15 +0200] "POST /wp-cron.php?doing_wp_cron=1779748455.0027899742126464843750 HTTP/1.1" 200 - "-" "WordPress/7.0; https://kanysboutique.com"
57.141.20.56 - - [26/May/2026:00:34:14 +0200] "GET /items/J413258837/ HTTP/1.1" 404 5871 "-" "meta-externalagent/1.1 (+https://developers.facebook.com/docs/sharing/webmasters/crawler)"
66.249.77.142 - - [26/May/2026:00:34:30 +0200] "GET /items/F324487586/ HTTP/1.1" 200 181215 "-" "Mozilla/5.0 (Linux; Android 6.0.1; Nexus 5X Build/MMB29P) AppleWebKit/537.36 (KHTML, like Gecko) Chrome/148.0.7778.96 Mobile Safari/537.36 (compatible; Googlebot/2.1; +http://www.google.com/bot.html)"
66.249.77.128 - - [26/May/2026:00:34:32 +0200] "GET /items/I484320511/ HTTP/1.1" 200 181135 "-" "Mozilla/5.0 (Linux; Android 6.0.1; Nexus 5X Build/MMB29P) AppleWebKit/537.36 (KHTML, like Gecko) Chrome/148.0.7778.96 Mobile Safari/537.36 (compatible; Googlebot/2.1; +http://www.google.com/bot.html)"
109.234.161.42 - - [26/May/2026:00:35:21 +0200] "POST /wp-cron.php?doing_wp_cron=1779748521.4652318954467773437500 HTTP/1.1" 200 - "-" "WordPress/7.0; https://kanysboutique.com"
57.141.20.37 - - [26/May/2026:00:35:20 +0200] "GET /items/R633418321/ HTTP/1.1" 404 5871 "-" "meta-externalagent/1.1 (+https://developers.facebook.com/docs/sharing/webmasters/crawler)"
66.249.77.142 - - [26/May/2026:00:35:22 +0200] "GET /items/L604417956/ HTTP/1.1" 200 183127 "-" "Mozilla/5.0 (Linux; Android 6.0.1; Nexus 5X Build/MMB29P) AppleWebKit/537.36 (KHTML, like Gecko) Chrome/148.0.7778.96 Mobile Safari/537.36 (compatible; Googlebot/2.1; +http://www.google.com/bot.html)"
109.234.161.42 - - [26/May/2026:00:36:27 +0200] "POST /wp-cron.php?doing_wp_cron=1779748587.9354579448699951171875 HTTP/1.1" 200 - "-" "WordPress/7.0; https://kanysboutique.com"
57.141.20.33 - - [26/May/2026:00:36:27 +0200] "GET /items/V886612570/ HTTP/1.1" 404 5871 "-" "meta-externalagent/1.1 (+https://developers.facebook.com/docs/sharing/webmasters/crawler)"
109.234.161.42 - - [26/May/2026:00:37:34 +0200] "POST /wp-cron.php?doing_wp_cron=1779748654.4826960563659667968750 HTTP/1.1" 200 - "-" "WordPress/7.0; https://kanysboutique.com"
57.141.20.70 - - [26/May/2026:00:37:33 +0200] "GET /items/N144603118/ HTTP/1.1" 404 5871 "-" "meta-externalagent/1.1 (+https://developers.facebook.com/docs/sharing/webmasters/crawler)"
52.167.144.217 - - [26/May/2026:00:38:05 +0200] "GET /pages/8614814.htm HTTP/1.1" 200 179099 "-" "Mozilla/5.0 AppleWebKit/537.36 (KHTML, like Gecko; compatible; bingbot/2.0; +http://www.bing.com/bingbot.htm) Chrome/116.0.1938.76 Safari/537.36"
66.249.77.128 - - [26/May/2026:00:38:06 +0200] "GET /items/U243930645/ HTTP/1.1" 200 180545 "-" "Mozilla/5.0 (Linux; Android 6.0.1; Nexus 5X Build/MMB29P) AppleWebKit/537.36 (KHTML, like Gecko) Chrome/148.0.7778.96 Mobile Safari/537.36 (compatible; Googlebot/2.1; +http://www.google.com/bot.html)"
109.234.161.42 - - [26/May/2026:00:38:41 +0200] "POST /wp-cron.php?doing_wp_cron=1779748721.2782309055328369140625 HTTP/1.1" 200 - "-" "WordPress/7.0; https://kanysboutique.com"
57.141.20.51 - - [26/May/2026:00:38:40 +0200] "GET /items/G075365397/ HTTP/1.1" 404 5871 "-" "meta-externalagent/1.1 (+https://developers.facebook.com/docs/sharing/webmasters/crawler)"
123.21.22.124 - - [26/May/2026:00:38:50 +0200] "GET /items/W106501430/ HTTP/1.1" 301 - "-" "Mozilla/5.0 (Macintosh; Intel Mac OS X 10_15_7) AppleWebKit/537.36 (KHTML, like Gecko) Chrome/101.0.0.0 Safari/537.36"
92.241.37.31 - - [26/May/2026:00:38:52 +0200] "GET /items/W106501430/ HTTP/1.1" 404 5871 "-" "Mozilla/5.0 (Macintosh; Intel Mac OS X 10_15_7) AppleWebKit/537.36 (KHTML, like Gecko) Chrome/101.0.0.0 Safari/537.36"
66.249.77.128 - - [26/May/2026:00:39:02 +0200] "GET /items/I102115468/ HTTP/1.1" 200 181509 "-" "Mozilla/5.0 (Linux; Android 6.0.1; Nexus 5X Build/MMB29P) AppleWebKit/537.36 (KHTML, like Gecko) Chrome/148.0.7778.96 Mobile Safari/537.36 (compatible; Googlebot/2.1; +http://www.google.com/bot.html)"
109.234.161.42 - - [26/May/2026:00:39:48 +0200] "POST /wp-cron.php?doing_wp_cron=1779748788.3962850570678710937500 HTTP/1.1" 200 - "-" "WordPress/7.0; https://kanysboutique.com"
57.141.20.54 - - [26/May/2026:00:39:47 +0200] "GET /items/Q776242877/ HTTP/1.1" 404 5871 "-" "meta-externalagent/1.1 (+https://developers.facebook.com/docs/sharing/webmasters/crawler)"
66.249.77.142 - - [26/May/2026:00:39:48 +0200] "GET /items/H152634788/ HTTP/1.1" 200 180784 "-" "Mozilla/5.0 (Linux; Android 6.0.1; Nexus 5X Build/MMB29P) AppleWebKit/537.36 (KHTML, like Gecko) Chrome/148.0.7778.96 Mobile Safari/537.36 (compatible; Googlebot/2.1; +http://www.google.com/bot.html)"
66.249.77.128 - - [26/May/2026:00:39:52 +0200] "GET /items/V605673706/ HTTP/1.1" 200 195918 "-" "Mozilla/5.0 (Linux; Android 6.0.1; Nexus 5X Build/MMB29P) AppleWebKit/537.36 (KHTML, like Gecko) Chrome/148.0.7778.96 Mobile Safari/537.36 (compatible; Googlebot/2.1; +http://www.google.com/bot.html)"
52.167.144.193 - - [26/May/2026:00:40:32 +0200] "GET /pages/14411047.htm HTTP/1.1" 200 186069 "-" "Mozilla/5.0 AppleWebKit/537.36 (KHTML, like Gecko; compatible; bingbot/2.0; +http://www.bing.com/bingbot.htm) Chrome/116.0.1938.76 Safari/537.36"
52.167.144.193 - - [26/May/2026:00:40:33 +0200] "GET /pages/9702814.htm HTTP/1.1" 200 179699 "-" "Mozilla/5.0 AppleWebKit/537.36 (KHTML, like Gecko; compatible; bingbot/2.0; +http://www.bing.com/bingbot.htm) Chrome/116.0.1938.76 Safari/537.36"
52.167.144.217 - - [26/May/2026:00:40:49 +0200] "GET /pages/29782369.htm HTTP/1.1" 200 184808 "-" "Mozilla/5.0 AppleWebKit/537.36 (KHTML, like Gecko; compatible; bingbot/2.0; +http://www.bing.com/bingbot.htm) Chrome/116.0.1938.76 Safari/537.36"
109.234.161.42 - - [26/May/2026:00:40:55 +0200] "POST /wp-cron.php?doing_wp_cron=1779748855.1804599761962890625000 HTTP/1.1" 200 - "-" "WordPress/7.0; https://kanysboutique.com"
57.141.20.55 - - [26/May/2026:00:40:54 +0200] "GET /items/K102421575/ HTTP/1.1" 404 5871 "-" "meta-externalagent/1.1 (+https://developers.facebook.com/docs/sharing/webmasters/crawler)"
66.249.77.128 - - [26/May/2026:00:41:38 +0200] "GET /items/R281819672/ HTTP/1.1" 200 182214 "-" "Mozilla/5.0 (Linux; Android 6.0.1; Nexus 5X Build/MMB29P) AppleWebKit/537.36 (KHTML, like Gecko) Chrome/148.0.7778.96 Mobile Safari/537.36 (compatible; Googlebot/2.1; +http://www.google.com/bot.html)"
109.234.161.42 - - [26/May/2026:00:42:01 +0200] "POST /wp-cron.php?doing_wp_cron=1779748921.9569389820098876953125 HTTP/1.1" 200 - "-" "WordPress/7.0; https://kanysboutique.com"
130.12.182.68 - - [26/May/2026:00:42:00 +0200] "GET /wp-admin/ HTTP/1.1" 302 - "www.google.com" "Mozilla/5.0 (Windows NT 10.0; Win64; x64) AppleWebKit/537.36 (KHTML, like Gecko) Chrome/90.0.4430.85 Safari/537.36"
66.249.77.142 - - [26/May/2026:00:42:30 +0200] "GET /items/Z691706560/ HTTP/1.1" 200 198923 "-" "Mozilla/5.0 (Linux; Android 6.0.1; Nexus 5X Build/MMB29P) AppleWebKit/537.36 (KHTML, like Gecko) Chrome/148.0.7778.96 Mobile Safari/537.36 (compatible; Googlebot/2.1; +http://www.google.com/bot.html)"
109.234.161.42 - - [26/May/2026:00:43:08 +0200] "POST /wp-cron.php?doing_wp_cron=1779748988.5135219097137451171875 HTTP/1.1" 200 - "-" "WordPress/7.0; https://kanysboutique.com"
57.141.20.67 - - [26/May/2026:00:43:07 +0200] "GET /items/P046878882/ HTTP/1.1" 404 5871 "-" "meta-externalagent/1.1 (+https://developers.facebook.com/docs/sharing/webmasters/crawler)"
52.167.144.217 - - [26/May/2026:00:43:20 +0200] "GET /pages/29984903.htm HTTP/1.1" 200 196563 "-" "Mozilla/5.0 AppleWebKit/537.36 (KHTML, like Gecko; compatible; bingbot/2.0; +http://www.bing.com/bingbot.htm) Chrome/116.0.1938.76 Safari/537.36"
66.249.77.129 - - [26/May/2026:00:43:33 +0200] "GET /items/N471923595/ HTTP/1.1" 200 182653 "-" "Mozilla/5.0 (Linux; Android 6.0.1; Nexus 5X Build/MMB29P) AppleWebKit/537.36 (KHTML, like Gecko) Chrome/148.0.7778.96 Mobile Safari/537.36 (compatible; Googlebot/2.1; +http://www.google.com/bot.html)"
52.167.144.217 - - [26/May/2026:00:43:39 +0200] "GET /pages/17153025.htm HTTP/1.1" 200 188753 "-" "Mozilla/5.0 AppleWebKit/537.36 (KHTML, like Gecko; compatible; bingbot/2.0; +http://www.bing.com/bingbot.htm) Chrome/116.0.1938.76 Safari/537.36"
66.249.77.128 - - [26/May/2026:00:43:51 +0200] "GET /items/H762373447/ HTTP/1.1" 200 199215 "-" "Mozilla/5.0 (Linux; Android 6.0.1; Nexus 5X Build/MMB29P) AppleWebKit/537.36 (KHTML, like Gecko) Chrome/148.0.7778.96 Mobile Safari/537.36 (compatible; Googlebot/2.1; +http://www.google.com/bot.html)"
66.249.77.142 - - [26/May/2026:00:43:55 +0200] "GET /items/B113583759/ HTTP/1.1" 200 188603 "-" "Mozilla/5.0 (Linux; Android 6.0.1; Nexus 5X Build/MMB29P) AppleWebKit/537.36 (KHTML, like Gecko) Chrome/148.0.7778.96 Mobile Safari/537.36 (compatible; Googlebot/2.1; +http://www.google.com/bot.html)"
66.249.77.142 - - [26/May/2026:00:43:58 +0200] "GET /items/K196469265 HTTP/1.1" 200 189160 "-" "Mozilla/5.0 (Linux; Android 6.0.1; Nexus 5X Build/MMB29P) AppleWebKit/537.36 (KHTML, like Gecko) Chrome/148.0.7778.96 Mobile Safari/537.36 (compatible; Googlebot/2.1; +http://www.google.com/bot.html)"
66.249.77.142 - - [26/May/2026:00:44:00 +0200] "GET /items/A643457443 HTTP/1.1" 200 179035 "-" "Mozilla/5.0 (Linux; Android 6.0.1; Nexus 5X Build/MMB29P) AppleWebKit/537.36 (KHTML, like Gecko) Chrome/148.0.7778.96 Mobile Safari/537.36 (compatible; Googlebot/2.1; +http://www.google.com/bot.html)"
66.249.77.142 - - [26/May/2026:00:44:02 +0200] "GET /items/X642305787 HTTP/1.1" 200 188026 "-" "Mozilla/5.0 (Linux; Android 6.0.1; Nexus 5X Build/MMB29P) AppleWebKit/537.36 (KHTML, like Gecko) Chrome/148.0.7778.96 Mobile Safari/537.36 (compatible; Googlebot/2.1; +http://www.google.com/bot.html)"
109.234.161.42 - - [26/May/2026:00:44:15 +0200] "POST /wp-cron.php?doing_wp_cron=1779749055.1107280254364013671875 HTTP/1.1" 200 - "-" "WordPress/7.0; https://kanysboutique.com"
57.141.20.52 - - [26/May/2026:00:44:14 +0200] "GET /items/R864781147/ HTTP/1.1" 404 5871 "-" "meta-externalagent/1.1 (+https://developers.facebook.com/docs/sharing/webmasters/crawler)"
14.243.153.160 - - [26/May/2026:00:44:17 +0200] "GET /items/I966817397/ HTTP/1.1" 301 - "-" "Mozilla/5.0 (Macintosh; Intel Mac OS X 10_10_1) AppleWebKit/537.36 (KHTML, like Gecko) Chrome/37.0.2062.124 Safari/537.36"
222.255.4.193 - - [26/May/2026:00:44:22 +0200] "GET /items/I966817397/ HTTP/1.1" 404 5871 "-" "Mozilla/5.0 (Macintosh; Intel Mac OS X 10_10_1) AppleWebKit/537.36 (KHTML, like Gecko) Chrome/37.0.2062.124 Safari/537.36"
66.249.77.142 - - [26/May/2026:00:44:25 +0200] "GET /items/K515459754/ HTTP/1.1" 200 180426 "-" "Mozilla/5.0 (Linux; Android 6.0.1; Nexus 5X Build/MMB29P) AppleWebKit/537.36 (KHTML, like Gecko) Chrome/148.0.7778.96 Mobile Safari/537.36 (compatible; Googlebot/2.1; +http://www.google.com/bot.html)"
66.249.77.142 - - [26/May/2026:00:44:26 +0200] "GET /items/E892516454/ HTTP/1.1" 200 190334 "-" "Mozilla/5.0 (Linux; Android 6.0.1; Nexus 5X Build/MMB29P) AppleWebKit/537.36 (KHTML, like Gecko) Chrome/148.0.7778.96 Mobile Safari/537.36 (compatible; Googlebot/2.1; +http://www.google.com/bot.html)"
66.249.77.142 - - [26/May/2026:00:44:41 +0200] "GET /items/I123836883/ HTTP/1.1" 200 179895 "-" "Mozilla/5.0 (Linux; Android 6.0.1; Nexus 5X Build/MMB29P) AppleWebKit/537.36 (KHTML, like Gecko) Chrome/148.0.7778.96 Mobile Safari/537.36 (compatible; Googlebot/2.1; +http://www.google.com/bot.html)"
66.249.77.142 - - [26/May/2026:00:44:55 +0200] "GET /items/J395289616/ HTTP/1.1" 200 184827 "-" "Mozilla/5.0 (Linux; Android 6.0.1; Nexus 5X Build/MMB29P) AppleWebKit/537.36 (KHTML, like Gecko) Chrome/148.0.7778.96 Mobile Safari/537.36 (compatible; Googlebot/2.1; +http://www.google.com/bot.html)"
109.234.161.42 - - [26/May/2026:00:45:22 +0200] "POST /wp-cron.php?doing_wp_cron=1779749122.0338959693908691406250 HTTP/1.1" 200 - "-" "WordPress/7.0; https://kanysboutique.com"
57.141.20.27 - - [26/May/2026:00:45:21 +0200] "GET /items/Q914811580/ HTTP/1.1" 404 5871 "-" "meta-externalagent/1.1 (+https://developers.facebook.com/docs/sharing/webmasters/crawler)"
66.249.77.128 - - [26/May/2026:00:45:41 +0200] "GET /items/M626101264/ HTTP/1.1" 200 181629 "-" "Mozilla/5.0 (Linux; Android 6.0.1; Nexus 5X Build/MMB29P) AppleWebKit/537.36 (KHTML, like Gecko) Chrome/148.0.7778.96 Mobile Safari/537.36 (compatible; Googlebot/2.1; +http://www.google.com/bot.html)"
66.249.77.128 - - [26/May/2026:00:45:48 +0200] "GET /items/L412009980/ HTTP/1.1" 200 183863 "-" "Mozilla/5.0 (Linux; Android 6.0.1; Nexus 5X Build/MMB29P) AppleWebKit/537.36 (KHTML, like Gecko) Chrome/148.0.7778.96 Mobile Safari/537.36 (compatible; Googlebot/2.1; +http://www.google.com/bot.html)"
109.234.161.42 - - [26/May/2026:00:46:05 +0200] "POST /wp-cron.php?doing_wp_cron=1779749165.2085919380187988281250 HTTP/1.1" 200 - "-" "WordPress/7.0; https://kanysboutique.com"
177.221.3.84 - - [26/May/2026:00:46:04 +0200] "GET /items/R641078970/ HTTP/1.1" 301 - "-" "Mozilla/5.0 (Macintosh; Intel Mac OS X 10_11_6) AppleWebKit/537.36 (KHTML, like Gecko) Chrome/80.0.3987.132 Safari/537.36"
123.22.35.61 - - [26/May/2026:00:46:07 +0200] "GET /items/R641078970/ HTTP/1.1" 404 5871 "-" "Mozilla/5.0 (Macintosh; Intel Mac OS X 10_11_6) AppleWebKit/537.36 (KHTML, like Gecko) Chrome/80.0.3987.132 Safari/537.36"
57.141.20.18 - - [26/May/2026:00:46:27 +0200] "GET /items/E365424093/ HTTP/1.1" 404 5871 "-" "meta-externalagent/1.1 (+https://developers.facebook.com/docs/sharing/webmasters/crawler)"
66.249.77.142 - - [26/May/2026:00:46:33 +0200] "GET /items/D666547575/ HTTP/1.1" 200 181273 "-" "Mozilla/5.0 (Linux; Android 6.0.1; Nexus 5X Build/MMB29P) AppleWebKit/537.36 (KHTML, like Gecko) Chrome/148.0.7778.96 Mobile Safari/537.36 (compatible; Googlebot/2.1; +http://www.google.com/bot.html)"
64.188.89.129 - - [26/May/2026:00:46:36 +0200] "GET /wp-content/uploads/2022/10/IMG-20221010-WA0014-1-370x444.jpg HTTP/1.1" 404 5957 "-" "Mozilla/5.0 (Windows NT 10.0; Win64; x64) AppleWebKit/537.36 (KHTML, like Gecko) Chrome/140.0.0.0 Safari/537.36"
66.249.77.128 - - [26/May/2026:00:46:39 +0200] "GET /items/R116439076 HTTP/1.1" 200 184452 "-" "Mozilla/5.0 (Linux; Android 6.0.1; Nexus 5X Build/MMB29P) AppleWebKit/537.36 (KHTML, like Gecko) Chrome/148.0.7778.96 Mobile Safari/537.36 (compatible; Googlebot/2.1; +http://www.google.com/bot.html)"
66.249.77.142 - - [26/May/2026:00:47:01 +0200] "GET /items/V185292755/ HTTP/1.1" 200 184364 "-" "Mozilla/5.0 (Linux; Android 6.0.1; Nexus 5X Build/MMB29P) AppleWebKit/537.36 (KHTML, like Gecko) Chrome/148.0.7778.96 Mobile Safari/537.36 (compatible; Googlebot/2.1; +http://www.google.com/bot.html)"
66.249.77.142 - - [26/May/2026:00:47:02 +0200] "GET /items/G966844524 HTTP/1.1" 200 178993 "-" "Mozilla/5.0 (Linux; Android 6.0.1; Nexus 5X Build/MMB29P) AppleWebKit/537.36 (KHTML, like Gecko) Chrome/148.0.7778.96 Mobile Safari/537.36 (compatible; Googlebot/2.1; +http://www.google.com/bot.html)"
66.249.77.142 - - [26/May/2026:00:47:10 +0200] "GET /items/A153382371/ HTTP/1.1" 200 181725 "-" "Mozilla/5.0 (Linux; Android 6.0.1; Nexus 5X Build/MMB29P) AppleWebKit/537.36 (KHTML, like Gecko) Chrome/148.0.7778.96 Mobile Safari/537.36 (compatible; Googlebot/2.1; +http://www.google.com/bot.html)"
66.249.77.128 - - [26/May/2026:00:47:13 +0200] "GET /items/Y572670906/ HTTP/1.1" 200 185826 "-" "Mozilla/5.0 (Linux; Android 6.0.1; Nexus 5X Build/MMB29P) AppleWebKit/537.36 (KHTML, like Gecko) Chrome/148.0.7778.96 Mobile Safari/537.36 (compatible; Googlebot/2.1; +http://www.google.com/bot.html)"
109.234.161.42 - - [26/May/2026:00:47:35 +0200] "POST /wp-cron.php?doing_wp_cron=1779749255.2631371021270751953125 HTTP/1.1" 200 - "-" "WordPress/7.0; https://kanysboutique.com"
57.141.20.1 - - [26/May/2026:00:47:34 +0200] "GET /items/Z693946750/ HTTP/1.1" 404 5871 "-" "meta-externalagent/1.1 (+https://developers.facebook.com/docs/sharing/webmasters/crawler)"
66.249.77.142 - - [26/May/2026:00:47:35 +0200] "GET /items/Z675733772/ HTTP/1.1" 200 179407 "-" "Mozilla/5.0 (Linux; Android 6.0.1; Nexus 5X Build/MMB29P) AppleWebKit/537.36 (KHTML, like Gecko) Chrome/148.0.7778.96 Mobile Safari/537.36 (compatible; Googlebot/2.1; +http://www.google.com/bot.html)"
66.249.77.128 - - [26/May/2026:00:48:10 +0200] "GET /items/I382226968 HTTP/1.1" 200 182381 "-" "Mozilla/5.0 (Linux; Android 6.0.1; Nexus 5X Build/MMB29P) AppleWebKit/537.36 (KHTML, like Gecko) Chrome/148.0.7778.96 Mobile Safari/537.36 (compatible; Googlebot/2.1; +http://www.google.com/bot.html)"
66.249.77.142 - - [26/May/2026:00:48:20 +0200] "GET /items/I566453136 HTTP/1.1" 200 191865 "-" "Mozilla/5.0 (Linux; Android 6.0.1; Nexus 5X Build/MMB29P) AppleWebKit/537.36 (KHTML, like Gecko) Chrome/148.0.7778.96 Mobile Safari/537.36 (compatible; Googlebot/2.1; +http://www.google.com/bot.html)"
66.249.77.128 - - [26/May/2026:00:48:22 +0200] "GET /items/E036752421 HTTP/1.1" 200 185908 "-" "Mozilla/5.0 (Linux; Android 6.0.1; Nexus 5X Build/MMB29P) AppleWebKit/537.36 (KHTML, like Gecko) Chrome/148.0.7778.96 Mobile Safari/537.36 (compatible; Googlebot/2.1; +http://www.google.com/bot.html)"
109.234.161.42 - - [26/May/2026:00:48:41 +0200] "POST /wp-cron.php?doing_wp_cron=1779749321.9814019203186035156250 HTTP/1.1" 200 - "-" "WordPress/7.0; https://kanysboutique.com"
57.141.20.32 - - [26/May/2026:00:48:41 +0200] "GET /items/N701843100/ HTTP/1.1" 404 5871 "-" "meta-externalagent/1.1 (+https://developers.facebook.com/docs/sharing/webmasters/crawler)"
66.249.77.129 - - [26/May/2026:00:49:26 +0200] "GET /items/W796153244 HTTP/1.1" 200 184717 "-" "Mozilla/5.0 (Linux; Android 6.0.1; Nexus 5X Build/MMB29P) AppleWebKit/537.36 (KHTML, like Gecko) Chrome/148.0.7778.96 Mobile Safari/537.36 (compatible; Googlebot/2.1; +http://www.google.com/bot.html)"
66.249.77.142 - - [26/May/2026:00:49:34 +0200] "GET /items/B144895880/ HTTP/1.1" 200 191906 "-" "Mozilla/5.0 (Linux; Android 6.0.1; Nexus 5X Build/MMB29P) AppleWebKit/537.36 (KHTML, like Gecko) Chrome/148.0.7778.96 Mobile Safari/537.36 (compatible; Googlebot/2.1; +http://www.google.com/bot.html)"
66.249.77.142 - - [26/May/2026:00:49:44 +0200] "GET /items/N375582734/ HTTP/1.1" 200 181277 "-" "Mozilla/5.0 (Linux; Android 6.0.1; Nexus 5X Build/MMB29P) AppleWebKit/537.36 (KHTML, like Gecko) Chrome/148.0.7778.96 Mobile Safari/537.36 (compatible; Googlebot/2.1; +http://www.google.com/bot.html)"
109.234.161.42 - - [26/May/2026:00:49:48 +0200] "POST /wp-cron.php?doing_wp_cron=1779749388.4394140243530273437500 HTTP/1.1" 200 - "-" "WordPress/7.0; https://kanysboutique.com"
57.141.20.57 - - [26/May/2026:00:49:47 +0200] "GET /items/E602672383/ HTTP/1.1" 404 5871 "-" "meta-externalagent/1.1 (+https://developers.facebook.com/docs/sharing/webmasters/crawler)"
87.120.219.163 - - [26/May/2026:00:50:03 +0200] "GET /wp-content/uploads/2022/11/IMG-20221123-WA0123-370x444.jpg HTTP/1.1" 404 5953 "-" "Mozilla/5.0 (Windows NT 10.0; Win64; x64) AppleWebKit/537.36 (KHTML, like Gecko) Chrome/140.0.0.0 Safari/537.36"
35.197.99.0 - - [26/May/2026:00:50:17 +0200] "GET / HTTP/1.1" 200 5837 "http://kanysboutique.com/" "Mozilla/5.0 (Windows NT 11.0; Win64; x64) AppleWebKit/537.36 (KHTML, like Gecko) Edg/128.0.2790.25 Chrome/128.0.6540.22 Safari/537.36"
35.197.99.0 - - [26/May/2026:00:50:21 +0200] "GET /new-in/ HTTP/1.1" 200 5851 "http://kanysboutique.com/new/" "Mozilla/5.0 (Windows NT 10.0; Win64; x64; rv:127.0) Gecko/20100101 Firefox/127.0"
66.249.77.128 - - [26/May/2026:00:50:36 +0200] "GET /items/I443481345/ HTTP/1.1" 200 196626 "-" "Mozilla/5.0 (Linux; Android 6.0.1; Nexus 5X Build/MMB29P) AppleWebKit/537.36 (KHTML, like Gecko) Chrome/148.0.7778.96 Mobile Safari/537.36 (compatible; Googlebot/2.1; +http://www.google.com/bot.html)"
66.249.77.142 - - [26/May/2026:00:50:44 +0200] "GET /items/U036433543/ HTTP/1.1" 200 180940 "-" "Mozilla/5.0 (Linux; Android 6.0.1; Nexus 5X Build/MMB29P) AppleWebKit/537.36 (KHTML, like Gecko) Chrome/148.0.7778.96 Mobile Safari/537.36 (compatible; Googlebot/2.1; +http://www.google.com/bot.html)"
66.249.77.142 - - [26/May/2026:00:50:51 +0200] "GET /items/Y321299979/ HTTP/1.1" 200 179838 "-" "Mozilla/5.0 (Linux; Android 6.0.1; Nexus 5X Build/MMB29P) AppleWebKit/537.36 (KHTML, like Gecko) Chrome/148.0.7778.96 Mobile Safari/537.36 (compatible; Googlebot/2.1; +http://www.google.com/bot.html)"
109.234.161.42 - - [26/May/2026:00:50:55 +0200] "POST /wp-cron.php?doing_wp_cron=1779749455.0638179779052734375000 HTTP/1.1" 200 - "-" "WordPress/7.0; https://kanysboutique.com"
57.141.20.42 - - [26/May/2026:00:50:54 +0200] "GET /items/Y926264126/ HTTP/1.1" 404 5871 "-" "meta-externalagent/1.1 (+https://developers.facebook.com/docs/sharing/webmasters/crawler)"
66.249.77.142 - - [26/May/2026:00:51:06 +0200] "GET /items/A276835434/ HTTP/1.1" 200 192204 "-" "Mozilla/5.0 (Linux; Android 6.0.1; Nexus 5X Build/MMB29P) AppleWebKit/537.36 (KHTML, like Gecko) Chrome/148.0.7778.96 Mobile Safari/537.36 (compatible; Googlebot/2.1; +http://www.google.com/bot.html)"
66.249.77.142 - - [26/May/2026:00:51:24 +0200] "GET /items/L493167759/ HTTP/1.1" 200 198858 "-" "Mozilla/5.0 (Linux; Android 6.0.1; Nexus 5X Build/MMB29P) AppleWebKit/537.36 (KHTML, like Gecko) Chrome/148.0.7778.96 Mobile Safari/537.36 (compatible; Googlebot/2.1; +http://www.google.com/bot.html)"
109.234.161.42 - - [26/May/2026:00:52:01 +0200] "POST /wp-cron.php?doing_wp_cron=1779749521.5156230926513671875000 HTTP/1.1" 200 - "-" "WordPress/7.0; https://kanysboutique.com"
57.141.20.3 - - [26/May/2026:00:52:01 +0200] "GET /items/O112465000/ HTTP/1.1" 404 5871 "-" "meta-externalagent/1.1 (+https://developers.facebook.com/docs/sharing/webmasters/crawler)"
66.249.77.128 - - [26/May/2026:00:52:10 +0200] "GET /items/N076855394/ HTTP/1.1" 200 196501 "-" "Mozilla/5.0 (Linux; Android 6.0.1; Nexus 5X Build/MMB29P) AppleWebKit/537.36 (KHTML, like Gecko) Chrome/148.0.7778.96 Mobile Safari/537.36 (compatible; Googlebot/2.1; +http://www.google.com/bot.html)"
66.249.77.128 - - [26/May/2026:00:52:14 +0200] "GET /items/L836851928/ HTTP/1.1" 200 190350 "-" "Mozilla/5.0 (Linux; Android 6.0.1; Nexus 5X Build/MMB29P) AppleWebKit/537.36 (KHTML, like Gecko) Chrome/148.0.7778.96 Mobile Safari/537.36 (compatible; Googlebot/2.1; +http://www.google.com/bot.html)"
66.249.77.128 - - [26/May/2026:00:52:24 +0200] "GET /items/E542615656/ HTTP/1.1" 200 181847 "-" "Mozilla/5.0 (Linux; Android 6.0.1; Nexus 5X Build/MMB29P) AppleWebKit/537.36 (KHTML, like Gecko) Chrome/148.0.7778.96 Mobile Safari/537.36 (compatible; Googlebot/2.1; +http://www.google.com/bot.html)"
66.249.77.142 - - [26/May/2026:00:52:52 +0200] "GET /items/H874582054/ HTTP/1.1" 200 185994 "-" "Mozilla/5.0 (Linux; Android 6.0.1; Nexus 5X Build/MMB29P) AppleWebKit/537.36 (KHTML, like Gecko) Chrome/148.0.7778.96 Mobile Safari/537.36 (compatible; Googlebot/2.1; +http://www.google.com/bot.html)"
109.234.161.42 - - [26/May/2026:00:53:07 +0200] "POST /wp-cron.php?doing_wp_cron=1779749587.5200040340423583984375 HTTP/1.1" 200 - "-" "WordPress/7.0; https://kanysboutique.com"
57.141.20.39 - - [26/May/2026:00:53:07 +0200] "GET /items/W026528584/ HTTP/1.1" 404 5871 "-" "meta-externalagent/1.1 (+https://developers.facebook.com/docs/sharing/webmasters/crawler)"
109.234.161.42 - - [26/May/2026:00:53:45 +0200] "POST /wp-cron.php?doing_wp_cron=1779749625.4002189636230468750000 HTTP/1.1" 200 - "-" "WordPress/7.0; https://kanysboutique.com"
190.97.230.22 - - [26/May/2026:00:53:44 +0200] "GET /items/D315278944/ HTTP/1.1" 301 - "-" "Mozilla/5.0 (Windows NT 6.1) AppleWebKit/537.36 (KHTML, like Gecko) Chrome/87.0.4280.88 Safari/537.36"
102.216.68.64 - - [26/May/2026:00:53:48 +0200] "GET /items/D315278944/ HTTP/1.1" 404 5871 "-" "Mozilla/5.0 (Windows NT 6.1) AppleWebKit/537.36 (KHTML, like Gecko) Chrome/87.0.4280.88 Safari/537.36"
57.141.20.10 - - [26/May/2026:00:54:13 +0200] "GET /items/H724378110/ HTTP/1.1" 404 5871 "-" "meta-externalagent/1.1 (+https://developers.facebook.com/docs/sharing/webmasters/crawler)"
185.144.28.45 - - [26/May/2026:00:54:24 +0200] "GET /wp-content/uploads/2023/10/1697219870521-e1697274051623.png HTTP/1.1" 404 5955 "-" "Mozilla/5.0 (Windows NT 10.0; Win64; x64) AppleWebKit/537.36 (KHTML, like Gecko) Chrome/140.0.0.0 Safari/537.36"
40.77.167.241 - - [26/May/2026:00:54:53 +0200] "GET /pages/15170670.htm HTTP/1.1" 200 187323 "-" "Mozilla/5.0 AppleWebKit/537.36 (KHTML, like Gecko; compatible; bingbot/2.0; +http://www.bing.com/bingbot.htm) Chrome/116.0.1938.76 Safari/537.36"
40.77.167.241 - - [26/May/2026:00:54:55 +0200] "GET /pages/28792247.htm HTTP/1.1" 200 194159 "-" "Mozilla/5.0 AppleWebKit/537.36 (KHTML, like Gecko; compatible; bingbot/2.0; +http://www.bing.com/bingbot.htm) Chrome/116.0.1938.76 Safari/537.36"
109.234.161.42 - - [26/May/2026:00:55:21 +0200] "POST /wp-cron.php?doing_wp_cron=1779749721.1241450309753417968750 HTTP/1.1" 200 - "-" "WordPress/7.0; https://kanysboutique.com"
57.141.20.8 - - [26/May/2026:00:55:20 +0200] "GET /items/V182543845/ HTTP/1.1" 404 5871 "-" "meta-externalagent/1.1 (+https://developers.facebook.com/docs/sharing/webmasters/crawler)"
66.249.77.129 - - [26/May/2026:00:55:48 +0200] "GET /items/X824611162/ HTTP/1.1" 200 185852 "-" "Mozilla/5.0 (Linux; Android 6.0.1; Nexus 5X Build/MMB29P) AppleWebKit/537.36 (KHTML, like Gecko) Chrome/148.0.7778.96 Mobile Safari/537.36 (compatible; Googlebot/2.1; +http://www.google.com/bot.html)"
109.234.161.42 - - [26/May/2026:00:56:27 +0200] "POST /wp-cron.php?doing_wp_cron=1779749787.2051339149475097656250 HTTP/1.1" 200 - "-" "WordPress/7.0; https://kanysboutique.com"
57.141.20.30 - - [26/May/2026:00:56:26 +0200] "GET /items/U062609052/ HTTP/1.1" 404 5871 "-" "meta-externalagent/1.1 (+https://developers.facebook.com/docs/sharing/webmasters/crawler)"
66.249.77.142 - - [26/May/2026:00:56:36 +0200] "GET /items/J082539136/ HTTP/1.1" 200 189634 "-" "Mozilla/5.0 (Linux; Android 6.0.1; Nexus 5X Build/MMB29P) AppleWebKit/537.36 (KHTML, like Gecko) Chrome/148.0.7778.96 Mobile Safari/537.36 (compatible; Googlebot/2.1; +http://www.google.com/bot.html)"
109.234.161.42 - - [26/May/2026:00:57:34 +0200] "POST /wp-cron.php?doing_wp_cron=1779749854.9349329471588134765625 HTTP/1.1" 200 - "-" "WordPress/7.0; https://kanysboutique.com"
57.141.20.65 - - [26/May/2026:00:57:34 +0200] "GET /items/H416150979/ HTTP/1.1" 404 5871 "-" "meta-externalagent/1.1 (+https://developers.facebook.com/docs/sharing/webmasters/crawler)"
